[INFO] fetching crate rai-cli 1.1.4...
[INFO] testing rai-cli-1.1.4 against 1.100.0-beta.1 for beta-1.100-2
[INFO] extracting crate rai-cli 1.1.4 into /workspace/builds/worker-1-tc2/source
[INFO] started tweaking crates.io crate rai-cli 1.1.4
[INFO] removed 0 missing tests
[INFO] finished tweaking crates.io crate rai-cli 1.1.4
[INFO] tweaked toml for crates.io crate rai-cli 1.1.4 written to /workspace/builds/worker-1-tc2/source/Cargo.toml
[INFO] validating manifest of crates.io crate rai-cli 1.1.4 on toolchain 1.100.0-beta.1
[INFO] running `Command { std: CARGO_HOME="/workspace/cargo-home" RUSTUP_HOME="/workspace/rustup-home" "/workspace/cargo-home/bin/cargo" "+1.100.0-beta.1" "metadata" "--manifest-path" "Cargo.toml" "--no-deps", kill_on_drop: false }`
[INFO] crate crates.io crate rai-cli 1.1.4 already has a lockfile, it will not be regenerated
[INFO] running `Command { std: CARGO_HOME="/workspace/cargo-home" RUSTUP_HOME="/workspace/rustup-home" "/workspace/cargo-home/bin/cargo" "+1.100.0-beta.1" "fetch" "--manifest-path" "Cargo.toml", kill_on_drop: false }`
[INFO] [stderr]     Blocking waiting for file lock on package cache
[INFO] [stderr]     Blocking waiting for file lock on package cache
[INFO] running `Command { std: "docker" "create" "-v" "/var/lib/crater-agent-workspace/builds/worker-1-tc2/source:/opt/rustwide/workdir:ro,Z" "-v" "/var/lib/crater-agent-workspace/builds/worker-1-tc2/target:/opt/rustwide/target:rw,Z" "-v" "/var/lib/crater-agent-workspace/cargo-home:/opt/rustwide/cargo-home:ro,Z" "-v" "/var/lib/crater-agent-workspace/rustup-home:/opt/rustwide/rustup-home:ro,Z" "-m" "1610612736" "--network" "none" "ghcr.io/rust-lang/crates-build-env/linux@sha256:3111399a4047eeb3a02b7a90e478d715f38a8c6669b5c4b49d30a17385265909" "sleep" "infinity", kill_on_drop: false }`
[INFO] [stdout] 1cfabbfd75f42a3de0a02381c0f995fe9212d655a2a3c78fe564448c094af577
[INFO] running `Command { std: "docker" "start" "1cfabbfd75f42a3de0a02381c0f995fe9212d655a2a3c78fe564448c094af577", kill_on_drop: false }`
[INFO] running `Command { std: "docker" "inspect" "1cfabbfd75f42a3de0a02381c0f995fe9212d655a2a3c78fe564448c094af577", kill_on_drop: false }`
[INFO] running `Command { std: "docker" "exec" "-e" "SOURCE_DIR=/opt/rustwide/workdir" "-e" "CARGO_HOME=/opt/rustwide/cargo-home" "-e" "RUSTUP_HOME=/opt/rustwide/rustup-home" "-e" "CARGO_TARGET_DIR=/opt/rustwide/target" "-w" "/opt/rustwide/workdir" "--user" "0:0" "1cfabbfd75f42a3de0a02381c0f995fe9212d655a2a3c78fe564448c094af577" "/opt/rustwide/cargo-home/bin/cargo" "+1.100.0-beta.1" "metadata" "--no-deps" "--format-version=1", kill_on_drop: false }`
[INFO] running `Command { std: "docker" "inspect" "1cfabbfd75f42a3de0a02381c0f995fe9212d655a2a3c78fe564448c094af577", kill_on_drop: false }`
[INFO] running `Command { std: "docker" "exec" "-e" "SOURCE_DIR=/opt/rustwide/workdir" "-e" "CARGO_HOME=/opt/rustwide/cargo-home" "-e" "RUSTUP_HOME=/opt/rustwide/rustup-home" "-e" "CARGO_TARGET_DIR=/opt/rustwide/target" "-e" "CARGO_INCREMENTAL=0" "-e" "RUST_BACKTRACE=full" "-e" "RUSTFLAGS=--cap-lints=warn" "-e" "RUSTDOCFLAGS=--cap-lints=warn" "-w" "/opt/rustwide/workdir" "--user" "0:0" "1cfabbfd75f42a3de0a02381c0f995fe9212d655a2a3c78fe564448c094af577" "/opt/rustwide/cargo-home/bin/cargo" "+1.100.0-beta.1" "build" "--frozen" "--message-format=json", kill_on_drop: false }`
[INFO] [stderr]    Compiling quote v1.0.44
[INFO] [stderr]    Compiling libc v0.2.182
[INFO] [stderr]    Compiling once_cell v1.21.3
[INFO] [stderr]    Compiling shlex v1.3.0
[INFO] [stderr]    Compiling pin-project-lite v0.2.16
[INFO] [stderr]    Compiling fs_extra v1.3.0
[INFO] [stderr]    Compiling dunce v1.0.5
[INFO] [stderr]    Compiling itoa v1.0.17
[INFO] [stderr]    Compiling futures-sink v0.3.32
[INFO] [stderr]    Compiling hashbrown v0.16.1
[INFO] [stderr]    Compiling aws-lc-rs v1.16.0
[INFO] [stderr]    Compiling smallvec v1.15.1
[INFO] [stderr]    Compiling http v1.4.0
[INFO] [stderr]    Compiling tracing-core v0.1.36
[INFO] [stderr]    Compiling slab v0.4.12
[INFO] [stderr]    Compiling litemap v0.8.1
[INFO] [stderr]    Compiling writeable v0.6.2
[INFO] [stderr]    Compiling rustls-pki-types v1.14.0
[INFO] [stderr]    Compiling syn v2.0.117
[INFO] [stderr]    Compiling icu_normalizer_data v2.1.1
[INFO] [stderr]    Compiling icu_properties_data v2.1.2
[INFO] [stderr]    Compiling rustls v0.23.36
[INFO] [stderr]    Compiling futures-io v0.3.32
[INFO] [stderr]    Compiling indexmap v2.13.0
[INFO] [stderr]    Compiling futures-util v0.3.32
[INFO] [stderr]    Compiling log v0.4.29
[INFO] [stderr]    Compiling fnv v1.0.7
[INFO] [stderr]    Compiling bitflags v2.11.0
[INFO] [stderr]    Compiling futures-channel v0.3.32
[INFO] [stderr]    Compiling getrandom v0.3.4
[INFO] [stderr]    Compiling pin-utils v0.1.0
[INFO] [stderr]    Compiling anstyle-parse v0.2.7
[INFO] [stderr]    Compiling thiserror v1.0.69
[INFO] [stderr]    Compiling colorchoice v1.0.4
[INFO] [stderr]    Compiling http-body v1.0.1
[INFO] [stderr]    Compiling anstyle v1.0.13
[INFO] [stderr]    Compiling openssl-probe v0.2.1
[INFO] [stderr]    Compiling jobserver v0.1.34
[INFO] [stderr]    Compiling mio v1.1.1
[INFO] [stderr]    Compiling socket2 v0.6.2
[INFO] [stderr]    Compiling ipnet v2.11.0
[INFO] [stderr]    Compiling anstream v0.6.21
[INFO] [stderr]    Compiling cc v1.2.56
[INFO] [stderr]    Compiling rustls-native-certs v0.8.3
[INFO] [stderr]    Compiling rustix v1.1.4
[INFO] [stderr]    Compiling form_urlencoded v1.2.2
[INFO] [stderr]    Compiling aho-corasick v1.1.4
[INFO] [stderr]    Compiling lazy_static v1.5.0
[INFO] [stderr]    Compiling option-ext v0.2.0
[INFO] [stderr]    Compiling fastrand v2.3.0
[INFO] [stderr]    Compiling clap_lex v1.0.0
[INFO] [stderr]    Compiling iri-string v0.7.10
[INFO] [stderr]    Compiling regex-syntax v0.8.10
[INFO] [stderr]    Compiling toml_write v0.1.2
[INFO] [stderr]    Compiling strsim v0.11.1
[INFO] [stderr]    Compiling cmake v0.1.57
[INFO] [stderr]    Compiling winnow v0.7.14
[INFO] [stderr]    Compiling aws-lc-sys v0.37.1
[INFO] [stderr]    Compiling anyhow v1.0.102
[INFO] [stderr]    Compiling regex-automata v0.4.14
[INFO] [stderr]    Compiling console v0.15.11
[INFO] [stderr]    Compiling tempfile v3.26.0
[INFO] [stderr]    Compiling synstructure v0.13.2
[INFO] [stderr]    Compiling clap_builder v4.5.60
[INFO] [stderr]    Compiling dirs-sys v0.5.0
[INFO] [stderr]    Compiling sharded-slab v0.1.7
[INFO] [stderr]    Compiling serde_json v1.0.149
[INFO] [stderr]    Compiling http-body-util v0.1.3
[INFO] [stderr]    Compiling tracing-log v0.2.0
[INFO] [stderr]    Compiling thread_local v1.1.9
[INFO] [stderr]    Compiling encoding_rs v0.8.35
[INFO] [stderr]    Compiling shell-words v1.1.1
[INFO] [stderr]    Compiling unsafe-libyaml v0.2.11
[INFO] [stderr]    Compiling mime v0.3.17
[INFO] [stderr]    Compiling nu-ansi-term v0.50.3
[INFO] [stderr]    Compiling tracing-subscriber v0.3.22
[INFO] [stderr]    Compiling zerofrom-derive v0.1.6
[INFO] [stderr]    Compiling yoke-derive v0.8.1
[INFO] [stderr]    Compiling zerovec-derive v0.11.2
[INFO] [stderr]    Compiling displaydoc v0.2.5
[INFO] [stderr]    Compiling zerofrom v0.1.6
[INFO] [stderr]    Compiling yoke v0.8.1
[INFO] [stderr]    Compiling tokio-macros v2.6.0
[INFO] [stderr]    Compiling serde_derive v1.0.228
[INFO] [stderr]    Compiling zerovec v0.11.5
[INFO] [stderr]    Compiling tokio v1.49.0
[INFO] [stderr]    Compiling zerotrie v0.2.3
[INFO] [stderr]    Compiling tracing-attributes v0.1.31
[INFO] [stderr]    Compiling thiserror-impl v1.0.69
[INFO] [stderr]    Compiling tinystr v0.8.2
[INFO] [stderr]    Compiling icu_locale_core v2.1.1
[INFO] [stderr]    Compiling potential_utf v0.1.4
[INFO] [stderr]    Compiling icu_collections v2.1.1
[INFO] [stderr]    Compiling tracing v0.1.44
[INFO] [stderr]    Compiling clap_derive v4.5.55
[INFO] [stderr]    Compiling icu_provider v2.1.1
[INFO] [stderr]    Compiling dialoguer v0.11.0
[INFO] [stderr]    Compiling regex v1.12.3
[INFO] [stderr]    Compiling icu_properties v2.1.2
[INFO] [stderr]    Compiling icu_normalizer v2.1.1
[INFO] [stderr]    Compiling async-trait v0.1.89
[INFO] [stderr]    Compiling directories v6.0.0
[INFO] [stderr]    Compiling atty v0.2.14
[INFO] [stderr]    Compiling keyring v3.6.3
[INFO] [stderr]    Compiling dotenvy v0.15.7
[INFO] [stderr]    Compiling idna_adapter v1.2.1
[INFO] [stderr]    Compiling serde v1.0.228
[INFO] [stderr]    Compiling idna v1.1.0
[INFO] [stderr]    Compiling clap v4.5.60
[INFO] [stderr]    Compiling url v2.5.8
[INFO] [stderr]    Compiling toml_datetime v0.6.11
[INFO] [stderr]    Compiling serde_spanned v0.6.9
[INFO] [stderr]    Compiling serde_yaml v0.9.34+deprecated
[INFO] [stderr]    Compiling toml_edit v0.22.27
[INFO] [stderr]    Compiling tokio-util v0.7.18
[INFO] [stderr]    Compiling tower v0.5.3
[INFO] [stderr]    Compiling tower-http v0.6.8
[INFO] [stderr]    Compiling h2 v0.4.13
[INFO] [stderr]    Compiling toml v0.8.23
[INFO] [stderr]    Compiling hyper v1.8.1
[INFO] [stderr]    Compiling hyper-util v0.1.20
[INFO] [stderr]    Compiling rustls-webpki v0.103.9
[INFO] [stderr]    Compiling tokio-rustls v0.26.4
[INFO] [stderr]    Compiling rustls-platform-verifier v0.6.2
[INFO] [stderr]    Compiling hyper-rustls v0.27.7
[INFO] [stderr]    Compiling reqwest v0.13.2
[INFO] [stderr]    Compiling rai-cli v1.1.4 (/opt/rustwide/workdir)
[INFO] [stderr]     Finished `dev` profile [unoptimized + debuginfo] target(s) in 2m 58s
[INFO] running `Command { std: "docker" "inspect" "1cfabbfd75f42a3de0a02381c0f995fe9212d655a2a3c78fe564448c094af577", kill_on_drop: false }`
[INFO] running `Command { std: "docker" "exec" "-e" "SOURCE_DIR=/opt/rustwide/workdir" "-e" "CARGO_HOME=/opt/rustwide/cargo-home" "-e" "RUSTUP_HOME=/opt/rustwide/rustup-home" "-e" "CARGO_TARGET_DIR=/opt/rustwide/target" "-e" "CARGO_INCREMENTAL=0" "-e" "RUST_BACKTRACE=full" "-e" "RUSTFLAGS=--cap-lints=warn" "-e" "RUSTDOCFLAGS=--cap-lints=warn" "-w" "/opt/rustwide/workdir" "--user" "0:0" "1cfabbfd75f42a3de0a02381c0f995fe9212d655a2a3c78fe564448c094af577" "/opt/rustwide/cargo-home/bin/cargo" "+1.100.0-beta.1" "test" "--frozen" "--no-run" "--message-format=json", kill_on_drop: false }`
[INFO] [stderr]    Compiling rai-cli v1.1.4 (/opt/rustwide/workdir)
[INFO] [stdout] warning: unused variable: `use_keyring`
[INFO] [stdout]    --> src/config.rs:723:39
[INFO] [stdout]     |
[INFO] [stdout] 723 |     pub fn resolve_api_key(&mut self, use_keyring: bool) -> Result<()> {
[INFO] [stdout]     |                                       ^^^^^^^^^^^ help: if this is intentional, prefix it with an underscore: `_use_keyring`
[INFO] [stdout]     |
[INFO] [stdout]     = note: `#[warn(unused_variables)]` (part of `#[warn(unused)]`) on by default
[INFO] [stdout] 
[INFO] [stdout] 
[INFO] [stdout] warning: unused variable: `profile`
[INFO] [stdout]     --> src/main.rs:1508:25
[INFO] [stdout]      |
[INFO] [stdout] 1508 | fn get_key_for_provider(profile: &str, provider: &str, use_keyring: bool) -> Option<String> {
[INFO] [stdout]      |                         ^^^^^^^ help: if this is intentional, prefix it with an underscore: `_profile`
[INFO] [stdout] 
[INFO] [stdout] 
[INFO] [stdout] warning: unused variable: `use_keyring`
[INFO] [stdout]     --> src/main.rs:1508:56
[INFO] [stdout]      |
[INFO] [stdout] 1508 | fn get_key_for_provider(profile: &str, provider: &str, use_keyring: bool) -> Option<String> {
[INFO] [stdout]      |                                                        ^^^^^^^^^^^ help: if this is intentional, prefix it with an underscore: `_use_keyring`
[INFO] [stdout] 
[INFO] [stdout] 
[INFO] [stdout] warning: constant `SERVICE_NAME` is never used
[INFO] [stdout]  --> src/key_store.rs:6:7
[INFO] [stdout]   |
[INFO] [stdout] 6 | const SERVICE_NAME: &str = "rai";
[INFO] [stdout]   |       ^^^^^^^^^^^^
[INFO] [stdout]   |
[INFO] [stdout]   = note: `#[warn(dead_code)]` (part of `#[warn(unused)]`) on by default
[INFO] [stdout] 
[INFO] [stdout] 
[INFO] [stdout] warning: function `get_api_key` is never used
[INFO] [stdout]   --> src/key_store.rs:70:8
[INFO] [stdout]    |
[INFO] [stdout] 70 | pub fn get_api_key(account: &str, use_keyring: bool) -> Result<String> {
[INFO] [stdout]    |        ^^^^^^^^^^^
[INFO] [stdout] 
[INFO] [stdout] 
[INFO] [stderr]     Finished `test` profile [unoptimized + debuginfo] target(s) in 8.48s
[INFO] running `Command { std: "docker" "inspect" "1cfabbfd75f42a3de0a02381c0f995fe9212d655a2a3c78fe564448c094af577", kill_on_drop: false }`
[INFO] running `Command { std: "docker" "exec" "-e" "SOURCE_DIR=/opt/rustwide/workdir" "-e" "CARGO_HOME=/opt/rustwide/cargo-home" "-e" "RUSTUP_HOME=/opt/rustwide/rustup-home" "-e" "CARGO_TARGET_DIR=/opt/rustwide/target" "-e" "CARGO_INCREMENTAL=0" "-e" "RUST_BACKTRACE=full" "-e" "RUSTFLAGS=--cap-lints=warn" "-e" "RUSTDOCFLAGS=--cap-lints=warn" "-w" "/opt/rustwide/workdir" "--user" "0:0" "1cfabbfd75f42a3de0a02381c0f995fe9212d655a2a3c78fe564448c094af577" "/opt/rustwide/cargo-home/bin/cargo" "+1.100.0-beta.1" "test" "--frozen", kill_on_drop: false }`
[INFO] [stderr] warning: unused variable: `use_keyring`
[INFO] [stderr]    --> src/config.rs:723:39
[INFO] [stderr]     |
[INFO] [stderr] 723 |     pub fn resolve_api_key(&mut self, use_keyring: bool) -> Result<()> {
[INFO] [stderr]     |                                       ^^^^^^^^^^^ help: if this is intentional, prefix it with an underscore: `_use_keyring`
[INFO] [stderr]     |
[INFO] [stderr]     = note: `#[warn(unused_variables)]` (part of `#[warn(unused)]`) on by default
[INFO] [stderr] 
[INFO] [stderr] warning: unused variable: `profile`
[INFO] [stderr]     --> src/main.rs:1508:25
[INFO] [stderr]      |
[INFO] [stderr] 1508 | fn get_key_for_provider(profile: &str, provider: &str, use_keyring: bool) -> Option<String> {
[INFO] [stderr]      |                         ^^^^^^^ help: if this is intentional, prefix it with an underscore: `_profile`
[INFO] [stderr] 
[INFO] [stderr] warning: unused variable: `use_keyring`
[INFO] [stderr]     --> src/main.rs:1508:56
[INFO] [stderr]      |
[INFO] [stderr] 1508 | fn get_key_for_provider(profile: &str, provider: &str, use_keyring: bool) -> Option<String> {
[INFO] [stderr]      |                                                        ^^^^^^^^^^^ help: if this is intentional, prefix it with an underscore: `_use_keyring`
[INFO] [stderr] 
[INFO] [stderr] warning: constant `SERVICE_NAME` is never used
[INFO] [stderr]  --> src/key_store.rs:6:7
[INFO] [stderr]   |
[INFO] [stderr] 6 | const SERVICE_NAME: &str = "rai";
[INFO] [stderr]   |       ^^^^^^^^^^^^
[INFO] [stderr]   |
[INFO] [stderr]   = note: `#[warn(dead_code)]` (part of `#[warn(unused)]`) on by default
[INFO] [stderr] 
[INFO] [stderr] warning: function `get_api_key` is never used
[INFO] [stderr]   --> src/key_store.rs:70:8
[INFO] [stderr]    |
[INFO] [stderr] 70 | pub fn get_api_key(account: &str, use_keyring: bool) -> Result<String> {
[INFO] [stderr]    |        ^^^^^^^^^^^
[INFO] [stderr] 
[INFO] [stderr] warning: `rai-cli` (bin "rai" test) generated 5 warnings (run `cargo fix --bin "rai" -p rai-cli --tests` to apply 3 suggestions)
[INFO] [stderr]     Finished `test` profile [unoptimized + debuginfo] target(s) in 0.20s
[INFO] [stderr]      Running unittests src/main.rs (/opt/rustwide/target/debug/build/rai-cli/e2a84687da45abd6/out/rai-e2a84687da45abd6)
[INFO] [stdout] 
[INFO] [stdout] running 133 tests
[INFO] [stdout] test agent::tests::extracts_shell_executable_with_env_and_wrappers ... ok
[INFO] [stdout] test agent::tests::retries_when_model_reports_failed_but_need_further_steps ... ok
[INFO] [stdout] test agent::tests::retries_when_model_returns_recoverable_failed_status_after_tool_usage ... ok
[INFO] [stdout] test config::tests::falls_back_to_first_provider_when_default_is_missing ... ok
[INFO] [stdout] test config::tests::parses_profile_name_from_file ... ok
[INFO] [stdout] test config::tests::resolves_default_provider_when_multiple_exist ... ok
[INFO] [stdout] test config::tests::resolves_single_configured_provider ... ok
[INFO] [stdout] test config::tests::uses_legacy_provider_when_no_provider_list_exists ... ok
[INFO] [stdout] test agent::tests::stops_retrying_after_recoverable_fail_budget_is_exhausted ... ok
[INFO] [stdout] test config::tests::validates_profile_names ... ok
[INFO] [stdout] test permission::tests::test_merge_can_restrict ... ok
[INFO] [stdout] test permission::tests::test_merge_cannot_relax ... ok
[INFO] [stdout] test permission::tests::test_parse_permission ... ok
[INFO] [stdout] test permission::tests::test_parse_rejects_old_formats ... ok
[INFO] [stdout] test permission::tests::test_restrictiveness_order ... ok
[INFO] [stdout] test permission::tests::test_rules_blacklist_takes_precedence_over_whitelist ... ok
[INFO] [stdout] test permission::tests::test_rules_empty_mode_defaults_to_ask ... ok
[INFO] [stdout] test agent::tests::shell_missing_command_skips_noninteractive_allow_prompt ... ok
[INFO] [stdout] test permission::tests::test_rules_fallback_mode ... ok
[INFO] [stdout] test permission::tests::test_user_blocklist_empty ... ok
[INFO] [stdout] test agent::tests::retries_after_tool_failure_until_success ... ok
[INFO] [stdout] test agent::tests::missing_shell_command_detection_flags_nonexistent_command ... ok
[INFO] [stdout] test agent::tests::fails_with_iteration_limit_when_tools_never_recover ... ok
[INFO] [stdout] test provider_catalog::tests::marks_openai_compatible_set_correctly ... ok
[INFO] [stdout] test provider_catalog::tests::normalizes_provider_aliases ... ok
[INFO] [stdout] test provider_catalog::tests::openai_compatible_has_only_approved_env_vars ... ok
[INFO] [stdout] test provider_catalog::tests::provider_env_vars_match_expected_table_entries ... ok
[INFO] [stdout] test permission::tests::test_rules_whitelist_allows_and_denies ... ok
[INFO] [stdout] test provider_catalog::tests::reports_default_base_urls_for_openai_like_providers ... ok
[INFO] [stdout] test provider_catalog::tests::marks_ollama_as_key_optional ... ok
[INFO] [stdout] test providers::openai_compatible::tests::appends_chat_completions_path_when_missing ... ok
[INFO] [stdout] test providers::openai_compatible::tests::keeps_endpoint_when_chat_completions_is_present ... ok
[INFO] [stdout] test providers::tests::billing_stats_accumulate_calls_and_tokens ... ok
[INFO] [stdout] test providers::tests::extract_usage_tokens_defaults_to_zero_when_usage_missing ... ok
[INFO] [stdout] test providers::tests::extract_usage_tokens_supports_alt_fields ... ok
[INFO] [stdout] test providers::tests::extract_usage_tokens_supports_google_usage_metadata ... ok
[INFO] [stdout] test providers::tests::extract_usage_tokens_supports_openai_style_fields ... ok
[INFO] [stdout] test permission::tests::test_rules_blacklist_denies ... ok
[INFO] [stdout] test agent::tests::parses_status_tokens_from_response_lines ... ok
[INFO] [stdout] test task_parser::tests::test_frontmatter_only_no_headings ... ok
[INFO] [stdout] test task_parser::tests::test_get_section ... ok
[INFO] [stdout] test task_parser::tests::test_no_frontmatter ... ok
[INFO] [stdout] test permission::tests::test_user_blocklist ... ok
[INFO] [stdout] test task_parser::tests::test_list_subtasks ... ok
[INFO] [stdout] test task_parser::tests::test_parse_simple_task ... ok
[INFO] [stdout] test task_parser::tests::test_parse_subtask_frontmatter ... ok
[INFO] [stdout] test task_parser::tests::test_preamble_before_h2_only ... ok
[INFO] [stdout] test task_parser::tests::test_parse_with_subtasks ... ok
[INFO] [stdout] test task_parser::tests::test_subtask_model_override ... ok
[INFO] [stdout] test template::tests::test_find_numeric_variables ... ok
[INFO] [stdout] test task_parser::tests::test_effective_model ... ok
[INFO] [stdout] test task_parser::tests::test_plain_text_without_headings ... ok
[INFO] [stdout] test task_parser::tests::test_parse_demo_task ... ok
[INFO] [stdout] test template::tests::test_map_args_without_names ... ok
[INFO] [stdout] test template::tests::test_parse_arg_spec_required ... ok
[INFO] [stdout] test template::tests::test_find_variables ... ok
[INFO] [stdout] test template::tests::test_map_args_with_names ... ok
[INFO] [stdout] test template::tests::test_render_missing_variable ... ok
[INFO] [stdout] test template::tests::test_parse_arg_spec_optional ... ok
[INFO] [stdout] test template::tests::test_render_success ... ok
[INFO] [stdout] test tests::test_apply_status_contract_prompt_run_mode_excludes_proceeding ... ok
[INFO] [stdout] test tests::test_apply_think_mode_prompt_adds_instruction_when_enabled ... ok
[INFO] [stdout] test template::tests::test_parse_arg_spec_rejects_invalid_name ... ok
[INFO] [stdout] test template::tests::test_required_arg_names_returns_only_required_args ... ok
[INFO] [stdout] test tests::test_cli_parses_think_flag ... ok
[INFO] [stdout] test tests::test_compose_adhoc_prompt_with_args_and_stdin ... ok
[INFO] [stdout] test tests::test_cli_parses_detail_flag ... ok
[INFO] [stdout] test tests::test_cli_parses_legacy_log_alias_as_detail ... ok
[INFO] [stdout] test tests::test_apply_status_contract_prompt_plan_mode_includes_proceeding ... ok
[INFO] [stdout] test tests::test_apply_status_contract_prompt_silent_excludes_proceeding ... ok
[INFO] [stdout] test tests::test_compose_adhoc_prompt_without_stdin ... ok
[INFO] [stdout] test tests::test_cli_parses_silent_flag ... ok
[INFO] [stdout] test tests::test_compose_adhoc_prompt_with_positional_args ... ok
[INFO] [stdout] test tests::test_compose_adhoc_prompt_with_stdin ... ok
[INFO] [stdout] test tests::test_compose_adhoc_prompt_with_named_args ... ok
[INFO] [stdout] test tests::test_derive_user_final_state_maps_internal_status_to_fail ... ok
[INFO] [stdout] test tests::test_parse_assistant_status_from_response ... ok
[INFO] [stdout] test tests::test_empty_piped_stdin_returns_helpful_error ... ok
[INFO] [stdout] test tests::test_failure_language_detection_for_inability_reply ... ok
[INFO] [stdout] test tests::test_parse_task_cli_args_missing_value_errors ... ok
[INFO] [stdout] test tests::test_parse_assistant_status_ignores_think_block ... ok
[INFO] [stdout] test tests::test_parse_shorthand_args_with_subtask ... ok
[INFO] [stdout] test tests::test_parse_shorthand_args_without_subtask ... ok
[INFO] [stdout] test tests::test_print_and_validate_response_accepts_success_status ... ok
[INFO] [stdout] test template::tests::test_collect_all_arg_specs_merges_optional_with_required ... ok
[INFO] [stdout] test tests::test_print_and_validate_response_fails_on_failed_status ... ok
[INFO] [stdout] test tests::test_print_and_validate_response_fails_on_failure_language_without_status ... ok
[INFO] [stdout] test tests::test_parse_task_cli_args_supports_named_and_positional ... ok
[INFO] [stdout] test tests::test_reapply_global_flags_bill_and_silent ... ok
[INFO] [stdout] test tests::test_reapply_global_flags_from_args ... ok
[INFO] [stdout] test tests::test_extract_thinking_blocks_splits_reasoning_and_final_answer ... ok
[INFO] [stdout] test tests::test_non_empty_piped_stdin_passes_validation ... ok
[INFO] [stdout] test tests::test_parse_assistant_payload_from_json_contract ... ok
[INFO] [stdout] test tests::test_reapply_global_flags_preserves_model ... ok
[INFO] [stdout] test tests::test_resolve_provider_requires_base_url_for_openai_compatible ... ok
[INFO] [stdout] test tests::test_strip_internal_status_lines_removes_status_for_user_output ... ok
[INFO] [stdout] test tests::test_resolve_task_arguments_named_flags_with_optional_args ... ok
[INFO] [stdout] test tools::git_operations::tests::git_arg_sanitizer_blocks_dangerous_patterns ... ok
[INFO] [stdout] test tools::git_operations::tests::git_path_tokens_allow_non_system_relative_paths ... ok
[INFO] [stdout] test tests::test_resolve_provider_supports_openai_when_api_key_present ... ok
[INFO] [stdout] test tools::file_append::tests::file_append_creates_and_appends ... FAILED
[INFO] [stdout] test tools::file_edit::tests::file_edit_replaces_first_occurrence ... FAILED
[INFO] [stdout] test tests::test_resolve_task_arguments_unknown_named_argument_errors ... ok
[INFO] [stdout] test tests::test_resolve_task_arguments_missing_required_errors ... ok
[INFO] [stdout] test tools::git_operations::tests::git_path_tokens_block_system_critical_prefixes ... ok
[INFO] [stdout] test tools::http_request::tests::http_request_rejects_unsupported_method ... ok
[INFO] [stdout] test tools::path_security::tests::allows_non_system_paths ... ok
[INFO] [stdout] test tools::path_security::tests::allows_read_of_sensitive_dotfile ... ok
[INFO] [stdout] test tools::path_security::tests::allows_windows_non_system_paths ... ok
[INFO] [stdout] test tools::path_security::tests::allows_write_to_normal_file ... ok
[INFO] [stdout] test tools::ls_tools::tests::lists_builtin_tools_including_itself ... ok
[INFO] [stdout] test tools::path_security::tests::blocks_null_bytes ... ok
[INFO] [stdout] test tools::path_security::tests::blocks_subpath_under_system_prefix ... ok
[INFO] [stdout] test tools::path_security::tests::blocks_url_encoded_traversal ... ok
[INFO] [stdout] test tools::path_security::tests::blocks_windows_case_insensitive ... ok
[INFO] [stdout] test tools::path_security::tests::blocks_windows_system_paths ... ok
[INFO] [stdout] test tools::path_security::tests::blocks_write_to_aws_credentials ... ok
[INFO] [stdout] test tools::path_security::tests::blocks_windows_subpath ... ok
[INFO] [stdout] test tools::path_security::tests::blocks_exact_system_prefixes ... ok
[INFO] [stdout] test tools::path_security::tests::blocks_write_to_ssh_dir ... ok
[INFO] [stdout] test tools::path_security::tests::blocks_write_to_env_file ... ok
[INFO] [stdout] test tools::path_security::tests::resolves_relative_parent_traversal_before_checking ... ok
[INFO] [stdout] test tools::tests::builtin_toolset_includes_nullclaw_compat_tools ... ok
[INFO] [stdout] test tools::web_search::tests::duckduckgo_formatter_handles_related_topics ... ok
[INFO] [stdout] test tools::path_security::tests::does_not_block_partial_prefix_match ... ok
[INFO] [stdout] test tools::web_search::tests::url_encoder_handles_spaces_and_symbols ... ok
[INFO] [stdout] test tools::web_search::tests::normalize_ddg_redirect_url_uses_uddg_param ... ok
[INFO] [stdout] test tools::web_search::tests::parse_count_clamps_range ... ok
[INFO] [stdout] test tools::web_fetch::tests::html_to_text_strips_scripts_and_tags ... ok
[INFO] [stdout] test tests::test_resolve_provider_supports_anthropic_when_api_key_present ... ok
[INFO] [stdout] test tools::web_search::tests::html_parser_extracts_result_links_and_snippets ... ok
[INFO] [stdout] test tests::test_resolve_provider_accepts_ollama_without_api_key ... ok
[INFO] [stdout] test tools::http_get::tests::http_get_does_not_panic_inside_tokio_runtime ... ok
[INFO] [stdout] 
[INFO] [stdout] failures:
[INFO] [stdout] 
[INFO] [stdout] ---- tools::file_append::tests::file_append_creates_and_appends stdout ----
[INFO] [stdout] 
[INFO] [stdout] thread 'tools::file_append::tests::file_append_creates_and_appends' (2954) panicked at src/tools/file_append.rs:76:34:
[INFO] [stdout] create test-tmp dir: Os { code: 30, kind: ReadOnlyFilesystem, message: "Read-only file system" }
[INFO] [stdout] stack backtrace:
[INFO] [stdout]    0:     0x590951be52f1 - std[617be2ca0a6fd877]::backtrace_rs::backtrace::libunwind::trace
[INFO] [stdout]                                at /rustc/e3feeb59cd1bdd011a2bfcc0747b55125d9b8527/library/std/src/../../backtrace/src/backtrace/libunwind.rs:117:9
[INFO] [stdout]    1:     0x590951be52f1 - std[617be2ca0a6fd877]::backtrace_rs::backtrace::trace_unsynchronized::<std[617be2ca0a6fd877]::sys::backtrace::_print_fmt::{closure#1}>
[INFO] [stdout]                                at /rustc/e3feeb59cd1bdd011a2bfcc0747b55125d9b8527/library/std/src/../../backtrace/src/backtrace/mod.rs:66:14
[INFO] [stdout]    2:     0x590951be52f1 - std[617be2ca0a6fd877]::sys::backtrace::_print_fmt
[INFO] [stdout]                                at /rustc/e3feeb59cd1bdd011a2bfcc0747b55125d9b8527/library/std/src/sys/backtrace.rs:74:9
[INFO] [stdout]    3:     0x590951be52f1 - <<std[617be2ca0a6fd877]::sys::backtrace::BacktraceLock>::print::DisplayBacktrace as core[a373ad73a504971]::fmt::Display>::fmt
[INFO] [stdout]                                at /rustc/e3feeb59cd1bdd011a2bfcc0747b55125d9b8527/library/std/src/sys/backtrace.rs:44:26
[INFO] [stdout]    4:     0x590951bfec7a - <core[a373ad73a504971]::fmt::rt::Argument>::fmt
[INFO] [stdout]                                at /rustc/e3feeb59cd1bdd011a2bfcc0747b55125d9b8527/library/core/src/fmt/rt.rs:152:76
[INFO] [stdout]    5:     0x590951bfec7a - core[a373ad73a504971]::fmt::write
[INFO] [stdout]    6:     0x590951beb40c - core[a373ad73a504971]::io::write::default_write_fmt::<alloc[2e1b2a31b91974c5]::vec::Vec<u8>>
[INFO] [stdout]                                at /rustc/e3feeb59cd1bdd011a2bfcc0747b55125d9b8527/library/core/src/io/write.rs:402:11
[INFO] [stdout]    7:     0x590951beb40c - <alloc[2e1b2a31b91974c5]::vec::Vec<u8> as core[a373ad73a504971]::io::write::Write>::write_fmt
[INFO] [stdout]                                at /rustc/e3feeb59cd1bdd011a2bfcc0747b55125d9b8527/library/core/src/io/write.rs:335:13
[INFO] [stdout]    8:     0x590951bbe076 - <std[617be2ca0a6fd877]::sys::backtrace::BacktraceLock>::print
[INFO] [stdout]                                at /rustc/e3feeb59cd1bdd011a2bfcc0747b55125d9b8527/library/std/src/sys/backtrace.rs:47:9
[INFO] [stdout]    9:     0x590951bbe076 - std[617be2ca0a6fd877]::panicking::default_hook::{closure#0}
[INFO] [stdout]                                at /rustc/e3feeb59cd1bdd011a2bfcc0747b55125d9b8527/library/std/src/panicking.rs:289:27
[INFO] [stdout]   10:     0x590951bdc639 - std[617be2ca0a6fd877]::panicking::default_hook
[INFO] [stdout]                                at /rustc/e3feeb59cd1bdd011a2bfcc0747b55125d9b8527/library/std/src/panicking.rs:313:9
[INFO] [stdout]   11:     0x59095106fec0 - <alloc[2e1b2a31b91974c5]::boxed::Box<dyn for<'a, 'b> core[a373ad73a504971]::ops::function::Fn<(&'a std[617be2ca0a6fd877]::panic::PanicHookInfo<'b>,), Output = ()> + core[a373ad73a504971]::marker::Sync + core[a373ad73a504971]::marker::Send> as core[a373ad73a504971]::ops::function::Fn<(&std[617be2ca0a6fd877]::panic::PanicHookInfo,)>>::call
[INFO] [stdout]                                at /rustc/e3feeb59cd1bdd011a2bfcc0747b55125d9b8527/library/alloc/src/boxed.rs:2328:9
[INFO] [stdout]   12:     0x59095106fec0 - test[aada8e7e76ba119b]::test_main_inner::{closure#0}
[INFO] [stdout]                                at /rustc/e3feeb59cd1bdd011a2bfcc0747b55125d9b8527/library/test/src/lib.rs:137:21
[INFO] [stdout]   13:     0x590951bdc962 - <alloc[2e1b2a31b91974c5]::boxed::Box<dyn for<'a, 'b> core[a373ad73a504971]::ops::function::Fn<(&'a std[617be2ca0a6fd877]::panic::PanicHookInfo<'b>,), Output = ()> + core[a373ad73a504971]::marker::Sync + core[a373ad73a504971]::marker::Send> as core[a373ad73a504971]::ops::function::Fn<(&std[617be2ca0a6fd877]::panic::PanicHookInfo,)>>::call
[INFO] [stdout]                                at /rustc/e3feeb59cd1bdd011a2bfcc0747b55125d9b8527/library/alloc/src/boxed.rs:2328:9
[INFO] [stdout]   14:     0x590951bdc962 - std[617be2ca0a6fd877]::panicking::panic_with_hook
[INFO] [stdout]                                at /rustc/e3feeb59cd1bdd011a2bfcc0747b55125d9b8527/library/std/src/panicking.rs:819:13
[INFO] [stdout]   15:     0x590951bbe122 - std[617be2ca0a6fd877]::panicking::panic_handler::{closure#0}
[INFO] [stdout]                                at /rustc/e3feeb59cd1bdd011a2bfcc0747b55125d9b8527/library/std/src/panicking.rs:685:13
[INFO] [stdout]   16:     0x590951bb63f9 - std[617be2ca0a6fd877]::sys::backtrace::__rust_end_short_backtrace::<std[617be2ca0a6fd877]::panicking::panic_handler::{closure#0}, !>
[INFO] [stdout]                                at /rustc/e3feeb59cd1bdd011a2bfcc0747b55125d9b8527/library/std/src/sys/backtrace.rs:182:18
[INFO] [stdout]   17:     0x590951bbf0ad - __rustc[ea4f61d10b84890b]::rust_begin_unwind
[INFO] [stdout]                                at /rustc/e3feeb59cd1bdd011a2bfcc0747b55125d9b8527/library/std/src/panicking.rs:676:5
[INFO] [stdout]   18:     0x590951bff54c - core[a373ad73a504971]::panicking::panic_fmt
[INFO] [stdout]                                at /rustc/e3feeb59cd1bdd011a2bfcc0747b55125d9b8527/library/core/src/panicking.rs:80:14
[INFO] [stdout]   19:     0x590951bff272 - core[a373ad73a504971]::result::unwrap_failed
[INFO] [stdout]                                at /rustc/e3feeb59cd1bdd011a2bfcc0747b55125d9b8527/library/core/src/result.rs:1870:5
[INFO] [stdout]   20:     0x59095173827c - <core[a373ad73a504971]::result::Result<(), core[a373ad73a504971]::io::error::Error>>::expect
[INFO] [stdout]                                at /rustc/e3feeb59cd1bdd011a2bfcc0747b55125d9b8527/library/core/src/result.rs:1184:23
[INFO] [stdout]   21:     0x590950eeed3d - rai[7ab46ca457ee4744]::tools::file_append::tests::tmp_file_path
[INFO] [stdout]                                at /opt/rustwide/workdir/src/tools/file_append.rs:76:34
[INFO] [stdout]   22:     0x590950eeeedd - rai[7ab46ca457ee4744]::tools::file_append::tests::file_append_creates_and_appends
[INFO] [stdout]                                at /opt/rustwide/workdir/src/tools/file_append.rs:82:20
[INFO] [stdout]   23:     0x590950ee3357 - rai[7ab46ca457ee4744]::tools::file_append::tests::file_append_creates_and_appends::{closure#0}
[INFO] [stdout]                                at /opt/rustwide/workdir/src/tools/file_append.rs:81:41
[INFO] [stdout]   24:     0x590950f26d96 - <rai[7ab46ca457ee4744]::tools::file_append::tests::file_append_creates_and_appends::{closure#0} as core[a373ad73a504971]::ops::function::FnOnce<()>>::call_once
[INFO] [stdout]                                at /rustc/e3feeb59cd1bdd011a2bfcc0747b55125d9b8527/library/core/src/ops/function.rs:250:5
[INFO] [stdout]   25:     0x59095106330b - <fn() -> core[a373ad73a504971]::result::Result<(), alloc[2e1b2a31b91974c5]::string::String> as core[a373ad73a504971]::ops::function::FnOnce<()>>::call_once
[INFO] [stdout]                                at /rustc/e3feeb59cd1bdd011a2bfcc0747b55125d9b8527/library/core/src/ops/function.rs:250:5
[INFO] [stdout]   26:     0x59095106330b - test[aada8e7e76ba119b]::__rust_begin_short_backtrace::<core[a373ad73a504971]::result::Result<(), alloc[2e1b2a31b91974c5]::string::String>, fn() -> core[a373ad73a504971]::result::Result<(), alloc[2e1b2a31b91974c5]::string::String>>
[INFO] [stdout]                                at /rustc/e3feeb59cd1bdd011a2bfcc0747b55125d9b8527/library/test/src/lib.rs:701:18
[INFO] [stdout]   27:     0x5909510704e5 - test[aada8e7e76ba119b]::run_test_in_process::{closure#0}
[INFO] [stdout]                                at /rustc/e3feeb59cd1bdd011a2bfcc0747b55125d9b8527/library/test/src/lib.rs:724:74
[INFO] [stdout]   28:     0x5909510704e5 - <core[a373ad73a504971]::panic::unwind_safe::AssertUnwindSafe<test[aada8e7e76ba119b]::run_test_in_process::{closure#0}> as core[a373ad73a504971]::ops::function::FnOnce<()>>::call_once
[INFO] [stdout]                                at /rustc/e3feeb59cd1bdd011a2bfcc0747b55125d9b8527/library/core/src/panic/unwind_safe.rs:275:9
[INFO] [stdout]   29:     0x5909510704e5 - std[617be2ca0a6fd877]::panicking::catch_unwind::do_call::<core[a373ad73a504971]::panic::unwind_safe::AssertUnwindSafe<test[aada8e7e76ba119b]::run_test_in_process::{closure#0}>, core[a373ad73a504971]::result::Result<(), alloc[2e1b2a31b91974c5]::string::String>>
[INFO] [stdout]                                at /rustc/e3feeb59cd1bdd011a2bfcc0747b55125d9b8527/library/std/src/panicking.rs:573:43
[INFO] [stdout]   30:     0x5909510704e5 - std[617be2ca0a6fd877]::panicking::catch_unwind::<core[a373ad73a504971]::result::Result<(), alloc[2e1b2a31b91974c5]::string::String>, core[a373ad73a504971]::panic::unwind_safe::AssertUnwindSafe<test[aada8e7e76ba119b]::run_test_in_process::{closure#0}>>
[INFO] [stdout]                                at /rustc/e3feeb59cd1bdd011a2bfcc0747b55125d9b8527/library/std/src/panicking.rs:541:19
[INFO] [stdout]   31:     0x5909510704e5 - std[617be2ca0a6fd877]::panic::catch_unwind::<core[a373ad73a504971]::panic::unwind_safe::AssertUnwindSafe<test[aada8e7e76ba119b]::run_test_in_process::{closure#0}>, core[a373ad73a504971]::result::Result<(), alloc[2e1b2a31b91974c5]::string::String>>
[INFO] [stdout]                                at /rustc/e3feeb59cd1bdd011a2bfcc0747b55125d9b8527/library/std/src/panic.rs:359:14
[INFO] [stdout]   32:     0x5909510704e5 - test[aada8e7e76ba119b]::run_test_in_process
[INFO] [stdout]                                at /rustc/e3feeb59cd1bdd011a2bfcc0747b55125d9b8527/library/test/src/lib.rs:724:27
[INFO] [stdout]   33:     0x5909510704e5 - test[aada8e7e76ba119b]::run_test::{closure#0}
[INFO] [stdout]                                at /rustc/e3feeb59cd1bdd011a2bfcc0747b55125d9b8527/library/test/src/lib.rs:645:43
[INFO] [stdout]   34:     0x590951069dd4 - test[aada8e7e76ba119b]::run_test::{closure#1}
[INFO] [stdout]                                at /rustc/e3feeb59cd1bdd011a2bfcc0747b55125d9b8527/library/test/src/lib.rs:675:41
[INFO] [stdout]   35:     0x590951069dd4 - std[617be2ca0a6fd877]::sys::backtrace::__rust_begin_short_backtrace::<test[aada8e7e76ba119b]::run_test::{closure#1}, ()>
[INFO] [stdout]                                at /rustc/e3feeb59cd1bdd011a2bfcc0747b55125d9b8527/library/std/src/sys/backtrace.rs:166:18
[INFO] [stdout]   36:     0x590951073572 - std[617be2ca0a6fd877]::thread::lifecycle::spawn_unchecked::<test[aada8e7e76ba119b]::run_test::{closure#1}, ()>::{closure#1}::{closure#0}
[INFO] [stdout]                                at /rustc/e3feeb59cd1bdd011a2bfcc0747b55125d9b8527/library/std/src/thread/lifecycle.rs:70:13
[INFO] [stdout]   37:     0x590951073572 - <core[a373ad73a504971]::panic::unwind_safe::AssertUnwindSafe<std[617be2ca0a6fd877]::thread::lifecycle::spawn_unchecked<test[aada8e7e76ba119b]::run_test::{closure#1}, ()>::{closure#1}::{closure#0}> as core[a373ad73a504971]::ops::function::FnOnce<()>>::call_once
[INFO] [stdout]                                at /rustc/e3feeb59cd1bdd011a2bfcc0747b55125d9b8527/library/core/src/panic/unwind_safe.rs:275:9
[INFO] [stdout]   38:     0x590951073572 - std[617be2ca0a6fd877]::panicking::catch_unwind::do_call::<core[a373ad73a504971]::panic::unwind_safe::AssertUnwindSafe<std[617be2ca0a6fd877]::thread::lifecycle::spawn_unchecked<test[aada8e7e76ba119b]::run_test::{closure#1}, ()>::{closure#1}::{closure#0}>, ()>
[INFO] [stdout]                                at /rustc/e3feeb59cd1bdd011a2bfcc0747b55125d9b8527/library/std/src/panicking.rs:573:43
[INFO] [stdout]   39:     0x590951073572 - std[617be2ca0a6fd877]::panicking::catch_unwind::<(), core[a373ad73a504971]::panic::unwind_safe::AssertUnwindSafe<std[617be2ca0a6fd877]::thread::lifecycle::spawn_unchecked<test[aada8e7e76ba119b]::run_test::{closure#1}, ()>::{closure#1}::{closure#0}>>
[INFO] [stdout]                                at /rustc/e3feeb59cd1bdd011a2bfcc0747b55125d9b8527/library/std/src/panicking.rs:541:19
[INFO] [stdout]   40:     0x590951073572 - std[617be2ca0a6fd877]::panic::catch_unwind::<core[a373ad73a504971]::panic::unwind_safe::AssertUnwindSafe<std[617be2ca0a6fd877]::thread::lifecycle::spawn_unchecked<test[aada8e7e76ba119b]::run_test::{closure#1}, ()>::{closure#1}::{closure#0}>, ()>
[INFO] [stdout]                                at /rustc/e3feeb59cd1bdd011a2bfcc0747b55125d9b8527/library/std/src/panic.rs:359:14
[INFO] [stdout]   41:     0x590951073572 - std[617be2ca0a6fd877]::thread::lifecycle::spawn_unchecked::<test[aada8e7e76ba119b]::run_test::{closure#1}, ()>::{closure#1}
[INFO] [stdout]                                at /rustc/e3feeb59cd1bdd011a2bfcc0747b55125d9b8527/library/std/src/thread/lifecycle.rs:68:26
[INFO] [stdout]   42:     0x590951073572 - <std[617be2ca0a6fd877]::thread::lifecycle::spawn_unchecked<test[aada8e7e76ba119b]::run_test::{closure#1}, ()>::{closure#1} as core[a373ad73a504971]::ops::function::FnOnce<()>>::call_once::{shim:vtable#0}
[INFO] [stdout]                                at /rustc/e3feeb59cd1bdd011a2bfcc0747b55125d9b8527/library/core/src/ops/function.rs:250:5
[INFO] [stdout]   43:     0x590951be425f - <alloc[2e1b2a31b91974c5]::boxed::Box<dyn core[a373ad73a504971]::ops::function::FnOnce<(), Output = ()> + core[a373ad73a504971]::marker::Send> as core[a373ad73a504971]::ops::function::FnOnce<()>>::call_once
[INFO] [stdout]                                at /rustc/e3feeb59cd1bdd011a2bfcc0747b55125d9b8527/library/alloc/src/boxed.rs:2314:9
[INFO] [stdout]   44:     0x590951be425f - <std[617be2ca0a6fd877]::sys::thread::unix::Thread>::new::thread_start
[INFO] [stdout]                                at /rustc/e3feeb59cd1bdd011a2bfcc0747b55125d9b8527/library/std/src/sys/thread/unix.rs:127:17
[INFO] [stdout]   45:     0x7eefde94fdfa - <unknown>
[INFO] [stdout]   46:     0x7eefde9e33d4 - clone
[INFO] [stdout]   47:                0x0 - <unknown>
[INFO] [stdout] 
[INFO] [stdout] ---- tools::file_edit::tests::file_edit_replaces_first_occurrence stdout ----
[INFO] [stdout] 
[INFO] [stdout] thread 'tools::file_edit::tests::file_edit_replaces_first_occurrence' (2955) panicked at src/tools/file_edit.rs:91:34:
[INFO] [stdout] create test-tmp dir: Os { code: 30, kind: ReadOnlyFilesystem, message: "Read-only file system" }
[INFO] [stdout] stack backtrace:
[INFO] [stdout]    0:     0x590951be52f1 - std[617be2ca0a6fd877]::backtrace_rs::backtrace::libunwind::trace
[INFO] [stdout]                                at /rustc/e3feeb59cd1bdd011a2bfcc0747b55125d9b8527/library/std/src/../../backtrace/src/backtrace/libunwind.rs:117:9
[INFO] [stdout]    1:     0x590951be52f1 - std[617be2ca0a6fd877]::backtrace_rs::backtrace::trace_unsynchronized::<std[617be2ca0a6fd877]::sys::backtrace::_print_fmt::{closure#1}>
[INFO] [stdout]                                at /rustc/e3feeb59cd1bdd011a2bfcc0747b55125d9b8527/library/std/src/../../backtrace/src/backtrace/mod.rs:66:14
[INFO] [stdout]    2:     0x590951be52f1 - std[617be2ca0a6fd877]::sys::backtrace::_print_fmt
[INFO] [stdout]                                at /rustc/e3feeb59cd1bdd011a2bfcc0747b55125d9b8527/library/std/src/sys/backtrace.rs:74:9
[INFO] [stdout]    3:     0x590951be52f1 - <<std[617be2ca0a6fd877]::sys::backtrace::BacktraceLock>::print::DisplayBacktrace as core[a373ad73a504971]::fmt::Display>::fmt
[INFO] [stdout]                                at /rustc/e3feeb59cd1bdd011a2bfcc0747b55125d9b8527/library/std/src/sys/backtrace.rs:44:26
[INFO] [stdout]    4:     0x590951bfec7a - <core[a373ad73a504971]::fmt::rt::Argument>::fmt
[INFO] [stdout]                                at /rustc/e3feeb59cd1bdd011a2bfcc0747b55125d9b8527/library/core/src/fmt/rt.rs:152:76
[INFO] [stdout]    5:     0x590951bfec7a - core[a373ad73a504971]::fmt::write
[INFO] [stdout]    6:     0x590951beb40c - core[a373ad73a504971]::io::write::default_write_fmt::<alloc[2e1b2a31b91974c5]::vec::Vec<u8>>
[INFO] [stdout]                                at /rustc/e3feeb59cd1bdd011a2bfcc0747b55125d9b8527/library/core/src/io/write.rs:402:11
[INFO] [stdout]    7:     0x590951beb40c - <alloc[2e1b2a31b91974c5]::vec::Vec<u8> as core[a373ad73a504971]::io::write::Write>::write_fmt
[INFO] [stdout]                                at /rustc/e3feeb59cd1bdd011a2bfcc0747b55125d9b8527/library/core/src/io/write.rs:335:13
[INFO] [stdout]    8:     0x590951bbe076 - <std[617be2ca0a6fd877]::sys::backtrace::BacktraceLock>::print
[INFO] [stdout]                                at /rustc/e3feeb59cd1bdd011a2bfcc0747b55125d9b8527/library/std/src/sys/backtrace.rs:47:9
[INFO] [stdout]    9:     0x590951bbe076 - std[617be2ca0a6fd877]::panicking::default_hook::{closure#0}
[INFO] [stdout]                                at /rustc/e3feeb59cd1bdd011a2bfcc0747b55125d9b8527/library/std/src/panicking.rs:289:27
[INFO] [stdout]   10:     0x590951bdc639 - std[617be2ca0a6fd877]::panicking::default_hook
[INFO] [stdout]                                at /rustc/e3feeb59cd1bdd011a2bfcc0747b55125d9b8527/library/std/src/panicking.rs:313:9
[INFO] [stdout]   11:     0x59095106fec0 - <alloc[2e1b2a31b91974c5]::boxed::Box<dyn for<'a, 'b> core[a373ad73a504971]::ops::function::Fn<(&'a std[617be2ca0a6fd877]::panic::PanicHookInfo<'b>,), Output = ()> + core[a373ad73a504971]::marker::Sync + core[a373ad73a504971]::marker::Send> as core[a373ad73a504971]::ops::function::Fn<(&std[617be2ca0a6fd877]::panic::PanicHookInfo,)>>::call
[INFO] [stdout]                                at /rustc/e3feeb59cd1bdd011a2bfcc0747b55125d9b8527/library/alloc/src/boxed.rs:2328:9
[INFO] [stdout]   12:     0x59095106fec0 - test[aada8e7e76ba119b]::test_main_inner::{closure#0}
[INFO] [stdout]                                at /rustc/e3feeb59cd1bdd011a2bfcc0747b55125d9b8527/library/test/src/lib.rs:137:21
[INFO] [stdout]   13:     0x590951bdc962 - <alloc[2e1b2a31b91974c5]::boxed::Box<dyn for<'a, 'b> core[a373ad73a504971]::ops::function::Fn<(&'a std[617be2ca0a6fd877]::panic::PanicHookInfo<'b>,), Output = ()> + core[a373ad73a504971]::marker::Sync + core[a373ad73a504971]::marker::Send> as core[a373ad73a504971]::ops::function::Fn<(&std[617be2ca0a6fd877]::panic::PanicHookInfo,)>>::call
[INFO] [stdout]                                at /rustc/e3feeb59cd1bdd011a2bfcc0747b55125d9b8527/library/alloc/src/boxed.rs:2328:9
[INFO] [stdout]   14:     0x590951bdc962 - std[617be2ca0a6fd877]::panicking::panic_with_hook
[INFO] [stdout]                                at /rustc/e3feeb59cd1bdd011a2bfcc0747b55125d9b8527/library/std/src/panicking.rs:819:13
[INFO] [stdout]   15:     0x590951bbe122 - std[617be2ca0a6fd877]::panicking::panic_handler::{closure#0}
[INFO] [stdout]                                at /rustc/e3feeb59cd1bdd011a2bfcc0747b55125d9b8527/library/std/src/panicking.rs:685:13
[INFO] [stdout]   16:     0x590951bb63f9 - std[617be2ca0a6fd877]::sys::backtrace::__rust_end_short_backtrace::<std[617be2ca0a6fd877]::panicking::panic_handler::{closure#0}, !>
[INFO] [stdout]                                at /rustc/e3feeb59cd1bdd011a2bfcc0747b55125d9b8527/library/std/src/sys/backtrace.rs:182:18
[INFO] [stdout]   17:     0x590951bbf0ad - __rustc[ea4f61d10b84890b]::rust_begin_unwind
[INFO] [stdout]                                at /rustc/e3feeb59cd1bdd011a2bfcc0747b55125d9b8527/library/std/src/panicking.rs:676:5
[INFO] [stdout]   18:     0x590951bff54c - core[a373ad73a504971]::panicking::panic_fmt
[INFO] [stdout]                                at /rustc/e3feeb59cd1bdd011a2bfcc0747b55125d9b8527/library/core/src/panicking.rs:80:14
[INFO] [stdout]   19:     0x590951bff272 - core[a373ad73a504971]::result::unwrap_failed
[INFO] [stdout]                                at /rustc/e3feeb59cd1bdd011a2bfcc0747b55125d9b8527/library/core/src/result.rs:1870:5
[INFO] [stdout]   20:     0x59095173827c - <core[a373ad73a504971]::result::Result<(), core[a373ad73a504971]::io::error::Error>>::expect
[INFO] [stdout]                                at /rustc/e3feeb59cd1bdd011a2bfcc0747b55125d9b8527/library/core/src/result.rs:1184:23
[INFO] [stdout]   21:     0x590950f1546d - rai[7ab46ca457ee4744]::tools::file_edit::tests::tmp_file_path
[INFO] [stdout]                                at /opt/rustwide/workdir/src/tools/file_edit.rs:91:34
[INFO] [stdout]   22:     0x590950f1560a - rai[7ab46ca457ee4744]::tools::file_edit::tests::file_edit_replaces_first_occurrence
[INFO] [stdout]                                at /opt/rustwide/workdir/src/tools/file_edit.rs:97:20
[INFO] [stdout]   23:     0x590950f099a7 - rai[7ab46ca457ee4744]::tools::file_edit::tests::file_edit_replaces_first_occurrence::{closure#0}
[INFO] [stdout]                                at /opt/rustwide/workdir/src/tools/file_edit.rs:96:45
[INFO] [stdout]   24:     0x590950f27076 - <rai[7ab46ca457ee4744]::tools::file_edit::tests::file_edit_replaces_first_occurrence::{closure#0} as core[a373ad73a504971]::ops::function::FnOnce<()>>::call_once
[INFO] [stdout]                                at /rustc/e3feeb59cd1bdd011a2bfcc0747b55125d9b8527/library/core/src/ops/function.rs:250:5
[INFO] [stdout]   25:     0x59095106330b - <fn() -> core[a373ad73a504971]::result::Result<(), alloc[2e1b2a31b91974c5]::string::String> as core[a373ad73a504971]::ops::function::FnOnce<()>>::call_once
[INFO] [stdout]                                at /rustc/e3feeb59cd1bdd011a2bfcc0747b55125d9b8527/library/core/src/ops/function.rs:250:5
[INFO] [stdout]   26:     0x59095106330b - test[aada8e7e76ba119b]::__rust_begin_short_backtrace::<core[a373ad73a504971]::result::Result<(), alloc[2e1b2a31b91974c5]::string::String>, fn() -> core[a373ad73a504971]::result::Result<(), alloc[2e1b2a31b91974c5]::string::String>>
[INFO] [stdout]                                at /rustc/e3feeb59cd1bdd011a2bfcc0747b55125d9b8527/library/test/src/lib.rs:701:18
[INFO] [stdout]   27:     0x5909510704e5 - test[aada8e7e76ba119b]::run_test_in_process::{closure#0}
[INFO] [stdout]                                at /rustc/e3feeb59cd1bdd011a2bfcc0747b55125d9b8527/library/test/src/lib.rs:724:74
[INFO] [stdout]   28:     0x5909510704e5 - <core[a373ad73a504971]::panic::unwind_safe::AssertUnwindSafe<test[aada8e7e76ba119b]::run_test_in_process::{closure#0}> as core[a373ad73a504971]::ops::function::FnOnce<()>>::call_once
[INFO] [stdout]                                at /rustc/e3feeb59cd1bdd011a2bfcc0747b55125d9b8527/library/core/src/panic/unwind_safe.rs:275:9
[INFO] [stdout]   29:     0x5909510704e5 - std[617be2ca0a6fd877]::panicking::catch_unwind::do_call::<core[a373ad73a504971]::panic::unwind_safe::AssertUnwindSafe<test[aada8e7e76ba119b]::run_test_in_process::{closure#0}>, core[a373ad73a504971]::result::Result<(), alloc[2e1b2a31b91974c5]::string::String>>
[INFO] [stdout]                                at /rustc/e3feeb59cd1bdd011a2bfcc0747b55125d9b8527/library/std/src/panicking.rs:573:43
[INFO] [stdout]   30:     0x5909510704e5 - std[617be2ca0a6fd877]::panicking::catch_unwind::<core[a373ad73a504971]::result::Result<(), alloc[2e1b2a31b91974c5]::string::String>, core[a373ad73a504971]::panic::unwind_safe::AssertUnwindSafe<test[aada8e7e76ba119b]::run_test_in_process::{closure#0}>>
[INFO] [stdout]                                at /rustc/e3feeb59cd1bdd011a2bfcc0747b55125d9b8527/library/std/src/panicking.rs:541:19
[INFO] [stdout]   31:     0x5909510704e5 - std[617be2ca0a6fd877]::panic::catch_unwind::<core[a373ad73a504971]::panic::unwind_safe::AssertUnwindSafe<test[aada8e7e76ba119b]::run_test_in_process::{closure#0}>, core[a373ad73a504971]::result::Result<(), alloc[2e1b2a31b91974c5]::string::String>>
[INFO] [stdout]                                at /rustc/e3feeb59cd1bdd011a2bfcc0747b55125d9b8527/library/std/src/panic.rs:359:14
[INFO] [stdout]   32:     0x5909510704e5 - test[aada8e7e76ba119b]::run_test_in_process
[INFO] [stdout]                                at /rustc/e3feeb59cd1bdd011a2bfcc0747b55125d9b8527/library/test/src/lib.rs:724:27
[INFO] [stdout]   33:     0x5909510704e5 - test[aada8e7e76ba119b]::run_test::{closure#0}
[INFO] [stdout]                                at /rustc/e3feeb59cd1bdd011a2bfcc0747b55125d9b8527/library/test/src/lib.rs:645:43
[INFO] [stdout]   34:     0x590951069dd4 - test[aada8e7e76ba119b]::run_test::{closure#1}
[INFO] [stdout]                                at /rustc/e3feeb59cd1bdd011a2bfcc0747b55125d9b8527/library/test/src/lib.rs:675:41
[INFO] [stdout]   35:     0x590951069dd4 - std[617be2ca0a6fd877]::sys::backtrace::__rust_begin_short_backtrace::<test[aada8e7e76ba119b]::run_test::{closure#1}, ()>
[INFO] [stdout]                                at /rustc/e3feeb59cd1bdd011a2bfcc0747b55125d9b8527/library/std/src/sys/backtrace.rs:166:18
[INFO] [stdout]   36:     0x590951073572 - std[617be2ca0a6fd877]::thread::lifecycle::spawn_unchecked::<test[aada8e7e76ba119b]::run_test::{closure#1}, ()>::{closure#1}::{closure#0}
[INFO] [stdout]                                at /rustc/e3feeb59cd1bdd011a2bfcc0747b55125d9b8527/library/std/src/thread/lifecycle.rs:70:13
[INFO] [stdout]   37:     0x590951073572 - <core[a373ad73a504971]::panic::unwind_safe::AssertUnwindSafe<std[617be2ca0a6fd877]::thread::lifecycle::spawn_unchecked<test[aada8e7e76ba119b]::run_test::{closure#1}, ()>::{closure#1}::{closure#0}> as core[a373ad73a504971]::ops::function::FnOnce<()>>::call_once
[INFO] [stdout]                                at /rustc/e3feeb59cd1bdd011a2bfcc0747b55125d9b8527/library/core/src/panic/unwind_safe.rs:275:9
[INFO] [stdout]   38:     0x590951073572 - std[617be2ca0a6fd877]::panicking::catch_unwind::do_call::<core[a373ad73a504971]::panic::unwind_safe::AssertUnwindSafe<std[617be2ca0a6fd877]::thread::lifecycle::spawn_unchecked<test[aada8e7e76ba119b]::run_test::{closure#1}, ()>::{closure#1}::{closure#0}>, ()>
[INFO] [stdout]                                at /rustc/e3feeb59cd1bdd011a2bfcc0747b55125d9b8527/library/std/src/panicking.rs:573:43
[INFO] [stdout]   39:     0x590951073572 - std[617be2ca0a6fd877]::panicking::catch_unwind::<(), core[a373ad73a504971]::panic::unwind_safe::AssertUnwindSafe<std[617be2ca0a6fd877]::thread::lifecycle::spawn_unchecked<test[aada8e7e76ba119b]::run_test::{closure#1}, ()>::{closure#1}::{closure#0}>>
[INFO] [stdout]                                at /rustc/e3feeb59cd1bdd011a2bfcc0747b55125d9b8527/library/std/src/panicking.rs:541:19
[INFO] [stdout]   40:     0x590951073572 - std[617be2ca0a6fd877]::panic::catch_unwind::<core[a373ad73a504971]::panic::unwind_safe::AssertUnwindSafe<std[617be2ca0a6fd877]::thread::lifecycle::spawn_unchecked<test[aada8e7e76ba119b]::run_test::{closure#1}, ()>::{closure#1}::{closure#0}>, ()>
[INFO] [stdout]                                at /rustc/e3feeb59cd1bdd011a2bfcc0747b55125d9b8527/library/std/src/panic.rs:359:14
[INFO] [stdout]   41:     0x590951073572 - std[617be2ca0a6fd877]::thread::lifecycle::spawn_unchecked::<test[aada8e7e76ba119b]::run_test::{closure#1}, ()>::{closure#1}
[INFO] [stdout]                                at /rustc/e3feeb59cd1bdd011a2bfcc0747b55125d9b8527/library/std/src/thread/lifecycle.rs:68:26
[INFO] [stdout]   42:     0x590951073572 - <std[617be2ca0a6fd877]::thread::lifecycle::spawn_unchecked<test[aada8e7e76ba119b]::run_test::{closure#1}, ()>::{closure#1} as core[a373ad73a504971]::ops::function::FnOnce<()>>::call_once::{shim:vtable#0}
[INFO] [stdout]                                at /rustc/e3feeb59cd1bdd011a2bfcc0747b55125d9b8527/library/core/src/ops/function.rs:250:5
[INFO] [stdout]   43:     0x590951be425f - <alloc[2e1b2a31b91974c5]::boxed::Box<dyn core[a373ad73a504971]::ops::function::FnOnce<(), Output = ()> + core[a373ad73a504971]::marker::Send> as core[a373ad73a504971]::ops::function::FnOnce<()>>::call_once
[INFO] [stdout]                                at /rustc/e3feeb59cd1bdd011a2bfcc0747b55125d9b8527/library/alloc/src/boxed.rs:2314:9
[INFO] [stdout]   44:     0x590951be425f - <std[617be2ca0a6fd877]::sys::thread::unix::Thread>::new::thread_start
[INFO] [stdout]                                at /rustc/e3feeb59cd1bdd011a2bfcc0747b55125d9b8527/library/std/src/sys/thread/unix.rs:127:17
[INFO] [stdout]   45:     0x7eefde94fdfa - <unknown>
[INFO] [stdout]   46:     0x7eefde9e33d4 - clone
[INFO] [stdout]   47:                0x0 - <unknown>
[INFO] [stdout] 
[INFO] [stdout] 
[INFO] [stdout] failures:
[INFO] [stdout]     tools::file_append::tests::file_append_creates_and_appends
[INFO] [stdout]     tools::file_edit::tests::file_edit_replaces_first_occurrence
[INFO] [stdout] 
[INFO] [stdout] test result: FAILED. 131 passed; 2 failed; 0 ignored; 0 measured; 0 filtered out; finished in 0.30s
[INFO] [stdout] 
[INFO] [stderr] error: test failed, to rerun pass `--bin rai`
[INFO] running `Command { std: "docker" "inspect" "1cfabbfd75f42a3de0a02381c0f995fe9212d655a2a3c78fe564448c094af577", kill_on_drop: false }`
[INFO] running `Command { std: "docker" "rm" "-f" "1cfabbfd75f42a3de0a02381c0f995fe9212d655a2a3c78fe564448c094af577", kill_on_drop: false }`
[INFO] [stdout] 1cfabbfd75f42a3de0a02381c0f995fe9212d655a2a3c78fe564448c094af577
