[INFO] fetching crate raft-log 0.4.6...
[INFO] testing raft-log-0.4.6 against 1.100.0-beta.1 for beta-1.100-2
[INFO] extracting crate raft-log 0.4.6 into /workspace/builds/worker-5-tc2/source
[INFO] removed /workspace/builds/worker-5-tc2/source/rust-toolchain
[INFO] started tweaking crates.io crate raft-log 0.4.6
[INFO] removed 0 missing examples
[INFO] removed 0 missing tests
[INFO] finished tweaking crates.io crate raft-log 0.4.6
[INFO] tweaked toml for crates.io crate raft-log 0.4.6 written to /workspace/builds/worker-5-tc2/source/Cargo.toml
[INFO] validating manifest of crates.io crate raft-log 0.4.6 on toolchain 1.100.0-beta.1
[INFO] running `Command { std: CARGO_HOME="/workspace/cargo-home" RUSTUP_HOME="/workspace/rustup-home" "/workspace/cargo-home/bin/cargo" "+1.100.0-beta.1" "metadata" "--manifest-path" "Cargo.toml" "--no-deps", kill_on_drop: false }`
[INFO] crate crates.io crate raft-log 0.4.6 already has a lockfile, it will not be regenerated
[INFO] running `Command { std: CARGO_HOME="/workspace/cargo-home" RUSTUP_HOME="/workspace/rustup-home" "/workspace/cargo-home/bin/cargo" "+1.100.0-beta.1" "fetch" "--manifest-path" "Cargo.toml", kill_on_drop: false }`
[INFO] [stderr] warning: `package.homepage` is redundant with `package.repository`
[INFO] [stderr]   --> Cargo.toml:69:12
[INFO] [stderr]    |
[INFO] [stderr] 69 | homepage = "https://github.com/drmingdrmer/raft-log"
[INFO] [stderr]    |            ^^^^^^^^^^^^^^^^^^^^^^^^^^^^^^^^^^^^^^^^^
[INFO] [stderr] ...
[INFO] [stderr] 74 | repository = "https://github.com/drmingdrmer/raft-log"
[INFO] [stderr]    |              -----------------------------------------
[INFO] [stderr]    |
[INFO] [stderr]    = note: `cargo::redundant_homepage` is set to `warn` by default
[INFO] [stderr] help: consider removing `package.homepage`
[INFO] [stderr] warning: `raft-log` (manifest) generated 1 warning
[INFO] running `Command { std: "docker" "create" "-v" "/var/lib/crater-agent-workspace/builds/worker-5-tc2/source:/opt/rustwide/workdir:ro,Z" "-v" "/var/lib/crater-agent-workspace/builds/worker-5-tc2/target:/opt/rustwide/target:rw,Z" "-v" "/var/lib/crater-agent-workspace/cargo-home:/opt/rustwide/cargo-home:ro,Z" "-v" "/var/lib/crater-agent-workspace/rustup-home:/opt/rustwide/rustup-home:ro,Z" "-m" "1610612736" "--network" "none" "ghcr.io/rust-lang/crates-build-env/linux@sha256:3111399a4047eeb3a02b7a90e478d715f38a8c6669b5c4b49d30a17385265909" "sleep" "infinity", kill_on_drop: false }`
[INFO] [stdout] 58a43865c289e58da8ccee16b5b5bf0b2e155bfa955d20548179a1dc8c34a07d
[INFO] running `Command { std: "docker" "start" "58a43865c289e58da8ccee16b5b5bf0b2e155bfa955d20548179a1dc8c34a07d", kill_on_drop: false }`
[INFO] running `Command { std: "docker" "inspect" "58a43865c289e58da8ccee16b5b5bf0b2e155bfa955d20548179a1dc8c34a07d", kill_on_drop: false }`
[INFO] running `Command { std: "docker" "exec" "-e" "SOURCE_DIR=/opt/rustwide/workdir" "-e" "CARGO_HOME=/opt/rustwide/cargo-home" "-e" "RUSTUP_HOME=/opt/rustwide/rustup-home" "-e" "CARGO_TARGET_DIR=/opt/rustwide/target" "-w" "/opt/rustwide/workdir" "--user" "0:0" "58a43865c289e58da8ccee16b5b5bf0b2e155bfa955d20548179a1dc8c34a07d" "/opt/rustwide/cargo-home/bin/cargo" "+1.100.0-beta.1" "metadata" "--no-deps" "--format-version=1", kill_on_drop: false }`
[INFO] running `Command { std: "docker" "inspect" "58a43865c289e58da8ccee16b5b5bf0b2e155bfa955d20548179a1dc8c34a07d", kill_on_drop: false }`
[INFO] running `Command { std: "docker" "exec" "-e" "SOURCE_DIR=/opt/rustwide/workdir" "-e" "CARGO_HOME=/opt/rustwide/cargo-home" "-e" "RUSTUP_HOME=/opt/rustwide/rustup-home" "-e" "CARGO_TARGET_DIR=/opt/rustwide/target" "-e" "CARGO_INCREMENTAL=0" "-e" "RUST_BACKTRACE=full" "-e" "RUSTFLAGS=--cap-lints=warn" "-e" "RUSTDOCFLAGS=--cap-lints=warn" "-w" "/opt/rustwide/workdir" "--user" "0:0" "58a43865c289e58da8ccee16b5b5bf0b2e155bfa955d20548179a1dc8c34a07d" "/opt/rustwide/cargo-home/bin/cargo" "+1.100.0-beta.1" "build" "--frozen" "--message-format=json", kill_on_drop: false }`
[INFO] [stderr] warning: `package.homepage` is redundant with `package.repository`
[INFO] [stderr]   --> Cargo.toml:69:12
[INFO] [stderr]    |
[INFO] [stderr] 69 | homepage = "https://github.com/drmingdrmer/raft-log"
[INFO] [stderr]    |            ^^^^^^^^^^^^^^^^^^^^^^^^^^^^^^^^^^^^^^^^^
[INFO] [stderr] ...
[INFO] [stderr] 74 | repository = "https://github.com/drmingdrmer/raft-log"
[INFO] [stderr]    |              -----------------------------------------
[INFO] [stderr]    |
[INFO] [stderr]    = note: `cargo::redundant_homepage` is set to `warn` by default
[INFO] [stderr] help: consider removing `package.homepage`
[INFO] [stderr] warning: `raft-log` (manifest) generated 1 warning
[INFO] [stderr]    Compiling proc-macro2 v1.0.107
[INFO] [stderr]    Compiling siphasher v1.0.3
[INFO] [stderr]    Compiling rand_core v0.6.4
[INFO] [stderr]    Compiling regex-syntax v0.8.11
[INFO] [stderr]    Compiling unicode-xid v0.2.6
[INFO] [stderr]    Compiling serde_core v1.0.229
[INFO] [stderr]    Compiling serde v1.0.229
[INFO] [stderr]    Compiling convert_case v0.6.0
[INFO] [stderr]    Compiling anyhow v1.0.104
[INFO] [stderr]    Compiling base2histogram v0.2.3
[INFO] [stderr]    Compiling fs2 v0.4.3
[INFO] [stderr]    Compiling rand v0.8.7
[INFO] [stderr]    Compiling phf_shared v0.11.3
[INFO] [stderr]    Compiling phf v0.11.3
[INFO] [stderr]    Compiling phf_generator v0.11.3
[INFO] [stderr]    Compiling phf_codegen v0.11.3
[INFO] [stderr]    Compiling quote v1.0.47
[INFO] [stderr]    Compiling syn v3.0.3
[INFO] [stderr]    Compiling syn v2.0.119
[INFO] [stderr]    Compiling regex-automata v0.4.18
[INFO] [stderr]    Compiling serde_derive v1.0.229
[INFO] [stderr]    Compiling regex v1.13.1
[INFO] [stderr]    Compiling derive_more-impl v1.0.0
[INFO] [stderr]    Compiling thiserror-impl v1.0.69
[INFO] [stderr]    Compiling parse-zoneinfo v0.3.1
[INFO] [stderr]    Compiling thiserror v1.0.69
[INFO] [stderr]    Compiling chrono-tz-build v0.2.1
[INFO] [stderr]    Compiling chrono-tz v0.8.6
[INFO] [stderr]    Compiling chrono v0.4.45
[INFO] [stderr]    Compiling derive_more v1.0.0
[INFO] [stderr]    Compiling codeq v0.6.2
[INFO] [stderr]    Compiling chunked-wal v0.2.3
[INFO] [stderr]    Compiling display-more v0.2.6
[INFO] [stderr]    Compiling raft-log v0.4.6 (/opt/rustwide/workdir)
[INFO] [stderr]     Finished `dev` profile [unoptimized + debuginfo] target(s) in 22.76s
[INFO] running `Command { std: "docker" "inspect" "58a43865c289e58da8ccee16b5b5bf0b2e155bfa955d20548179a1dc8c34a07d", kill_on_drop: false }`
[INFO] running `Command { std: "docker" "exec" "-e" "SOURCE_DIR=/opt/rustwide/workdir" "-e" "CARGO_HOME=/opt/rustwide/cargo-home" "-e" "RUSTUP_HOME=/opt/rustwide/rustup-home" "-e" "CARGO_TARGET_DIR=/opt/rustwide/target" "-e" "CARGO_INCREMENTAL=0" "-e" "RUST_BACKTRACE=full" "-e" "RUSTFLAGS=--cap-lints=warn" "-e" "RUSTDOCFLAGS=--cap-lints=warn" "-w" "/opt/rustwide/workdir" "--user" "0:0" "58a43865c289e58da8ccee16b5b5bf0b2e155bfa955d20548179a1dc8c34a07d" "/opt/rustwide/cargo-home/bin/cargo" "+1.100.0-beta.1" "test" "--frozen" "--no-run" "--message-format=json", kill_on_drop: false }`
[INFO] [stderr] warning: `package.homepage` is redundant with `package.repository`
[INFO] [stderr]   --> Cargo.toml:69:12
[INFO] [stderr]    |
[INFO] [stderr] 69 | homepage = "https://github.com/drmingdrmer/raft-log"
[INFO] [stderr]    |            ^^^^^^^^^^^^^^^^^^^^^^^^^^^^^^^^^^^^^^^^^
[INFO] [stderr] ...
[INFO] [stderr] 74 | repository = "https://github.com/drmingdrmer/raft-log"
[INFO] [stderr]    |              -----------------------------------------
[INFO] [stderr]    |
[INFO] [stderr]    = note: `cargo::redundant_homepage` is set to `warn` by default
[INFO] [stderr] help: consider removing `package.homepage`
[INFO] [stderr] warning: `raft-log` (manifest) generated 1 warning
[INFO] [stderr]    Compiling unicode-segmentation v1.13.3
[INFO] [stderr]    Compiling num-traits v0.2.19
[INFO] [stderr]    Compiling getrandom v0.4.3
[INFO] [stderr]    Compiling bitflags v2.13.1
[INFO] [stderr]    Compiling console v0.15.11
[INFO] [stderr]    Compiling fastrand v2.5.0
[INFO] [stderr]    Compiling yansi v1.0.1
[INFO] [stderr]    Compiling diff v0.1.13
[INFO] [stderr]    Compiling rustix v1.1.4
[INFO] [stderr]    Compiling pretty_assertions v1.4.1
[INFO] [stderr]    Compiling convert_case v0.6.0
[INFO] [stderr]    Compiling similar v2.7.0
[INFO] [stderr]    Compiling derive_more-impl v1.0.0
[INFO] [stderr]    Compiling similar-asserts v1.7.0
[INFO] [stderr]    Compiling chrono v0.4.45
[INFO] [stderr]    Compiling rmp v0.8.15
[INFO] [stderr]    Compiling rmp-serde v1.3.1
[INFO] [stderr]    Compiling tempfile v3.27.0
[INFO] [stderr]    Compiling goldenfile v1.11.0
[INFO] [stderr]    Compiling chrono-tz v0.8.6
[INFO] [stderr]    Compiling derive_more v1.0.0
[INFO] [stderr]    Compiling codeq v0.6.2
[INFO] [stderr]    Compiling chunked-wal v0.2.3
[INFO] [stderr]    Compiling display-more v0.2.6
[INFO] [stderr]    Compiling raft-log v0.4.6 (/opt/rustwide/workdir)
[INFO] [stderr]     Finished `test` profile [unoptimized + debuginfo] target(s) in 19.52s
[INFO] running `Command { std: "docker" "inspect" "58a43865c289e58da8ccee16b5b5bf0b2e155bfa955d20548179a1dc8c34a07d", kill_on_drop: false }`
[INFO] running `Command { std: "docker" "exec" "-e" "SOURCE_DIR=/opt/rustwide/workdir" "-e" "CARGO_HOME=/opt/rustwide/cargo-home" "-e" "RUSTUP_HOME=/opt/rustwide/rustup-home" "-e" "CARGO_TARGET_DIR=/opt/rustwide/target" "-e" "CARGO_INCREMENTAL=0" "-e" "RUST_BACKTRACE=full" "-e" "RUSTFLAGS=--cap-lints=warn" "-e" "RUSTDOCFLAGS=--cap-lints=warn" "-w" "/opt/rustwide/workdir" "--user" "0:0" "58a43865c289e58da8ccee16b5b5bf0b2e155bfa955d20548179a1dc8c34a07d" "/opt/rustwide/cargo-home/bin/cargo" "+1.100.0-beta.1" "test" "--frozen", kill_on_drop: false }`
[INFO] [stderr] warning: `package.homepage` is redundant with `package.repository`
[INFO] [stderr]   --> Cargo.toml:69:12
[INFO] [stderr]    |
[INFO] [stderr] 69 | homepage = "https://github.com/drmingdrmer/raft-log"
[INFO] [stderr]    |            ^^^^^^^^^^^^^^^^^^^^^^^^^^^^^^^^^^^^^^^^^
[INFO] [stderr] ...
[INFO] [stderr] 74 | repository = "https://github.com/drmingdrmer/raft-log"
[INFO] [stderr]    |              -----------------------------------------
[INFO] [stderr]    |
[INFO] [stderr]    = note: `cargo::redundant_homepage` is set to `warn` by default
[INFO] [stderr] help: consider removing `package.homepage`
[INFO] [stderr] warning: `raft-log` (manifest) generated 1 warning
[INFO] [stderr]     Finished `test` profile [unoptimized + debuginfo] target(s) in 0.10s
[INFO] [stderr]      Running unittests src/lib.rs (/opt/rustwide/target/debug/build/raft-log/ee245008cec2ecfa/out/raft_log-ee245008cec2ecfa)
[INFO] [stdout] 
[INFO] [stdout] running 65 tests
[INFO] [stdout] test raft_log::dump_api::tests::test_write_to_string ... ok
[INFO] [stdout] test raft_log::raft_log_record::tests::test_record_codec_commit ... ok
[INFO] [stdout] test raft_log::raft_log_record::tests::test_record_codec_append ... ok
[INFO] [stdout] test raft_log::raft_log_record::tests::test_record_codec_purge_upto ... ok
[INFO] [stdout] test raft_log::raft_log_record::tests::test_record_codec_truncate_after ... ok
[INFO] [stdout] test dump_writer::tests::test_write_record_debug_vs_display ... ok
[INFO] [stdout] test raft_log::raft_log_record::tests::test_record_codec_state ... ok
[INFO] [stdout] test raft_log::dump_api::tests::test_write_display_uses_display_format ... ok
[INFO] [stdout] test raft_log::raft_log_record::tests::test_decode_action_does_not_consume_next_record ... ok
[INFO] [stdout] test raft_log::dump_api::tests::test_write_uses_debug_format ... ok
[INFO] [stdout] test config::tests::test_explicit_config_embeds_wal_config ... ok
[INFO] [stdout] test raft_log::dump_api::tests::test_write_with_custom_writer ... ok
[INFO] [stdout] test raft_log::raft_log_record::tests::test_record_codec_vote ... ok
[INFO] [stdout] test num::tests::test_format_pad12_u64 ... ok
[INFO] [stdout] test raft_log::state_machine::raft_log_state::tests::test_raft_log_state_display ... ok
[INFO] [stdout] test raft_log::state_machine::payload_cache::tests::test_purge_upto ... ok
[INFO] [stdout] test raft_log::state_machine::payload_cache::tests::test_cache ... ok
[INFO] [stdout] test raft_log::state_machine::tests::test_checkpoint_returns_current_log_state ... ok
[INFO] [stdout] test raft_log::state_machine::raft_log_state::tests::test_raft_log_state_codec ... ok
[INFO] [stdout] test raft_log::raft_log_record::tests::test_wal_record_display ... ok
[INFO] [stdout] test raft_log::state_machine::payload_cache::tests::test_truncate_after ... ok
[INFO] [stdout] test raft_log::state_machine::payload_cache::tests::test_last_evictable ... ok
[INFO] [stdout] test tests::test_raft_log::test_flush_batch_max_items_limits_grouping ... ok
[INFO] [stdout] test tests::test_raft_log::test_append_and_read ... ok
[INFO] [stdout] test tests::test_raft_log::test_commit ... ok
[INFO] [stdout] test tests::test_raft_log::test_commit_beyond_last ... ok
[INFO] [stdout] test tests::test_raft_log::test_flush_without_sync_data_visible_after_reopen ... ok
[INFO] [stdout] test tests::test_raft_log::test_flush_without_sync ... ok
[INFO] [stdout] test tests::test_raft_log::test_open_holds_wal_lock ... ok
[INFO] [stdout] test tests::test_raft_log::test_flush_worker_tracks_new_chunk_file_after_rotation ... ok
[INFO] [stdout] test tests::test_raft_log::test_read_nonexistent_logs ... ok
[INFO] [stdout] test tests::test_raft_log::test_read_does_not_affect_append ... ok
[INFO] [stdout] test tests::test_raft_log::test_dump_new_requires_wal_lock_but_ref_dump_does_not ... ok
[INFO] [stdout] test tests::test_raft_log::test_purge ... ok
[INFO] [stdout] test tests::test_raft_log::test_open_new_chunk_size ... ok
[INFO] [stdout] test tests::test_raft_log::test_save_user_data ... ok
[INFO] [stdout] test tests::test_raft_log::test_on_disk_size ... ok
[INFO] [stdout] test tests::test_raft_log::test_save_vote ... ok
[INFO] [stdout] test raft_log::dump_raft_log::tests::test_dump_data ... ok
[INFO] [stdout] test tests::test_raft_log::test_rejected_write_leaves_log_unchanged ... ok
[INFO] [stdout] test tests::test_raft_log::test_purge_reopen ... ok
[INFO] [stdout] test tests::test_raft_log::test_purge_removes_chunks ... ok
[INFO] [stdout] test tests::test_raft_log::test_truncate_non_existent ... ok
[INFO] [stdout] test tests::test_raft_log::test_truncate_zero_below_purged ... ok
[INFO] [stdout] test tests::test_raft_log::test_sync ... ok
[INFO] [stdout] test tests::test_raft_log::test_truncate ... ok
[INFO] [stdout] test tests::test_raft_log::test_truncate_just_after_purged ... ok
[INFO] [stdout] test tests::test_raft_log::test_stat ... ok
[INFO] [stdout] test tests::test_raft_log::test_truncate_keeps_committed ... ok
[INFO] [stdout] test tests::test_raft_log::test_update_state_on_empty_log_accepts_any_state ... ok
[INFO] [stdout] test tests::test_raft_log::test_chunks_closed_below_purge_point_are_removed ... ok
[INFO] [stdout] test tests::test_raft_log::test_purge_free_cache ... FAILED
[INFO] [stdout] test tests::test_raft_log::test_read_with_cache ... ok
[INFO] [stdout] test tests::test_raft_log::test_read_without_cache ... ok
[INFO] [stdout] test tests::test_raft_log::test_reopen_removes_chunks_left_by_an_interrupted_purge ... ok
[INFO] [stdout] test tests::test_reopen::test_reopen_restores_payload_cache_evictable_boundary ... ok
[INFO] [stdout] test tests::test_raft_log::test_update_state ... ok
[INFO] [stdout] test tests::test_reopen::test_reopen_damaged_last_record ... ok
[INFO] [stdout] test tests::test_concurrent_read::test_concurrent_read_race_condition ... ok
[INFO] [stdout] test tests::test_reopen::test_reopen_unfinished_tailing_not_all_zero_chunk ... ok
[INFO] [stdout] test tests::test_reopen::test_reopen_unfinished_non_last_chunk ... ok
[INFO] [stdout] test tests::test_reopen::test_reopen_unfinished_chunk ... ok
[INFO] [stdout] test tests::test_reopen::test_reopen ... ok
[INFO] [stdout] test tests::test_reopen::test_reopen_unfinished_tailing_zero_chunk ... ok
[INFO] [stdout] test tests::test_raft_log::test_flush_batch_wait_groups_adjacent_sync_flushes ... ok
[INFO] [stdout] 
[INFO] [stdout] failures:
[INFO] [stdout] 
[INFO] [stdout] ---- tests::test_raft_log::test_purge_free_cache stdout ----
[INFO] [stdout] 
[INFO] [stdout] thread 'tests::test_raft_log::test_purge_free_cache' (1319) panicked at src/tests/test_raft_log.rs:734:9:
[INFO] [stdout] assertion failed: `(left == right)`
[INFO] [stdout] 
[INFO] [stdout] [1mDiff[0m [31m< left[0m / [32mright >[0m :
[INFO] [stdout] [31m<[0m[1;48;5;52;31m6[0m
[INFO] [stdout] [32m>[0m[1;48;5;22;32m8[0m
[INFO] [stdout] 
[INFO] [stdout] 
[INFO] [stdout] stack backtrace:
[INFO] [stdout]    0:     0x654c7d3b8411 - std[617be2ca0a6fd877]::backtrace_rs::backtrace::libunwind::trace
[INFO] [stdout]                                at /rustc/e3feeb59cd1bdd011a2bfcc0747b55125d9b8527/library/std/src/../../backtrace/src/backtrace/libunwind.rs:117:9
[INFO] [stdout]    1:     0x654c7d3b8411 - std[617be2ca0a6fd877]::backtrace_rs::backtrace::trace_unsynchronized::<std[617be2ca0a6fd877]::sys::backtrace::_print_fmt::{closure#1}>
[INFO] [stdout]                                at /rustc/e3feeb59cd1bdd011a2bfcc0747b55125d9b8527/library/std/src/../../backtrace/src/backtrace/mod.rs:66:14
[INFO] [stdout]    2:     0x654c7d3b8411 - std[617be2ca0a6fd877]::sys::backtrace::_print_fmt
[INFO] [stdout]                                at /rustc/e3feeb59cd1bdd011a2bfcc0747b55125d9b8527/library/std/src/sys/backtrace.rs:74:9
[INFO] [stdout]    3:     0x654c7d3b8411 - <<std[617be2ca0a6fd877]::sys::backtrace::BacktraceLock>::print::DisplayBacktrace as core[a373ad73a504971]::fmt::Display>::fmt
[INFO] [stdout]                                at /rustc/e3feeb59cd1bdd011a2bfcc0747b55125d9b8527/library/std/src/sys/backtrace.rs:44:26
[INFO] [stdout]    4:     0x654c7d3cdfda - <core[a373ad73a504971]::fmt::rt::Argument>::fmt
[INFO] [stdout]                                at /rustc/e3feeb59cd1bdd011a2bfcc0747b55125d9b8527/library/core/src/fmt/rt.rs:152:76
[INFO] [stdout]    5:     0x654c7d3cdfda - core[a373ad73a504971]::fmt::write
[INFO] [stdout]    6:     0x654c7d3bcb4c - core[a373ad73a504971]::io::write::default_write_fmt::<alloc[2e1b2a31b91974c5]::vec::Vec<u8>>
[INFO] [stdout]                                at /rustc/e3feeb59cd1bdd011a2bfcc0747b55125d9b8527/library/core/src/io/write.rs:402:11
[INFO] [stdout]    7:     0x654c7d3bcb4c - <alloc[2e1b2a31b91974c5]::vec::Vec<u8> as core[a373ad73a504971]::io::write::Write>::write_fmt
[INFO] [stdout]                                at /rustc/e3feeb59cd1bdd011a2bfcc0747b55125d9b8527/library/core/src/io/write.rs:335:13
[INFO] [stdout]    8:     0x654c7d392526 - <std[617be2ca0a6fd877]::sys::backtrace::BacktraceLock>::print
[INFO] [stdout]                                at /rustc/e3feeb59cd1bdd011a2bfcc0747b55125d9b8527/library/std/src/sys/backtrace.rs:47:9
[INFO] [stdout]    9:     0x654c7d392526 - std[617be2ca0a6fd877]::panicking::default_hook::{closure#0}
[INFO] [stdout]                                at /rustc/e3feeb59cd1bdd011a2bfcc0747b55125d9b8527/library/std/src/panicking.rs:289:27
[INFO] [stdout]   10:     0x654c7d3afa09 - std[617be2ca0a6fd877]::panicking::default_hook
[INFO] [stdout]                                at /rustc/e3feeb59cd1bdd011a2bfcc0747b55125d9b8527/library/std/src/panicking.rs:313:9
[INFO] [stdout]   11:     0x654c7d306260 - <alloc[2e1b2a31b91974c5]::boxed::Box<dyn for<'a, 'b> core[a373ad73a504971]::ops::function::Fn<(&'a std[617be2ca0a6fd877]::panic::PanicHookInfo<'b>,), Output = ()> + core[a373ad73a504971]::marker::Sync + core[a373ad73a504971]::marker::Send> as core[a373ad73a504971]::ops::function::Fn<(&std[617be2ca0a6fd877]::panic::PanicHookInfo,)>>::call
[INFO] [stdout]                                at /rustc/e3feeb59cd1bdd011a2bfcc0747b55125d9b8527/library/alloc/src/boxed.rs:2328:9
[INFO] [stdout]   12:     0x654c7d306260 - test[aada8e7e76ba119b]::test_main_inner::{closure#0}
[INFO] [stdout]                                at /rustc/e3feeb59cd1bdd011a2bfcc0747b55125d9b8527/library/test/src/lib.rs:137:21
[INFO] [stdout]   13:     0x654c7d3afbc2 - <alloc[2e1b2a31b91974c5]::boxed::Box<dyn for<'a, 'b> core[a373ad73a504971]::ops::function::Fn<(&'a std[617be2ca0a6fd877]::panic::PanicHookInfo<'b>,), Output = ()> + core[a373ad73a504971]::marker::Sync + core[a373ad73a504971]::marker::Send> as core[a373ad73a504971]::ops::function::Fn<(&std[617be2ca0a6fd877]::panic::PanicHookInfo,)>>::call
[INFO] [stdout]                                at /rustc/e3feeb59cd1bdd011a2bfcc0747b55125d9b8527/library/alloc/src/boxed.rs:2328:9
[INFO] [stdout]   14:     0x654c7d3afbc2 - std[617be2ca0a6fd877]::panicking::panic_with_hook
[INFO] [stdout]                                at /rustc/e3feeb59cd1bdd011a2bfcc0747b55125d9b8527/library/std/src/panicking.rs:819:13
[INFO] [stdout]   15:     0x654c7d3925d2 - std[617be2ca0a6fd877]::panicking::panic_handler::{closure#0}
[INFO] [stdout]                                at /rustc/e3feeb59cd1bdd011a2bfcc0747b55125d9b8527/library/std/src/panicking.rs:685:13
[INFO] [stdout]   16:     0x654c7d38b129 - std[617be2ca0a6fd877]::sys::backtrace::__rust_end_short_backtrace::<std[617be2ca0a6fd877]::panicking::panic_handler::{closure#0}, !>
[INFO] [stdout]                                at /rustc/e3feeb59cd1bdd011a2bfcc0747b55125d9b8527/library/std/src/sys/backtrace.rs:182:18
[INFO] [stdout]   17:     0x654c7d3931dd - __rustc[ea4f61d10b84890b]::rust_begin_unwind
[INFO] [stdout]                                at /rustc/e3feeb59cd1bdd011a2bfcc0747b55125d9b8527/library/std/src/panicking.rs:676:5
[INFO] [stdout]   18:     0x654c7d3ce7cc - core[a373ad73a504971]::panicking::panic_fmt
[INFO] [stdout]                                at /rustc/e3feeb59cd1bdd011a2bfcc0747b55125d9b8527/library/core/src/panicking.rs:80:14
[INFO] [stdout]   19:     0x654c7d23a6d7 - raft_log[e6734a1e42c102b7]::tests::test_raft_log::test_purge_free_cache
[INFO] [stdout]                                at /opt/rustwide/workdir/src/tests/test_raft_log.rs:734:9
[INFO] [stdout]   20:     0x654c7d230627 - raft_log[e6734a1e42c102b7]::tests::test_raft_log::test_purge_free_cache::{closure#0}
[INFO] [stdout]                                at /opt/rustwide/workdir/src/tests/test_raft_log.rs:720:31
[INFO] [stdout]   21:     0x654c7d2f8d76 - <raft_log[e6734a1e42c102b7]::tests::test_raft_log::test_purge_free_cache::{closure#0} as core[a373ad73a504971]::ops::function::FnOnce<()>>::call_once
[INFO] [stdout]                                at /rustc/e3feeb59cd1bdd011a2bfcc0747b55125d9b8527/library/core/src/ops/function.rs:250:5
[INFO] [stdout]   22:     0x654c7d2f96ab - <fn() -> core[a373ad73a504971]::result::Result<(), alloc[2e1b2a31b91974c5]::string::String> as core[a373ad73a504971]::ops::function::FnOnce<()>>::call_once
[INFO] [stdout]                                at /rustc/e3feeb59cd1bdd011a2bfcc0747b55125d9b8527/library/core/src/ops/function.rs:250:5
[INFO] [stdout]   23:     0x654c7d2f96ab - test[aada8e7e76ba119b]::__rust_begin_short_backtrace::<core[a373ad73a504971]::result::Result<(), alloc[2e1b2a31b91974c5]::string::String>, fn() -> core[a373ad73a504971]::result::Result<(), alloc[2e1b2a31b91974c5]::string::String>>
[INFO] [stdout]                                at /rustc/e3feeb59cd1bdd011a2bfcc0747b55125d9b8527/library/test/src/lib.rs:701:18
[INFO] [stdout]   24:     0x654c7d306885 - test[aada8e7e76ba119b]::run_test_in_process::{closure#0}
[INFO] [stdout]                                at /rustc/e3feeb59cd1bdd011a2bfcc0747b55125d9b8527/library/test/src/lib.rs:724:74
[INFO] [stdout]   25:     0x654c7d306885 - <core[a373ad73a504971]::panic::unwind_safe::AssertUnwindSafe<test[aada8e7e76ba119b]::run_test_in_process::{closure#0}> as core[a373ad73a504971]::ops::function::FnOnce<()>>::call_once
[INFO] [stdout]                                at /rustc/e3feeb59cd1bdd011a2bfcc0747b55125d9b8527/library/core/src/panic/unwind_safe.rs:275:9
[INFO] [stdout]   26:     0x654c7d306885 - std[617be2ca0a6fd877]::panicking::catch_unwind::do_call::<core[a373ad73a504971]::panic::unwind_safe::AssertUnwindSafe<test[aada8e7e76ba119b]::run_test_in_process::{closure#0}>, core[a373ad73a504971]::result::Result<(), alloc[2e1b2a31b91974c5]::string::String>>
[INFO] [stdout]                                at /rustc/e3feeb59cd1bdd011a2bfcc0747b55125d9b8527/library/std/src/panicking.rs:573:43
[INFO] [stdout]   27:     0x654c7d306885 - std[617be2ca0a6fd877]::panicking::catch_unwind::<core[a373ad73a504971]::result::Result<(), alloc[2e1b2a31b91974c5]::string::String>, core[a373ad73a504971]::panic::unwind_safe::AssertUnwindSafe<test[aada8e7e76ba119b]::run_test_in_process::{closure#0}>>
[INFO] [stdout]                                at /rustc/e3feeb59cd1bdd011a2bfcc0747b55125d9b8527/library/std/src/panicking.rs:541:19
[INFO] [stdout]   28:     0x654c7d306885 - std[617be2ca0a6fd877]::panic::catch_unwind::<core[a373ad73a504971]::panic::unwind_safe::AssertUnwindSafe<test[aada8e7e76ba119b]::run_test_in_process::{closure#0}>, core[a373ad73a504971]::result::Result<(), alloc[2e1b2a31b91974c5]::string::String>>
[INFO] [stdout]                                at /rustc/e3feeb59cd1bdd011a2bfcc0747b55125d9b8527/library/std/src/panic.rs:359:14
[INFO] [stdout]   29:     0x654c7d306885 - test[aada8e7e76ba119b]::run_test_in_process
[INFO] [stdout]                                at /rustc/e3feeb59cd1bdd011a2bfcc0747b55125d9b8527/library/test/src/lib.rs:724:27
[INFO] [stdout]   30:     0x654c7d306885 - test[aada8e7e76ba119b]::run_test::{closure#0}
[INFO] [stdout]                                at /rustc/e3feeb59cd1bdd011a2bfcc0747b55125d9b8527/library/test/src/lib.rs:645:43
[INFO] [stdout]   31:     0x654c7d300174 - test[aada8e7e76ba119b]::run_test::{closure#1}
[INFO] [stdout]                                at /rustc/e3feeb59cd1bdd011a2bfcc0747b55125d9b8527/library/test/src/lib.rs:675:41
[INFO] [stdout]   32:     0x654c7d300174 - std[617be2ca0a6fd877]::sys::backtrace::__rust_begin_short_backtrace::<test[aada8e7e76ba119b]::run_test::{closure#1}, ()>
[INFO] [stdout]                                at /rustc/e3feeb59cd1bdd011a2bfcc0747b55125d9b8527/library/std/src/sys/backtrace.rs:166:18
[INFO] [stdout]   33:     0x654c7d309912 - std[617be2ca0a6fd877]::thread::lifecycle::spawn_unchecked::<test[aada8e7e76ba119b]::run_test::{closure#1}, ()>::{closure#1}::{closure#0}
[INFO] [stdout]                                at /rustc/e3feeb59cd1bdd011a2bfcc0747b55125d9b8527/library/std/src/thread/lifecycle.rs:70:13
[INFO] [stdout]   34:     0x654c7d309912 - <core[a373ad73a504971]::panic::unwind_safe::AssertUnwindSafe<std[617be2ca0a6fd877]::thread::lifecycle::spawn_unchecked<test[aada8e7e76ba119b]::run_test::{closure#1}, ()>::{closure#1}::{closure#0}> as core[a373ad73a504971]::ops::function::FnOnce<()>>::call_once
[INFO] [stdout]                                at /rustc/e3feeb59cd1bdd011a2bfcc0747b55125d9b8527/library/core/src/panic/unwind_safe.rs:275:9
[INFO] [stdout]   35:     0x654c7d309912 - std[617be2ca0a6fd877]::panicking::catch_unwind::do_call::<core[a373ad73a504971]::panic::unwind_safe::AssertUnwindSafe<std[617be2ca0a6fd877]::thread::lifecycle::spawn_unchecked<test[aada8e7e76ba119b]::run_test::{closure#1}, ()>::{closure#1}::{closure#0}>, ()>
[INFO] [stdout]                                at /rustc/e3feeb59cd1bdd011a2bfcc0747b55125d9b8527/library/std/src/panicking.rs:573:43
[INFO] [stdout]   36:     0x654c7d309912 - std[617be2ca0a6fd877]::panicking::catch_unwind::<(), core[a373ad73a504971]::panic::unwind_safe::AssertUnwindSafe<std[617be2ca0a6fd877]::thread::lifecycle::spawn_unchecked<test[aada8e7e76ba119b]::run_test::{closure#1}, ()>::{closure#1}::{closure#0}>>
[INFO] [stdout]                                at /rustc/e3feeb59cd1bdd011a2bfcc0747b55125d9b8527/library/std/src/panicking.rs:541:19
[INFO] [stdout]   37:     0x654c7d309912 - std[617be2ca0a6fd877]::panic::catch_unwind::<core[a373ad73a504971]::panic::unwind_safe::AssertUnwindSafe<std[617be2ca0a6fd877]::thread::lifecycle::spawn_unchecked<test[aada8e7e76ba119b]::run_test::{closure#1}, ()>::{closure#1}::{closure#0}>, ()>
[INFO] [stdout]                                at /rustc/e3feeb59cd1bdd011a2bfcc0747b55125d9b8527/library/std/src/panic.rs:359:14
[INFO] [stdout]   38:     0x654c7d309912 - std[617be2ca0a6fd877]::thread::lifecycle::spawn_unchecked::<test[aada8e7e76ba119b]::run_test::{closure#1}, ()>::{closure#1}
[INFO] [stdout]                                at /rustc/e3feeb59cd1bdd011a2bfcc0747b55125d9b8527/library/std/src/thread/lifecycle.rs:68:26
[INFO] [stdout]   39:     0x654c7d309912 - <std[617be2ca0a6fd877]::thread::lifecycle::spawn_unchecked<test[aada8e7e76ba119b]::run_test::{closure#1}, ()>::{closure#1} as core[a373ad73a504971]::ops::function::FnOnce<()>>::call_once::{shim:vtable#0}
[INFO] [stdout]                                at /rustc/e3feeb59cd1bdd011a2bfcc0747b55125d9b8527/library/core/src/ops/function.rs:250:5
[INFO] [stdout]   40:     0x654c7d3b7bff - <alloc[2e1b2a31b91974c5]::boxed::Box<dyn core[a373ad73a504971]::ops::function::FnOnce<(), Output = ()> + core[a373ad73a504971]::marker::Send> as core[a373ad73a504971]::ops::function::FnOnce<()>>::call_once
[INFO] [stdout]                                at /rustc/e3feeb59cd1bdd011a2bfcc0747b55125d9b8527/library/alloc/src/boxed.rs:2314:9
[INFO] [stdout]   41:     0x654c7d3b7bff - <std[617be2ca0a6fd877]::sys::thread::unix::Thread>::new::thread_start
[INFO] [stdout]                                at /rustc/e3feeb59cd1bdd011a2bfcc0747b55125d9b8527/library/std/src/sys/thread/unix.rs:127:17
[INFO] [stdout]   42:     0x70ff84606dfa - <unknown>
[INFO] [stdout]   43:     0x70ff8469a3d4 - clone
[INFO] [stdout]   44:                0x0 - <unknown>
[INFO] [stdout] 
[INFO] [stdout] 
[INFO] [stdout] failures:
[INFO] [stdout]     tests::test_raft_log::test_purge_free_cache
[INFO] [stdout] 
[INFO] [stdout] test result: FAILED. 64 passed; 1 failed; 0 ignored; 0 measured; 0 filtered out; finished in 0.69s
[INFO] [stdout] 
[INFO] [stderr] error: test failed, to rerun pass `--lib`
[INFO] running `Command { std: "docker" "inspect" "58a43865c289e58da8ccee16b5b5bf0b2e155bfa955d20548179a1dc8c34a07d", kill_on_drop: false }`
[INFO] running `Command { std: "docker" "rm" "-f" "58a43865c289e58da8ccee16b5b5bf0b2e155bfa955d20548179a1dc8c34a07d", kill_on_drop: false }`
[INFO] [stdout] 58a43865c289e58da8ccee16b5b5bf0b2e155bfa955d20548179a1dc8c34a07d
