[INFO] fetching crate raekna-compute 0.2.1...
[INFO] testing raekna-compute-0.2.1 against 1.99.0-beta.8 for beta-1.100-2
[INFO] extracting crate raekna-compute 0.2.1 into /workspace/builds/worker-3-tc1/source
[INFO] started tweaking crates.io crate raekna-compute 0.2.1
[INFO] finished tweaking crates.io crate raekna-compute 0.2.1
[INFO] tweaked toml for crates.io crate raekna-compute 0.2.1 written to /workspace/builds/worker-3-tc1/source/Cargo.toml
[INFO] validating manifest of crates.io crate raekna-compute 0.2.1 on toolchain 1.99.0-beta.8
[INFO] running `Command { std: CARGO_HOME="/workspace/cargo-home" RUSTUP_HOME="/workspace/rustup-home" "/workspace/cargo-home/bin/cargo" "+1.99.0-beta.8" "metadata" "--manifest-path" "Cargo.toml" "--no-deps", kill_on_drop: false }`
[INFO] running `Command { std: CARGO_HOME="/workspace/cargo-home" RUSTUP_HOME="/workspace/rustup-home" "/workspace/cargo-home/bin/cargo" "+1.99.0-beta.8" "generate-lockfile" "--manifest-path" "Cargo.toml", kill_on_drop: false }`
[INFO] [stderr]     Updating crates.io index
[INFO] [stderr]      Locking 40 packages to highest compatible versions
[INFO] running `Command { std: CARGO_HOME="/workspace/cargo-home" RUSTUP_HOME="/workspace/rustup-home" "/workspace/cargo-home/bin/cargo" "+1.99.0-beta.8" "fetch" "--manifest-path" "Cargo.toml", kill_on_drop: false }`
[INFO] [stderr]  Downloading crates ...
[INFO] [stderr]   Downloaded raekna-common v0.2.1
[INFO] [stderr]   Downloaded bitflags v2.13.2
[INFO] [stderr]   Downloaded rustix v1.1.5
[INFO] running `Command { std: "docker" "create" "-v" "/var/lib/crater-agent-workspace/builds/worker-3-tc1/source:/opt/rustwide/workdir:ro,Z" "-v" "/var/lib/crater-agent-workspace/builds/worker-3-tc1/target:/opt/rustwide/target:rw,Z" "-v" "/var/lib/crater-agent-workspace/cargo-home:/opt/rustwide/cargo-home:ro,Z" "-v" "/var/lib/crater-agent-workspace/rustup-home:/opt/rustwide/rustup-home:ro,Z" "-m" "1610612736" "--network" "none" "ghcr.io/rust-lang/crates-build-env/linux@sha256:3111399a4047eeb3a02b7a90e478d715f38a8c6669b5c4b49d30a17385265909" "sleep" "infinity", kill_on_drop: false }`
[INFO] [stdout] c4968821d9ef13db9e9a103c2f9cc60bf0616ab16eaf54c553ec20075bcd48be
[INFO] running `Command { std: "docker" "start" "c4968821d9ef13db9e9a103c2f9cc60bf0616ab16eaf54c553ec20075bcd48be", kill_on_drop: false }`
[INFO] running `Command { std: "docker" "inspect" "c4968821d9ef13db9e9a103c2f9cc60bf0616ab16eaf54c553ec20075bcd48be", kill_on_drop: false }`
[INFO] running `Command { std: "docker" "exec" "-e" "SOURCE_DIR=/opt/rustwide/workdir" "-e" "CARGO_HOME=/opt/rustwide/cargo-home" "-e" "RUSTUP_HOME=/opt/rustwide/rustup-home" "-e" "CARGO_TARGET_DIR=/opt/rustwide/target" "-w" "/opt/rustwide/workdir" "--user" "0:0" "c4968821d9ef13db9e9a103c2f9cc60bf0616ab16eaf54c553ec20075bcd48be" "/opt/rustwide/cargo-home/bin/cargo" "+1.99.0-beta.8" "metadata" "--no-deps" "--format-version=1", kill_on_drop: false }`
[INFO] running `Command { std: "docker" "inspect" "c4968821d9ef13db9e9a103c2f9cc60bf0616ab16eaf54c553ec20075bcd48be", kill_on_drop: false }`
[INFO] running `Command { std: "docker" "exec" "-e" "SOURCE_DIR=/opt/rustwide/workdir" "-e" "CARGO_HOME=/opt/rustwide/cargo-home" "-e" "RUSTUP_HOME=/opt/rustwide/rustup-home" "-e" "CARGO_TARGET_DIR=/opt/rustwide/target" "-e" "CARGO_INCREMENTAL=0" "-e" "RUST_BACKTRACE=full" "-e" "RUSTFLAGS=--cap-lints=warn" "-e" "RUSTDOCFLAGS=--cap-lints=warn" "-w" "/opt/rustwide/workdir" "--user" "0:0" "c4968821d9ef13db9e9a103c2f9cc60bf0616ab16eaf54c553ec20075bcd48be" "/opt/rustwide/cargo-home/bin/cargo" "+1.99.0-beta.8" "build" "--frozen" "--message-format=json", kill_on_drop: false }`
[INFO] [stderr]    Compiling raekna-common v0.2.1
[INFO] [stderr]    Compiling raekna-compute v0.2.1 (/opt/rustwide/workdir)
[INFO] [stderr]     Finished `dev` profile [unoptimized + debuginfo] target(s) in 0.40s
[INFO] running `Command { std: "docker" "inspect" "c4968821d9ef13db9e9a103c2f9cc60bf0616ab16eaf54c553ec20075bcd48be", kill_on_drop: false }`
[INFO] running `Command { std: "docker" "exec" "-e" "SOURCE_DIR=/opt/rustwide/workdir" "-e" "CARGO_HOME=/opt/rustwide/cargo-home" "-e" "RUSTUP_HOME=/opt/rustwide/rustup-home" "-e" "CARGO_TARGET_DIR=/opt/rustwide/target" "-e" "CARGO_INCREMENTAL=0" "-e" "RUST_BACKTRACE=full" "-e" "RUSTFLAGS=--cap-lints=warn" "-e" "RUSTDOCFLAGS=--cap-lints=warn" "-w" "/opt/rustwide/workdir" "--user" "0:0" "c4968821d9ef13db9e9a103c2f9cc60bf0616ab16eaf54c553ec20075bcd48be" "/opt/rustwide/cargo-home/bin/cargo" "+1.99.0-beta.8" "test" "--frozen" "--no-run" "--message-format=json", kill_on_drop: false }`
[INFO] [stderr]    Compiling libc v0.2.190
[INFO] [stderr]    Compiling cfg-if v1.0.5
[INFO] [stderr]    Compiling zerocopy v0.8.60
[INFO] [stderr]    Compiling getrandom v0.4.3
[INFO] [stderr]    Compiling rustix v1.1.5
[INFO] [stderr]    Compiling bitflags v2.13.2
[INFO] [stderr]    Compiling autocfg v1.5.1
[INFO] [stderr]    Compiling linux-raw-sys v0.12.1
[INFO] [stderr]    Compiling once_cell v1.21.4
[INFO] [stderr]    Compiling fastrand v2.5.0
[INFO] [stderr]    Compiling bit-vec v0.8.0
[INFO] [stderr]    Compiling quick-error v1.2.3
[INFO] [stderr]    Compiling unarray v0.1.4
[INFO] [stderr]    Compiling regex-syntax v0.8.11
[INFO] [stderr]    Compiling num-traits v0.2.19
[INFO] [stderr]    Compiling bit-set v0.8.0
[INFO] [stderr]    Compiling getrandom v0.3.4
[INFO] [stderr]    Compiling wait-timeout v0.2.1
[INFO] [stderr]    Compiling rand_core v0.9.5
[INFO] [stderr]    Compiling rand v0.9.5
[INFO] [stderr]    Compiling rand_xorshift v0.4.0
[INFO] [stderr]    Compiling tempfile v3.27.0
[INFO] [stderr]    Compiling rusty-fork v0.3.1
[INFO] [stderr]    Compiling ppv-lite86 v0.2.21
[INFO] [stderr]    Compiling rand_chacha v0.9.0
[INFO] [stderr]    Compiling proptest v1.11.0
[INFO] [stderr]    Compiling raekna-compute v0.2.1 (/opt/rustwide/workdir)
[INFO] [stderr]     Finished `test` profile [unoptimized + debuginfo] target(s) in 17.80s
[INFO] running `Command { std: "docker" "inspect" "c4968821d9ef13db9e9a103c2f9cc60bf0616ab16eaf54c553ec20075bcd48be", kill_on_drop: false }`
[INFO] running `Command { std: "docker" "exec" "-e" "SOURCE_DIR=/opt/rustwide/workdir" "-e" "CARGO_HOME=/opt/rustwide/cargo-home" "-e" "RUSTUP_HOME=/opt/rustwide/rustup-home" "-e" "CARGO_TARGET_DIR=/opt/rustwide/target" "-e" "CARGO_INCREMENTAL=0" "-e" "RUST_BACKTRACE=full" "-e" "RUSTFLAGS=--cap-lints=warn" "-e" "RUSTDOCFLAGS=--cap-lints=warn" "-w" "/opt/rustwide/workdir" "--user" "0:0" "c4968821d9ef13db9e9a103c2f9cc60bf0616ab16eaf54c553ec20075bcd48be" "/opt/rustwide/cargo-home/bin/cargo" "+1.99.0-beta.8" "test" "--frozen", kill_on_drop: false }`
[INFO] [stderr]     Finished `test` profile [unoptimized + debuginfo] target(s) in 0.04s
[INFO] [stderr]      Running unittests src/lib.rs (/opt/rustwide/target/debug/deps/raekna_compute-471fef8e44393094)
[INFO] [stdout] 
[INFO] [stdout] running 96 tests
[INFO] [stdout] test evaluator::tests::test_correct_variable_is_read ... ok
[INFO] [stdout] test ops::arithmetic::tests::division ... ok
[INFO] [stdout] test evaluator::tests::test_literal_is_evaluated_to_self ... ok
[INFO] [stdout] test ops::comparisons::tests::minimum ... ok
[INFO] [stdout] test ops::arithmetic::tests::multiplication ... ok
[INFO] [stdout] test ops::arithmetic::tests::modulo ... ok
[INFO] [stdout] test ops::misc_math::tests::test_cbrt::positive_cases ... ok
[INFO] [stdout] test ops::comparisons::tests::maximum ... ok
[INFO] [stdout] test ops::misc_math::tests::test_abs::positive_cases ... ok
[INFO] [stdout] test ops::misc_math::tests::test_factorial::positive_cases ... ok
[INFO] [stdout] test ops::arithmetic::tests::power ... ok
[INFO] [stdout] test evaluator::tests::test_function_arguments_are_evaluated_before_function_itself ... ok
[INFO] [stdout] test ops::misc_math::tests::test_ln::positive_cases ... ok
[INFO] [stdout] test ops::arithmetic::tests::addition ... ok
[INFO] [stdout] test ops::misc_math::tests::test_factorial::negative_cases ... ok
[INFO] [stdout] test ops::misc_math::tests::test_log10::positive_cases ... ok
[INFO] [stdout] test ops::misc_math::tests::test_log10::negative_cases ... ok
[INFO] [stdout] test ops::misc_math::tests::test_ln::negative_cases ... ok
[INFO] [stdout] test ops::misc_math::tests::test_log2::negative_cases ... ok
[INFO] [stdout] test ops::misc_math::tests::test_log2::positive_cases ... ok
[INFO] [stdout] test ops::misc_math::tests::test_log::negative_cases ... ok
[INFO] [stdout] test ops::misc_math::tests::test_factorial::proptest_f64 ... ok
[INFO] [stdout] test ops::misc_math::tests::test_ln::proptest_i64 ... ok
[INFO] [stdout] test ops::arithmetic::tests::subtraction ... ok
[INFO] [stdout] test ops::misc_math::tests::test_log::positive_cases ... ok
[INFO] [stdout] test ops::misc_math::tests::test_log2::proptest_i64 ... ok
[INFO] [stdout] test ops::misc_math::tests::test_abs::proptest_i64 ... ok
[INFO] [stdout] test ops::misc_math::tests::test_sqrt::positive_cases ... ok
[INFO] [stdout] test ops::misc_math::tests::test_cbrt::proptest_i64 ... ok
[INFO] [stdout] test ops::misc_math::tests::test_sqrt::negative_cases ... ok
[INFO] [stdout] test ops::rounding::tests::test_ceil ... ok
[INFO] [stdout] test ops::misc_math::tests::test_log2::proptest_f64 ... ok
[INFO] [stdout] test ops::rounding::tests::test_ceil_with_precision ... ok
[INFO] [stdout] test ops::misc_math::tests::test_abs::proptest_f64 ... ok
[INFO] [stdout] test ops::misc_math::tests::test_ln::proptest_f64 ... ok
[INFO] [stdout] test ops::rounding::tests::test_floor ... ok
[INFO] [stdout] test ops::rounding::tests::test_floor_with_stepping ... ok
[INFO] [stdout] test ops::rounding::tests::test_round_with_precision ... ok
[INFO] [stdout] test ops::rounding::tests::test_floor_with_precision ... ok
[INFO] [stdout] test ops::rounding::tests::test_round ... ok
[INFO] [stdout] test ops::rounding::tests::test_trunc ... ok
[INFO] [stdout] test ops::rounding::tests::test_round_with_stepping ... ok
[INFO] [stdout] test ops::misc_math::tests::test_log::proptest_f64_f64 ... ok
[INFO] [stdout] test ops::misc_math::tests::test_log::proptest_i64_f64 ... ok
[INFO] [stdout] test ops::misc_math::tests::test_log::proptest_i64_i64 ... ok
[INFO] [stdout] test ops::rounding::tests::test_trunc_with_precision ... ok
[INFO] [stdout] test ops::rounding::tests::test_trunc_with_stepping ... ok
[INFO] [stdout] test ops::misc_math::tests::test_sqrt::proptest_i64 ... ok
[INFO] [stdout] test ops::trigonometry::tests::test_acos::negative_cases ... ok
[INFO] [stdout] test ops::misc_math::tests::test_log::proptest_f64_i64 ... ok
[INFO] [stdout] test ops::misc_math::tests::test_log10::proptest_i64 ... ok
[INFO] [stdout] test ops::trigonometry::tests::test_acosh::negative_cases ... ok
[INFO] [stdout] test ops::trigonometry::tests::test_acos::positive_cases ... ok
[INFO] [stdout] test ops::misc_math::tests::test_factorial::proptest_i64 ... ok
[INFO] [stdout] test ops::misc_math::tests::test_log10::proptest_f64 ... ok
[INFO] [stdout] test ops::trigonometry::tests::test_asin::negative_cases ... ok
[INFO] [stdout] test ops::rounding::tests::test_ceil_with_stepping ... ok
[INFO] [stdout] test ops::trigonometry::tests::test_asin::positive_cases ... ok
[INFO] [stdout] test ops::trigonometry::tests::test_asinh::positive_cases ... ok
[INFO] [stdout] test ops::trigonometry::tests::test_atan::positive_cases ... ok
[INFO] [stdout] test ops::trigonometry::tests::test_acos::proptest_i64 ... ok
[INFO] [stdout] test ops::trigonometry::tests::test_atanh::negative_cases ... ok
[INFO] [stdout] test ops::misc_math::tests::test_sqrt::proptest_f64 ... ok
[INFO] [stdout] test ops::trigonometry::tests::test_asin::proptest_f64 ... ok
[INFO] [stdout] test ops::trigonometry::tests::test_atanh::positive_cases ... ok
[INFO] [stdout] test ops::trigonometry::tests::test_atan::proptest_i64 ... ok
[INFO] [stdout] test ops::trigonometry::tests::test_cosh::positive_cases ... ok
[INFO] [stdout] test ops::trigonometry::tests::test_cos::positive_cases ... ok
[INFO] [stdout] test ops::trigonometry::tests::test_atanh::proptest_f64 ... ok
[INFO] [stdout] test ops::trigonometry::tests::test_sin::positive_cases ... ok
[INFO] [stdout] test ops::trigonometry::tests::test_acosh::proptest_i64 ... ok
[INFO] [stdout] test ops::misc_math::tests::test_cbrt::proptest_f64 ... ok
[INFO] [stdout] test ops::trigonometry::tests::test_cos::proptest_i64 ... ok
[INFO] [stdout] test ops::trigonometry::tests::test_asin::proptest_i64 ... ok
[INFO] [stdout] test ops::trigonometry::tests::test_atan::proptest_f64 ... ok
[INFO] [stdout] test ops::trigonometry::tests::test_acosh::proptest_f64 ... ok
[INFO] [stdout] test ops::trigonometry::tests::test_acos::proptest_f64 ... ok
[INFO] [stdout] test ops::trigonometry::tests::test_sinh::positive_cases ... ok
[INFO] [stdout] test ops::trigonometry::tests::test_tan::positive_cases ... ok
[INFO] [stdout] test ops::trigonometry::tests::test_tanh::positive_cases ... ok
[INFO] [stdout] test ops::trigonometry::tests::test_asinh::proptest_i64 ... ok
[INFO] [stdout] test ops::trigonometry::tests::test_asinh::proptest_f64 ... ok
[INFO] [stdout] test ops::trigonometry::tests::test_tan::proptest_i64 ... ok
[INFO] [stdout] test ops::trigonometry::tests::test_sinh::proptest_i64 ... ok
[INFO] [stdout] test ops::trigonometry::tests::test_cosh::proptest_i64 ... ok
[INFO] [stdout] test ops::trigonometry::tests::test_cosh::proptest_f64 ... ok
[INFO] [stdout] test ops::trigonometry::tests::test_sin::proptest_i64 ... ok
[INFO] [stdout] test ops::trigonometry::tests::test_tanh::proptest_i64 ... ok
[INFO] [stdout] test evaluator::tests::test_nested_variable_definition - should panic ... ok
[INFO] [stdout] test ops::trigonometry::tests::test_cos::proptest_f64 ... ok
[INFO] [stdout] test evaluator::tests::test_trying_to_read_undefined_variable - should panic ... ok
[INFO] [stdout] test ops::trigonometry::tests::test_sinh::proptest_f64 ... ok
[INFO] [stdout] test ops::trigonometry::tests::test_acosh::positive_cases ... FAILED
[INFO] [stdout] test ops::trigonometry::tests::test_tanh::proptest_f64 ... ok
[INFO] [stdout] test ops::trigonometry::tests::test_sin::proptest_f64 ... ok
[INFO] [stdout] test ops::trigonometry::tests::test_tan::proptest_f64 ... ok
[INFO] [stdout] 
[INFO] [stdout] failures:
[INFO] [stdout] 
[INFO] [stdout] ---- ops::trigonometry::tests::test_acosh::positive_cases stdout ----
[INFO] [stdout] 
[INFO] [stdout] thread 'ops::trigonometry::tests::test_acosh::positive_cases' (620) panicked at src/ops/trigonometry.rs:623:17:
[INFO] [stdout] assertion `left == right` failed
[INFO] [stdout]   left: Float(3.088969904844603)
[INFO] [stdout]  right: Float(3.0889699048446033)
[INFO] [stdout] stack backtrace:
[INFO] [stdout]    0:     0x5667ff47b151 - std[70759c8f55707aa4]::backtrace_rs::backtrace::libunwind::trace
[INFO] [stdout]                                at /rustc/dfb0accb7f508ae8be965d8629557221c889dd98/library/std/src/../../backtrace/src/backtrace/libunwind.rs:117:9
[INFO] [stdout]    1:     0x5667ff47b151 - std[70759c8f55707aa4]::backtrace_rs::backtrace::trace_unsynchronized::<std[70759c8f55707aa4]::sys::backtrace::_print_fmt::{closure#1}>
[INFO] [stdout]                                at /rustc/dfb0accb7f508ae8be965d8629557221c889dd98/library/std/src/../../backtrace/src/backtrace/mod.rs:66:14
[INFO] [stdout]    2:     0x5667ff47b151 - std[70759c8f55707aa4]::sys::backtrace::_print_fmt
[INFO] [stdout]                                at /rustc/dfb0accb7f508ae8be965d8629557221c889dd98/library/std/src/sys/backtrace.rs:74:9
[INFO] [stdout]    3:     0x5667ff47b151 - <<std[70759c8f55707aa4]::sys::backtrace::BacktraceLock>::print::DisplayBacktrace as core[df12db4294e9bfd3]::fmt::Display>::fmt
[INFO] [stdout]                                at /rustc/dfb0accb7f508ae8be965d8629557221c889dd98/library/std/src/sys/backtrace.rs:44:26
[INFO] [stdout]    4:     0x5667ff49130a - <core[df12db4294e9bfd3]::fmt::rt::Argument>::fmt
[INFO] [stdout]                                at /rustc/dfb0accb7f508ae8be965d8629557221c889dd98/library/core/src/fmt/rt.rs:152:76
[INFO] [stdout]    5:     0x5667ff49130a - core[df12db4294e9bfd3]::fmt::write
[INFO] [stdout]    6:     0x5667ff47fa4c - core[df12db4294e9bfd3]::io::write::default_write_fmt::<alloc[2182bb758b4b3781]::vec::Vec<u8>>
[INFO] [stdout]                                at /rustc/dfb0accb7f508ae8be965d8629557221c889dd98/library/core/src/io/write.rs:402:11
[INFO] [stdout]    7:     0x5667ff47fa4c - <alloc[2182bb758b4b3781]::vec::Vec<u8> as core[df12db4294e9bfd3]::io::write::Write>::write_fmt
[INFO] [stdout]                                at /rustc/dfb0accb7f508ae8be965d8629557221c889dd98/library/core/src/io/write.rs:335:13
[INFO] [stdout]    8:     0x5667ff456146 - <std[70759c8f55707aa4]::sys::backtrace::BacktraceLock>::print
[INFO] [stdout]                                at /rustc/dfb0accb7f508ae8be965d8629557221c889dd98/library/std/src/sys/backtrace.rs:47:9
[INFO] [stdout]    9:     0x5667ff456146 - std[70759c8f55707aa4]::panicking::default_hook::{closure#0}
[INFO] [stdout]                                at /rustc/dfb0accb7f508ae8be965d8629557221c889dd98/library/std/src/panicking.rs:292:27
[INFO] [stdout]   10:     0x5667ff4736c9 - std[70759c8f55707aa4]::panicking::default_hook
[INFO] [stdout]                                at /rustc/dfb0accb7f508ae8be965d8629557221c889dd98/library/std/src/panicking.rs:316:9
[INFO] [stdout]   11:     0x5667ff3a53c0 - <alloc[2182bb758b4b3781]::boxed::Box<dyn for<'a, 'b> core[df12db4294e9bfd3]::ops::function::Fn<(&'a std[70759c8f55707aa4]::panic::PanicHookInfo<'b>,), Output = ()> + core[df12db4294e9bfd3]::marker::Send + core[df12db4294e9bfd3]::marker::Sync> as core[df12db4294e9bfd3]::ops::function::Fn<(&std[70759c8f55707aa4]::panic::PanicHookInfo,)>>::call
[INFO] [stdout]                                at /rustc/dfb0accb7f508ae8be965d8629557221c889dd98/library/alloc/src/boxed.rs:2334:9
[INFO] [stdout]   12:     0x5667ff3a53c0 - test[9d35eded1c95d3be]::test_main_inner::<test[9d35eded1c95d3be]::test_main_static::{closure#0}>::{closure#0}
[INFO] [stdout]                                at /rustc/dfb0accb7f508ae8be965d8629557221c889dd98/library/test/src/lib.rs:155:21
[INFO] [stdout]   13:     0x5667ff473882 - <alloc[2182bb758b4b3781]::boxed::Box<dyn for<'a, 'b> core[df12db4294e9bfd3]::ops::function::Fn<(&'a std[70759c8f55707aa4]::panic::PanicHookInfo<'b>,), Output = ()> + core[df12db4294e9bfd3]::marker::Send + core[df12db4294e9bfd3]::marker::Sync> as core[df12db4294e9bfd3]::ops::function::Fn<(&std[70759c8f55707aa4]::panic::PanicHookInfo,)>>::call
[INFO] [stdout]                                at /rustc/dfb0accb7f508ae8be965d8629557221c889dd98/library/alloc/src/boxed.rs:2334:9
[INFO] [stdout]   14:     0x5667ff473882 - std[70759c8f55707aa4]::panicking::panic_with_hook
[INFO] [stdout]                                at /rustc/dfb0accb7f508ae8be965d8629557221c889dd98/library/std/src/panicking.rs:823:13
[INFO] [stdout]   15:     0x5667ff4561f2 - std[70759c8f55707aa4]::panicking::panic_handler::{closure#0}
[INFO] [stdout]                                at /rustc/dfb0accb7f508ae8be965d8629557221c889dd98/library/std/src/panicking.rs:688:13
[INFO] [stdout]   16:     0x5667ff44ee29 - std[70759c8f55707aa4]::sys::backtrace::__rust_end_short_backtrace::<std[70759c8f55707aa4]::panicking::panic_handler::{closure#0}, !>
[INFO] [stdout]                                at /rustc/dfb0accb7f508ae8be965d8629557221c889dd98/library/std/src/sys/backtrace.rs:182:18
[INFO] [stdout]   17:     0x5667ff456ded - __rustc[8fa7c3cbc660c2b3]::rust_begin_unwind
[INFO] [stdout]                                at /rustc/dfb0accb7f508ae8be965d8629557221c889dd98/library/std/src/panicking.rs:679:5
[INFO] [stdout]   18:     0x5667ff491b2c - core[df12db4294e9bfd3]::panicking::panic_fmt
[INFO] [stdout]                                at /rustc/dfb0accb7f508ae8be965d8629557221c889dd98/library/core/src/panicking.rs:80:14
[INFO] [stdout]   19:     0x5667ff4919c3 - core[df12db4294e9bfd3]::panicking::assert_failed_inner
[INFO] [stdout]                                at /rustc/dfb0accb7f508ae8be965d8629557221c889dd98/library/core/src/panicking.rs:452:17
[INFO] [stdout]   20:     0x5667ff364289 - core[df12db4294e9bfd3]::panicking::assert_failed::<raekna_common[522b376a23c04db1]::expression::Literal, raekna_common[522b376a23c04db1]::expression::Literal>
[INFO] [stdout]                                at /rustc/dfb0accb7f508ae8be965d8629557221c889dd98/library/core/src/panicking.rs:407:5
[INFO] [stdout]   21:     0x5667ff3816c2 - raekna_compute[99d9b6078a494b29]::ops::trigonometry::tests::test_acosh::positive_cases::{closure#0}
[INFO] [stdout]                                at /opt/rustwide/workdir/src/ops/trigonometry.rs:623:17
[INFO] [stdout]   22:     0x5667ff372b56 - core[df12db4294e9bfd3]::iter::traits::iterator::Iterator::for_each::call::<(raekna_common[522b376a23c04db1]::expression::Literal, raekna_common[522b376a23c04db1]::expression::Literal), raekna_compute[99d9b6078a494b29]::ops::trigonometry::tests::test_acosh::positive_cases::{closure#0}>::{closure#0}
[INFO] [stdout]                                at /rustc/dfb0accb7f508ae8be965d8629557221c889dd98/library/core/src/iter/traits/iterator.rs:884:29
[INFO] [stdout]   23:     0x5667ff364586 - <core[df12db4294e9bfd3]::ops::try_trait::NeverShortCircuit<()>>::wrap_mut_2::<(), (raekna_common[522b376a23c04db1]::expression::Literal, raekna_common[522b376a23c04db1]::expression::Literal), core[df12db4294e9bfd3]::iter::traits::iterator::Iterator::for_each::call<(raekna_common[522b376a23c04db1]::expression::Literal, raekna_common[522b376a23c04db1]::expression::Literal), raekna_compute[99d9b6078a494b29]::ops::trigonometry::tests::test_acosh::positive_cases::{closure#0}>::{closure#0}>::{closure#0}
[INFO] [stdout]                                at /rustc/dfb0accb7f508ae8be965d8629557221c889dd98/library/core/src/ops/try_trait.rs:426:45
[INFO] [stdout]   24:     0x5667ff3650ac - <core[df12db4294e9bfd3]::array::iter::iter_inner::PolymorphicIter<[core[df12db4294e9bfd3]::mem::maybe_uninit::MaybeUninit<(raekna_common[522b376a23c04db1]::expression::Literal, raekna_common[522b376a23c04db1]::expression::Literal)>]>>::try_fold::<(), <core[df12db4294e9bfd3]::ops::try_trait::NeverShortCircuit<()>>::wrap_mut_2<(), (raekna_common[522b376a23c04db1]::expression::Literal, raekna_common[522b376a23c04db1]::expression::Literal), core[df12db4294e9bfd3]::iter::traits::iterator::Iterator::for_each::call<(raekna_common[522b376a23c04db1]::expression::Literal, raekna_common[522b376a23c04db1]::expression::Literal), raekna_compute[99d9b6078a494b29]::ops::trigonometry::tests::test_acosh::positive_cases::{closure#0}>::{closure#0}>::{closure#0}, core[df12db4294e9bfd3]::ops::try_trait::NeverShortCircuit<()>>::{closure#0}
[INFO] [stdout]                                at /rustc/dfb0accb7f508ae8be965d8629557221c889dd98/library/core/src/array/iter/iter_inner.rs:265:13
[INFO] [stdout]   25:     0x5667ff35ef69 - <core[df12db4294e9bfd3]::ops::index_range::IndexRange as core[df12db4294e9bfd3]::iter::traits::iterator::Iterator>::try_fold::<(), <core[df12db4294e9bfd3]::array::iter::iter_inner::PolymorphicIter<[core[df12db4294e9bfd3]::mem::maybe_uninit::MaybeUninit<(raekna_common[522b376a23c04db1]::expression::Literal, raekna_common[522b376a23c04db1]::expression::Literal)>]>>::try_fold<(), <core[df12db4294e9bfd3]::ops::try_trait::NeverShortCircuit<()>>::wrap_mut_2<(), (raekna_common[522b376a23c04db1]::expression::Literal, raekna_common[522b376a23c04db1]::expression::Literal), core[df12db4294e9bfd3]::iter::traits::iterator::Iterator::for_each::call<(raekna_common[522b376a23c04db1]::expression::Literal, raekna_common[522b376a23c04db1]::expression::Literal), raekna_compute[99d9b6078a494b29]::ops::trigonometry::tests::test_acosh::positive_cases::{closure#0}>::{closure#0}>::{closure#0}, core[df12db4294e9bfd3]::ops::try_trait::NeverShortCircuit<()>>::{closure#0}, core[df12db4294e9bfd3]::ops::try_trait::NeverShortCircuit<()>>
[INFO] [stdout]                                at /rustc/dfb0accb7f508ae8be965d8629557221c889dd98/library/core/src/ops/index_range.rs:170:21
[INFO] [stdout]   26:     0x5667ff37c516 - <core[df12db4294e9bfd3]::array::iter::iter_inner::PolymorphicIter<[core[df12db4294e9bfd3]::mem::maybe_uninit::MaybeUninit<(raekna_common[522b376a23c04db1]::expression::Literal, raekna_common[522b376a23c04db1]::expression::Literal)>]>>::try_fold::<(), <core[df12db4294e9bfd3]::ops::try_trait::NeverShortCircuit<()>>::wrap_mut_2<(), (raekna_common[522b376a23c04db1]::expression::Literal, raekna_common[522b376a23c04db1]::expression::Literal), core[df12db4294e9bfd3]::iter::traits::iterator::Iterator::for_each::call<(raekna_common[522b376a23c04db1]::expression::Literal, raekna_common[522b376a23c04db1]::expression::Literal), raekna_compute[99d9b6078a494b29]::ops::trigonometry::tests::test_acosh::positive_cases::{closure#0}>::{closure#0}>::{closure#0}, core[df12db4294e9bfd3]::ops::try_trait::NeverShortCircuit<()>>
[INFO] [stdout]                                at /rustc/dfb0accb7f508ae8be965d8629557221c889dd98/library/core/src/array/iter/iter_inner.rs:260:20
[INFO] [stdout]   27:     0x5667ff37c516 - <core[df12db4294e9bfd3]::array::iter::iter_inner::PolymorphicIter<[core[df12db4294e9bfd3]::mem::maybe_uninit::MaybeUninit<(raekna_common[522b376a23c04db1]::expression::Literal, raekna_common[522b376a23c04db1]::expression::Literal)>]>>::fold::<(), core[df12db4294e9bfd3]::iter::traits::iterator::Iterator::for_each::call<(raekna_common[522b376a23c04db1]::expression::Literal, raekna_common[522b376a23c04db1]::expression::Literal), raekna_compute[99d9b6078a494b29]::ops::trigonometry::tests::test_acosh::positive_cases::{closure#0}>::{closure#0}>
[INFO] [stdout]                                at /rustc/dfb0accb7f508ae8be965d8629557221c889dd98/library/core/src/array/iter/iter_inner.rs:247:14
[INFO] [stdout]   28:     0x5667ff37c516 - <core[df12db4294e9bfd3]::array::iter::IntoIter<(raekna_common[522b376a23c04db1]::expression::Literal, raekna_common[522b376a23c04db1]::expression::Literal), 4usize> as core[df12db4294e9bfd3]::iter::traits::iterator::Iterator>::fold::<(), core[df12db4294e9bfd3]::iter::traits::iterator::Iterator::for_each::call<(raekna_common[522b376a23c04db1]::expression::Literal, raekna_common[522b376a23c04db1]::expression::Literal), raekna_compute[99d9b6078a494b29]::ops::trigonometry::tests::test_acosh::positive_cases::{closure#0}>::{closure#0}>
[INFO] [stdout]                                at /rustc/dfb0accb7f508ae8be965d8629557221c889dd98/library/core/src/array/iter.rs:259:27
[INFO] [stdout]   29:     0x5667ff37d13e - <core[df12db4294e9bfd3]::array::iter::IntoIter<(raekna_common[522b376a23c04db1]::expression::Literal, raekna_common[522b376a23c04db1]::expression::Literal), 4usize> as core[df12db4294e9bfd3]::iter::traits::iterator::Iterator>::for_each::<raekna_compute[99d9b6078a494b29]::ops::trigonometry::tests::test_acosh::positive_cases::{closure#0}>
[INFO] [stdout]                                at /rustc/dfb0accb7f508ae8be965d8629557221c889dd98/library/core/src/iter/traits/iterator.rs:887:14
[INFO] [stdout]   30:     0x5667ff38a4b7 - raekna_compute[99d9b6078a494b29]::ops::trigonometry::tests::test_acosh::positive_cases
[INFO] [stdout]                                at /opt/rustwide/workdir/src/ops/trigonometry.rs:621:36
[INFO] [stdout]   31:     0x5667ff380d87 - raekna_compute[99d9b6078a494b29]::ops::trigonometry::tests::test_acosh::positive_cases::{closure#0}
[INFO] [stdout]                                at /opt/rustwide/workdir/src/ops/trigonometry.rs:614:28
[INFO] [stdout]   32:     0x5667ff342246 - <raekna_compute[99d9b6078a494b29]::ops::trigonometry::tests::test_acosh::positive_cases::{closure#0} as core[df12db4294e9bfd3]::ops::function::FnOnce<()>>::call_once
[INFO] [stdout]                                at /rustc/dfb0accb7f508ae8be965d8629557221c889dd98/library/core/src/ops/function.rs:250:5
[INFO] [stdout]   33:     0x5667ff3986ab - <fn() -> core[df12db4294e9bfd3]::result::Result<(), alloc[2182bb758b4b3781]::string::String> as core[df12db4294e9bfd3]::ops::function::FnOnce<()>>::call_once
[INFO] [stdout]                                at /rustc/dfb0accb7f508ae8be965d8629557221c889dd98/library/core/src/ops/function.rs:250:5
[INFO] [stdout]   34:     0x5667ff3986ab - test[9d35eded1c95d3be]::__rust_begin_short_backtrace::<core[df12db4294e9bfd3]::result::Result<(), alloc[2182bb758b4b3781]::string::String>, fn() -> core[df12db4294e9bfd3]::result::Result<(), alloc[2182bb758b4b3781]::string::String>>
[INFO] [stdout]                                at /rustc/dfb0accb7f508ae8be965d8629557221c889dd98/library/test/src/lib.rs:733:18
[INFO] [stdout]   35:     0x5667ff3a5d15 - test[9d35eded1c95d3be]::run_test_in_process::{closure#0}
[INFO] [stdout]                                at /rustc/dfb0accb7f508ae8be965d8629557221c889dd98/library/test/src/lib.rs:756:74
[INFO] [stdout]   36:     0x5667ff3a5d15 - <core[df12db4294e9bfd3]::panic::unwind_safe::AssertUnwindSafe<test[9d35eded1c95d3be]::run_test_in_process::{closure#0}> as core[df12db4294e9bfd3]::ops::function::FnOnce<()>>::call_once
[INFO] [stdout]                                at /rustc/dfb0accb7f508ae8be965d8629557221c889dd98/library/core/src/panic/unwind_safe.rs:275:9
[INFO] [stdout]   37:     0x5667ff3a5d15 - std[70759c8f55707aa4]::panicking::catch_unwind::do_call::<core[df12db4294e9bfd3]::panic::unwind_safe::AssertUnwindSafe<test[9d35eded1c95d3be]::run_test_in_process::{closure#0}>, core[df12db4294e9bfd3]::result::Result<(), alloc[2182bb758b4b3781]::string::String>>
[INFO] [stdout]                                at /rustc/dfb0accb7f508ae8be965d8629557221c889dd98/library/std/src/panicking.rs:576:43
[INFO] [stdout]   38:     0x5667ff3a5d15 - std[70759c8f55707aa4]::panicking::catch_unwind::<core[df12db4294e9bfd3]::result::Result<(), alloc[2182bb758b4b3781]::string::String>, core[df12db4294e9bfd3]::panic::unwind_safe::AssertUnwindSafe<test[9d35eded1c95d3be]::run_test_in_process::{closure#0}>>
[INFO] [stdout]                                at /rustc/dfb0accb7f508ae8be965d8629557221c889dd98/library/std/src/panicking.rs:544:19
[INFO] [stdout]   39:     0x5667ff3a5d15 - std[70759c8f55707aa4]::panic::catch_unwind::<core[df12db4294e9bfd3]::panic::unwind_safe::AssertUnwindSafe<test[9d35eded1c95d3be]::run_test_in_process::{closure#0}>, core[df12db4294e9bfd3]::result::Result<(), alloc[2182bb758b4b3781]::string::String>>
[INFO] [stdout]                                at /rustc/dfb0accb7f508ae8be965d8629557221c889dd98/library/std/src/panic.rs:359:14
[INFO] [stdout]   40:     0x5667ff3a5d15 - test[9d35eded1c95d3be]::run_test_in_process
[INFO] [stdout]                                at /rustc/dfb0accb7f508ae8be965d8629557221c889dd98/library/test/src/lib.rs:756:27
[INFO] [stdout]   41:     0x5667ff3a5d15 - test[9d35eded1c95d3be]::run_test::{closure#0}
[INFO] [stdout]                                at /rustc/dfb0accb7f508ae8be965d8629557221c889dd98/library/test/src/lib.rs:677:43
[INFO] [stdout]   42:     0x5667ff39f5d4 - test[9d35eded1c95d3be]::run_test::{closure#1}
[INFO] [stdout]                                at /rustc/dfb0accb7f508ae8be965d8629557221c889dd98/library/test/src/lib.rs:707:41
[INFO] [stdout]   43:     0x5667ff39f5d4 - std[70759c8f55707aa4]::sys::backtrace::__rust_begin_short_backtrace::<test[9d35eded1c95d3be]::run_test::{closure#1}, ()>
[INFO] [stdout]                                at /rustc/dfb0accb7f508ae8be965d8629557221c889dd98/library/std/src/sys/backtrace.rs:166:18
[INFO] [stdout]   44:     0x5667ff3a8e72 - std[70759c8f55707aa4]::thread::lifecycle::spawn_unchecked::<test[9d35eded1c95d3be]::run_test::{closure#1}, ()>::{closure#1}::{closure#0}
[INFO] [stdout]                                at /rustc/dfb0accb7f508ae8be965d8629557221c889dd98/library/std/src/thread/lifecycle.rs:70:13
[INFO] [stdout]   45:     0x5667ff3a8e72 - <core[df12db4294e9bfd3]::panic::unwind_safe::AssertUnwindSafe<std[70759c8f55707aa4]::thread::lifecycle::spawn_unchecked<test[9d35eded1c95d3be]::run_test::{closure#1}, ()>::{closure#1}::{closure#0}> as core[df12db4294e9bfd3]::ops::function::FnOnce<()>>::call_once
[INFO] [stdout]                                at /rustc/dfb0accb7f508ae8be965d8629557221c889dd98/library/core/src/panic/unwind_safe.rs:275:9
[INFO] [stdout]   46:     0x5667ff3a8e72 - std[70759c8f55707aa4]::panicking::catch_unwind::do_call::<core[df12db4294e9bfd3]::panic::unwind_safe::AssertUnwindSafe<std[70759c8f55707aa4]::thread::lifecycle::spawn_unchecked<test[9d35eded1c95d3be]::run_test::{closure#1}, ()>::{closure#1}::{closure#0}>, ()>
[INFO] [stdout]                                at /rustc/dfb0accb7f508ae8be965d8629557221c889dd98/library/std/src/panicking.rs:576:43
[INFO] [stdout]   47:     0x5667ff3a8e72 - std[70759c8f55707aa4]::panicking::catch_unwind::<(), core[df12db4294e9bfd3]::panic::unwind_safe::AssertUnwindSafe<std[70759c8f55707aa4]::thread::lifecycle::spawn_unchecked<test[9d35eded1c95d3be]::run_test::{closure#1}, ()>::{closure#1}::{closure#0}>>
[INFO] [stdout]                                at /rustc/dfb0accb7f508ae8be965d8629557221c889dd98/library/std/src/panicking.rs:544:19
[INFO] [stdout]   48:     0x5667ff3a8e72 - std[70759c8f55707aa4]::panic::catch_unwind::<core[df12db4294e9bfd3]::panic::unwind_safe::AssertUnwindSafe<std[70759c8f55707aa4]::thread::lifecycle::spawn_unchecked<test[9d35eded1c95d3be]::run_test::{closure#1}, ()>::{closure#1}::{closure#0}>, ()>
[INFO] [stdout]                                at /rustc/dfb0accb7f508ae8be965d8629557221c889dd98/library/std/src/panic.rs:359:14
[INFO] [stdout]   49:     0x5667ff3a8e72 - std[70759c8f55707aa4]::thread::lifecycle::spawn_unchecked::<test[9d35eded1c95d3be]::run_test::{closure#1}, ()>::{closure#1}
[INFO] [stdout]                                at /rustc/dfb0accb7f508ae8be965d8629557221c889dd98/library/std/src/thread/lifecycle.rs:68:26
[INFO] [stdout]   50:     0x5667ff3a8e72 - <std[70759c8f55707aa4]::thread::lifecycle::spawn_unchecked<test[9d35eded1c95d3be]::run_test::{closure#1}, ()>::{closure#1} as core[df12db4294e9bfd3]::ops::function::FnOnce<()>>::call_once::{shim:vtable#0}
[INFO] [stdout]                                at /rustc/dfb0accb7f508ae8be965d8629557221c889dd98/library/core/src/ops/function.rs:250:5
[INFO] [stdout]   51:     0x5667ff47aa29 - <alloc[2182bb758b4b3781]::boxed::Box<dyn core[df12db4294e9bfd3]::ops::function::FnOnce<(), Output = ()> + core[df12db4294e9bfd3]::marker::Send> as core[df12db4294e9bfd3]::ops::function::FnOnce<()>>::call_once
[INFO] [stdout]                                at /rustc/dfb0accb7f508ae8be965d8629557221c889dd98/library/alloc/src/boxed.rs:2320:9
[INFO] [stdout]   52:     0x5667ff47aa29 - <std[70759c8f55707aa4]::sys::thread::unix::Thread>::new::thread_start
[INFO] [stdout]                                at /rustc/dfb0accb7f508ae8be965d8629557221c889dd98/library/std/src/sys/thread/unix.rs:123:17
[INFO] [stdout]   53:     0x7e5e33e6fdfa - <unknown>
[INFO] [stdout]   54:     0x7e5e33f033d4 - clone
[INFO] [stdout]   55:                0x0 - <unknown>
[INFO] [stdout] 
[INFO] [stdout] 
[INFO] [stdout] failures:
[INFO] [stdout]     ops::trigonometry::tests::test_acosh::positive_cases
[INFO] [stdout] 
[INFO] [stdout] test result: FAILED. 95 passed; 1 failed; 0 ignored; 0 measured; 0 filtered out; finished in 0.17s
[INFO] [stdout] 
[INFO] [stderr] error: test failed, to rerun pass `--lib`
[INFO] running `Command { std: "docker" "inspect" "c4968821d9ef13db9e9a103c2f9cc60bf0616ab16eaf54c553ec20075bcd48be", kill_on_drop: false }`
[INFO] running `Command { std: "docker" "rm" "-f" "c4968821d9ef13db9e9a103c2f9cc60bf0616ab16eaf54c553ec20075bcd48be", kill_on_drop: false }`
[INFO] [stdout] c4968821d9ef13db9e9a103c2f9cc60bf0616ab16eaf54c553ec20075bcd48be
