[INFO] fetching crate raclettui 0.3.0...
[INFO] testing raclettui-0.3.0 against 1.100.0-beta.1 for beta-1.100-2
[INFO] extracting crate raclettui 0.3.0 into /workspace/builds/worker-0-tc2/source
[INFO] started tweaking crates.io crate raclettui 0.3.0
[INFO] removed 0 missing examples
[INFO] finished tweaking crates.io crate raclettui 0.3.0
[INFO] tweaked toml for crates.io crate raclettui 0.3.0 written to /workspace/builds/worker-0-tc2/source/Cargo.toml
[INFO] validating manifest of crates.io crate raclettui 0.3.0 on toolchain 1.100.0-beta.1
[INFO] running `Command { std: CARGO_HOME="/workspace/cargo-home" RUSTUP_HOME="/workspace/rustup-home" "/workspace/cargo-home/bin/cargo" "+1.100.0-beta.1" "metadata" "--manifest-path" "Cargo.toml" "--no-deps", kill_on_drop: false }`
[INFO] crate crates.io crate raclettui 0.3.0 already has a lockfile, it will not be regenerated
[INFO] running `Command { std: CARGO_HOME="/workspace/cargo-home" RUSTUP_HOME="/workspace/rustup-home" "/workspace/cargo-home/bin/cargo" "+1.100.0-beta.1" "fetch" "--manifest-path" "Cargo.toml", kill_on_drop: false }`
[INFO] [stderr] warning: `package.homepage` is redundant with `package.repository`
[INFO] [stderr]   --> Cargo.toml:66:12
[INFO] [stderr]    |
[INFO] [stderr] 66 | homepage = "https://github.com/ishrut/raclettui"
[INFO] [stderr]    |            ^^^^^^^^^^^^^^^^^^^^^^^^^^^^^^^^^^^^^
[INFO] [stderr] ...
[INFO] [stderr] 71 | repository = "https://github.com/ishrut/raclettui"
[INFO] [stderr]    |              -------------------------------------
[INFO] [stderr]    |
[INFO] [stderr]    = note: `cargo::redundant_homepage` is set to `warn` by default
[INFO] [stderr] help: consider removing `package.homepage`
[INFO] [stderr] warning: `raclettui` (manifest) generated 1 warning
[INFO] running `Command { std: "docker" "create" "-v" "/var/lib/crater-agent-workspace/builds/worker-0-tc2/source:/opt/rustwide/workdir:ro,Z" "-v" "/var/lib/crater-agent-workspace/builds/worker-0-tc2/target:/opt/rustwide/target:rw,Z" "-v" "/var/lib/crater-agent-workspace/cargo-home:/opt/rustwide/cargo-home:ro,Z" "-v" "/var/lib/crater-agent-workspace/rustup-home:/opt/rustwide/rustup-home:ro,Z" "-m" "1610612736" "--network" "none" "ghcr.io/rust-lang/crates-build-env/linux@sha256:3111399a4047eeb3a02b7a90e478d715f38a8c6669b5c4b49d30a17385265909" "sleep" "infinity", kill_on_drop: false }`
[INFO] [stdout] 2243f3c478e34343cf6648e1a3cc6e0472ab66127d3ff1b3ff3e07cf276fd244
[INFO] running `Command { std: "docker" "start" "2243f3c478e34343cf6648e1a3cc6e0472ab66127d3ff1b3ff3e07cf276fd244", kill_on_drop: false }`
[INFO] running `Command { std: "docker" "inspect" "2243f3c478e34343cf6648e1a3cc6e0472ab66127d3ff1b3ff3e07cf276fd244", kill_on_drop: false }`
[INFO] running `Command { std: "docker" "exec" "-e" "SOURCE_DIR=/opt/rustwide/workdir" "-e" "CARGO_HOME=/opt/rustwide/cargo-home" "-e" "RUSTUP_HOME=/opt/rustwide/rustup-home" "-e" "CARGO_TARGET_DIR=/opt/rustwide/target" "-w" "/opt/rustwide/workdir" "--user" "0:0" "2243f3c478e34343cf6648e1a3cc6e0472ab66127d3ff1b3ff3e07cf276fd244" "/opt/rustwide/cargo-home/bin/cargo" "+1.100.0-beta.1" "metadata" "--no-deps" "--format-version=1", kill_on_drop: false }`
[INFO] running `Command { std: "docker" "inspect" "2243f3c478e34343cf6648e1a3cc6e0472ab66127d3ff1b3ff3e07cf276fd244", kill_on_drop: false }`
[INFO] running `Command { std: "docker" "exec" "-e" "SOURCE_DIR=/opt/rustwide/workdir" "-e" "CARGO_HOME=/opt/rustwide/cargo-home" "-e" "RUSTUP_HOME=/opt/rustwide/rustup-home" "-e" "CARGO_TARGET_DIR=/opt/rustwide/target" "-e" "CARGO_INCREMENTAL=0" "-e" "RUST_BACKTRACE=full" "-e" "RUSTFLAGS=--cap-lints=warn" "-e" "RUSTDOCFLAGS=--cap-lints=warn" "-w" "/opt/rustwide/workdir" "--user" "0:0" "2243f3c478e34343cf6648e1a3cc6e0472ab66127d3ff1b3ff3e07cf276fd244" "/opt/rustwide/cargo-home/bin/cargo" "+1.100.0-beta.1" "build" "--frozen" "--message-format=json", kill_on_drop: false }`
[INFO] [stderr] warning: `package.homepage` is redundant with `package.repository`
[INFO] [stderr]   --> Cargo.toml:66:12
[INFO] [stderr]    |
[INFO] [stderr] 66 | homepage = "https://github.com/ishrut/raclettui"
[INFO] [stderr]    |            ^^^^^^^^^^^^^^^^^^^^^^^^^^^^^^^^^^^^^
[INFO] [stderr] ...
[INFO] [stderr] 71 | repository = "https://github.com/ishrut/raclettui"
[INFO] [stderr]    |              -------------------------------------
[INFO] [stderr]    |
[INFO] [stderr]    = note: `cargo::redundant_homepage` is set to `warn` by default
[INFO] [stderr] help: consider removing `package.homepage`
[INFO] [stderr] warning: `raclettui` (manifest) generated 1 warning
[INFO] [stderr]    Compiling libc v0.2.182
[INFO] [stderr]    Compiling libloading v0.8.9
[INFO] [stderr]    Compiling khronos_api v3.1.0
[INFO] [stderr]    Compiling wayland-sys v0.31.11
[INFO] [stderr]    Compiling rustix v1.1.4
[INFO] [stderr]    Compiling quote v1.0.44
[INFO] [stderr]    Compiling xml-rs v0.8.28
[INFO] [stderr]    Compiling log v0.4.29
[INFO] [stderr]    Compiling dlib v0.5.3
[INFO] [stderr]    Compiling cc v1.2.56
[INFO] [stderr]    Compiling rustc-std-workspace-core v1.0.1
[INFO] [stderr]    Compiling slotmap v1.1.1
[INFO] [stderr]    Compiling syn v2.0.117
[INFO] [stderr]    Compiling unicode-width v0.2.2
[INFO] [stderr]    Compiling castaway v0.2.4
[INFO] [stderr]    Compiling static_assertions v1.1.0
[INFO] [stderr]    Compiling raw-window-handle v0.5.2
[INFO] [stderr]    Compiling memchr v2.8.0
[INFO] [stderr]    Compiling foldhash v0.2.0
[INFO] [stderr]    Compiling gl_generator v0.14.0
[INFO] [stderr]    Compiling scoped-tls v1.0.1
[INFO] [stderr]    Compiling downcast-rs v1.2.1
[INFO] [stderr]    Compiling smallvec v1.15.1
[INFO] [stderr]    Compiling aho-corasick v1.1.4
[INFO] [stderr]    Compiling wayland-backend v0.3.15
[INFO] [stderr]    Compiling quick-xml v0.38.4
[INFO] [stderr]    Compiling compact_str v0.9.0
[INFO] [stderr]    Compiling hashbrown v0.16.1
[INFO] [stderr]    Compiling memmap2 v0.9.10
[INFO] [stderr]    Compiling core_maths v0.1.1
[INFO] [stderr]    Compiling x11-dl v2.21.0
[INFO] [stderr]    Compiling yeslogic-fontconfig-sys v6.0.1
[INFO] [stderr]    Compiling regex-syntax v0.8.10
[INFO] [stderr]    Compiling roxmltree v0.20.0
[INFO] [stderr]    Compiling wayland-client v0.31.12
[INFO] [stderr]    Compiling miniz_oxide v0.9.1
[INFO] [stderr]    Compiling fontconfig-parser v0.5.8
[INFO] [stderr]    Compiling wayland-scanner v0.31.8
[INFO] [stderr]    Compiling ttf-parser v0.25.1
[INFO] [stderr]    Compiling glutin_glx_sys v0.6.1
[INFO] [stderr]    Compiling glutin_egl_sys v0.7.1
[INFO] [stderr]    Compiling bytemuck_derive v1.11.0
[INFO] [stderr]    Compiling thiserror-impl v2.0.18
[INFO] [stderr]    Compiling regex-automata v0.4.14
[INFO] [stderr]    Compiling zeno v0.3.3
[INFO] [stderr]    Compiling bytemuck v1.25.0
[INFO] [stderr]    Compiling yazi v0.2.1
[INFO] [stderr]    Compiling font-types v0.12.2
[INFO] [stderr]    Compiling read-fonts v0.40.1
[INFO] [stderr]    Compiling getrandom v0.4.1
[INFO] [stderr]    Compiling thiserror v2.0.18
[INFO] [stderr]    Compiling anstyle-parse v1.0.0
[INFO] [stderr]    Compiling beamterm-data v1.0.0
[INFO] [stderr]    Compiling glutin v0.32.3
[INFO] [stderr]    Compiling strum_macros v0.27.2
[INFO] [stderr]    Compiling fontdb v0.23.0
[INFO] [stderr]    Compiling itertools v0.14.0
[INFO] [stderr]    Compiling lru v0.16.3
[INFO] [stderr]    Compiling beamterm-unicode v1.0.0
[INFO] [stderr]    Compiling regex v1.12.3
[INFO] [stderr]    Compiling unicode-segmentation v1.12.0
[INFO] [stderr]    Compiling anstyle v1.0.14
[INFO] [stderr]    Compiling colorchoice v1.0.5
[INFO] [stderr]    Compiling fontconfig v0.11.0
[INFO] [stderr]    Compiling unicode-truncate v2.0.1
[INFO] [stderr]    Compiling anstream v1.0.0
[INFO] [stderr]    Compiling env_filter v1.0.1
[INFO] [stderr]    Compiling strum v0.27.2
[INFO] [stderr]    Compiling kasuari v0.4.11
[INFO] [stderr]    Compiling wayland-protocols v0.32.10
[INFO] [stderr]    Compiling glow v0.17.0
[INFO] [stderr]    Compiling jiff v0.2.28
[INFO] [stderr]    Compiling rustc-hash v2.1.1
[INFO] [stderr]    Compiling raw-window-handle v0.6.2
[INFO] [stderr]    Compiling indoc v2.0.7
[INFO] [stderr]    Compiling xkeysym v0.2.1
[INFO] [stderr]    Compiling fastrand v2.3.0
[INFO] [stderr]    Compiling tempfile v3.26.0
[INFO] [stderr]    Compiling wayland-protocols-wlr v0.3.10
[INFO] [stderr]    Compiling xkbcommon v0.9.0
[INFO] [stderr]    Compiling ratatui-core v0.1.0
[INFO] [stderr]    Compiling wayland-egl v0.32.11
[INFO] [stderr]    Compiling env_logger v0.11.10
[INFO] [stderr]    Compiling skrifa v0.43.2
[INFO] [stderr]    Compiling swash v0.2.10
[INFO] [stderr]    Compiling beamterm-rasterizer v1.0.0
[INFO] [stderr]    Compiling beamterm-core v1.0.0
[INFO] [stderr]    Compiling raclettui v0.3.0 (/opt/rustwide/workdir)
[INFO] [stderr] warning: unused dependency `env_logger`
[INFO] [stderr]  --> Cargo.toml:5:15
[INFO] [stderr]   |
[INFO] [stderr] 5 | [dependencies.env_logger]
[INFO] [stderr]   |               ^^^^^^^^^^^
[INFO] [stderr]   |
[INFO] [stderr]   = note: `cargo::unused_dependencies` is set to `warn` by default
[INFO] [stderr] help: consider removing the dependency on `env_logger`
[INFO] [stderr] warning: unused dependency `tempfile`
[INFO] [stderr]   --> Cargo.toml:23:15
[INFO] [stderr]    |
[INFO] [stderr] 23 | [dependencies.tempfile]
[INFO] [stderr]    |               ^^^^^^^^^
[INFO] [stderr]    |
[INFO] [stderr] help: consider removing the dependency on `tempfile`
[INFO] [stderr] warning: unused dependency `wayland-egl`
[INFO] [stderr]   --> Cargo.toml:33:15
[INFO] [stderr]    |
[INFO] [stderr] 33 | [dependencies.wayland-egl]
[INFO] [stderr]    |               ^^^^^^^^^^^^
[INFO] [stderr]    |
[INFO] [stderr] help: consider removing the dependency on `wayland-egl`
[INFO] [stderr] warning: `raclettui` (manifest) generated 3 warnings
[INFO] [stderr]     Finished `dev` profile [unoptimized + debuginfo] target(s) in 1m 35s
[INFO] [stderr] warning: the following packages contain code that will be rejected by a future version of Rust: glutin v0.32.3
[INFO] [stderr] note: to see what the problems were, use the option `--future-incompat-report`, or run `cargo report future-incompatibilities --id 4`
[INFO] running `Command { std: "docker" "inspect" "2243f3c478e34343cf6648e1a3cc6e0472ab66127d3ff1b3ff3e07cf276fd244", kill_on_drop: false }`
[INFO] running `Command { std: "docker" "exec" "-e" "SOURCE_DIR=/opt/rustwide/workdir" "-e" "CARGO_HOME=/opt/rustwide/cargo-home" "-e" "RUSTUP_HOME=/opt/rustwide/rustup-home" "-e" "CARGO_TARGET_DIR=/opt/rustwide/target" "-e" "CARGO_INCREMENTAL=0" "-e" "RUST_BACKTRACE=full" "-e" "RUSTFLAGS=--cap-lints=warn" "-e" "RUSTDOCFLAGS=--cap-lints=warn" "-w" "/opt/rustwide/workdir" "--user" "0:0" "2243f3c478e34343cf6648e1a3cc6e0472ab66127d3ff1b3ff3e07cf276fd244" "/opt/rustwide/cargo-home/bin/cargo" "+1.100.0-beta.1" "test" "--frozen" "--no-run" "--message-format=json", kill_on_drop: false }`
[INFO] [stderr] warning: `package.homepage` is redundant with `package.repository`
[INFO] [stderr]   --> Cargo.toml:66:12
[INFO] [stderr]    |
[INFO] [stderr] 66 | homepage = "https://github.com/ishrut/raclettui"
[INFO] [stderr]    |            ^^^^^^^^^^^^^^^^^^^^^^^^^^^^^^^^^^^^^
[INFO] [stderr] ...
[INFO] [stderr] 71 | repository = "https://github.com/ishrut/raclettui"
[INFO] [stderr]    |              -------------------------------------
[INFO] [stderr]    |
[INFO] [stderr]    = note: `cargo::redundant_homepage` is set to `warn` by default
[INFO] [stderr] help: consider removing `package.homepage`
[INFO] [stderr] warning: `raclettui` (manifest) generated 1 warning
[INFO] [stderr]    Compiling syn v2.0.117
[INFO] [stderr]    Compiling rustix v1.1.4
[INFO] [stderr]    Compiling either v1.15.0
[INFO] [stderr]    Compiling errno v0.3.14
[INFO] [stderr]    Compiling instability v0.3.11
[INFO] [stderr]    Compiling convert_case v0.10.0
[INFO] [stderr]    Compiling deranged v0.5.8
[INFO] [stderr]    Compiling parking_lot_core v0.9.12
[INFO] [stderr]    Compiling signal-hook-registry v1.4.8
[INFO] [stderr]    Compiling mio v1.1.1
[INFO] [stderr]    Compiling itertools v0.14.0
[INFO] [stderr]    Compiling signal-hook v0.3.18
[INFO] [stderr]    Compiling litrs v1.0.0
[INFO] [stderr]    Compiling num_threads v0.1.7
[INFO] [stderr]    Compiling signal-hook-mio v0.2.5
[INFO] [stderr]    Compiling parking_lot v0.12.5
[INFO] [stderr]    Compiling line-clipping v0.3.5
[INFO] [stderr]    Compiling document-features v0.2.12
[INFO] [stderr]    Compiling time v0.3.47
[INFO] [stderr]    Compiling unicode-truncate v2.0.1
[INFO] [stderr]    Compiling darling_core v0.23.0
[INFO] [stderr]    Compiling thiserror-impl v2.0.18
[INFO] [stderr]    Compiling bytemuck_derive v1.11.0
[INFO] [stderr]    Compiling strum_macros v0.27.2
[INFO] [stderr]    Compiling derive_more-impl v2.1.1
[INFO] [stderr]    Compiling derive_more v2.1.1
[INFO] [stderr]    Compiling wayland-backend v0.3.15
[INFO] [stderr]    Compiling crossterm v0.29.0
[INFO] [stderr]    Compiling tempfile v3.26.0
[INFO] [stderr]    Compiling thiserror v2.0.18
[INFO] [stderr]    Compiling bytemuck v1.25.0
[INFO] [stderr]    Compiling kasuari v0.4.11
[INFO] [stderr]    Compiling beamterm-data v1.0.0
[INFO] [stderr]    Compiling font-types v0.12.2
[INFO] [stderr]    Compiling wayland-client v0.31.12
[INFO] [stderr]    Compiling read-fonts v0.40.1
[INFO] [stderr]    Compiling wayland-egl v0.32.11
[INFO] [stderr]    Compiling strum v0.27.2
[INFO] [stderr]    Compiling ratatui-core v0.1.0
[INFO] [stderr]    Compiling darling_macro v0.23.0
[INFO] [stderr]    Compiling darling v0.23.0
[INFO] [stderr]    Compiling wayland-protocols v0.32.10
[INFO] [stderr]    Compiling ratatui-widgets v0.3.0
[INFO] [stderr]    Compiling ratatui-crossterm v0.1.0
[INFO] [stderr]    Compiling ratatui-macros v0.7.0
[INFO] [stderr]    Compiling wayland-protocols-wlr v0.3.10
[INFO] [stderr]    Compiling ratatui v0.30.0
[INFO] [stderr]    Compiling skrifa v0.43.2
[INFO] [stderr]    Compiling swash v0.2.10
[INFO] [stderr]    Compiling beamterm-rasterizer v1.0.0
[INFO] [stderr]    Compiling beamterm-core v1.0.0
[INFO] [stderr]    Compiling raclettui v0.3.0 (/opt/rustwide/workdir)
[INFO] [stderr] warning: unused dependency `env_logger`
[INFO] [stderr]  --> Cargo.toml:5:15
[INFO] [stderr]   |
[INFO] [stderr] 5 | [dependencies.env_logger]
[INFO] [stderr]   |               ^^^^^^^^^^^
[INFO] [stderr]   |
[INFO] [stderr]   = note: `cargo::unused_dependencies` is set to `warn` by default
[INFO] [stderr] help: consider removing the dependency on `env_logger`
[INFO] [stderr] warning: unused dependency `tempfile`
[INFO] [stderr]   --> Cargo.toml:23:15
[INFO] [stderr]    |
[INFO] [stderr] 23 | [dependencies.tempfile]
[INFO] [stderr]    |               ^^^^^^^^^
[INFO] [stderr]    |
[INFO] [stderr] help: consider removing the dependency on `tempfile`
[INFO] [stderr] warning: unused dependency `wayland-egl`
[INFO] [stderr]   --> Cargo.toml:33:15
[INFO] [stderr]    |
[INFO] [stderr] 33 | [dependencies.wayland-egl]
[INFO] [stderr]    |               ^^^^^^^^^^^^
[INFO] [stderr]    |
[INFO] [stderr] help: consider removing the dependency on `wayland-egl`
[INFO] [stderr] warning: `raclettui` (manifest) generated 3 warnings
[INFO] [stderr]     Finished `test` profile [unoptimized + debuginfo] target(s) in 1m 09s
[INFO] [stderr] warning: the following packages contain code that will be rejected by a future version of Rust: glutin v0.32.3
[INFO] [stderr] note: to see what the problems were, use the option `--future-incompat-report`, or run `cargo report future-incompatibilities --id 4`
[INFO] running `Command { std: "docker" "inspect" "2243f3c478e34343cf6648e1a3cc6e0472ab66127d3ff1b3ff3e07cf276fd244", kill_on_drop: false }`
[INFO] running `Command { std: "docker" "exec" "-e" "SOURCE_DIR=/opt/rustwide/workdir" "-e" "CARGO_HOME=/opt/rustwide/cargo-home" "-e" "RUSTUP_HOME=/opt/rustwide/rustup-home" "-e" "CARGO_TARGET_DIR=/opt/rustwide/target" "-e" "CARGO_INCREMENTAL=0" "-e" "RUST_BACKTRACE=full" "-e" "RUSTFLAGS=--cap-lints=warn" "-e" "RUSTDOCFLAGS=--cap-lints=warn" "-w" "/opt/rustwide/workdir" "--user" "0:0" "2243f3c478e34343cf6648e1a3cc6e0472ab66127d3ff1b3ff3e07cf276fd244" "/opt/rustwide/cargo-home/bin/cargo" "+1.100.0-beta.1" "test" "--frozen", kill_on_drop: false }`
[INFO] [stderr] warning: `package.homepage` is redundant with `package.repository`
[INFO] [stderr]   --> Cargo.toml:66:12
[INFO] [stderr]    |
[INFO] [stderr] 66 | homepage = "https://github.com/ishrut/raclettui"
[INFO] [stderr]    |            ^^^^^^^^^^^^^^^^^^^^^^^^^^^^^^^^^^^^^
[INFO] [stderr] ...
[INFO] [stderr] 71 | repository = "https://github.com/ishrut/raclettui"
[INFO] [stderr]    |              -------------------------------------
[INFO] [stderr]    |
[INFO] [stderr]    = note: `cargo::redundant_homepage` is set to `warn` by default
[INFO] [stderr] help: consider removing `package.homepage`
[INFO] [stderr] warning: `raclettui` (manifest) generated 1 warning
[INFO] [stderr] warning: unused dependency `env_logger`
[INFO] [stderr]  --> Cargo.toml:5:15
[INFO] [stderr]   |
[INFO] [stderr] 5 | [dependencies.env_logger]
[INFO] [stderr]   |               ^^^^^^^^^^^
[INFO] [stderr]   |
[INFO] [stderr]   = note: `cargo::unused_dependencies` is set to `warn` by default
[INFO] [stderr] help: consider removing the dependency on `env_logger`
[INFO] [stderr] warning: unused dependency `tempfile`
[INFO] [stderr]   --> Cargo.toml:23:15
[INFO] [stderr]    |
[INFO] [stderr] 23 | [dependencies.tempfile]
[INFO] [stderr]    |               ^^^^^^^^^
[INFO] [stderr]    |
[INFO] [stderr] help: consider removing the dependency on `tempfile`
[INFO] [stderr] warning: unused dependency `wayland-egl`
[INFO] [stderr]   --> Cargo.toml:33:15
[INFO] [stderr]    |
[INFO] [stderr] 33 | [dependencies.wayland-egl]
[INFO] [stderr]    |               ^^^^^^^^^^^^
[INFO] [stderr]    |
[INFO] [stderr] help: consider removing the dependency on `wayland-egl`
[INFO] [stderr] warning: `raclettui` (manifest) generated 3 warnings
[INFO] [stderr]     Finished `test` profile [unoptimized + debuginfo] target(s) in 0.29s
[INFO] [stderr] warning: the following packages contain code that will be rejected by a future version of Rust: glutin v0.32.3
[INFO] [stderr] note: to see what the problems were, use the option `--future-incompat-report`, or run `cargo report future-incompatibilities --id 4`
[INFO] [stderr]      Running unittests src/lib.rs (/opt/rustwide/target/debug/build/raclettui/9905791c3e6b9d71/out/raclettui-9905791c3e6b9d71)
[INFO] [stdout] 
[INFO] [stdout] running 0 tests
[INFO] [stdout] 
[INFO] [stdout] test result: ok. 0 passed; 0 failed; 0 ignored; 0 measured; 0 filtered out; finished in 0.00s
[INFO] [stdout] 
[INFO] [stderr]    Doc-tests raclettui
[INFO] [stdout] 
[INFO] [stdout] running 3 tests
[INFO] [stdout] test src/lib.rs - (line 69) - compile ... FAILED
[INFO] [stdout] test src/lib.rs - (line 14) - compile ... ok
[INFO] [stdout] test src/window.rs - window::WindowBuilder (line 27) - compile ... ok
[INFO] [stdout] 
[INFO] [stdout] failures:
[INFO] [stdout] 
[INFO] [stdout] ---- src/lib.rs - (line 69) stdout ----
[INFO] [stdout] error[E0433]: cannot find type `WindowEvent` in this scope
[INFO] [stdout]   --> src/lib.rs:75:9
[INFO] [stdout]    |
[INFO] [stdout] 75 |         WindowEvent::Keyboard(k) => { /* k.code, k.shift, k.ctrl, … */ }
[INFO] [stdout]    |         ^^^^^^^^^^^ use of undeclared type `WindowEvent`
[INFO] [stdout] 
[INFO] [stdout] error[E0433]: cannot find type `WindowEvent` in this scope
[INFO] [stdout]   --> src/lib.rs:76:9
[INFO] [stdout]    |
[INFO] [stdout] 76 |         WindowEvent::Pointer(m)  => { /* motion, clicks, scroll */ }
[INFO] [stdout]    |         ^^^^^^^^^^^ use of undeclared type `WindowEvent`
[INFO] [stdout] 
[INFO] [stdout] error[E0433]: cannot find type `WindowEvent` in this scope
[INFO] [stdout]   --> src/lib.rs:77:9
[INFO] [stdout]    |
[INFO] [stdout] 77 |         WindowEvent::Resize { width, height } => {
[INFO] [stdout]    |         ^^^^^^^^^^^ use of undeclared type `WindowEvent`
[INFO] [stdout] 
[INFO] [stdout] error: aborting due to 3 previous errors
[INFO] [stdout] 
[INFO] [stdout] For more information about this error, try `rustc --explain E0433`.
[INFO] [stdout] Couldn't compile the test.
[INFO] [stdout] 
[INFO] [stdout] failures:
[INFO] [stdout]     src/lib.rs - (line 69)
[INFO] [stdout] 
[INFO] [stdout] test result: FAILED. 2 passed; 1 failed; 0 ignored; 0 measured; 0 filtered out; finished in 0.39s
[INFO] [stdout] 
[INFO] [stdout] all doctests ran in 0.89s; merged doctests compilation took 0.50s
[INFO] [stderr] error: doctest failed, to rerun pass `--doc`
[INFO] running `Command { std: "docker" "inspect" "2243f3c478e34343cf6648e1a3cc6e0472ab66127d3ff1b3ff3e07cf276fd244", kill_on_drop: false }`
[INFO] running `Command { std: "docker" "rm" "-f" "2243f3c478e34343cf6648e1a3cc6e0472ab66127d3ff1b3ff3e07cf276fd244", kill_on_drop: false }`
[INFO] [stdout] 2243f3c478e34343cf6648e1a3cc6e0472ab66127d3ff1b3ff3e07cf276fd244
