[INFO] fetching crate quickbooks-types 0.1.2...
[INFO] testing quickbooks-types-0.1.2 against 1.99.0-beta.8 for beta-1.100-2
[INFO] extracting crate quickbooks-types 0.1.2 into /workspace/builds/worker-2-tc1/source
[INFO] started tweaking crates.io crate quickbooks-types 0.1.2
[INFO] removed 0 missing examples
[INFO] finished tweaking crates.io crate quickbooks-types 0.1.2
[INFO] tweaked toml for crates.io crate quickbooks-types 0.1.2 written to /workspace/builds/worker-2-tc1/source/Cargo.toml
[INFO] validating manifest of crates.io crate quickbooks-types 0.1.2 on toolchain 1.99.0-beta.8
[INFO] running `Command { std: CARGO_HOME="/workspace/cargo-home" RUSTUP_HOME="/workspace/rustup-home" "/workspace/cargo-home/bin/cargo" "+1.99.0-beta.8" "metadata" "--manifest-path" "Cargo.toml" "--no-deps", kill_on_drop: false }`
[INFO] crate crates.io crate quickbooks-types 0.1.2 already has a lockfile, it will not be regenerated
[INFO] running `Command { std: CARGO_HOME="/workspace/cargo-home" RUSTUP_HOME="/workspace/rustup-home" "/workspace/cargo-home/bin/cargo" "+1.99.0-beta.8" "fetch" "--manifest-path" "Cargo.toml", kill_on_drop: false }`
[INFO] [stderr]     Updating crates.io index
[INFO] [stderr]  Downloading crates ...
[INFO] [stderr]   Downloaded array-init-cursor v0.2.1
[INFO] [stderr]   Downloaded ref-cast-impl v1.0.25
[INFO] [stderr]   Downloaded wasm-bindgen-futures v0.4.76
[INFO] [stderr]   Downloaded ref-cast v1.0.25
[INFO] [stderr]   Downloaded psm v0.1.31
[INFO] [stderr]   Downloaded polars-error v0.49.1
[INFO] [stderr]   Downloaded displaydoc v0.2.6
[INFO] [stderr]   Downloaded stacker v0.1.24
[INFO] [stderr]   Downloaded serde_with_macros v3.21.0
[INFO] [stderr]   Downloaded unicode-reverse v1.0.9
[INFO] [stderr]   Downloaded humantime v2.3.0
[INFO] [stderr]   Downloaded time-macros v0.2.30
[INFO] [stderr]   Downloaded planus v1.1.1
[INFO] [stderr]   Downloaded simd-adler32 v0.3.9
[INFO] [stderr]   Downloaded lz4 v1.28.1
[INFO] [stderr]   Downloaded strum_macros v0.26.4
[INFO] [stderr]   Downloaded polars-schema v0.49.1
[INFO] [stderr]   Downloaded strength_reduce v0.2.4
[INFO] [stderr]   Downloaded xxhash-rust v0.8.15
[INFO] [stderr]   Downloaded polars-row v0.49.1
[INFO] [stderr]   Downloaded debug_unsafe v0.1.4
[INFO] [stderr]   Downloaded recursive-proc-macro-impl v0.1.1
[INFO] [stderr]   Downloaded streaming-decompression v0.1.2
[INFO] [stderr]   Downloaded memmap2 v0.9.11
[INFO] [stderr]   Downloaded phf_shared v0.12.1
[INFO] [stderr]   Downloaded now v0.1.3
[INFO] [stderr]   Downloaded recursive v0.1.1
[INFO] [stderr]   Downloaded home v0.5.12
[INFO] [stderr]   Downloaded derive_builder_macro v0.20.2
[INFO] [stderr]   Downloaded cc v1.2.65
[INFO] [stderr]   Downloaded polars-utils v0.49.1
[INFO] [stderr]   Downloaded ar_archive_writer v0.5.2
[INFO] [stderr]   Downloaded quinn v0.11.11
[INFO] [stderr]   Downloaded polars-time v0.49.1
[INFO] [stderr]   Downloaded skiplist v0.5.1
[INFO] [stderr]   Downloaded phf v0.12.1
[INFO] [stderr]   Downloaded atoi_simd v0.16.1
[INFO] [stderr]   Downloaded boxcar v0.2.14
[INFO] [stderr]   Downloaded fs4 v0.13.1
[INFO] [stderr]   Downloaded derive_builder v0.20.2
[INFO] [stderr]   Downloaded derive_builder_core v0.20.2
[INFO] [stderr]   Downloaded schemars v1.2.1
[INFO] [stderr]   Downloaded polars-arrow-format v0.2.1
[INFO] [stderr]   Downloaded compact_str v0.8.2
[INFO] [stderr]   Downloaded streaming-iterator v0.1.9
[INFO] [stderr]   Downloaded fast-float2 v0.2.3
[INFO] [stderr]   Downloaded argminmax v0.6.3
[INFO] [stderr]   Downloaded polars-sql v0.49.1
[INFO] [stderr]   Downloaded arrayvec v0.7.7
[INFO] [stderr]   Downloaded polars-compute v0.49.1
[INFO] [stderr]   Downloaded ethnum v1.5.3
[INFO] [stderr]   Downloaded polars-parquet-format v0.1.0
[INFO] [stderr]   Downloaded polars-mem-engine v0.49.1
[INFO] [stderr]   Downloaded serde_with v3.21.0
[INFO] [stderr]   Downloaded comfy-table v7.2.2
[INFO] [stderr]   Downloaded polars-expr v0.49.1
[INFO] [stderr]   Downloaded time v0.3.51
[INFO] [stderr]   Downloaded polars v0.49.1
[INFO] [stderr]   Downloaded unicode-normalization v0.1.25
[INFO] [stderr]   Downloaded polars-lazy v0.49.1
[INFO] [stderr]   Downloaded tower-http v0.6.11
[INFO] [stderr]   Downloaded polars-io v0.49.1
[INFO] [stderr]   Downloaded polars-ops v0.49.1
[INFO] [stderr]   Downloaded quinn-proto v0.11.15
[INFO] [stderr]   Downloaded polars-parquet v0.49.1
[INFO] [stderr]   Downloaded polars-stream v0.49.1
[INFO] [stderr]   Downloaded blake3 v1.8.5
[INFO] [stderr]   Downloaded object_store v0.12.5
[INFO] [stderr]   Downloaded polars-arrow v0.49.1
[INFO] [stderr]   Downloaded sqlparser v0.53.0
[INFO] [stderr]   Downloaded object v0.37.3
[INFO] [stderr]   Downloaded rustls v0.23.41
[INFO] [stderr]   Downloaded polars-plan v0.49.1
[INFO] [stderr]   Downloaded polars-core v0.49.1
[INFO] [stderr]   Downloaded lz4-sys v1.11.1+lz4-1.10.0
[INFO] [stderr]   Downloaded web-sys v0.3.103
[INFO] [stderr]   Downloaded chrono-tz v0.10.4
[INFO] running `Command { std: "docker" "create" "-v" "/var/lib/crater-agent-workspace/builds/worker-2-tc1/source:/opt/rustwide/workdir:ro,Z" "-v" "/var/lib/crater-agent-workspace/builds/worker-2-tc1/target:/opt/rustwide/target:rw,Z" "-v" "/var/lib/crater-agent-workspace/cargo-home:/opt/rustwide/cargo-home:ro,Z" "-v" "/var/lib/crater-agent-workspace/rustup-home:/opt/rustwide/rustup-home:ro,Z" "-m" "1610612736" "--network" "none" "ghcr.io/rust-lang/crates-build-env/linux@sha256:3111399a4047eeb3a02b7a90e478d715f38a8c6669b5c4b49d30a17385265909" "sleep" "infinity", kill_on_drop: false }`
[INFO] [stdout] 6e22c91d58892f4bfdfc8fb93958e6855e43155b72ba37aed999057f15df9ecb
[INFO] running `Command { std: "docker" "start" "6e22c91d58892f4bfdfc8fb93958e6855e43155b72ba37aed999057f15df9ecb", kill_on_drop: false }`
[INFO] running `Command { std: "docker" "inspect" "6e22c91d58892f4bfdfc8fb93958e6855e43155b72ba37aed999057f15df9ecb", kill_on_drop: false }`
[INFO] running `Command { std: "docker" "exec" "-e" "SOURCE_DIR=/opt/rustwide/workdir" "-e" "CARGO_HOME=/opt/rustwide/cargo-home" "-e" "RUSTUP_HOME=/opt/rustwide/rustup-home" "-e" "CARGO_TARGET_DIR=/opt/rustwide/target" "-w" "/opt/rustwide/workdir" "--user" "0:0" "6e22c91d58892f4bfdfc8fb93958e6855e43155b72ba37aed999057f15df9ecb" "/opt/rustwide/cargo-home/bin/cargo" "+1.99.0-beta.8" "metadata" "--no-deps" "--format-version=1", kill_on_drop: false }`
[INFO] running `Command { std: "docker" "inspect" "6e22c91d58892f4bfdfc8fb93958e6855e43155b72ba37aed999057f15df9ecb", kill_on_drop: false }`
[INFO] running `Command { std: "docker" "exec" "-e" "SOURCE_DIR=/opt/rustwide/workdir" "-e" "CARGO_HOME=/opt/rustwide/cargo-home" "-e" "RUSTUP_HOME=/opt/rustwide/rustup-home" "-e" "CARGO_TARGET_DIR=/opt/rustwide/target" "-e" "CARGO_INCREMENTAL=0" "-e" "RUST_BACKTRACE=full" "-e" "RUSTFLAGS=--cap-lints=warn" "-e" "RUSTDOCFLAGS=--cap-lints=warn" "-w" "/opt/rustwide/workdir" "--user" "0:0" "6e22c91d58892f4bfdfc8fb93958e6855e43155b72ba37aed999057f15df9ecb" "/opt/rustwide/cargo-home/bin/cargo" "+1.99.0-beta.8" "build" "--frozen" "--message-format=json", kill_on_drop: false }`
[INFO] [stderr]    Compiling proc-macro2 v1.0.106
[INFO] [stderr]    Compiling quote v1.0.46
[INFO] [stderr]    Compiling unicode-ident v1.0.24
[INFO] [stderr]    Compiling serde_core v1.0.228
[INFO] [stderr]    Compiling ident_case v1.0.1
[INFO] [stderr]    Compiling strsim v0.11.1
[INFO] [stderr]    Compiling zmij v1.0.21
[INFO] [stderr]    Compiling serde v1.0.228
[INFO] [stderr]    Compiling paste v1.0.15
[INFO] [stderr]    Compiling serde_json v1.0.150
[INFO] [stderr]    Compiling thiserror v2.0.18
[INFO] [stderr]    Compiling memchr v2.8.2
[INFO] [stderr]    Compiling syn v2.0.118
[INFO] [stderr]    Compiling darling_core v0.23.0
[INFO] [stderr]    Compiling serde_derive v1.0.228
[INFO] [stderr]    Compiling thiserror-impl v2.0.18
[INFO] [stderr]    Compiling darling_macro v0.23.0
[INFO] [stderr]    Compiling darling v0.23.0
[INFO] [stderr]    Compiling serde_with_macros v3.21.0
[INFO] [stderr]    Compiling serde_with v3.21.0
[INFO] [stderr]    Compiling chrono v0.4.45
[INFO] [stderr]    Compiling quickbooks-types v0.1.2 (/opt/rustwide/workdir)
[INFO] [stdout] warning: unused imports: `QBQueryable` and `QBReadable`
[INFO] [stdout]  --> src/models/tax_code.rs:6:5
[INFO] [stdout]   |
[INFO] [stdout] 6 |     QBQueryable, QBReadable,
[INFO] [stdout]   |     ^^^^^^^^^^^  ^^^^^^^^^^
[INFO] [stdout]   |
[INFO] [stdout]   = note: `#[warn(unused_imports)]` (part of `#[warn(unused)]`) on by default
[INFO] [stdout] 
[INFO] [stdout] 
[INFO] [stderr]     Finished `dev` profile [unoptimized + debuginfo] target(s) in 21.83s
[INFO] running `Command { std: "docker" "inspect" "6e22c91d58892f4bfdfc8fb93958e6855e43155b72ba37aed999057f15df9ecb", kill_on_drop: false }`
[INFO] running `Command { std: "docker" "exec" "-e" "SOURCE_DIR=/opt/rustwide/workdir" "-e" "CARGO_HOME=/opt/rustwide/cargo-home" "-e" "RUSTUP_HOME=/opt/rustwide/rustup-home" "-e" "CARGO_TARGET_DIR=/opt/rustwide/target" "-e" "CARGO_INCREMENTAL=0" "-e" "RUST_BACKTRACE=full" "-e" "RUSTFLAGS=--cap-lints=warn" "-e" "RUSTDOCFLAGS=--cap-lints=warn" "-w" "/opt/rustwide/workdir" "--user" "0:0" "6e22c91d58892f4bfdfc8fb93958e6855e43155b72ba37aed999057f15df9ecb" "/opt/rustwide/cargo-home/bin/cargo" "+1.99.0-beta.8" "test" "--frozen" "--no-run" "--message-format=json", kill_on_drop: false }`
[INFO] [stdout] warning: unused imports: `QBQueryable` and `QBReadable`
[INFO] [stdout]  --> src/models/tax_code.rs:6:5
[INFO] [stdout]   |
[INFO] [stdout] 6 |     QBQueryable, QBReadable,
[INFO] [stdout]   |     ^^^^^^^^^^^  ^^^^^^^^^^
[INFO] [stdout]   |
[INFO] [stdout]   = note: `#[warn(unused_imports)]` (part of `#[warn(unused)]`) on by default
[INFO] [stdout] 
[INFO] [stdout] 
[INFO] [stderr]    Compiling quickbooks-types v0.1.2 (/opt/rustwide/workdir)
[INFO] [stdout] warning: unused imports: `QBQueryable` and `QBReadable`
[INFO] [stdout]  --> src/models/tax_code.rs:6:5
[INFO] [stdout]   |
[INFO] [stdout] 6 |     QBQueryable, QBReadable,
[INFO] [stdout]   |     ^^^^^^^^^^^  ^^^^^^^^^^
[INFO] [stdout]   |
[INFO] [stdout]   = note: `#[warn(unused_imports)]` (part of `#[warn(unused)]`) on by default
[INFO] [stdout] 
[INFO] [stdout] 
[INFO] [stderr]     Finished `test` profile [unoptimized + debuginfo] target(s) in 6.95s
[INFO] running `Command { std: "docker" "inspect" "6e22c91d58892f4bfdfc8fb93958e6855e43155b72ba37aed999057f15df9ecb", kill_on_drop: false }`
[INFO] running `Command { std: "docker" "exec" "-e" "SOURCE_DIR=/opt/rustwide/workdir" "-e" "CARGO_HOME=/opt/rustwide/cargo-home" "-e" "RUSTUP_HOME=/opt/rustwide/rustup-home" "-e" "CARGO_TARGET_DIR=/opt/rustwide/target" "-e" "CARGO_INCREMENTAL=0" "-e" "RUST_BACKTRACE=full" "-e" "RUSTFLAGS=--cap-lints=warn" "-e" "RUSTDOCFLAGS=--cap-lints=warn" "-w" "/opt/rustwide/workdir" "--user" "0:0" "6e22c91d58892f4bfdfc8fb93958e6855e43155b72ba37aed999057f15df9ecb" "/opt/rustwide/cargo-home/bin/cargo" "+1.99.0-beta.8" "test" "--frozen", kill_on_drop: false }`
[INFO] [stderr] warning: unused imports: `QBQueryable` and `QBReadable`
[INFO] [stderr]  --> src/models/tax_code.rs:6:5
[INFO] [stderr]   |
[INFO] [stderr] 6 |     QBQueryable, QBReadable,
[INFO] [stderr]   |     ^^^^^^^^^^^  ^^^^^^^^^^
[INFO] [stderr]   |
[INFO] [stderr]   = note: `#[warn(unused_imports)]` (part of `#[warn(unused)]`) on by default
[INFO] [stderr] 
[INFO] [stderr] warning: `quickbooks-types` (lib) generated 1 warning (run `cargo fix --lib -p quickbooks-types` to apply 1 suggestion)
[INFO] [stderr] warning: `quickbooks-types` (lib test) generated 1 warning (1 duplicate)
[INFO] [stderr]     Finished `test` profile [unoptimized + debuginfo] target(s) in 0.15s
[INFO] [stderr]      Running unittests src/lib.rs (/opt/rustwide/target/debug/deps/quickbooks_types-1e6505ddfddbfe66)
[INFO] [stdout] 
[INFO] [stdout] running 3 tests
[INFO] [stdout] test models::line::deserialize_line ... ok
[INFO] [stdout] test reports::tests::test_report_column_names ... ok
[INFO] [stdout] test reports::tests::test_report_ser_de ... ok
[INFO] [stdout] 
[INFO] [stdout] test result: ok. 3 passed; 0 failed; 0 ignored; 0 measured; 0 filtered out; finished in 0.01s
[INFO] [stdout] 
[INFO] [stderr]    Doc-tests quickbooks_types
[INFO] [stdout] 
[INFO] [stdout] running 11 tests
[INFO] [stdout] test src/lib.rs - QBSparseUpdateable (line 405) - compile ... ok
[INFO] [stdout] test src/lib.rs - QBToRef (line 460) - compile ... ok
[INFO] [stdout] test src/lib.rs - QBItem (line 94) - compile ... ok
[INFO] [stdout] test src/lib.rs - QBFullUpdatable (line 369) - compile ... ok
[INFO] [stdout] test src/lib.rs - (line 17) - compile ... FAILED
[INFO] [stdout] test src/lib.rs - QBVoidable (line 334) - compile ... ok
[INFO] [stdout] test src/lib.rs - QBReadable (line 254) - compile ... ok
[INFO] [stdout] test src/lib.rs - QBQueryable (line 280) - compile ... ok
[INFO] [stdout] test src/lib.rs - QBCreatable (line 216) - compile ... ok
[INFO] [stdout] test src/lib.rs - QBDeletable (line 302) - compile ... ok
[INFO] [stdout] test src/lib.rs - (line 43) - compile ... FAILED
[INFO] [stdout] 
[INFO] [stdout] failures:
[INFO] [stdout] 
[INFO] [stdout] ---- src/lib.rs - (line 17) stdout ----
[INFO] [stdout] error[E0432]: unresolved imports `crate::Invoice`, `crate::Line`, `crate::LineDetail`, `crate::SalesItemLineDetail`, `crate::QBCreatable`
[INFO] [stdout]   --> src/lib.rs:19:13
[INFO] [stdout]    |
[INFO] [stdout] 19 | use crate::{Invoice, Line, LineDetail, SalesItemLineDetail, QBCreatable};
[INFO] [stdout]    |             ^^^^^^^  ^^^^  ^^^^^^^^^^  ^^^^^^^^^^^^^^^^^^^  ^^^^^^^^^^^ no `QBCreatable` in the root
[INFO] [stdout]    |             |        |     |           |
[INFO] [stdout]    |             |        |     |           no `SalesItemLineDetail` in the root
[INFO] [stdout]    |             |        |     no `LineDetail` in the root
[INFO] [stdout]    |             |        no `Line` in the root
[INFO] [stdout]    |             no `Invoice` in the root
[INFO] [stdout] 
[INFO] [stdout] error[E0432]: unresolved import `crate::common`
[INFO] [stdout]   --> src/lib.rs:20:12
[INFO] [stdout]    |
[INFO] [stdout] 20 | use crate::common::NtRef;
[INFO] [stdout]    |            ^^^^^^ could not find `common` in the crate root
[INFO] [stdout] 
[INFO] [stdout] error: aborting due to 2 previous errors
[INFO] [stdout] 
[INFO] [stdout] For more information about this error, try `rustc --explain E0432`.
[INFO] [stdout] Couldn't compile the test.
[INFO] [stdout] ---- src/lib.rs - (line 43) stdout ----
[INFO] [stdout] error[E0433]: cannot find `reports` in the crate root
[INFO] [stdout]   --> src/lib.rs:45:12
[INFO] [stdout]    |
[INFO] [stdout] 45 | use crate::reports::types::*;
[INFO] [stdout]    |            ^^^^^^^ could not find `reports` in the crate root
[INFO] [stdout] 
[INFO] [stdout] error[E0433]: cannot find `reports` in the crate root
[INFO] [stdout]   --> src/lib.rs:46:12
[INFO] [stdout]    |
[INFO] [stdout] 46 | use crate::reports::params::*;
[INFO] [stdout]    |            ^^^^^^^ could not find `reports` in the crate root
[INFO] [stdout] 
[INFO] [stdout] error[E0433]: cannot find type `BalanceSheetParams` in this scope
[INFO] [stdout]   --> src/lib.rs:48:14
[INFO] [stdout]    |
[INFO] [stdout] 48 | let params = BalanceSheetParams::new()
[INFO] [stdout]    |              ^^^^^^^^^^^^^^^^^^ use of undeclared type `BalanceSheetParams`
[INFO] [stdout] 
[INFO] [stdout] error[E0433]: cannot find type `AccountingMethod` in this scope
[INFO] [stdout]   --> src/lib.rs:49:24
[INFO] [stdout]    |
[INFO] [stdout] 49 |     .accounting_method(AccountingMethod::Cash)
[INFO] [stdout]    |                        ^^^^^^^^^^^^^^^^ use of undeclared type `AccountingMethod`
[INFO] [stdout] 
[INFO] [stdout] error[E0433]: cannot find type `DateMacro` in this scope
[INFO] [stdout]   --> src/lib.rs:52:17
[INFO] [stdout]    |
[INFO] [stdout] 52 |     .date_macro(DateMacro::ThisFiscalYear);
[INFO] [stdout]    |                 ^^^^^^^^^ use of undeclared type `DateMacro`
[INFO] [stdout] 
[INFO] [stdout] error: aborting due to 5 previous errors
[INFO] [stdout] 
[INFO] [stdout] For more information about this error, try `rustc --explain E0433`.
[INFO] [stdout] Couldn't compile the test.
[INFO] [stdout] 
[INFO] [stdout] failures:
[INFO] [stdout]     src/lib.rs - (line 17)
[INFO] [stdout]     src/lib.rs - (line 43)
[INFO] [stdout] 
[INFO] [stdout] test result: FAILED. 9 passed; 2 failed; 0 ignored; 0 measured; 0 filtered out; finished in 0.27s
[INFO] [stdout] 
[INFO] [stderr] error: doctest failed, to rerun pass `--doc`
[INFO] running `Command { std: "docker" "inspect" "6e22c91d58892f4bfdfc8fb93958e6855e43155b72ba37aed999057f15df9ecb", kill_on_drop: false }`
[INFO] running `Command { std: "docker" "rm" "-f" "6e22c91d58892f4bfdfc8fb93958e6855e43155b72ba37aed999057f15df9ecb", kill_on_drop: false }`
[INFO] [stdout] 6e22c91d58892f4bfdfc8fb93958e6855e43155b72ba37aed999057f15df9ecb
