[INFO] fetching crate queuey 1.1.0...
[INFO] testing queuey-1.1.0 against 1.99.0-beta.8 for beta-1.100-2
[INFO] extracting crate queuey 1.1.0 into /workspace/builds/worker-7-tc1/source
[INFO] started tweaking crates.io crate queuey 1.1.0
[INFO] removed 0 missing examples
[INFO] removed 0 missing tests
[INFO] finished tweaking crates.io crate queuey 1.1.0
[INFO] tweaked toml for crates.io crate queuey 1.1.0 written to /workspace/builds/worker-7-tc1/source/Cargo.toml
[INFO] validating manifest of crates.io crate queuey 1.1.0 on toolchain 1.99.0-beta.8
[INFO] running `Command { std: CARGO_HOME="/workspace/cargo-home" RUSTUP_HOME="/workspace/rustup-home" "/workspace/cargo-home/bin/cargo" "+1.99.0-beta.8" "metadata" "--manifest-path" "Cargo.toml" "--no-deps", kill_on_drop: false }`
[INFO] crate crates.io crate queuey 1.1.0 already has a lockfile, it will not be regenerated
[INFO] running `Command { std: CARGO_HOME="/workspace/cargo-home" RUSTUP_HOME="/workspace/rustup-home" "/workspace/cargo-home/bin/cargo" "+1.99.0-beta.8" "fetch" "--manifest-path" "Cargo.toml", kill_on_drop: false }`
[INFO] [stderr]     Blocking waiting for file lock on package cache
[INFO] [stderr]     Updating crates.io index
[INFO] [stderr]     Blocking waiting for file lock on package cache
[INFO] [stderr]  Downloading crates ...
[INFO] [stderr]   Downloaded spin v0.9.9
[INFO] [stderr]   Downloaded amq-protocol-uri v10.6.3
[INFO] [stderr]   Downloaded amq-protocol-types v10.6.3
[INFO] [stderr]   Downloaded tagptr v0.2.0
[INFO] [stderr]   Downloaded async-global-executor v3.1.0
[INFO] [stderr]   Downloaded dunce v1.0.5
[INFO] [stderr]   Downloaded rustls-connector v0.23.8
[INFO] [stderr]   Downloaded rustls-platform-verifier-android v0.1.1
[INFO] [stderr]   Downloaded asn1-rs-derive v0.6.0
[INFO] [stderr]   Downloaded resolv-conf v0.7.6
[INFO] [stderr]   Downloaded ipconfig v0.3.4
[INFO] [stderr]   Downloaded blocking v1.7.0
[INFO] [stderr]   Downloaded async-compat v0.2.6
[INFO] [stderr]   Downloaded amq-protocol-tcp v10.6.3
[INFO] [stderr]   Downloaded flagset v0.4.7
[INFO] [stderr]   Downloaded rustls-native-certs v0.8.4
[INFO] [stderr]   Downloaded rusticata-macros v4.1.0
[INFO] [stderr]   Downloaded asn1-rs-impl v0.2.0
[INFO] [stderr]   Downloaded rc2 v0.8.1
[INFO] [stderr]   Downloaded pem-rfc7468 v0.7.0
[INFO] [stderr]   Downloaded scrypt v0.11.0
[INFO] [stderr]   Downloaded async-rs v0.8.12
[INFO] [stderr]   Downloaded tcp-stream v0.34.14
[INFO] [stderr]   Downloaded fs_extra v1.3.0
[INFO] [stderr]   Downloaded futures-rustls v0.26.0
[INFO] [stderr]   Downloaded oid-registry v0.8.1
[INFO] [stderr]   Downloaded der_derive v0.7.3
[INFO] [stderr]   Downloaded salsa20 v0.10.2
[INFO] [stderr]   Downloaded smallvec v1.16.0
[INFO] [stderr]   Downloaded mio v1.2.3
[INFO] [stderr]   Downloaded backon v1.6.0
[INFO] [stderr]   Downloaded tinyvec v1.13.2
[INFO] [stderr]   Downloaded amq-protocol v10.6.3
[INFO] [stderr]   Downloaded rustls-pki-types v1.15.1
[INFO] [stderr]   Downloaded cmake v0.1.58
[INFO] [stderr]   Downloaded pkcs5 v0.7.1
[INFO] [stderr]   Downloaded async-openssl v0.2.10
[INFO] [stderr]   Downloaded queuey-rabbitmq v1.1.0
[INFO] [stderr]   Downloaded des v0.8.1
[INFO] [stderr]   Downloaded async-native-tls v0.6.0
[INFO] [stderr]   Downloaded queuey-macros v1.1.0
[INFO] [stderr]   Downloaded rustls-platform-verifier v0.7.0
[INFO] [stderr]   Downloaded p12-keystore v0.2.1
[INFO] [stderr]   Downloaded pkcs12 v0.1.0
[INFO] [stderr]   Downloaded combine v4.6.8
[INFO] [stderr]   Downloaded widestring v1.2.1
[INFO] [stderr]   Downloaded cc v1.4.5
[INFO] [stderr]   Downloaded prefix-trie v0.8.4
[INFO] [stderr]   Downloaded asn1-rs v0.7.2
[INFO] [stderr]   Downloaded der-parser v10.0.0
[INFO] [stderr]   Downloaded rustls-webpki v0.103.15
[INFO] [stderr]   Downloaded x509-parser v0.18.1
[INFO] [stderr]   Downloaded x509-cert v0.2.5
[INFO] [stderr]   Downloaded hickory-net v0.26.3
[INFO] [stderr]   Downloaded webpki-root-certs v1.0.9
[INFO] [stderr]   Downloaded lapin v4.11.0
[INFO] [stderr]   Downloaded hickory-resolver v0.26.3
[INFO] [stderr]   Downloaded cms v0.2.3
[INFO] [stderr]   Downloaded moka v0.12.16
[INFO] [stderr]   Downloaded aws-lc-rs v1.18.1
[INFO] [stderr]   Downloaded hickory-proto v0.26.3
[INFO] [stderr]   Downloaded simd_cesu8 v1.2.0
[INFO] [stderr]   Downloaded rustls v0.23.44
[INFO] [stderr]   Downloaded openssl-src v300.6.1+3.6.3
[INFO] [stderr]   Downloaded aws-lc-sys v0.45.0
[INFO] running `Command { std: "docker" "create" "-v" "/var/lib/crater-agent-workspace/builds/worker-7-tc1/source:/opt/rustwide/workdir:ro,Z" "-v" "/var/lib/crater-agent-workspace/builds/worker-7-tc1/target:/opt/rustwide/target:rw,Z" "-v" "/var/lib/crater-agent-workspace/cargo-home:/opt/rustwide/cargo-home:ro,Z" "-v" "/var/lib/crater-agent-workspace/rustup-home:/opt/rustwide/rustup-home:ro,Z" "-m" "1610612736" "--network" "none" "ghcr.io/rust-lang/crates-build-env/linux@sha256:3111399a4047eeb3a02b7a90e478d715f38a8c6669b5c4b49d30a17385265909" "sleep" "infinity", kill_on_drop: false }`
[INFO] [stdout] 50c58cfbf29383e3f3bc3be6f95ed7dec182bc4e4b89963897a1b59fb841253c
[INFO] running `Command { std: "docker" "start" "50c58cfbf29383e3f3bc3be6f95ed7dec182bc4e4b89963897a1b59fb841253c", kill_on_drop: false }`
[INFO] running `Command { std: "docker" "inspect" "50c58cfbf29383e3f3bc3be6f95ed7dec182bc4e4b89963897a1b59fb841253c", kill_on_drop: false }`
[INFO] running `Command { std: "docker" "exec" "-e" "SOURCE_DIR=/opt/rustwide/workdir" "-e" "CARGO_HOME=/opt/rustwide/cargo-home" "-e" "RUSTUP_HOME=/opt/rustwide/rustup-home" "-e" "CARGO_TARGET_DIR=/opt/rustwide/target" "-w" "/opt/rustwide/workdir" "--user" "0:0" "50c58cfbf29383e3f3bc3be6f95ed7dec182bc4e4b89963897a1b59fb841253c" "/opt/rustwide/cargo-home/bin/cargo" "+1.99.0-beta.8" "metadata" "--no-deps" "--format-version=1", kill_on_drop: false }`
[INFO] running `Command { std: "docker" "inspect" "50c58cfbf29383e3f3bc3be6f95ed7dec182bc4e4b89963897a1b59fb841253c", kill_on_drop: false }`
[INFO] running `Command { std: "docker" "exec" "-e" "SOURCE_DIR=/opt/rustwide/workdir" "-e" "CARGO_HOME=/opt/rustwide/cargo-home" "-e" "RUSTUP_HOME=/opt/rustwide/rustup-home" "-e" "CARGO_TARGET_DIR=/opt/rustwide/target" "-e" "CARGO_INCREMENTAL=0" "-e" "RUST_BACKTRACE=full" "-e" "RUSTFLAGS=--cap-lints=warn" "-e" "RUSTDOCFLAGS=--cap-lints=warn" "-w" "/opt/rustwide/workdir" "--user" "0:0" "50c58cfbf29383e3f3bc3be6f95ed7dec182bc4e4b89963897a1b59fb841253c" "/opt/rustwide/cargo-home/bin/cargo" "+1.99.0-beta.8" "build" "--frozen" "--message-format=json", kill_on_drop: false }`
[INFO] [stderr]    Compiling proc-macro2 v1.0.107
[INFO] [stderr]    Compiling quote v1.0.47
[INFO] [stderr]    Compiling libc v0.2.189
[INFO] [stderr]    Compiling zeroize v1.9.0
[INFO] [stderr]    Compiling memchr v2.8.3
[INFO] [stderr]    Compiling find-msvc-tools v0.1.12
[INFO] [stderr]    Compiling fs_extra v1.3.0
[INFO] [stderr]    Compiling pkg-config v0.3.34
[INFO] [stderr]    Compiling dunce v1.0.5
[INFO] [stderr]    Compiling futures-core v0.3.34
[INFO] [stderr]    Compiling base64ct v1.8.3
[INFO] [stderr]    Compiling futures-io v0.3.34
[INFO] [stderr]    Compiling thiserror v2.0.20
[INFO] [stderr]    Compiling aws-lc-rs v1.18.1
[INFO] [stderr]    Compiling block-padding v0.3.3
[INFO] [stderr]    Compiling digest v0.10.7
[INFO] [stderr]    Compiling litemap v0.8.3
[INFO] [stderr]    Compiling inout v0.1.4
[INFO] [stderr]    Compiling flagset v0.4.7
[INFO] [stderr]    Compiling time-core v0.1.9
[INFO] [stderr]    Compiling num-conv v0.2.2
[INFO] [stderr]    Compiling writeable v0.6.4
[INFO] [stderr]    Compiling const-oid v0.9.6
[INFO] [stderr]    Compiling cipher v0.4.4
[INFO] [stderr]    Compiling rustls-pki-types v1.15.1
[INFO] [stderr]    Compiling deranged v0.5.8
[INFO] [stderr]    Compiling getrandom v0.4.3
[INFO] [stderr]    Compiling icu_normalizer_data v2.3.0
[INFO] [stderr]    Compiling powerfmt v0.2.0
[INFO] [stderr]    Compiling time-macros v0.2.32
[INFO] [stderr]    Compiling icu_properties_data v2.3.0
[INFO] [stderr]    Compiling pem-rfc7468 v0.7.0
[INFO] [stderr]    Compiling rand_core v0.10.1
[INFO] [stderr]    Compiling rustls v0.23.44
[INFO] [stderr]    Compiling hmac v0.12.1
[INFO] [stderr]    Compiling oid-registry v0.8.1
[INFO] [stderr]    Compiling cpufeatures v0.3.1
[INFO] [stderr]    Compiling smallvec v1.16.0
[INFO] [stderr]    Compiling num-bigint v0.4.8
[INFO] [stderr]    Compiling pbkdf2 v0.12.2
[INFO] [stderr]    Compiling sha2 v0.10.9
[INFO] [stderr]    Compiling nom v7.1.3
[INFO] [stderr]    Compiling chacha20 v0.10.2
[INFO] [stderr]    Compiling salsa20 v0.10.2
[INFO] [stderr]    Compiling openssl-probe v0.2.1
[INFO] [stderr]    Compiling futures-sink v0.3.34
[INFO] [stderr]    Compiling serde_json v1.0.151
[INFO] [stderr]    Compiling cbc v0.1.2
[INFO] [stderr]    Compiling rustls-native-certs v0.8.4
[INFO] [stderr]    Compiling aes v0.8.4
[INFO] [stderr]    Compiling data-encoding v2.11.1
[INFO] [stderr]    Compiling log v0.4.34
[INFO] [stderr]    Compiling lazy_static v1.5.0
[INFO] [stderr]    Compiling form_urlencoded v1.2.2
[INFO] [stderr]    Compiling jobserver v0.1.35
[INFO] [stderr]    Compiling mio v1.2.3
[INFO] [stderr]    Compiling socket2 v0.6.5
[INFO] [stderr]    Compiling scrypt v0.11.0
[INFO] [stderr]    Compiling des v0.8.1
[INFO] [stderr]    Compiling rc2 v0.8.1
[INFO] [stderr]    Compiling cc v1.4.5
[INFO] [stderr]    Compiling syn v3.0.5
[INFO] [stderr]    Compiling syn v2.0.119
[INFO] [stderr]    Compiling rand v0.10.2
[INFO] [stderr]    Compiling nom v8.0.0
[INFO] [stderr]    Compiling sha1 v0.10.7
[INFO] [stderr]    Compiling cookie-factory v0.3.3
[INFO] [stderr]    Compiling futures-channel v0.3.34
[INFO] [stderr]    Compiling futures-task v0.3.34
[INFO] [stderr]    Compiling slab v0.4.12
[INFO] [stderr]    Compiling amq-protocol v10.6.3
[INFO] [stderr]    Compiling winnow v1.0.4
[INFO] [stderr]    Compiling hashbrown v0.17.1
[INFO] [stderr]    Compiling equivalent v1.0.2
[INFO] [stderr]    Compiling spin v0.9.9
[INFO] [stderr]    Compiling fastrand v2.5.0
[INFO] [stderr]    Compiling lapin v4.11.0
[INFO] [stderr]    Compiling parking v2.2.1
[INFO] [stderr]    Compiling toml_datetime v1.1.1+spec-1.1.0
[INFO] [stderr]    Compiling event-listener v5.4.2
[INFO] [stderr]    Compiling backon v1.6.0
[INFO] [stderr]    Compiling flume v0.12.0
[INFO] [stderr]    Compiling uuid v1.26.1
[INFO] [stderr]    Compiling time v0.3.55
[INFO] [stderr]    Compiling indexmap v2.14.2
[INFO] [stderr]    Compiling cmake v0.1.58
[INFO] [stderr]    Compiling aws-lc-sys v0.45.0
[INFO] [stderr]    Compiling rusticata-macros v4.1.0
[INFO] [stderr]    Compiling toml_parser v1.1.3+spec-1.1.0
[INFO] [stderr]    Compiling toml_edit v0.25.15+spec-1.1.0
[INFO] [stderr]    Compiling proc-macro-crate v3.5.0
[INFO] [stderr]    Compiling synstructure v0.13.2
[INFO] [stderr]    Compiling der_derive v0.7.3
[INFO] [stderr]    Compiling asn1-rs-impl v0.2.0
[INFO] [stderr]    Compiling tracing-attributes v0.1.31
[INFO] [stderr]    Compiling zerofrom-derive v0.1.7
[INFO] [stderr]    Compiling yoke-derive v0.8.2
[INFO] [stderr]    Compiling asn1-rs-derive v0.6.0
[INFO] [stderr]    Compiling der v0.7.10
[INFO] [stderr]    Compiling displaydoc v0.2.7
[INFO] [stderr]    Compiling zerovec-derive v0.11.6
[INFO] [stderr]    Compiling thiserror-impl v2.0.20
[INFO] [stderr]    Compiling tokio-macros v2.7.2
[INFO] [stderr]    Compiling serde_derive v1.0.229
[INFO] [stderr]    Compiling async-trait v0.1.92
[INFO] [stderr]    Compiling tracing v0.1.44
[INFO] [stderr]    Compiling futures-macro v0.3.34
[INFO] [stderr]    Compiling queuey-macros v1.1.0
[INFO] [stderr]    Compiling zerofrom v0.1.8
[INFO] [stderr]    Compiling tokio v1.53.1
[INFO] [stderr]    Compiling yoke v0.8.3
[INFO] [stderr]    Compiling futures-util v0.3.34
[INFO] [stderr]    Compiling asn1-rs v0.7.2
[INFO] [stderr]    Compiling zerotrie v0.2.5
[INFO] [stderr]    Compiling zerovec v0.11.8
[INFO] [stderr]    Compiling spki v0.7.3
[INFO] [stderr]    Compiling x509-cert v0.2.5
[INFO] [stderr]    Compiling der-parser v10.0.0
[INFO] [stderr]    Compiling tinystr v0.8.4
[INFO] [stderr]    Compiling potential_utf v0.1.6
[INFO] [stderr]    Compiling pkcs5 v0.7.1
[INFO] [stderr]    Compiling icu_collections v2.3.0
[INFO] [stderr]    Compiling icu_locale_core v2.3.0
[INFO] [stderr]    Compiling x509-parser v0.18.1
[INFO] [stderr]    Compiling serde v1.0.229
[INFO] [stderr]    Compiling futures-executor v0.3.34
[INFO] [stderr]    Compiling icu_provider v2.3.1
[INFO] [stderr]    Compiling futures v0.3.34
[INFO] [stderr]    Compiling amq-protocol-types v10.6.3
[INFO] [stderr]    Compiling cms v0.2.3
[INFO] [stderr]    Compiling icu_normalizer v2.3.0
[INFO] [stderr]    Compiling icu_properties v2.3.0
[INFO] [stderr]    Compiling tokio-stream v0.1.19
[INFO] [stderr]    Compiling async-compat v0.2.6
[INFO] [stderr]    Compiling pkcs12 v0.1.0
[INFO] [stderr]    Compiling p12-keystore v0.2.1
[INFO] [stderr]    Compiling async-rs v0.8.12
[INFO] [stderr]    Compiling queuey-core v1.1.0
[INFO] [stderr]    Compiling idna_adapter v1.2.2
[INFO] [stderr]    Compiling idna v1.1.0
[INFO] [stderr]    Compiling url v2.5.8
[INFO] [stderr]    Compiling amq-protocol-uri v10.6.3
[INFO] [stderr]    Compiling rustls-webpki v0.103.15
[INFO] [stderr]    Compiling rustls-platform-verifier v0.7.0
[INFO] [stderr]    Compiling futures-rustls v0.26.0
[INFO] [stderr]    Compiling rustls-connector v0.23.8
[INFO] [stderr]    Compiling tcp-stream v0.34.14
[INFO] [stderr]    Compiling amq-protocol-tcp v10.6.3
[INFO] [stderr]    Compiling queuey-rabbitmq v1.1.0
[INFO] [stderr]    Compiling queuey v1.1.0 (/opt/rustwide/workdir)
[INFO] [stderr]     Finished `dev` profile [unoptimized + debuginfo] target(s) in 1m 26s
[INFO] running `Command { std: "docker" "inspect" "50c58cfbf29383e3f3bc3be6f95ed7dec182bc4e4b89963897a1b59fb841253c", kill_on_drop: false }`
[INFO] running `Command { std: "docker" "exec" "-e" "SOURCE_DIR=/opt/rustwide/workdir" "-e" "CARGO_HOME=/opt/rustwide/cargo-home" "-e" "RUSTUP_HOME=/opt/rustwide/rustup-home" "-e" "CARGO_TARGET_DIR=/opt/rustwide/target" "-e" "CARGO_INCREMENTAL=0" "-e" "RUST_BACKTRACE=full" "-e" "RUSTFLAGS=--cap-lints=warn" "-e" "RUSTDOCFLAGS=--cap-lints=warn" "-w" "/opt/rustwide/workdir" "--user" "0:0" "50c58cfbf29383e3f3bc3be6f95ed7dec182bc4e4b89963897a1b59fb841253c" "/opt/rustwide/cargo-home/bin/cargo" "+1.99.0-beta.8" "test" "--frozen" "--no-run" "--message-format=json", kill_on_drop: false }`
[INFO] [stderr]    Compiling serde_core v1.0.229
[INFO] [stderr]    Compiling errno v0.3.14
[INFO] [stderr]    Compiling log v0.4.34
[INFO] [stderr]    Compiling tracing-core v0.1.36
[INFO] [stderr]    Compiling target-tuple v1.0.2
[INFO] [stderr]    Compiling regex-syntax v0.8.11
[INFO] [stderr]    Compiling winnow v1.0.4
[INFO] [stderr]    Compiling toml_writer v1.1.2+spec-1.1.0
[INFO] [stderr]    Compiling sharded-slab v0.1.7
[INFO] [stderr]    Compiling thread_local v1.1.10
[INFO] [stderr]    Compiling nu-ansi-term v0.50.3
[INFO] [stderr]    Compiling glob v0.3.4
[INFO] [stderr]    Compiling termcolor v1.4.1
[INFO] [stderr]    Compiling signal-hook-registry v1.4.8
[INFO] [stderr]    Compiling rustls-platform-verifier v0.7.0
[INFO] [stderr]    Compiling tokio v1.53.1
[INFO] [stderr]    Compiling rustls-connector v0.23.8
[INFO] [stderr]    Compiling toml_parser v1.1.3+spec-1.1.0
[INFO] [stderr]    Compiling tracing v0.1.44
[INFO] [stderr]    Compiling tracing-log v0.2.0
[INFO] [stderr]    Compiling regex-automata v0.4.18
[INFO] [stderr]    Compiling serde v1.0.229
[INFO] [stderr]    Compiling serde_json v1.0.151
[INFO] [stderr]    Compiling uuid v1.26.1
[INFO] [stderr]    Compiling toml_datetime v1.1.1+spec-1.1.0
[INFO] [stderr]    Compiling serde_spanned v1.1.1
[INFO] [stderr]    Compiling toml v1.1.6+spec-1.1.0
[INFO] [stderr]    Compiling matchers v0.2.0
[INFO] [stderr]    Compiling tracing-subscriber v0.3.23
[INFO] [stderr]    Compiling amq-protocol-types v10.6.3
[INFO] [stderr]    Compiling trybuild v1.0.121
[INFO] [stderr]    Compiling tokio-stream v0.1.19
[INFO] [stderr]    Compiling async-compat v0.2.6
[INFO] [stderr]    Compiling amq-protocol-uri v10.6.3
[INFO] [stderr]    Compiling async-rs v0.8.12
[INFO] [stderr]    Compiling queuey-core v1.1.0
[INFO] [stderr]    Compiling tcp-stream v0.34.14
[INFO] [stderr]    Compiling amq-protocol-tcp v10.6.3
[INFO] [stderr]    Compiling amq-protocol v10.6.3
[INFO] [stderr]    Compiling lapin v4.11.0
[INFO] [stderr]    Compiling queuey-rabbitmq v1.1.0
[INFO] [stderr]    Compiling queuey v1.1.0 (/opt/rustwide/workdir)
[INFO] [stderr]     Finished `test` profile [unoptimized + debuginfo] target(s) in 44.98s
[INFO] running `Command { std: "docker" "inspect" "50c58cfbf29383e3f3bc3be6f95ed7dec182bc4e4b89963897a1b59fb841253c", kill_on_drop: false }`
[INFO] running `Command { std: "docker" "exec" "-e" "SOURCE_DIR=/opt/rustwide/workdir" "-e" "CARGO_HOME=/opt/rustwide/cargo-home" "-e" "RUSTUP_HOME=/opt/rustwide/rustup-home" "-e" "CARGO_TARGET_DIR=/opt/rustwide/target" "-e" "CARGO_INCREMENTAL=0" "-e" "RUST_BACKTRACE=full" "-e" "RUSTFLAGS=--cap-lints=warn" "-e" "RUSTDOCFLAGS=--cap-lints=warn" "-w" "/opt/rustwide/workdir" "--user" "0:0" "50c58cfbf29383e3f3bc3be6f95ed7dec182bc4e4b89963897a1b59fb841253c" "/opt/rustwide/cargo-home/bin/cargo" "+1.99.0-beta.8" "test" "--frozen", kill_on_drop: false }`
[INFO] [stderr]     Finished `test` profile [unoptimized + debuginfo] target(s) in 0.38s
[INFO] [stderr]      Running unittests src/lib.rs (/opt/rustwide/target/debug/deps/queuey-87156304dc398e30)
[INFO] [stderr]      Running tests/compile_fail.rs (/opt/rustwide/target/debug/deps/compile_fail-f0f6a533537f0dc1)
[INFO] [stdout] 
[INFO] [stdout] running 0 tests
[INFO] [stdout] 
[INFO] [stdout] test result: ok. 0 passed; 0 failed; 0 ignored; 0 measured; 0 filtered out; finished in 0.00s
[INFO] [stdout] 
[INFO] [stdout] 
[INFO] [stdout] running 1 test
[INFO] [stderr]    Compiling proc-macro2 v1.0.107
[INFO] [stderr]    Compiling unicode-ident v1.0.24
[INFO] [stderr]    Compiling quote v1.0.47
[INFO] [stderr]    Compiling libc v0.2.189
[INFO] [stderr]    Compiling version_check v0.9.5
[INFO] [stderr]    Compiling typenum v1.20.1
[INFO] [stderr]    Compiling memchr v2.8.3
[INFO] [stderr]    Compiling zeroize v1.9.0
[INFO] [stderr]    Compiling shlex v2.0.1
[INFO] [stderr]    Compiling stable_deref_trait v1.2.1
[INFO] [stderr]    Compiling cfg-if v1.0.4
[INFO] [stderr]    Compiling subtle v2.6.1
[INFO] [stderr]    Compiling find-msvc-tools v0.1.12
[INFO] [stderr]    Compiling dunce v1.0.5
[INFO] [stderr]    Compiling pin-project-lite v0.2.17
[INFO] [stderr]    Compiling fs_extra v1.3.0
[INFO] [stderr]    Compiling once_cell v1.21.4
[INFO] [stderr]    Compiling pkg-config v0.3.34
[INFO] [stderr]    Compiling autocfg v1.5.1
[INFO] [stderr]    Compiling futures-core v0.3.34
[INFO] [stderr]    Compiling thiserror v2.0.20
[INFO] [stderr]    Compiling aws-lc-rs v1.18.1
[INFO] [stderr]    Compiling futures-io v0.3.34
[INFO] [stderr]    Compiling base64ct v1.8.3
[INFO] [stderr]    Compiling time-core v0.1.9
[INFO] [stderr]    Compiling num-conv v0.2.2
[INFO] [stderr]    Compiling writeable v0.6.4
[INFO] [stderr]    Compiling serde_core v1.0.229
[INFO] [stderr]    Compiling minimal-lexical v0.2.1
[INFO] [stderr]    Compiling litemap v0.8.3
[INFO] [stderr]    Compiling const-oid v0.9.6
[INFO] [stderr]    Compiling flagset v0.4.7
[INFO] [stderr]    Compiling rustls-pki-types v1.15.1
[INFO] [stderr]    Compiling generic-array v0.14.7
[INFO] [stderr]    Compiling getrandom v0.4.3
[INFO] [stderr]    Compiling pem-rfc7468 v0.7.0
[INFO] [stderr]    Compiling time-macros v0.2.32
[INFO] [stderr]    Compiling cpufeatures v0.2.17
[INFO] [stderr]    Compiling icu_normalizer_data v2.3.0
[INFO] [stderr]    Compiling num-traits v0.2.19
[INFO] [stderr]    Compiling powerfmt v0.2.0
[INFO] [stderr]    Compiling icu_properties_data v2.3.0
[INFO] [stderr]    Compiling rand_core v0.10.1
[INFO] [stderr]    Compiling deranged v0.5.8
[INFO] [stderr]    Compiling utf8_iter v1.0.4
[INFO] [stderr]    Compiling nom v7.1.3
[INFO] [stderr]    Compiling untrusted v0.9.0
[INFO] [stderr]    Compiling smallvec v1.16.0
[INFO] [stderr]    Compiling rustls v0.23.44
[INFO] [stderr]    Compiling zmij v1.0.23
[INFO] [stderr]    Compiling log v0.4.34
[INFO] [stderr]    Compiling oid-registry v0.8.1
[INFO] [stderr]    Compiling serde v1.0.229
[INFO] [stderr]    Compiling serde_json v1.0.151
[INFO] [stderr]    Compiling lazy_static v1.5.0
[INFO] [stderr]    Compiling cpufeatures v0.3.1
[INFO] [stderr]    Compiling tracing-core v0.1.36
[INFO] [stderr]    Compiling chacha20 v0.10.2
[INFO] [stderr]    Compiling syn v3.0.5
[INFO] [stderr]    Compiling syn v2.0.119
[INFO] [stderr]    Compiling openssl-probe v0.2.1
[INFO] [stderr]    Compiling futures-sink v0.3.34
[INFO] [stderr]    Compiling itoa v1.0.18
[INFO] [stderr]    Compiling rustls-native-certs v0.8.4
[INFO] [stderr]    Compiling percent-encoding v2.3.2
[INFO] [stderr]    Compiling num-integer v0.1.47
[INFO] [stderr]    Compiling data-encoding v2.11.1
[INFO] [stderr]    Compiling nom v8.0.0
[INFO] [stderr]    Compiling jobserver v0.1.35
[INFO] [stderr]    Compiling form_urlencoded v1.2.2
[INFO] [stderr]    Compiling crypto-common v0.1.7
[INFO] [stderr]    Compiling block-padding v0.3.3
[INFO] [stderr]    Compiling block-buffer v0.10.4
[INFO] [stderr]    Compiling errno v0.3.14
[INFO] [stderr]    Compiling socket2 v0.6.5
[INFO] [stderr]    Compiling mio v1.2.3
[INFO] [stderr]    Compiling inout v0.1.4
[INFO] [stderr]    Compiling digest v0.10.7
[INFO] [stderr]    Compiling cc v1.4.5
[INFO] [stderr]    Compiling cipher v0.4.4
[INFO] [stderr]    Compiling signal-hook-registry v1.4.8
[INFO] [stderr]    Compiling hmac v0.12.1
[INFO] [stderr]    Compiling sha2 v0.10.9
[INFO] [stderr]    Compiling salsa20 v0.10.2
[INFO] [stderr]    Compiling num-bigint v0.4.8
[INFO] [stderr]    Compiling rand v0.10.2
[INFO] [stderr]    Compiling time v0.3.55
[INFO] [stderr]    Compiling pbkdf2 v0.12.2
[INFO] [stderr]    Compiling cbc v0.1.2
[INFO] [stderr]    Compiling aes v0.8.4
[INFO] [stderr]    Compiling rc2 v0.8.1
[INFO] [stderr]    Compiling des v0.8.1
[INFO] [stderr]    Compiling scrypt v0.11.0
[INFO] [stderr]    Compiling sha1 v0.10.7
[INFO] [stderr]    Compiling cookie-factory v0.3.3
[INFO] [stderr]    Compiling hex v0.4.3
[INFO] [stderr]    Compiling base64 v0.22.1
[INFO] [stderr]    Compiling futures-channel v0.3.34
[INFO] [stderr]    Compiling futures-task v0.3.34
[INFO] [stderr]    Compiling slab v0.4.12
[INFO] [stderr]    Compiling cmake v0.1.58
[INFO] [stderr]    Compiling scopeguard v1.2.0
[INFO] [stderr]    Compiling lock_api v0.4.14
[INFO] [stderr]    Compiling hashbrown v0.17.1
[INFO] [stderr]    Compiling amq-protocol v10.6.3
[INFO] [stderr]    Compiling winnow v1.0.4
[INFO] [stderr]    Compiling equivalent v1.0.2
[INFO] [stderr]    Compiling toml_datetime v1.1.1+spec-1.1.0
[INFO] [stderr]    Compiling fastrand v2.5.0
[INFO] [stderr]    Compiling rusticata-macros v4.1.0
[INFO] [stderr]    Compiling parking v2.2.1
[INFO] [stderr]    Compiling lapin v4.11.0
[INFO] [stderr]    Compiling backon v1.6.0
[INFO] [stderr]    Compiling spin v0.9.9
[INFO] [stderr]    Compiling regex-syntax v0.8.11
[INFO] [stderr]    Compiling tracing-log v0.2.0
[INFO] [stderr]    Compiling event-listener v5.4.2
[INFO] [stderr]    Compiling sharded-slab v0.1.7
[INFO] [stderr]    Compiling thread_local v1.1.10
[INFO] [stderr]    Compiling nu-ansi-term v0.50.3
[INFO] [stderr]    Compiling flume v0.12.0
[INFO] [stderr]    Compiling uuid v1.26.1
[INFO] [stderr]    Compiling toml_parser v1.1.3+spec-1.1.0
[INFO] [stderr]    Compiling indexmap v2.14.2
[INFO] [stderr]    Compiling aws-lc-sys v0.45.0
[INFO] [stderr]    Compiling regex-automata v0.4.18
[INFO] [stderr]    Compiling toml_edit v0.25.15+spec-1.1.0
[INFO] [stderr]    Compiling proc-macro-crate v3.5.0
[INFO] [stderr]    Compiling synstructure v0.13.2
[INFO] [stderr]    Compiling matchers v0.2.0
[INFO] [stderr]    Compiling zerofrom-derive v0.1.7
[INFO] [stderr]    Compiling yoke-derive v0.8.2
[INFO] [stderr]    Compiling der_derive v0.7.3
[INFO] [stderr]    Compiling asn1-rs-impl v0.2.0
[INFO] [stderr]    Compiling asn1-rs-derive v0.6.0
[INFO] [stderr]    Compiling tracing-attributes v0.1.31
[INFO] [stderr]    Compiling der v0.7.10
[INFO] [stderr]    Compiling displaydoc v0.2.7
[INFO] [stderr]    Compiling zerovec-derive v0.11.6
[INFO] [stderr]    Compiling thiserror-impl v2.0.20
[INFO] [stderr]    Compiling tokio-macros v2.7.2
[INFO] [stderr]    Compiling serde_derive v1.0.229
[INFO] [stderr]    Compiling async-trait v0.1.92
[INFO] [stderr]    Compiling futures-macro v0.3.34
[INFO] [stderr]    Compiling queuey-macros v1.1.0
[INFO] [stderr]    Compiling zerofrom v0.1.8
[INFO] [stderr]    Compiling yoke v0.8.3
[INFO] [stderr]    Compiling tracing v0.1.44
[INFO] [stderr]    Compiling tracing-subscriber v0.3.23
[INFO] [stderr]    Compiling spki v0.7.3
[INFO] [stderr]    Compiling tokio v1.53.1
[INFO] [stderr]    Compiling x509-cert v0.2.5
[INFO] [stderr]    Compiling pkcs5 v0.7.1
[INFO] [stderr]    Compiling futures-util v0.3.34
[INFO] [stderr]    Compiling zerotrie v0.2.5
[INFO] [stderr]    Compiling zerovec v0.11.8
[INFO] [stderr]    Compiling asn1-rs v0.7.2
[INFO] [stderr]    Compiling tinystr v0.8.4
[INFO] [stderr]    Compiling potential_utf v0.1.6
[INFO] [stderr]    Compiling icu_collections v2.3.0
[INFO] [stderr]    Compiling icu_locale_core v2.3.0
[INFO] [stderr]    Compiling cms v0.2.3
[INFO] [stderr]    Compiling icu_provider v2.3.1
[INFO] [stderr]    Compiling der-parser v10.0.0
[INFO] [stderr]    Compiling icu_properties v2.3.0
[INFO] [stderr]    Compiling icu_normalizer v2.3.0
[INFO] [stderr]    Compiling futures-executor v0.3.34
[INFO] [stderr]    Compiling futures v0.3.34
[INFO] [stderr]    Compiling x509-parser v0.18.1
[INFO] [stderr]    Compiling pkcs12 v0.1.0
[INFO] [stderr]    Compiling tokio-stream v0.1.19
[INFO] [stderr]    Compiling async-compat v0.2.6
[INFO] [stderr]    Compiling amq-protocol-types v10.6.3
[INFO] [stderr]    Compiling async-rs v0.8.12
[INFO] [stderr]    Compiling queuey-core v1.1.0
[INFO] [stderr]    Compiling idna_adapter v1.2.2
[INFO] [stderr]    Compiling idna v1.1.0
[INFO] [stderr]    Compiling p12-keystore v0.2.1
[INFO] [stderr]    Compiling url v2.5.8
[INFO] [stdout] test compile_fail has been running for over 60 seconds
[INFO] [stderr]    Compiling amq-protocol-uri v10.6.3
[INFO] [stderr]    Compiling rustls-webpki v0.103.15
[INFO] [stderr]    Compiling rustls-platform-verifier v0.7.0
[INFO] [stderr]    Compiling futures-rustls v0.26.0
[INFO] [stderr]    Compiling rustls-connector v0.23.8
[INFO] [stderr]    Compiling tcp-stream v0.34.14
[INFO] [stderr]    Compiling amq-protocol-tcp v10.6.3
[INFO] [stderr]    Compiling queuey-rabbitmq v1.1.0
[INFO] [stderr]    Compiling queuey v1.1.0 (/opt/rustwide/workdir)
[INFO] [stderr]    Compiling queuey-tests v0.0.0 (/opt/rustwide/target/tests/trybuild/queuey)
[INFO] [stderr]     Finished `dev` profile [unoptimized + debuginfo] target(s) in 1m 37s
[INFO] [stderr] 
[INFO] [stderr] 
[INFO] [stderr] test tests/compile_fail/pass/facade_only.rs [should pass] ... ok
[INFO] [stderr] test tests/compile_fail/enqueue_foreign_job.rs [should fail to compile] ... mismatch
[INFO] [stderr] 
[INFO] [stderr] EXPECTED:
[INFO] [stderr] ┈┈┈┈┈┈┈┈┈┈┈┈┈┈┈┈┈┈┈┈┈┈┈┈┈┈┈┈┈┈┈┈┈┈┈┈┈┈┈┈┈┈┈┈┈┈┈┈┈┈┈┈┈┈┈┈┈┈┈┈
[INFO] [stderr] error[E0271]: type mismatch resolving `<BuildReport as Job>::Queue == AppQueues`
[INFO] [stderr]   --> tests/compile_fail/enqueue_foreign_job.rs:35:22
[INFO] [stderr]    |
[INFO] [stderr] 35 |     producer.enqueue(&BuildReport { id: 1 }).await.unwrap();
[INFO] [stderr]    |              ------- ^^^^^^^^^^^^^^^^^^^^^^ type mismatch resolving `<BuildReport as Job>::Queue == AppQueues`
[INFO] [stderr]    |              |
[INFO] [stderr]    |              required by a bound introduced by this call
[INFO] [stderr]    |
[INFO] [stderr] note: expected this to be `AppQueues`
[INFO] [stderr]   --> tests/compile_fail/enqueue_foreign_job.rs:25:15
[INFO] [stderr]    |
[INFO] [stderr] 25 | #[job(queue = OtherQueues::Reports)]
[INFO] [stderr]    |               ^^^^^^^^^^^
[INFO] [stderr] note: required by a bound in `queuey::Producer::<Q, B>::enqueue`
[INFO] [stderr]   --> $WORKSPACE/crates/core/src/producer.rs
[INFO] [stderr]    |
[INFO] [stderr]    |     pub async fn enqueue<J: Job<Queue = Q>>(&self, job: &J) -> Result<uuid::Uuid> {
[INFO] [stderr]    |                                 ^^^^^^^^^ required by this bound in `Producer::<Q, B>::enqueue`
[INFO] [stderr] 
[INFO] [stderr] error[E0271]: type mismatch resolving `<BuildReport as Job>::Queue == AppQueues`
[INFO] [stderr]   --> tests/compile_fail/enqueue_foreign_job.rs:35:5
[INFO] [stderr]    |
[INFO] [stderr] 35 |     producer.enqueue(&BuildReport { id: 1 }).await.unwrap();
[INFO] [stderr]    |     ^^^^^^^^^^^^^^^^^^^^^^^^^^^^^^^^^^^^^^^^ type mismatch resolving `<BuildReport as Job>::Queue == AppQueues`
[INFO] [stderr]    |
[INFO] [stderr] note: expected this to be `AppQueues`
[INFO] [stderr]   --> tests/compile_fail/enqueue_foreign_job.rs:25:15
[INFO] [stderr]    |
[INFO] [stderr] 25 | #[job(queue = OtherQueues::Reports)]
[INFO] [stderr]    |               ^^^^^^^^^^^
[INFO] [stderr] note: required by a bound in `queuey::Producer::<Q, B>::enqueue`
[INFO] [stderr]   --> $WORKSPACE/crates/core/src/producer.rs
[INFO] [stderr]    |
[INFO] [stderr]    |     pub async fn enqueue<J: Job<Queue = Q>>(&self, job: &J) -> Result<uuid::Uuid> {
[INFO] [stderr]    |                                 ^^^^^^^^^ required by this bound in `Producer::<Q, B>::enqueue`
[INFO] [stderr] 
[INFO] [stderr] error[E0271]: type mismatch resolving `<BuildReport as Job>::Queue == AppQueues`
[INFO] [stderr]   --> tests/compile_fail/enqueue_foreign_job.rs:35:46
[INFO] [stderr]    |
[INFO] [stderr] 35 |     producer.enqueue(&BuildReport { id: 1 }).await.unwrap();
[INFO] [stderr]    |                                              ^^^^^ type mismatch resolving `<BuildReport as Job>::Queue == AppQueues`
[INFO] [stderr]    |
[INFO] [stderr] note: expected this to be `AppQueues`
[INFO] [stderr]   --> tests/compile_fail/enqueue_foreign_job.rs:25:15
[INFO] [stderr]    |
[INFO] [stderr] 25 | #[job(queue = OtherQueues::Reports)]
[INFO] [stderr]    |               ^^^^^^^^^^^
[INFO] [stderr] note: required by a bound in `queuey::Producer::<Q, B>::enqueue`
[INFO] [stderr]   --> $WORKSPACE/crates/core/src/producer.rs
[INFO] [stderr]    |
[INFO] [stderr]    |     pub async fn enqueue<J: Job<Queue = Q>>(&self, job: &J) -> Result<uuid::Uuid> {
[INFO] [stderr]    |                                 ^^^^^^^^^ required by this bound in `Producer::<Q, B>::enqueue`
[INFO] [stderr] ┈┈┈┈┈┈┈┈┈┈┈┈┈┈┈┈┈┈┈┈┈┈┈┈┈┈┈┈┈┈┈┈┈┈┈┈┈┈┈┈┈┈┈┈┈┈┈┈┈┈┈┈┈┈┈┈┈┈┈┈
[INFO] [stderr] 
[INFO] [stderr] ACTUAL OUTPUT:
[INFO] [stderr] ┈┈┈┈┈┈┈┈┈┈┈┈┈┈┈┈┈┈┈┈┈┈┈┈┈┈┈┈┈┈┈┈┈┈┈┈┈┈┈┈┈┈┈┈┈┈┈┈┈┈┈┈┈┈┈┈┈┈┈┈
[INFO] [stderr] error[E0271]: type mismatch resolving `<BuildReport as Job>::Queue == AppQueues`
[INFO] [stderr]   --> tests/compile_fail/enqueue_foreign_job.rs:35:22
[INFO] [stderr]    |
[INFO] [stderr] 35 |     producer.enqueue(&BuildReport { id: 1 }).await.unwrap();
[INFO] [stderr]    |              ------- ^^^^^^^^^^^^^^^^^^^^^^ type mismatch resolving `<BuildReport as Job>::Queue == AppQueues`
[INFO] [stderr]    |              |
[INFO] [stderr]    |              required by a bound introduced by this call
[INFO] [stderr]    |
[INFO] [stderr] note: expected this to be `AppQueues`
[INFO] [stderr]   --> tests/compile_fail/enqueue_foreign_job.rs:25:15
[INFO] [stderr]    |
[INFO] [stderr] 25 | #[job(queue = OtherQueues::Reports)]
[INFO] [stderr]    |               ^^^^^^^^^^^
[INFO] [stderr] note: required by a bound in `queuey::Producer::<Q, B>::enqueue`
[INFO] [stderr]   --> $CARGO/queuey-core-$VERSION/src/producer.rs
[INFO] [stderr]    |
[INFO] [stderr]    |     pub async fn enqueue<J: Job<Queue = Q>>(&self, job: &J) -> Result<uuid::Uuid> {
[INFO] [stderr]    |                                 ^^^^^^^^^ required by this bound in `Producer::<Q, B>::enqueue`
[INFO] [stderr] 
[INFO] [stderr] error[E0271]: type mismatch resolving `<BuildReport as Job>::Queue == AppQueues`
[INFO] [stderr]   --> tests/compile_fail/enqueue_foreign_job.rs:35:5
[INFO] [stderr]    |
[INFO] [stderr] 35 |     producer.enqueue(&BuildReport { id: 1 }).await.unwrap();
[INFO] [stderr]    |     ^^^^^^^^^^^^^^^^^^^^^^^^^^^^^^^^^^^^^^^^ type mismatch resolving `<BuildReport as Job>::Queue == AppQueues`
[INFO] [stderr]    |
[INFO] [stderr] note: expected this to be `AppQueues`
[INFO] [stderr]   --> tests/compile_fail/enqueue_foreign_job.rs:25:15
[INFO] [stderr]    |
[INFO] [stderr] 25 | #[job(queue = OtherQueues::Reports)]
[INFO] [stderr]    |               ^^^^^^^^^^^
[INFO] [stderr] note: required by a bound in `queuey::Producer::<Q, B>::enqueue`
[INFO] [stderr]   --> $CARGO/queuey-core-$VERSION/src/producer.rs
[INFO] [stderr]    |
[INFO] [stderr]    |     pub async fn enqueue<J: Job<Queue = Q>>(&self, job: &J) -> Result<uuid::Uuid> {
[INFO] [stderr]    |                                 ^^^^^^^^^ required by this bound in `Producer::<Q, B>::enqueue`
[INFO] [stderr] 
[INFO] [stderr] error[E0271]: type mismatch resolving `<BuildReport as Job>::Queue == AppQueues`
[INFO] [stderr]   --> tests/compile_fail/enqueue_foreign_job.rs:35:46
[INFO] [stderr]    |
[INFO] [stderr] 35 |     producer.enqueue(&BuildReport { id: 1 }).await.unwrap();
[INFO] [stderr]    |                                              ^^^^^ type mismatch resolving `<BuildReport as Job>::Queue == AppQueues`
[INFO] [stderr]    |
[INFO] [stderr] note: expected this to be `AppQueues`
[INFO] [stderr]   --> tests/compile_fail/enqueue_foreign_job.rs:25:15
[INFO] [stderr]    |
[INFO] [stderr] 25 | #[job(queue = OtherQueues::Reports)]
[INFO] [stderr]    |               ^^^^^^^^^^^
[INFO] [stderr] note: required by a bound in `queuey::Producer::<Q, B>::enqueue`
[INFO] [stderr]   --> $CARGO/queuey-core-$VERSION/src/producer.rs
[INFO] [stderr]    |
[INFO] [stderr]    |     pub async fn enqueue<J: Job<Queue = Q>>(&self, job: &J) -> Result<uuid::Uuid> {
[INFO] [stderr]    |                                 ^^^^^^^^^ required by this bound in `Producer::<Q, B>::enqueue`
[INFO] [stderr] ┈┈┈┈┈┈┈┈┈┈┈┈┈┈┈┈┈┈┈┈┈┈┈┈┈┈┈┈┈┈┈┈┈┈┈┈┈┈┈┈┈┈┈┈┈┈┈┈┈┈┈┈┈┈┈┈┈┈┈┈
[INFO] [stderr] note: If the actual output is the correct output you can bless it by rerunning
[INFO] [stderr]       your test with the environment variable TRYBUILD=overwrite
[INFO] [stderr] 
[INFO] [stderr] test tests/compile_fail/foreign_job_fn_handler.rs [should fail to compile] ... mismatch
[INFO] [stderr] 
[INFO] [stderr] EXPECTED:
[INFO] [stderr] ┈┈┈┈┈┈┈┈┈┈┈┈┈┈┈┈┈┈┈┈┈┈┈┈┈┈┈┈┈┈┈┈┈┈┈┈┈┈┈┈┈┈┈┈┈┈┈┈┈┈┈┈┈┈┈┈┈┈┈┈
[INFO] [stderr] error[E0271]: type mismatch resolving `<BuildReport as Job>::Queue == AppQueues`
[INFO] [stderr]   --> tests/compile_fail/foreign_job_fn_handler.rs:34:18
[INFO] [stderr]    |
[INFO] [stderr] 34 |           .handler(FnHandler::<BuildReport, _>::new(
[INFO] [stderr]    |  __________-------_^
[INFO] [stderr]    | |          |
[INFO] [stderr]    | |          required by a bound introduced by this call
[INFO] [stderr] 35 | |             |_job: BuildReport, _ctx: JobContext| async move { Ok(()) },
[INFO] [stderr] 36 | |         ))
[INFO] [stderr]    | |_________^ type mismatch resolving `<BuildReport as Job>::Queue == AppQueues`
[INFO] [stderr]    |
[INFO] [stderr] note: expected this to be `AppQueues`
[INFO] [stderr]   --> tests/compile_fail/foreign_job_fn_handler.rs:24:15
[INFO] [stderr]    |
[INFO] [stderr] 24 | #[job(queue = OtherQueues::Reports, retry(max_attempts = 2))]
[INFO] [stderr]    |               ^^^^^^^^^^^
[INFO] [stderr] note: required by a bound in `WorkerBuilder::<Q, B>::handler`
[INFO] [stderr]   --> $WORKSPACE/crates/core/src/worker.rs
[INFO] [stderr]    |
[INFO] [stderr]    |     pub fn handler<H>(mut self, handler: H) -> Self
[INFO] [stderr]    |            ------- required by a bound in this associated function
[INFO] [stderr] ...
[INFO] [stderr]    |         H::Job: Job<Queue = Q>,
[INFO] [stderr]    |                     ^^^^^^^^^ required by this bound in `WorkerBuilder::<Q, B>::handler`
[INFO] [stderr] ┈┈┈┈┈┈┈┈┈┈┈┈┈┈┈┈┈┈┈┈┈┈┈┈┈┈┈┈┈┈┈┈┈┈┈┈┈┈┈┈┈┈┈┈┈┈┈┈┈┈┈┈┈┈┈┈┈┈┈┈
[INFO] [stderr] 
[INFO] [stderr] ACTUAL OUTPUT:
[INFO] [stderr] ┈┈┈┈┈┈┈┈┈┈┈┈┈┈┈┈┈┈┈┈┈┈┈┈┈┈┈┈┈┈┈┈┈┈┈┈┈┈┈┈┈┈┈┈┈┈┈┈┈┈┈┈┈┈┈┈┈┈┈┈
[INFO] [stderr] error[E0271]: type mismatch resolving `<BuildReport as Job>::Queue == AppQueues`
[INFO] [stderr]   --> tests/compile_fail/foreign_job_fn_handler.rs:34:18
[INFO] [stderr]    |
[INFO] [stderr] 34 |           .handler(FnHandler::<BuildReport, _>::new(
[INFO] [stderr]    |  __________-------_^
[INFO] [stderr]    | |          |
[INFO] [stderr]    | |          required by a bound introduced by this call
[INFO] [stderr] 35 | |             |_job: BuildReport, _ctx: JobContext| async move { Ok(()) },
[INFO] [stderr] 36 | |         ))
[INFO] [stderr]    | |_________^ type mismatch resolving `<BuildReport as Job>::Queue == AppQueues`
[INFO] [stderr]    |
[INFO] [stderr] note: expected this to be `AppQueues`
[INFO] [stderr]   --> tests/compile_fail/foreign_job_fn_handler.rs:24:15
[INFO] [stderr]    |
[INFO] [stderr] 24 | #[job(queue = OtherQueues::Reports, retry(max_attempts = 2))]
[INFO] [stderr]    |               ^^^^^^^^^^^
[INFO] [stderr] note: required by a bound in `WorkerBuilder::<Q, B>::handler`
[INFO] [stderr]   --> $CARGO/queuey-core-$VERSION/src/worker.rs
[INFO] [stderr]    |
[INFO] [stderr]    |     pub fn handler<H>(mut self, handler: H) -> Self
[INFO] [stderr]    |            ------- required by a bound in this associated function
[INFO] [stderr] ...
[INFO] [stderr]    |         H::Job: Job<Queue = Q>,
[INFO] [stderr]    |                     ^^^^^^^^^ required by this bound in `WorkerBuilder::<Q, B>::handler`
[INFO] [stderr] ┈┈┈┈┈┈┈┈┈┈┈┈┈┈┈┈┈┈┈┈┈┈┈┈┈┈┈┈┈┈┈┈┈┈┈┈┈┈┈┈┈┈┈┈┈┈┈┈┈┈┈┈┈┈┈┈┈┈┈┈
[INFO] [stderr] note: If the actual output is the correct output you can bless it by rerunning
[INFO] [stderr]       your test with the environment variable TRYBUILD=overwrite
[INFO] [stderr] 
[INFO] [stderr] test tests/compile_fail/register_foreign_handler.rs [should fail to compile] ... mismatch
[INFO] [stderr] 
[INFO] [stderr] EXPECTED:
[INFO] [stderr] ┈┈┈┈┈┈┈┈┈┈┈┈┈┈┈┈┈┈┈┈┈┈┈┈┈┈┈┈┈┈┈┈┈┈┈┈┈┈┈┈┈┈┈┈┈┈┈┈┈┈┈┈┈┈┈┈┈┈┈┈
[INFO] [stderr] error[E0271]: type mismatch resolving `<BuildReport as Job>::Queue == AppQueues`
[INFO] [stderr]   --> tests/compile_fail/register_foreign_handler.rs:55:18
[INFO] [stderr]    |
[INFO] [stderr] 55 |         .handler(ReportHandler)
[INFO] [stderr]    |          ------- ^^^^^^^^^^^^^ type mismatch resolving `<BuildReport as Job>::Queue == AppQueues`
[INFO] [stderr]    |          |
[INFO] [stderr]    |          required by a bound introduced by this call
[INFO] [stderr]    |
[INFO] [stderr] note: expected this to be `AppQueues`
[INFO] [stderr]   --> tests/compile_fail/register_foreign_handler.rs:25:15
[INFO] [stderr]    |
[INFO] [stderr] 25 | #[job(queue = OtherQueues::Reports)]
[INFO] [stderr]    |               ^^^^^^^^^^^
[INFO] [stderr] note: required by a bound in `WorkerBuilder::<Q, B>::handler`
[INFO] [stderr]   --> $WORKSPACE/crates/core/src/worker.rs
[INFO] [stderr]    |
[INFO] [stderr]    |     pub fn handler<H>(mut self, handler: H) -> Self
[INFO] [stderr]    |            ------- required by a bound in this associated function
[INFO] [stderr] ...
[INFO] [stderr]    |         H::Job: Job<Queue = Q>,
[INFO] [stderr]    |                     ^^^^^^^^^ required by this bound in `WorkerBuilder::<Q, B>::handler`
[INFO] [stderr] ┈┈┈┈┈┈┈┈┈┈┈┈┈┈┈┈┈┈┈┈┈┈┈┈┈┈┈┈┈┈┈┈┈┈┈┈┈┈┈┈┈┈┈┈┈┈┈┈┈┈┈┈┈┈┈┈┈┈┈┈
[INFO] [stderr] 
[INFO] [stderr] ACTUAL OUTPUT:
[INFO] [stderr] ┈┈┈┈┈┈┈┈┈┈┈┈┈┈┈┈┈┈┈┈┈┈┈┈┈┈┈┈┈┈┈┈┈┈┈┈┈┈┈┈┈┈┈┈┈┈┈┈┈┈┈┈┈┈┈┈┈┈┈┈
[INFO] [stderr] error[E0271]: type mismatch resolving `<BuildReport as Job>::Queue == AppQueues`
[INFO] [stderr]   --> tests/compile_fail/register_foreign_handler.rs:55:18
[INFO] [stderr]    |
[INFO] [stderr] 55 |         .handler(ReportHandler)
[INFO] [stderr]    |          ------- ^^^^^^^^^^^^^ type mismatch resolving `<BuildReport as Job>::Queue == AppQueues`
[INFO] [stderr]    |          |
[INFO] [stderr]    |          required by a bound introduced by this call
[INFO] [stderr]    |
[INFO] [stderr] note: expected this to be `AppQueues`
[INFO] [stderr]   --> tests/compile_fail/register_foreign_handler.rs:25:15
[INFO] [stderr]    |
[INFO] [stderr] 25 | #[job(queue = OtherQueues::Reports)]
[INFO] [stderr]    |               ^^^^^^^^^^^
[INFO] [stderr] note: required by a bound in `WorkerBuilder::<Q, B>::handler`
[INFO] [stderr]   --> $CARGO/queuey-core-$VERSION/src/worker.rs
[INFO] [stderr]    |
[INFO] [stderr]    |     pub fn handler<H>(mut self, handler: H) -> Self
[INFO] [stderr]    |            ------- required by a bound in this associated function
[INFO] [stderr] ...
[INFO] [stderr]    |         H::Job: Job<Queue = Q>,
[INFO] [stderr]    |                     ^^^^^^^^^ required by this bound in `WorkerBuilder::<Q, B>::handler`
[INFO] [stderr] ┈┈┈┈┈┈┈┈┈┈┈┈┈┈┈┈┈┈┈┈┈┈┈┈┈┈┈┈┈┈┈┈┈┈┈┈┈┈┈┈┈┈┈┈┈┈┈┈┈┈┈┈┈┈┈┈┈┈┈┈
[INFO] [stderr] note: If the actual output is the correct output you can bless it by rerunning
[INFO] [stderr]       your test with the environment variable TRYBUILD=overwrite
[INFO] [stderr] 
[INFO] [stderr] 
[INFO] [stderr] 
[INFO] [stdout] test compile_fail ... FAILED
[INFO] [stderr] error: test failed, to rerun pass `--test compile_fail`
[INFO] [stdout] 
[INFO] [stdout] failures:
[INFO] [stdout] 
[INFO] [stdout] ---- compile_fail stdout ----
[INFO] [stdout] 
[INFO] [stdout] thread 'compile_fail' (4212) panicked at /opt/rustwide/cargo-home/registry/src/index.crates.io-1949cf8c6b5b557f/trybuild-1.0.121/src/run.rs:103:13:
[INFO] [stdout] 3 of 4 tests failed
[INFO] [stdout] stack backtrace:
[INFO] [stdout]    0:     0x637913c59e11 - std[70759c8f55707aa4]::backtrace_rs::backtrace::libunwind::trace
[INFO] [stdout]                                at /rustc/dfb0accb7f508ae8be965d8629557221c889dd98/library/std/src/../../backtrace/src/backtrace/libunwind.rs:117:9
[INFO] [stdout]    1:     0x637913c59e11 - std[70759c8f55707aa4]::backtrace_rs::backtrace::trace_unsynchronized::<std[70759c8f55707aa4]::sys::backtrace::_print_fmt::{closure#1}>
[INFO] [stdout]                                at /rustc/dfb0accb7f508ae8be965d8629557221c889dd98/library/std/src/../../backtrace/src/backtrace/mod.rs:66:14
[INFO] [stdout]    2:     0x637913c59e11 - std[70759c8f55707aa4]::sys::backtrace::_print_fmt
[INFO] [stdout]                                at /rustc/dfb0accb7f508ae8be965d8629557221c889dd98/library/std/src/sys/backtrace.rs:74:9
[INFO] [stdout]    3:     0x637913c59e11 - <<std[70759c8f55707aa4]::sys::backtrace::BacktraceLock>::print::DisplayBacktrace as core[df12db4294e9bfd3]::fmt::Display>::fmt
[INFO] [stdout]                                at /rustc/dfb0accb7f508ae8be965d8629557221c889dd98/library/std/src/sys/backtrace.rs:44:26
[INFO] [stdout]    4:     0x637913c7061a - <core[df12db4294e9bfd3]::fmt::rt::Argument>::fmt
[INFO] [stdout]                                at /rustc/dfb0accb7f508ae8be965d8629557221c889dd98/library/core/src/fmt/rt.rs:152:76
[INFO] [stdout]    5:     0x637913c7061a - core[df12db4294e9bfd3]::fmt::write
[INFO] [stdout]    6:     0x637913c5e8dc - core[df12db4294e9bfd3]::io::write::default_write_fmt::<alloc[2182bb758b4b3781]::vec::Vec<u8>>
[INFO] [stdout]                                at /rustc/dfb0accb7f508ae8be965d8629557221c889dd98/library/core/src/io/write.rs:402:11
[INFO] [stdout]    7:     0x637913c5e8dc - <alloc[2182bb758b4b3781]::vec::Vec<u8> as core[df12db4294e9bfd3]::io::write::Write>::write_fmt
[INFO] [stdout]                                at /rustc/dfb0accb7f508ae8be965d8629557221c889dd98/library/core/src/io/write.rs:335:13
[INFO] [stdout]    8:     0x637913c332f6 - <std[70759c8f55707aa4]::sys::backtrace::BacktraceLock>::print
[INFO] [stdout]                                at /rustc/dfb0accb7f508ae8be965d8629557221c889dd98/library/std/src/sys/backtrace.rs:47:9
[INFO] [stdout]    9:     0x637913c332f6 - std[70759c8f55707aa4]::panicking::default_hook::{closure#0}
[INFO] [stdout]                                at /rustc/dfb0accb7f508ae8be965d8629557221c889dd98/library/std/src/panicking.rs:292:27
[INFO] [stdout]   10:     0x637913c51489 - std[70759c8f55707aa4]::panicking::default_hook
[INFO] [stdout]                                at /rustc/dfb0accb7f508ae8be965d8629557221c889dd98/library/std/src/panicking.rs:316:9
[INFO] [stdout]   11:     0x637913bea760 - <alloc[2182bb758b4b3781]::boxed::Box<dyn for<'a, 'b> core[df12db4294e9bfd3]::ops::function::Fn<(&'a std[70759c8f55707aa4]::panic::PanicHookInfo<'b>,), Output = ()> + core[df12db4294e9bfd3]::marker::Send + core[df12db4294e9bfd3]::marker::Sync> as core[df12db4294e9bfd3]::ops::function::Fn<(&std[70759c8f55707aa4]::panic::PanicHookInfo,)>>::call
[INFO] [stdout]                                at /rustc/dfb0accb7f508ae8be965d8629557221c889dd98/library/alloc/src/boxed.rs:2334:9
[INFO] [stdout]   12:     0x637913bea760 - test[9d35eded1c95d3be]::test_main_inner::<test[9d35eded1c95d3be]::test_main_static::{closure#0}>::{closure#0}
[INFO] [stdout]                                at /rustc/dfb0accb7f508ae8be965d8629557221c889dd98/library/test/src/lib.rs:155:21
[INFO] [stdout]   13:     0x637913c51642 - <alloc[2182bb758b4b3781]::boxed::Box<dyn for<'a, 'b> core[df12db4294e9bfd3]::ops::function::Fn<(&'a std[70759c8f55707aa4]::panic::PanicHookInfo<'b>,), Output = ()> + core[df12db4294e9bfd3]::marker::Send + core[df12db4294e9bfd3]::marker::Sync> as core[df12db4294e9bfd3]::ops::function::Fn<(&std[70759c8f55707aa4]::panic::PanicHookInfo,)>>::call
[INFO] [stdout]                                at /rustc/dfb0accb7f508ae8be965d8629557221c889dd98/library/alloc/src/boxed.rs:2334:9
[INFO] [stdout]   14:     0x637913c51642 - std[70759c8f55707aa4]::panicking::panic_with_hook
[INFO] [stdout]                                at /rustc/dfb0accb7f508ae8be965d8629557221c889dd98/library/std/src/panicking.rs:823:13
[INFO] [stdout]   15:     0x637913c333a2 - std[70759c8f55707aa4]::panicking::panic_handler::{closure#0}
[INFO] [stdout]                                at /rustc/dfb0accb7f508ae8be965d8629557221c889dd98/library/std/src/panicking.rs:688:13
[INFO] [stdout]   16:     0x637913c2bc69 - std[70759c8f55707aa4]::sys::backtrace::__rust_end_short_backtrace::<std[70759c8f55707aa4]::panicking::panic_handler::{closure#0}, !>
[INFO] [stdout]                                at /rustc/dfb0accb7f508ae8be965d8629557221c889dd98/library/std/src/sys/backtrace.rs:182:18
[INFO] [stdout]   17:     0x637913c33f9d - __rustc[8fa7c3cbc660c2b3]::rust_begin_unwind
[INFO] [stdout]                                at /rustc/dfb0accb7f508ae8be965d8629557221c889dd98/library/std/src/panicking.rs:679:5
[INFO] [stdout]   18:     0x637913c70e0c - core[df12db4294e9bfd3]::panicking::panic_fmt
[INFO] [stdout]                                at /rustc/dfb0accb7f508ae8be965d8629557221c889dd98/library/core/src/panicking.rs:80:14
[INFO] [stdout]   19:     0x6379139c6c94 - <trybuild[77a99446d7a80ee6]::Runner>::run
[INFO] [stdout]                                at /opt/rustwide/cargo-home/registry/src/index.crates.io-1949cf8c6b5b557f/trybuild-1.0.121/src/run.rs:103:13
[INFO] [stdout]   20:     0x6379139d21c8 - <trybuild[77a99446d7a80ee6]::TestCases as core[df12db4294e9bfd3]::ops::drop::Drop>::drop
[INFO] [stdout]                                at /opt/rustwide/cargo-home/registry/src/index.crates.io-1949cf8c6b5b557f/trybuild-1.0.121/src/lib.rs:342:38
[INFO] [stdout]   21:     0x6379139bfc37 - core[df12db4294e9bfd3]::ptr::drop_glue::<trybuild[77a99446d7a80ee6]::TestCases>
[INFO] [stdout]                                at /rustc/dfb0accb7f508ae8be965d8629557221c889dd98/library/core/src/ptr/mod.rs:847:1
[INFO] [stdout]   22:     0x6379139bfe5b - compile_fail[9e68610f1b194b9d]::compile_fail
[INFO] [stdout]                                at /opt/rustwide/workdir/tests/compile_fail.rs:15:1
[INFO] [stdout]   23:     0x6379139bfd97 - compile_fail[9e68610f1b194b9d]::compile_fail::{closure#0}
[INFO] [stdout]                                at /opt/rustwide/workdir/tests/compile_fail.rs:11:18
[INFO] [stdout]   24:     0x6379139c02b6 - <compile_fail[9e68610f1b194b9d]::compile_fail::{closure#0} as core[df12db4294e9bfd3]::ops::function::FnOnce<()>>::call_once
[INFO] [stdout]                                at /rustc/dfb0accb7f508ae8be965d8629557221c889dd98/library/core/src/ops/function.rs:250:5
[INFO] [stdout]   25:     0x637913bdda4b - <fn() -> core[df12db4294e9bfd3]::result::Result<(), alloc[2182bb758b4b3781]::string::String> as core[df12db4294e9bfd3]::ops::function::FnOnce<()>>::call_once
[INFO] [stdout]                                at /rustc/dfb0accb7f508ae8be965d8629557221c889dd98/library/core/src/ops/function.rs:250:5
[INFO] [stdout]   26:     0x637913bdda4b - test[9d35eded1c95d3be]::__rust_begin_short_backtrace::<core[df12db4294e9bfd3]::result::Result<(), alloc[2182bb758b4b3781]::string::String>, fn() -> core[df12db4294e9bfd3]::result::Result<(), alloc[2182bb758b4b3781]::string::String>>
[INFO] [stdout]                                at /rustc/dfb0accb7f508ae8be965d8629557221c889dd98/library/test/src/lib.rs:733:18
[INFO] [stdout]   27:     0x637913beb0b5 - test[9d35eded1c95d3be]::run_test_in_process::{closure#0}
[INFO] [stdout]                                at /rustc/dfb0accb7f508ae8be965d8629557221c889dd98/library/test/src/lib.rs:756:74
[INFO] [stdout]   28:     0x637913beb0b5 - <core[df12db4294e9bfd3]::panic::unwind_safe::AssertUnwindSafe<test[9d35eded1c95d3be]::run_test_in_process::{closure#0}> as core[df12db4294e9bfd3]::ops::function::FnOnce<()>>::call_once
[INFO] [stdout]                                at /rustc/dfb0accb7f508ae8be965d8629557221c889dd98/library/core/src/panic/unwind_safe.rs:275:9
[INFO] [stdout]   29:     0x637913beb0b5 - std[70759c8f55707aa4]::panicking::catch_unwind::do_call::<core[df12db4294e9bfd3]::panic::unwind_safe::AssertUnwindSafe<test[9d35eded1c95d3be]::run_test_in_process::{closure#0}>, core[df12db4294e9bfd3]::result::Result<(), alloc[2182bb758b4b3781]::string::String>>
[INFO] [stdout]                                at /rustc/dfb0accb7f508ae8be965d8629557221c889dd98/library/std/src/panicking.rs:576:43
[INFO] [stdout]   30:     0x637913beb0b5 - std[70759c8f55707aa4]::panicking::catch_unwind::<core[df12db4294e9bfd3]::result::Result<(), alloc[2182bb758b4b3781]::string::String>, core[df12db4294e9bfd3]::panic::unwind_safe::AssertUnwindSafe<test[9d35eded1c95d3be]::run_test_in_process::{closure#0}>>
[INFO] [stdout]                                at /rustc/dfb0accb7f508ae8be965d8629557221c889dd98/library/std/src/panicking.rs:544:19
[INFO] [stdout]   31:     0x637913beb0b5 - std[70759c8f55707aa4]::panic::catch_unwind::<core[df12db4294e9bfd3]::panic::unwind_safe::AssertUnwindSafe<test[9d35eded1c95d3be]::run_test_in_process::{closure#0}>, core[df12db4294e9bfd3]::result::Result<(), alloc[2182bb758b4b3781]::string::String>>
[INFO] [stdout]                                at /rustc/dfb0accb7f508ae8be965d8629557221c889dd98/library/std/src/panic.rs:359:14
[INFO] [stdout]   32:     0x637913beb0b5 - test[9d35eded1c95d3be]::run_test_in_process
[INFO] [stdout]                                at /rustc/dfb0accb7f508ae8be965d8629557221c889dd98/library/test/src/lib.rs:756:27
[INFO] [stdout]   33:     0x637913beb0b5 - test[9d35eded1c95d3be]::run_test::{closure#0}
[INFO] [stdout]                                at /rustc/dfb0accb7f508ae8be965d8629557221c889dd98/library/test/src/lib.rs:677:43
[INFO] [stdout]   34:     0x637913be4974 - test[9d35eded1c95d3be]::run_test::{closure#1}
[INFO] [stdout]                                at /rustc/dfb0accb7f508ae8be965d8629557221c889dd98/library/test/src/lib.rs:707:41
[INFO] [stdout]   35:     0x637913be4974 - std[70759c8f55707aa4]::sys::backtrace::__rust_begin_short_backtrace::<test[9d35eded1c95d3be]::run_test::{closure#1}, ()>
[INFO] [stdout]                                at /rustc/dfb0accb7f508ae8be965d8629557221c889dd98/library/std/src/sys/backtrace.rs:166:18
[INFO] [stdout]   36:     0x637913bee212 - std[70759c8f55707aa4]::thread::lifecycle::spawn_unchecked::<test[9d35eded1c95d3be]::run_test::{closure#1}, ()>::{closure#1}::{closure#0}
[INFO] [stdout]                                at /rustc/dfb0accb7f508ae8be965d8629557221c889dd98/library/std/src/thread/lifecycle.rs:70:13
[INFO] [stdout]   37:     0x637913bee212 - <core[df12db4294e9bfd3]::panic::unwind_safe::AssertUnwindSafe<std[70759c8f55707aa4]::thread::lifecycle::spawn_unchecked<test[9d35eded1c95d3be]::run_test::{closure#1}, ()>::{closure#1}::{closure#0}> as core[df12db4294e9bfd3]::ops::function::FnOnce<()>>::call_once
[INFO] [stdout]                                at /rustc/dfb0accb7f508ae8be965d8629557221c889dd98/library/core/src/panic/unwind_safe.rs:275:9
[INFO] [stdout]   38:     0x637913bee212 - std[70759c8f55707aa4]::panicking::catch_unwind::do_call::<core[df12db4294e9bfd3]::panic::unwind_safe::AssertUnwindSafe<std[70759c8f55707aa4]::thread::lifecycle::spawn_unchecked<test[9d35eded1c95d3be]::run_test::{closure#1}, ()>::{closure#1}::{closure#0}>, ()>
[INFO] [stdout]                                at /rustc/dfb0accb7f508ae8be965d8629557221c889dd98/library/std/src/panicking.rs:576:43
[INFO] [stdout]   39:     0x637913bee212 - std[70759c8f55707aa4]::panicking::catch_unwind::<(), core[df12db4294e9bfd3]::panic::unwind_safe::AssertUnwindSafe<std[70759c8f55707aa4]::thread::lifecycle::spawn_unchecked<test[9d35eded1c95d3be]::run_test::{closure#1}, ()>::{closure#1}::{closure#0}>>
[INFO] [stdout]                                at /rustc/dfb0accb7f508ae8be965d8629557221c889dd98/library/std/src/panicking.rs:544:19
[INFO] [stdout]   40:     0x637913bee212 - std[70759c8f55707aa4]::panic::catch_unwind::<core[df12db4294e9bfd3]::panic::unwind_safe::AssertUnwindSafe<std[70759c8f55707aa4]::thread::lifecycle::spawn_unchecked<test[9d35eded1c95d3be]::run_test::{closure#1}, ()>::{closure#1}::{closure#0}>, ()>
[INFO] [stdout]                                at /rustc/dfb0accb7f508ae8be965d8629557221c889dd98/library/std/src/panic.rs:359:14
[INFO] [stdout]   41:     0x637913bee212 - std[70759c8f55707aa4]::thread::lifecycle::spawn_unchecked::<test[9d35eded1c95d3be]::run_test::{closure#1}, ()>::{closure#1}
[INFO] [stdout]                                at /rustc/dfb0accb7f508ae8be965d8629557221c889dd98/library/std/src/thread/lifecycle.rs:68:26
[INFO] [stdout]   42:     0x637913bee212 - <std[70759c8f55707aa4]::thread::lifecycle::spawn_unchecked<test[9d35eded1c95d3be]::run_test::{closure#1}, ()>::{closure#1} as core[df12db4294e9bfd3]::ops::function::FnOnce<()>>::call_once::{shim:vtable#0}
[INFO] [stdout]                                at /rustc/dfb0accb7f508ae8be965d8629557221c889dd98/library/core/src/ops/function.rs:250:5
[INFO] [stdout]   43:     0x637913c590c9 - <alloc[2182bb758b4b3781]::boxed::Box<dyn core[df12db4294e9bfd3]::ops::function::FnOnce<(), Output = ()> + core[df12db4294e9bfd3]::marker::Send> as core[df12db4294e9bfd3]::ops::function::FnOnce<()>>::call_once
[INFO] [stdout]                                at /rustc/dfb0accb7f508ae8be965d8629557221c889dd98/library/alloc/src/boxed.rs:2320:9
[INFO] [stdout]   44:     0x637913c590c9 - <std[70759c8f55707aa4]::sys::thread::unix::Thread>::new::thread_start
[INFO] [stdout]                                at /rustc/dfb0accb7f508ae8be965d8629557221c889dd98/library/std/src/sys/thread/unix.rs:123:17
[INFO] [stdout]   45:     0x7ed003512dfa - <unknown>
[INFO] [stdout]   46:     0x7ed0035a63d4 - clone
[INFO] [stdout]   47:                0x0 - <unknown>
[INFO] [stdout] 
[INFO] [stdout] 
[INFO] [stdout] failures:
[INFO] [stdout]     compile_fail
[INFO] [stdout] 
[INFO] [stdout] test result: FAILED. 0 passed; 1 failed; 0 ignored; 0 measured; 0 filtered out; finished in 185.81s
[INFO] [stdout] 
[INFO] running `Command { std: "docker" "inspect" "50c58cfbf29383e3f3bc3be6f95ed7dec182bc4e4b89963897a1b59fb841253c", kill_on_drop: false }`
[INFO] running `Command { std: "docker" "rm" "-f" "50c58cfbf29383e3f3bc3be6f95ed7dec182bc4e4b89963897a1b59fb841253c", kill_on_drop: false }`
[INFO] [stdout] 50c58cfbf29383e3f3bc3be6f95ed7dec182bc4e4b89963897a1b59fb841253c
