[INFO] fetching crate quamina 0.7.0...
[INFO] testing quamina-0.7.0 against 1.99.0-beta.8 for beta-1.100-2
[INFO] extracting crate quamina 0.7.0 into /workspace/builds/worker-6-tc1/source
[INFO] started tweaking crates.io crate quamina 0.7.0
[INFO] removed 0 missing tests
[INFO] finished tweaking crates.io crate quamina 0.7.0
[INFO] tweaked toml for crates.io crate quamina 0.7.0 written to /workspace/builds/worker-6-tc1/source/Cargo.toml
[INFO] validating manifest of crates.io crate quamina 0.7.0 on toolchain 1.99.0-beta.8
[INFO] running `Command { std: CARGO_HOME="/workspace/cargo-home" RUSTUP_HOME="/workspace/rustup-home" "/workspace/cargo-home/bin/cargo" "+1.99.0-beta.8" "metadata" "--manifest-path" "Cargo.toml" "--no-deps", kill_on_drop: false }`
[INFO] crate crates.io crate quamina 0.7.0 already has a lockfile, it will not be regenerated
[INFO] running `Command { std: CARGO_HOME="/workspace/cargo-home" RUSTUP_HOME="/workspace/rustup-home" "/workspace/cargo-home/bin/cargo" "+1.99.0-beta.8" "fetch" "--manifest-path" "Cargo.toml", kill_on_drop: false }`
[INFO] [stderr]     Updating crates.io index
[INFO] [stderr]  Downloading crates ...
[INFO] [stderr]   Downloaded proc-macro2 v1.0.105
[INFO] [stderr]   Downloaded quote v1.0.43
[INFO] [stderr]   Downloaded zmij v1.0.15
[INFO] [stderr]   Downloaded thousands v0.2.0
[INFO] [stderr]   Downloaded findshlibs v0.10.2
[INFO] [stderr]   Downloaded symbolic-common v12.18.3
[INFO] [stderr]   Downloaded spin v0.10.0
[INFO] [stderr]   Downloaded debugid v0.8.0
[INFO] [stderr]   Downloaded mintex v0.1.4
[INFO] [stderr]   Downloaded pprof v0.15.0
[INFO] [stderr]   Downloaded clap_lex v0.7.7
[INFO] [stderr]   Downloaded cargo-husky v1.5.0
[INFO] [stderr]   Downloaded memmap2 v0.9.11
[INFO] [stderr]   Downloaded dhat v0.3.3
[INFO] [stderr]   Downloaded protobuf-codegen v3.7.2
[INFO] [stderr]   Downloaded rand v0.10.0
[INFO] [stderr]   Downloaded protobuf-parse v3.7.2
[INFO] [stderr]   Downloaded fast-float2 v0.2.3
[INFO] [stderr]   Downloaded clap v4.5.54
[INFO] [stderr]   Downloaded arc-swap v1.8.0
[INFO] [stderr]   Downloaded zerocopy-derive v0.8.33
[INFO] [stderr]   Downloaded cpp_demangle v0.4.5
[INFO] [stderr]   Downloaded symbolic-demangle v12.18.3
[INFO] [stderr]   Downloaded clap_builder v4.5.54
[INFO] [stderr]   Downloaded nix v0.26.4
[INFO] [stderr]   Downloaded zerocopy v0.8.33
[INFO] running `Command { std: "docker" "create" "-v" "/var/lib/crater-agent-workspace/builds/worker-6-tc1/source:/opt/rustwide/workdir:ro,Z" "-v" "/var/lib/crater-agent-workspace/builds/worker-6-tc1/target:/opt/rustwide/target:rw,Z" "-v" "/var/lib/crater-agent-workspace/cargo-home:/opt/rustwide/cargo-home:ro,Z" "-v" "/var/lib/crater-agent-workspace/rustup-home:/opt/rustwide/rustup-home:ro,Z" "-m" "1610612736" "--network" "none" "ghcr.io/rust-lang/crates-build-env/linux@sha256:3111399a4047eeb3a02b7a90e478d715f38a8c6669b5c4b49d30a17385265909" "sleep" "infinity", kill_on_drop: false }`
[INFO] [stdout] c14ec139f1813347a5efd7efd0e328746948cc9a2fd51733560efe95be35bf4c
[INFO] running `Command { std: "docker" "start" "c14ec139f1813347a5efd7efd0e328746948cc9a2fd51733560efe95be35bf4c", kill_on_drop: false }`
[INFO] running `Command { std: "docker" "inspect" "c14ec139f1813347a5efd7efd0e328746948cc9a2fd51733560efe95be35bf4c", kill_on_drop: false }`
[INFO] running `Command { std: "docker" "exec" "-e" "SOURCE_DIR=/opt/rustwide/workdir" "-e" "CARGO_HOME=/opt/rustwide/cargo-home" "-e" "RUSTUP_HOME=/opt/rustwide/rustup-home" "-e" "CARGO_TARGET_DIR=/opt/rustwide/target" "-w" "/opt/rustwide/workdir" "--user" "0:0" "c14ec139f1813347a5efd7efd0e328746948cc9a2fd51733560efe95be35bf4c" "/opt/rustwide/cargo-home/bin/cargo" "+1.99.0-beta.8" "metadata" "--no-deps" "--format-version=1", kill_on_drop: false }`
[INFO] running `Command { std: "docker" "inspect" "c14ec139f1813347a5efd7efd0e328746948cc9a2fd51733560efe95be35bf4c", kill_on_drop: false }`
[INFO] running `Command { std: "docker" "exec" "-e" "SOURCE_DIR=/opt/rustwide/workdir" "-e" "CARGO_HOME=/opt/rustwide/cargo-home" "-e" "RUSTUP_HOME=/opt/rustwide/rustup-home" "-e" "CARGO_TARGET_DIR=/opt/rustwide/target" "-e" "CARGO_INCREMENTAL=0" "-e" "RUST_BACKTRACE=full" "-e" "RUSTFLAGS=--cap-lints=warn" "-e" "RUSTDOCFLAGS=--cap-lints=warn" "-w" "/opt/rustwide/workdir" "--user" "0:0" "c14ec139f1813347a5efd7efd0e328746948cc9a2fd51733560efe95be35bf4c" "/opt/rustwide/cargo-home/bin/cargo" "+1.99.0-beta.8" "build" "--frozen" "--message-format=json", kill_on_drop: false }`
[INFO] [stderr]    Compiling libc v0.2.180
[INFO] [stderr]    Compiling smallvec v1.15.1
[INFO] [stderr]    Compiling fast-float2 v0.2.3
[INFO] [stderr]    Compiling rustc-hash v2.1.1
[INFO] [stderr]    Compiling arc-swap v1.8.0
[INFO] [stderr]    Compiling parking_lot_core v0.9.12
[INFO] [stderr]    Compiling parking_lot v0.12.5
[INFO] [stderr]    Compiling quamina v0.7.0 (/opt/rustwide/workdir)
[INFO] [stderr]     Finished `dev` profile [unoptimized + debuginfo] target(s) in 4.80s
[INFO] running `Command { std: "docker" "inspect" "c14ec139f1813347a5efd7efd0e328746948cc9a2fd51733560efe95be35bf4c", kill_on_drop: false }`
[INFO] running `Command { std: "docker" "exec" "-e" "SOURCE_DIR=/opt/rustwide/workdir" "-e" "CARGO_HOME=/opt/rustwide/cargo-home" "-e" "RUSTUP_HOME=/opt/rustwide/rustup-home" "-e" "CARGO_TARGET_DIR=/opt/rustwide/target" "-e" "CARGO_INCREMENTAL=0" "-e" "RUST_BACKTRACE=full" "-e" "RUSTFLAGS=--cap-lints=warn" "-e" "RUSTDOCFLAGS=--cap-lints=warn" "-w" "/opt/rustwide/workdir" "--user" "0:0" "c14ec139f1813347a5efd7efd0e328746948cc9a2fd51733560efe95be35bf4c" "/opt/rustwide/cargo-home/bin/cargo" "+1.99.0-beta.8" "test" "--frozen" "--no-run" "--message-format=json", kill_on_drop: false }`
[INFO] [stderr]    Compiling proc-macro2 v1.0.105
[INFO] [stderr]    Compiling unicode-ident v1.0.22
[INFO] [stderr]    Compiling quote v1.0.43
[INFO] [stderr]    Compiling libc v0.2.180
[INFO] [stderr]    Compiling bitflags v2.10.0
[INFO] [stderr]    Compiling rustix v1.1.3
[INFO] [stderr]    Compiling serde_core v1.0.228
[INFO] [stderr]    Compiling linux-raw-sys v0.11.0
[INFO] [stderr]    Compiling cc v1.2.55
[INFO] [stderr]    Compiling rustix v0.38.44
[INFO] [stderr]    Compiling getrandom v0.4.1
[INFO] [stderr]    Compiling anyhow v1.0.101
[INFO] [stderr]    Compiling fastrand v2.4.1
[INFO] [stderr]    Compiling memchr v2.7.6
[INFO] [stderr]    Compiling protobuf v3.7.2
[INFO] [stderr]    Compiling linux-raw-sys v0.4.15
[INFO] [stderr]    Compiling equivalent v1.0.2
[INFO] [stderr]    Compiling home v0.5.12
[INFO] [stderr]    Compiling zerocopy v0.8.33
[INFO] [stderr]    Compiling zmij v1.0.15
[INFO] [stderr]    Compiling either v1.15.0
[INFO] [stderr]    Compiling indexmap v2.13.0
[INFO] [stderr]    Compiling rand_core v0.10.0
[INFO] [stderr]    Compiling num-traits v0.2.19
[INFO] [stderr]    Compiling cpp_demangle v0.4.5
[INFO] [stderr]    Compiling uuid v1.23.4
[INFO] [stderr]    Compiling addr2line v0.25.1
[INFO] [stderr]    Compiling object v0.37.3
[INFO] [stderr]    Compiling aho-corasick v1.1.4
[INFO] [stderr]    Compiling clap_lex v0.7.7
[INFO] [stderr]    Compiling debugid v0.8.0
[INFO] [stderr]    Compiling stable_deref_trait v1.2.1
[INFO] [stderr]    Compiling anstyle v1.0.13
[INFO] [stderr]    Compiling syn v2.0.114
[INFO] [stderr]    Compiling symbolic-demangle v12.18.3
[INFO] [stderr]    Compiling plotters-backend v0.3.7
[INFO] [stderr]    Compiling ciborium-io v0.2.2
[INFO] [stderr]    Compiling clap_builder v4.5.54
[INFO] [stderr]    Compiling rayon-core v1.13.0
[INFO] [stderr]    Compiling itertools v0.13.0
[INFO] [stderr]    Compiling plotters-svg v0.3.7
[INFO] [stderr]    Compiling cast v0.3.0
[INFO] [stderr]    Compiling cpufeatures v0.3.0
[INFO] [stderr]    Compiling cargo-husky v1.5.0
[INFO] [stderr]    Compiling chacha20 v0.10.0
[INFO] [stderr]    Compiling regex-automata v0.4.13
[INFO] [stderr]    Compiling findshlibs v0.10.2
[INFO] [stderr]    Compiling alloca v0.4.0
[INFO] [stderr]    Compiling rayon v1.11.0
[INFO] [stderr]    Compiling plotters v0.3.7
[INFO] [stderr]    Compiling spin v0.10.0
[INFO] [stderr]    Compiling which v4.4.2
[INFO] [stderr]    Compiling memmap2 v0.9.11
[INFO] [stderr]    Compiling parking_lot_core v0.9.12
[INFO] [stderr]    Compiling symbolic-common v12.18.3
[INFO] [stderr]    Compiling criterion-plot v0.8.1
[INFO] [stderr]    Compiling parking_lot v0.12.5
[INFO] [stderr]    Compiling tempfile v3.25.0
[INFO] [stderr]    Compiling page_size v0.6.0
[INFO] [stderr]    Compiling nix v0.26.4
[INFO] [stderr]    Compiling serde_json v1.0.149
[INFO] [stderr]    Compiling oorandom v11.1.5
[INFO] [stderr]    Compiling thousands v0.2.0
[INFO] [stderr]    Compiling mintex v0.1.4
[INFO] [stderr]    Compiling rustc-hash v1.1.0
[INFO] [stderr]    Compiling anes v0.1.6
[INFO] [stderr]    Compiling rand v0.10.0
[INFO] [stderr]    Compiling flate2 v1.1.8
[INFO] [stderr]    Compiling quamina v0.7.0 (/opt/rustwide/workdir)
[INFO] [stderr]    Compiling regex v1.12.2
[INFO] [stderr]    Compiling thiserror-impl v1.0.69
[INFO] [stderr]    Compiling serde_derive v1.0.228
[INFO] [stderr]    Compiling zerocopy-derive v0.8.33
[INFO] [stderr]    Compiling equator-macro v0.4.2
[INFO] [stderr]    Compiling thiserror-impl v2.0.18
[INFO] [stderr]    Compiling clap v4.5.54
[INFO] [stderr]    Compiling equator v0.4.2
[INFO] [stderr]    Compiling backtrace v0.3.76
[INFO] [stderr]    Compiling aligned-vec v0.6.4
[INFO] [stderr]    Compiling thiserror v1.0.69
[INFO] [stderr]    Compiling protobuf-support v3.7.2
[INFO] [stderr]    Compiling thiserror v2.0.18
[INFO] [stderr]    Compiling serde v1.0.228
[INFO] [stderr]    Compiling tinytemplate v1.2.1
[INFO] [stderr]    Compiling dhat v0.3.3
[INFO] [stderr]    Compiling half v2.7.1
[INFO] [stderr]    Compiling ciborium-ll v0.2.2
[INFO] [stderr]    Compiling ciborium v0.2.2
[INFO] [stderr]    Compiling criterion v0.8.1
[INFO] [stderr]    Compiling protobuf-parse v3.7.2
[INFO] [stderr]    Compiling protobuf-codegen v3.7.2
[INFO] [stderr]    Compiling pprof v0.15.0
[INFO] [stderr]     Finished `test` profile [unoptimized + debuginfo] target(s) in 51.51s
[INFO] running `Command { std: "docker" "inspect" "c14ec139f1813347a5efd7efd0e328746948cc9a2fd51733560efe95be35bf4c", kill_on_drop: false }`
[INFO] running `Command { std: "docker" "exec" "-e" "SOURCE_DIR=/opt/rustwide/workdir" "-e" "CARGO_HOME=/opt/rustwide/cargo-home" "-e" "RUSTUP_HOME=/opt/rustwide/rustup-home" "-e" "CARGO_TARGET_DIR=/opt/rustwide/target" "-e" "CARGO_INCREMENTAL=0" "-e" "RUST_BACKTRACE=full" "-e" "RUSTFLAGS=--cap-lints=warn" "-e" "RUSTDOCFLAGS=--cap-lints=warn" "-w" "/opt/rustwide/workdir" "--user" "0:0" "c14ec139f1813347a5efd7efd0e328746948cc9a2fd51733560efe95be35bf4c" "/opt/rustwide/cargo-home/bin/cargo" "+1.99.0-beta.8" "test" "--frozen", kill_on_drop: false }`
[INFO] [stderr]     Finished `test` profile [unoptimized + debuginfo] target(s) in 0.19s
[INFO] [stderr]      Running unittests src/lib.rs (/opt/rustwide/target/debug/deps/quamina-c7470044b6955cc2)
[INFO] [stdout] 
[INFO] [stdout] running 951 tests
[INFO] [stdout] test automaton::arena::anything_but_arena_tests::test_anything_but_arena_fa_empty_value ... ok
[INFO] [stdout] test automaton::arena::arena_stats_utility_tests::test_arena_stats_add_equal_max_values ... ok
[INFO] [stdout] test automaton::arena::anything_but_arena_tests::test_anything_but_arena_fa_multiple_values ... ok
[INFO] [stdout] test automaton::arena::anything_but_arena_tests::test_anything_but_arena_fa_merge ... ok
[INFO] [stdout] test automaton::arena::arena_stats_utility_tests::test_alloc_sets_self_only_closure_sentinel ... ok
[INFO] [stdout] test automaton::arena::anything_but_arena_tests::test_anything_but_arena_fa_single_value ... ok
[INFO] [stdout] test automaton::arena::anything_but_arena_tests::test_anything_but_arena_fa_empty_excluded ... ok
[INFO] [stdout] test automaton::arena::arena_stats_utility_tests::test_debug_fmt_state ... ok
[INFO] [stdout] test automaton::arena::arena_stats_utility_tests::test_empty_closure_is_self_only_for_consumers ... ok
[INFO] [stdout] test automaton::arena::arena_stats_utility_tests::test_is_empty_transitions ... ok
[INFO] [stdout] test automaton::arena::arena_stats_utility_tests::test_estimated_byte_size_with_flattened_buffers ... ok
[INFO] [stdout] test automaton::arena::anything_but_arena_tests::test_anything_but_arena_fa_common_prefix ... ok
[INFO] [stdout] test automaton::arena::arena_stats_utility_tests::test_estimated_byte_size ... ok
[INFO] [stdout] test automaton::arena::arena_stats_utility_tests::test_traverse_arena_nfa_multi_state_closure_final ... ok
[INFO] [stdout] test automaton::arena::arena_stats_utility_tests::test_precompute_epsilon_closures_skips_out_of_range_target ... ok
[INFO] [stdout] test automaton::arena::arena_stats_utility_tests::test_stats_max_tracking_across_states ... ok
[INFO] [stdout] test automaton::arena::arena_stats_utility_tests::test_stats_total_ceiling_entries_accumulates ... ok
[INFO] [stdout] test automaton::arena::arena_stats_utility_tests::test_is_nondeterministic ... ok
[INFO] [stdout] test automaton::arena::arena_stats_utility_tests::test_arena_stats_add_sums_and_maxes ... ok
[INFO] [stdout] test automaton::arena::arena_stats_utility_tests::test_traverse_arena_nfa_multi_state_closure_mid_value ... ok
[INFO] [stdout] test automaton::arena::arena_stats_utility_tests::test_debug_fmt_arena ... ok
[INFO] [stdout] test automaton::arena::arena_stats_utility_tests::test_get_mut_valid_and_invalid ... ok
[INFO] [stdout] test automaton::arena::arena_stats_utility_tests::test_stats_add_max_takes_larger_both_directions ... ok
[INFO] [stdout] test automaton::arena::arena_stats_utility_tests::test_lazy_dfa_conflicting_nfa_accel_not_accelerated ... ok
[INFO] [stdout] test automaton::arena::arena_stats_utility_tests::test_nfa_buffers_with_capacity_preallocates ... ok
[INFO] [stdout] test automaton::arena::arena_stats_utility_tests::test_precompute_epsilon_closures_into_reuses_scratch ... ok
[INFO] [stdout] test automaton::arena::arena_stats_utility_tests::test_with_capacity ... ok
[INFO] [stdout] test automaton::arena::arena_stats_utility_tests::test_unpack_arena_table_writes_full_byte_ceiling_range ... ok
[INFO] [stdout] test automaton::arena::cidr_arena_tests::test_cidr_arena_fa_ipv4_exact ... ok
[INFO] [stdout] test automaton::arena::cidr_arena_tests::test_cidr_arena_fa_merge ... ok
[INFO] [stdout] test automaton::arena::dfa_accel_tests::test_accel_traversal_miri_friendly ... ok
[INFO] [stdout] test automaton::arena::cidr_arena_tests::test_cidr_arena_fa_ipv6_basic ... ok
[INFO] [stdout] test automaton::arena::lazy_dfa_tests::test_lazy_dfa_basic ... ok
[INFO] [stdout] test automaton::arena::lazy_dfa_tests::test_lazy_dfa_budget_limits_cached_states ... ok
[INFO] [stdout] test automaton::arena::cidr_arena_tests::test_build_any_hex_group_requires_at_least_one_digit ... ok
[INFO] [stdout] test automaton::arena::cidr_arena_tests::test_cidr_arena_fa_ipv4_range ... ok
[INFO] [stdout] test automaton::arena::cidr_arena_tests::test_cidr_arena_fa_ipv6_partial_group_masks_host_bits ... ok
[INFO] [stdout] test automaton::arena::cidr_arena_tests::test_cidr_arena_fa_ipv4_24 ... ok
[INFO] [stdout] test automaton::arena::arena_stats_utility_tests::test_nfa_traversal_rejects_uncomputed_self_only_closure - should panic ... ok
[INFO] [stdout] test automaton::arena::lazy_dfa_tests::test_lazy_dfa_byte_size_covers_every_owned_buffer ... ok
[INFO] [stdout] test automaton::arena::merge_tests::test_merge_asymmetric_spinner_filters_none_epsilons ... ok
[INFO] [stdout] test automaton::arena::merge_tests::test_merge_dual_spinout_filters_none_epsilons ... ok
[INFO] [stdout] test automaton::arena::merge_tests::test_merge_arena_tables_filters_none_epsilons ... ok
[INFO] [stdout] test automaton::arena::merge_tests::test_merge_empty_arenas ... ok
[INFO] [stdout] test automaton::arena::merge_tests::test_merge_one_empty_arena ... ok
[INFO] [stdout] test automaton::arena::lazy_dfa_tests::test_lazy_dfa_matcher_stats_add_to_the_running_tally ... ok
[INFO] [stdout] test automaton::arena::merge_tests::test_merge_overlapping_transitions ... ok
[INFO] [stdout] test automaton::arena::lazy_dfa_tests::test_lazy_dfa_matches_nfa ... ok
[INFO] [stdout] test automaton::arena::merge_tests::test_merge_multi_byte_sequences ... ok
[INFO] [stdout] test automaton::arena::merge_tests::test_merge_preserves_field_transitions ... ok
[INFO] [stdout] test automaton::arena::merge_tests::test_merge_spinner_backedge_repeats_across_a_byte_range ... ok
[INFO] [stdout] test automaton::arena::monocase_arena_tests::test_monocase_arena_fa_basic_ascii ... ok
[INFO] [stdout] test automaton::arena::lazy_dfa_tests::test_lazy_dfa_cache_reuse ... ok
[INFO] [stdout] test automaton::arena::lazy_dfa_tests::test_lazy_dfa_nested_quantifiers ... ok
[INFO] [stdout] test automaton::arena::monocase_arena_tests::test_monocase_arena_fa_merge ... ok
[INFO] [stdout] test automaton::arena::monocase_arena_tests::test_monocase_arena_fa_no_case_chars ... ok
[INFO] [stdout] test automaton::arena::monocase_arena_tests::test_monocase_arena_fa_single_char ... ok
[INFO] [stdout] test automaton::arena::monocase_arena_tests::test_monocase_arena_fa_three_chars ... ok
[INFO] [stdout] test automaton::arena::monocase_arena_tests::test_monocase_arena_fa_greek_sigma ... ok
[INFO] [stdout] test automaton::arena::monocase_arena_tests::test_monocase_arena_fa_two_chars ... ok
[INFO] [stdout] test automaton::arena::monocase_arena_tests::test_monocase_arena_fa_shared_lead_byte ... ok
[INFO] [stdout] test automaton::arena::lazy_dfa_tests::test_lazy_dfa_states_within_bytes_prices_a_state_at_its_table ... ok
[INFO] [stdout] test automaton::arena::merge_tests::test_merge_single_transition ... ok
[INFO] [stdout] test automaton::arena::nfa_merge_tests::test_append_merge_arena_nfas_matches_rebuild_for_cycles ... ok
[INFO] [stdout] test automaton::arena::nfa_merge_tests::test_append_merge_dual_spinout_filters_none_epsilons ... ok
[INFO] [stdout] test automaton::arena::nfa_merge_tests::test_append_merge_arena_nfas_matches_rebuild_for_empty_cases ... ok
[INFO] [stdout] test automaton::arena::nfa_merge_tests::test_append_merge_arena_nfas_matches_rebuild_for_epsilons_and_spinouts ... ok
[INFO] [stdout] test automaton::arena::nfa_merge_tests::test_append_merge_epsilon_operand_uses_splice ... ok
[INFO] [stdout] test automaton::arena::nfa_merge_tests::test_append_merge_source_spinout_keeps_self_loop_and_backedges ... ok
[INFO] [stdout] test automaton::arena::nfa_merge_tests::test_append_merge_spinner_backedge_repeats_across_a_byte_range ... ok
[INFO] [stdout] test automaton::arena::nfa_merge_tests::test_flatten_epsilon_targets_on_repeated_merge ... ok
[INFO] [stdout] test automaton::arena::nfa_merge_tests::test_append_merge_target_spinout_keeps_branch_backedges ... ok
[INFO] [stdout] test automaton::arena::merge_tests::test_merge_multiple_arenas_associative ... ok
[INFO] [stdout] test automaton::arena::nfa_merge_tests::test_append_merge_arena_nfas_leaves_existing_target_states_unchanged ... ok
[INFO] [stdout] test automaton::arena::nfa_merge_tests::test_merge_alternation_with_literal_builds_splice_not_expansion ... ok
[INFO] [stdout] test automaton::arena::nfa_merge_tests::test_merge_arena_shellstyle_patterns ... ok
[INFO] [stdout] test automaton::arena::nfa_merge_tests::test_merge_arena_with_epsilons ... ok
[INFO] [stdout] test automaton::arena::nfa_merge_tests::test_merge_arena_nfas_empty_cases ... ok
[INFO] [stdout] test automaton::arena::nfa_merge_tests::test_merge_suffixed_spinout_asymmetric_branches ... ok
[INFO] [stdout] test automaton::arena::nfa_merge_tests::test_precompute_epsilon_closures_is_incremental ... ok
[INFO] [stdout] test automaton::arena::nfa_merge_tests::test_merge_arena_both_have_spinouts ... ok
[INFO] [stdout] test automaton::arena::nfa_merge_tests::test_truncate_states_drops_tail_and_trims_closures ... ok
[INFO] [stdout] test automaton::arena::nfa_to_dfa_tests::test_nfa_to_dfa_alternation ... ok
[INFO] [stdout] test automaton::arena::nfa_merge_tests::test_merge_shared_prefix_spinout_and_literal ... ok
[INFO] [stdout] test automaton::arena::nfa_to_dfa_tests::test_nfa_to_dfa_budget_exceeded ... ok
[INFO] [stdout] test automaton::arena::nfa_merge_tests::test_merge_arena_preserves_cycles ... ok
[INFO] [stdout] test automaton::arena::nfa_merge_tests::test_merge_spinout_with_literal_stays_a_spinner ... ok
[INFO] [stdout] test automaton::arena::nfa_to_dfa_tests::test_nfa_to_dfa_empty_arena ... ok
[INFO] [stdout] test automaton::arena::nfa_to_dfa_tests::test_nfa_to_dfa_none_start_nonempty_arena ... ok
[INFO] [stdout] test automaton::arena::numeric_arena_tests::test_numeric_arena_fa_edge_cases ... ok
[INFO] [stdout] test automaton::arena::nfa_to_dfa_tests::test_nfa_to_dfa_star ... ok
[INFO] [stdout] test automaton::arena::nfa_to_dfa_tests::test_nfa_to_dfa_preserves_field_transitions ... ok
[INFO] [stdout] test automaton::arena::numeric_arena_tests::test_numeric_arena_fa_merge ... ok
[INFO] [stdout] test automaton::arena::numeric_arena_tests::test_numeric_greater_arena_fa_basic ... ok
[INFO] [stdout] test automaton::arena::numeric_arena_tests::test_numeric_arena_fa_float_values ... ok
[INFO] [stdout] test automaton::arena::numeric_arena_tests::test_numeric_less_arena_fa_basic ... ok
[INFO] [stdout] test automaton::arena::numeric_arena_tests::test_numeric_greater_arena_fa_exclusive ... ok
[INFO] [stdout] test automaton::arena::numeric_arena_tests::test_numeric_range_arena_fa_exclusive_bounds ... ok
[INFO] [stdout] test automaton::arena::numeric_arena_tests::test_numeric_less_arena_fa_exclusive ... ok
[INFO] [stdout] test automaton::arena::nfa_merge_tests::test_merge_arena_with_spinout ... ok
[INFO] [stdout] test automaton::arena::numeric_arena_tests::test_numeric_range_arena_fa_single_point ... ok
[INFO] [stdout] test automaton::arena::nfa_merge_tests::test_merge_shared_prefix_epsilon_alternation_and_literal ... ok
[INFO] [stdout] test automaton::arena::numeric_arena_tests::test_numeric_range_arena_fa_two_sided ... ok
[INFO] [stdout] test automaton::arena::nfa_to_dfa_tests::test_nfa_to_dfa_nested_quantifiers ... ok
[INFO] [stdout] test automaton::arena::nfa_to_dfa_tests::test_nfa_to_dfa_simple_plus ... ok
[INFO] [stdout] test automaton::arena::monocase_arena_tests::test_monocase_arena_fa_mixed_ascii ... ok
[INFO] [stdout] test automaton::arena::nfa_merge_tests::test_append_merge_arena_nfas_matches_rebuild_for_literals ... ok
[INFO] [stdout] test automaton::arena::numeric_arena_tests::test_numeric_arena_fa_ordering_preserved ... ok
[INFO] [stdout] test automaton::arena::prefix_arena_tests::test_prefix_arena_fa_single_char ... ok
[INFO] [stdout] test automaton::arena::prefix_arena_tests::test_prefix_arena_fa_utf8 ... ok
[INFO] [stdout] test automaton::arena::shellstyle_arena_tests::test_shellstyle_arena_fa_eight_star ... ok
[INFO] [stdout] test automaton::arena::shellstyle_arena_tests::test_shellstyle_arena_fa_five_star ... ok
[INFO] [stdout] test automaton::arena::shellstyle_arena_tests::test_shellstyle_arena_fa_merge ... ok
[INFO] [stdout] test automaton::arena::shellstyle_arena_tests::test_shellstyle_arena_fa_foo_bar_multi_star ... ok
[INFO] [stdout] test automaton::arena::shellstyle_arena_tests::test_shellstyle_arena_fa_infix_wildcard ... ok
[INFO] [stdout] test automaton::arena::shellstyle_arena_tests::test_shellstyle_arena_fa_no_wildcard ... ok
[INFO] [stdout] test automaton::arena::string_arena_tests::test_string_arena_fa_empty_string ... ok
[INFO] [stdout] test automaton::arena::shellstyle_arena_tests::test_shellstyle_arena_fa_only_wildcard ... ok
[INFO] [stdout] test automaton::arena::shellstyle_arena_tests::test_shellstyle_arena_fa_prefix_wildcard ... ok
[INFO] [stdout] test automaton::arena::monocase_arena_tests::test_monocase_arena_fa_empty ... ok
[INFO] [stdout] test automaton::arena::string_arena_tests::test_string_arena_fa_merge ... ok
[INFO] [stdout] test automaton::arena::string_arena_tests::test_string_arena_fa_merge_common_prefix ... ok
[INFO] [stdout] test automaton::arena::tests::test_accumulate_matcher_stats_counts_spilled_capacity ... ok
[INFO] [stdout] test automaton::arena::string_arena_tests::test_string_arena_fa_utf8 ... ok
[INFO] [stdout] test automaton::arena::tests::test_arena_alloc ... ok
[INFO] [stdout] test automaton::arena::prefix_arena_tests::test_prefix_arena_fa_empty_prefix ... ok
[INFO] [stdout] test automaton::arena::prefix_arena_tests::test_prefix_arena_fa_basic ... ok
[INFO] [stdout] test automaton::arena::string_arena_tests::test_string_arena_fa_basic ... ok
[INFO] [stdout] test automaton::arena::prefix_arena_tests::test_prefix_arena_fa_merge ... ok
[INFO] [stdout] test automaton::arena::shellstyle_arena_tests::test_shellstyle_arena_fa_suffix_wildcard ... ok
[INFO] [stdout] test automaton::arena::tests::test_arena_small_table_pack ... ok
[INFO] [stdout] test automaton::arena::tests::test_arena_cyclic_reference ... ok
[INFO] [stdout] test automaton::arena::tests::test_arena_state_count_vs_chain ... ok
[INFO] [stdout] test automaton::arena::shellstyle_arena_tests::test_shellstyle_arena_fa_double_wildcard ... ok
[INFO] [stdout] test automaton::arena::tests::test_arena_nfa_dedup_generation_advances_between_steps ... ok
[INFO] [stdout] test automaton::arena::tests::test_arena_nfa_skips_acceleration_with_multiple_active_states ... ok
[INFO] [stdout] test automaton::arena::tests::test_arena_stats_basic ... ok
[INFO] [stdout] test automaton::arena::tests::test_arena_stats_empty ... ok
[INFO] [stdout] test automaton::arena::string_arena_tests::test_string_arena_fa_single_char ... ok
[INFO] [stdout] test automaton::arena::tests::test_ascii_fast_path_acceleration ... ok
[INFO] [stdout] test automaton::arena::tests::test_make_byte_dot_table_forbidden_bytes ... ok
[INFO] [stdout] test automaton::arena::tests::test_dstep_rejects_forbidden_utf8 ... ok
[INFO] [stdout] test automaton::arena::tests::test_try_accelerate_arena ... ok
[INFO] [stdout] test automaton::arena::tests::test_state_id_none ... ok
[INFO] [stdout] test automaton::arena::tests::test_traverse_arena_nfa_plus_cyclic ... ok
[INFO] [stdout] test automaton::arena::tests::test_nested_quantifier_dedup ... ok
[INFO] [stdout] test automaton::arena::tests::test_traverse_arena_nfa_star_cyclic ... ok
[INFO] [stdout] test automaton::arena::tests::test_traverse_dfa_backward_none_start_collects_nothing ... ok
[INFO] [stdout] test automaton::arena::wildcard_arena_tests::test_wildcard_arena_fa_escape_star ... ok
[INFO] [stdout] test automaton::arena::wildcard_arena_tests::test_wildcard_arena_fa_trailing_backslash ... ok
[INFO] [stdout] test automaton::arena::wildcard_arena_tests::test_wildcard_arena_fa_basic ... ok
[INFO] [stdout] test automaton::arena::tests::test_traverse_arena_nfa_simple ... ok
[INFO] [stdout] test automaton::arena::wildcard_arena_tests::test_wildcard_arena_fa_escape_backslash ... ok
[INFO] [stdout] test automaton::arena::tests::test_dfa_lookup_matches_smalltable_dstep ... ok
[INFO] [stdout] test automaton::mutable_matcher::tests::test_add_string_transition_singleton_opt ... ok
[INFO] [stdout] test automaton::mutable_matcher::tests::test_add_string_transition_basic ... ok
[INFO] [stdout] test automaton::mutable_matcher::tests::test_add_prefix_multiple_patterns ... ok
[INFO] [stdout] test automaton::arena::wildcard_arena_tests::test_wildcard_arena_fa_escape_with_wildcard ... ok
[INFO] [stdout] test automaton::mutable_matcher::tests::test_add_string_transitions_bulk ... ok
[INFO] [stdout] test automaton::mutable_matcher::tests::test_add_suffix_multiple_patterns ... ok
[INFO] [stdout] test automaton::mutable_matcher::tests::test_add_suffix_transition ... ok
[INFO] [stdout] test automaton::arena::wildcard_arena_tests::test_wildcard_arena_fa_merge ... ok
[INFO] [stdout] test automaton::arena::wildcard_arena_tests::test_wildcard_arena_fa_no_escape ... ok
[INFO] [stdout] test automaton::mutable_matcher::tests::test_add_numeric_has_numbers_flag ... ok
[INFO] [stdout] test automaton::mutable_matcher::tests::test_add_numeric_transition ... ok
[INFO] [stdout] test automaton::mutable_matcher::tests::test_arena_migration_anything_but ... ok
[INFO] [stdout] test automaton::mutable_matcher::tests::test_add_transition_all_exact_returns_one_shared_next_state ... ok
[INFO] [stdout] test automaton::mutable_matcher::tests::test_add_transition_mixed_with_prefix_keeps_prefix ... ok
[INFO] [stdout] test automaton::mutable_matcher::tests::test_add_wildcard_transition ... ok
[INFO] [stdout] test automaton::mutable_matcher::tests::test_add_transition_mixed_exact_and_numeric_keeps_numeric_path ... ok
[INFO] [stdout] test automaton::mutable_matcher::tests::test_arena_migration_core_matcher_all_types ... ok
[INFO] [stdout] test automaton::mutable_matcher::tests::test_arena_migration_mixed_patterns ... ok
[INFO] [stdout] test automaton::mutable_matcher::tests::test_arena_migration_monocase ... ok
[INFO] [stdout] test automaton::mutable_matcher::tests::test_arena_migration_prefix ... ok
[INFO] [stdout] test automaton::mutable_matcher::tests::test_arena_migration_string_single ... ok
[INFO] [stdout] test automaton::mutable_matcher::tests::test_arena_migration_wildcard_escape ... ok
[INFO] [stdout] test automaton::mutable_matcher::tests::test_check_budget_via_patterns ... ok
[INFO] [stdout] test automaton::mutable_matcher::tests::test_core_matcher_direct_array_trail_conflict ... ok
[INFO] [stdout] test automaton::mutable_matcher::tests::test_core_matcher_direct_exists_false ... ok
[INFO] [stdout] test automaton::mutable_matcher::tests::test_check_budget_boundary_condition ... ok
[INFO] [stdout] test automaton::mutable_matcher::tests::test_core_matcher_array_trail_conflict ... ok
[INFO] [stdout] test automaton::mutable_matcher::tests::test_arena_migration_numeric_range ... ok
[INFO] [stdout] test automaton::mutable_matcher::tests::test_arena_migration_string_multiple ... ok
[INFO] [stdout] test automaton::mutable_matcher::tests::test_core_matcher_exists_true_no_self_match_direct ... ok
[INFO] [stdout] test automaton::mutable_matcher::tests::test_budget_enforcement_via_matching ... ok
[INFO] [stdout] test automaton::mutable_matcher::tests::test_arena_migration_shellstyle ... ok
[INFO] [stdout] test automaton::mutable_matcher::tests::test_core_matcher_direct_multi_field ... ok
[INFO] [stdout] test automaton::arena::wildcard_arena_tests::test_wildcard_arena_fa_star_at_end_with_escape ... ok
[INFO] [stdout] test automaton::mutable_matcher::tests::test_core_matcher_direct_with_arena_regexp ... ok
[INFO] [stdout] test automaton::mutable_matcher::tests::test_core_matcher_exists_true_no_self_match_owned ... ok
[INFO] [stdout] test automaton::mutable_matcher::tests::test_core_matcher_multi_field_owned ... ok
[INFO] [stdout] test automaton::mutable_matcher::tests::test_arena_migration_cidr_v4 ... ok
[INFO] [stdout] test automaton::mutable_matcher::tests::test_core_matcher_no_self_match_direct ... ok
[INFO] [stdout] test automaton::mutable_matcher::tests::test_core_matcher_no_self_match_owned ... ok
[INFO] [stdout] test automaton::mutable_matcher::tests::test_core_matcher_ref_array_trail_conflict ... ok
[INFO] [stdout] test automaton::mutable_matcher::tests::test_add_prefix_transition ... ok
[INFO] [stdout] test automaton::mutable_matcher::tests::test_core_matcher_ref_exists_false ... ok
[INFO] [stdout] test automaton::mutable_matcher::tests::test_core_matcher_ref_multi_field ... ok
[INFO] [stdout] test automaton::mutable_matcher::tests::test_core_matcher_no_self_match_ref ... ok
[INFO] [stdout] test automaton::mutable_matcher::tests::test_core_matcher_exists_true_no_self_match_ref ... ok
[INFO] [stdout] test automaton::mutable_matcher::tests::test_core_matcher_lookaround_conditions ... ok
[INFO] [stdout] test automaton::mutable_matcher::tests::test_failed_existing_string_insert_rolls_back_terminal_transition ... ok
[INFO] [stdout] test automaton::mutable_matcher::tests::test_failed_numeric_exact_insert_rolls_back_main_arena_state ... ok
[INFO] [stdout] test automaton::mutable_matcher::tests::test_failed_append_merge_rolls_back_main_arena_state ... ok
[INFO] [stdout] test automaton::mutable_matcher::tests::test_core_matcher_with_arena_regexp ... ok
[INFO] [stdout] test automaton::mutable_matcher::tests::test_maybe_q_number_requires_both_has_numbers_and_is_number ... ok
[INFO] [stdout] test automaton::mutable_matcher::tests::test_failed_suffix_insert_rolls_back_suffix_arena_state ... ok
[INFO] [stdout] test automaton::mutable_matcher::tests::test_match_set_dedup ... ok
[INFO] [stdout] test automaton::mutable_matcher::tests::test_merge_at_uncompacted_budget_keeps_history ... ok
[INFO] [stdout] test automaton::mutable_matcher::tests::test_lookbehind_combined_keeps_primary_alternation ... ok
[INFO] [stdout] test automaton::mutable_matcher::tests::test_quote_wrap_via_wildcard ... ok
[INFO] [stdout] test automaton::mutable_matcher::tests::test_merge_into_main_arena_boundary ... ok
[INFO] [stdout] test automaton::mutable_matcher::tests::test_singleton_coexisting_with_multicondition ... ok
[INFO] [stdout] test automaton::mutable_matcher::tests::test_take_singleton_idempotent ... ok
[INFO] [stdout] test automaton::mutable_matcher::tests::test_quote_wrap_via_shellstyle ... ok
[INFO] [stdout] test automaton::mutable_matcher::tests::test_failed_direct_string_insert_restores_singleton_state ... ok
[INFO] [stdout] test automaton::mutable_matcher::tests::test_merge_into_main_arena_budget_boundary ... ok
[INFO] [stdout] test automaton::mutable_matcher::tests::test_singleton_to_arena_transition ... ok
[INFO] [stdout] test automaton::sparse_set::tests::test_sparse_set_basic ... ok
[INFO] [stdout] test automaton::tests::test_arena_nfa_bufs_clear_observable_through_matching ... ok
[INFO] [stdout] test automaton::mutable_matcher::tests::test_value_matcher_regexp_with_plus ... ok
[INFO] [stdout] test automaton::tests::test_arena_small_table_step ... ok
[INFO] [stdout] test automaton::mutable_matcher::tests::test_value_matcher_regexp_without_plus ... ok
[INFO] [stdout] test automaton::tests::test_arena_small_table_with_mappings ... ok
[INFO] [stdout] test automaton::sparse_set::tests::test_sparse_set_clear ... ok
[INFO] [stdout] test automaton::sparse_set::tests::test_sparse_set_resize ... ok
[INFO] [stdout] test automaton::tests::test_automaton_value_matcher_string ... ok
[INFO] [stdout] test automaton::tests::test_core_matcher_exists_false ... ok
[INFO] [stdout] test automaton::mutable_matcher::tests::test_merge_into_main_arena_via_patterns ... ok
[INFO] [stdout] test automaton::tests::test_core_matcher_multi_field_and ... ok
[INFO] [stdout] test automaton::tests::test_automaton_value_matcher_mixed ... ok
[INFO] [stdout] test automaton::tests::test_automaton_value_matcher_prefix ... ok
[INFO] [stdout] test automaton::tests::test_automaton_value_matcher_shellstyle_multiple ... ok
[INFO] [stdout] test automaton::tests::test_automaton_value_matcher_shellstyle_single ... ok
[INFO] [stdout] test automaton::tests::test_core_matcher_or_within_field ... ok
[INFO] [stdout] test automaton::tests::test_core_matcher_single_field_no_match ... ok
[INFO] [stdout] test automaton::tests::test_core_matcher_single_field_exact ... ok
[INFO] [stdout] test automaton::tests::test_field_matcher_with_match_id_stores_id ... ok
[INFO] [stdout] test automaton::tests::test_core_matcher_exists_true ... ok
[INFO] [stdout] test automaton::tests::test_core_matcher_multi_field_partial_no_match ... ok
[INFO] [stdout] test automaton::mutable_matcher::tests::test_failed_direct_string_insert_rolls_back_main_arena_state ... ok
[INFO] [stdout] test automaton::tests::test_sparse_set_clear_is_effective ... ok
[INFO] [stdout] test automaton::tests::test_sparse_set_contains_after_multiple_inserts ... ok
[INFO] [stdout] test automaton::tests::test_sparse_set_contains_rejects_uninserted_id ... ok
[INFO] [stdout] test automaton::tests::test_sparse_set_contains_correctness ... ok
[INFO] [stdout] test automaton::tests::test_sparse_set_contains_cross_check ... ok
[INFO] [stdout] test automaton::tests::test_sparse_set_contains_single_element ... ok
[INFO] [stdout] test automaton::tests::test_field_matcher_with_match_id_vs_default ... ok
[INFO] [stdout] test automaton::tests::test_core_matcher_multiple_patterns ... ok
[INFO] [stdout] test automaton::tests::test_nfa_buffers_clear ... ok
[INFO] [stdout] test automaton::tests::test_sparse_set_insert_return_value ... ok
[INFO] [stdout] test automaton::tests::test_sparse_set_non_zero_ids_only ... ok
[INFO] [stdout] test automaton::tests::test_sparse_set_insert_after_clear_correctness ... ok
[INFO] [stdout] test automaton::tests::test_sparse_set_no_stale_entries_after_clear ... ok
[INFO] [stdout] test automaton::tests::test_thread_safe_core_matcher_exists_true ... ok
[INFO] [stdout] test automaton::tests::test_thread_safe_core_matcher_send_sync ... ok
[INFO] [stdout] test automaton::tests::test_thread_safe_core_matcher_single_field ... ok
[INFO] [stdout] test automaton::tests::test_thread_safe_core_matcher_exists_false ... ok
[INFO] [stdout] test automaton::thread_safe::tests::test_add_pattern_max_states_limit ... ok
[INFO] [stdout] test automaton::tests::test_thread_safe_core_matcher_multiple_patterns ... ok
[INFO] [stdout] test automaton::tests::test_thread_safe_core_matcher_no_match ... ok
[INFO] [stdout] test automaton::thread_safe::tests::test_automaton_value_matcher_multi_count ... ok
[INFO] [stdout] test automaton::thread_safe::tests::test_arena_stats_non_zero ... ok
[INFO] [stdout] test automaton::thread_safe::tests::test_automaton_value_matcher_prefix_match ... ok
[INFO] [stdout] test automaton::tests::test_sparse_set_insert_increments_len ... ok
[INFO] [stdout] test automaton::thread_safe::tests::test_add_pattern_exists_true ... ok
[INFO] [stdout] test automaton::thread_safe::tests::test_matches_for_fields_array_trail_conflict ... ok
[INFO] [stdout] test automaton::thread_safe::tests::test_automaton_value_matcher_shellstyle_match ... ok
[INFO] [stdout] test automaton::thread_safe::tests::test_automaton_value_matcher_string_match ... ok
[INFO] [stdout] test automaton::thread_safe::tests::test_should_build_lazy_dfa_boundary ... ok
[INFO] [stdout] test automaton::tests::test_sparse_set_fill_to_capacity ... ok
[INFO] [stdout] test automaton::thread_safe::tests::test_matches_for_fields_ref_exists_false ... ok
[INFO] [stdout] test automaton::thread_safe::tests::test_matches_for_fields_ref_exists_false_with_value ... ok
[INFO] [stdout] test automaton::thread_safe::tests::test_thread_safe_core_matcher_basic ... ok
[INFO] [stdout] test automaton::thread_safe::tests::test_tsm_exists_false_direct ... ok
[INFO] [stdout] test automaton::thread_safe::tests::test_tsm_exists_true_no_self_match_ref ... ok
[INFO] [stdout] test automaton::thread_safe::tests::test_tsm_multi_field_direct ... ok
[INFO] [stdout] test automaton::thread_safe::tests::test_tsm_multi_field_owned ... ok
[INFO] [stdout] test automaton::thread_safe::tests::test_tsm_multi_field_ref ... ok
[INFO] [stdout] test automaton::thread_safe::tests::test_tsm_no_self_match_direct ... ok
[INFO] [stdout] test automaton::thread_safe::tests::test_tsm_no_self_match_owned ... ok
[INFO] [stdout] test automaton::mutable_matcher::tests::test_failed_bulk_string_insert_rolls_back_main_arena_state ... ok
[INFO] [stdout] test automaton::thread_safe::tests::test_tsm_exists_true_no_self_match_direct ... ok
[INFO] [stdout] test automaton::thread_safe::tests::test_tsm_exists_true_no_self_match_owned ... ok
[INFO] [stdout] test case_folding::tests::test_case_folding_bidirectional ... ok
[INFO] [stdout] test case_folding::tests::test_ascii_case_folding ... ok
[INFO] [stdout] test case_folding::tests::test_old_hungarian_case_folding ... ok
[INFO] [stdout] test flatten_json::tests::test_array_simple ... ok
[INFO] [stdout] test automaton::thread_safe::tests::test_tsm_no_self_match_ref ... ok
[INFO] [stdout] test automaton::thread_safe::tests::transitions_size_must_stay_compact ... ok
[INFO] [stdout] test automaton::tests::test_sparse_set_capacity_returns_correct_value ... ok
[INFO] [stdout] test case_folding::tests::test_unicode_case_folding ... ok
[INFO] [stdout] test flatten_json::tests::test_array_with_booleans_and_null ... ok
[INFO] [stdout] test flatten_json::tests::test_array_with_nested_objects_and_arrays ... ok
[INFO] [stdout] test flatten_json::tests::test_at_byte_boundary ... ok
[INFO] [stdout] test flatten_json::tests::test_at_digit_boundary ... ok
[INFO] [stdout] test automaton::thread_safe::tests::test_build_mode_controls_freeze_dfa_conversion ... ok
[INFO] [stdout] test flatten_json::tests::test_early_termination ... ok
[INFO] [stdout] test flatten_json::tests::test_error_invalid_json_structure ... ok
[INFO] [stdout] test flatten_json::tests::test_error_invalid_nested_object ... ok
[INFO] [stdout] test flatten_json::tests::test_error_invalid_value ... ok
[INFO] [stdout] test flatten_json::tests::test_empty_object ... ok
[INFO] [stdout] test flatten_json::tests::test_error_reports_correct_line_and_column ... ok
[INFO] [stdout] test flatten_json::tests::test_error_skipping_never_ending_string ... ok
[INFO] [stdout] test flatten_json::tests::test_error_string_truncated_after_complete_escape ... ok
[INFO] [stdout] test flatten_json::tests::test_error_truncated_array ... ok
[INFO] [stdout] test flatten_json::tests::test_error_truncated_object ... ok
[INFO] [stdout] test flatten_json::tests::test_has_unicode_escape_at_boundary ... ok
[INFO] [stdout] test flatten_json::tests::test_leave_object_skips_strings_with_braces ... ok
[INFO] [stdout] test flatten_json::tests::test_leave_object_truncated_to_eof ... ok
[INFO] [stdout] test flatten_json::tests::test_lone_low_surrogate_wtf8_encoding ... ok
[INFO] [stdout] test flatten_json::tests::test_member_name_escape_sequences ... ok
[INFO] [stdout] test flatten_json::tests::test_nested_object ... ok
[INFO] [stdout] test flatten_json::tests::test_member_name_escapes_truncated_to_eof ... ok
[INFO] [stdout] test flatten_json::tests::test_escape_sequences ... ok
[INFO] [stdout] test flatten_json::tests::test_is_in_skipped_subtree_boundary ... ok
[INFO] [stdout] test flatten_json::tests::test_peek_next_byte_returns_index_plus_one ... ok
[INFO] [stdout] test flatten_json::tests::test_should_capture_value_truth_table ... ok
[INFO] [stdout] test flatten_json::tests::test_skip_array ... ok
[INFO] [stdout] test flatten_json::tests::test_simple_object ... ok
[INFO] [stdout] test flatten_json::tests::test_error_truncated_string ... ok
[INFO] [stdout] test flatten_json::tests::test_skip_string_value_truncated_trailing_backslash ... ok
[INFO] [stdout] test flatten_json::tests::test_skip_string_with_escaped_quote ... ok
[INFO] [stdout] test flatten_json::tests::test_skip_string_with_unicode_escape ... ok
[INFO] [stdout] test flatten_json::tests::test_skip_array_in_nested_object ... ok
[INFO] [stdout] test flatten_json::tests::test_skip_nested_object ... ok
[INFO] [stdout] test flatten_json::tests::test_skip_strings_containing_brackets ... ok
[INFO] [stdout] test flatten_json::tests::test_skips_unused_fields ... ok
[INFO] [stdout] test flatten_json::tests::test_state_reuse ... ok
[INFO] [stdout] test flatten_json::tests::test_surrogate_pair_codepoint_arithmetic_in_name ... ok
[INFO] [stdout] test flatten_json::tests::test_unicode_escape ... ok
[INFO] [stdout] test flatten_json::tests::test_trailing_garbage_after_close_brace ... ok
[INFO] [stdout] test flatten_json::tests::test_surrogate_pair_codepoint_arithmetic_in_value ... ok
[INFO] [stdout] test flatten_json::tests::test_unicode_escape_3byte_in_name ... ok
[INFO] [stdout] test flatten_json::tests::test_unicode_escape_3byte_in_value ... ok
[INFO] [stdout] test flatten_json::tests::test_unicode_escape_2byte_in_value ... ok
[INFO] [stdout] test flatten_json::tests::test_number_value ... ok
[INFO] [stdout] test flatten_json::tests::test_unicode_escape_boundary_0080_in_name ... ok
[INFO] [stdout] test flatten_json::tests::test_number_with_exponent_sign ... ok
[INFO] [stdout] test flatten_json::tests::test_unicode_escape_boundary_0080_in_value ... ok
[INFO] [stdout] test flatten_json::tests::test_unicode_escape_2byte_in_name ... ok
[INFO] [stdout] test flatten_json::tests::test_unicode_escape_surrogate_pair_in_value ... ok
[INFO] [stdout] test flatten_json::tests::test_unicode_escape_uppercase_hex ... ok
[INFO] [stdout] test flatten_json::tests::test_unicode_escape_boundary_0800_in_value ... ok
[INFO] [stdout] test flatten_json::tests::test_unicode_escape_boundary_0800_in_name ... ok
[INFO] [stdout] test flatten_json::tests::test_unused_array_skipped_via_skip_block ... ok
[INFO] [stdout] test flatten_json::tests::test_unicode_escape_lone_low_surrogate_in_value ... ok
[INFO] [stdout] test flatten_json::tests::test_unused_field_with_unicode_name ... ok
[INFO] [stdout] test flatten_json::tests::test_whitespace_before_opening_brace ... ok
[INFO] [stdout] test flatten_json::tests::test_unused_string_skipped_leniently ... ok
[INFO] [stdout] test flattener::tests::test_owned_field ... ok
[INFO] [stdout] test json::tests::parse_string_rejects_unknown_escape ... ok
[INFO] [stdout] test numbits::tests::test_byte_variants ... ok
[INFO] [stdout] test numbits::tests::test_encoding_with_zero_numbits ... ok
[INFO] [stdout] test numbits::tests::test_bad_numbers ... ok
[INFO] [stdout] test numbits::tests::test_float_variants ... ok
[INFO] [stdout] test flattener::tests::test_segments_tree_tracker_impl ... ok
[INFO] [stdout] test numbits::tests::test_numbits_ordering_property ... ok
[INFO] [stdout] test numbits::tests::test_ordering_random_miri_friendly ... ok
[INFO] [stdout] test numbits::tests::test_q_number_length ... ok
[INFO] [stdout] test numbits::tests::test_q_number_stack_is_empty_synthetic ... ok
[INFO] [stdout] test numbits::tests::test_q_number_variants_equivalence ... ok
[INFO] [stdout] test numbits::tests::test_q_number_stack_length ... ok
[INFO] [stdout] test numbits::tests::test_q_number_variants_random ... ok
[INFO] [stdout] test numbits::tests::test_wildly_varying_numbers_are_comparable ... ok
[INFO] [stdout] test regexp::nfa::tests::test_before_after_surrogate ... ok
[INFO] [stdout] test numbits::tests::test_zero_handling ... ok
[INFO] [stdout] test automaton::mutable_matcher::tests::test_failed_append_merge_rolls_back_singleton_state ... ok
[INFO] [stdout] test automaton::sparse_set::tests::test_sparse_set_insertion_order ... ok
[INFO] [stdout] test automaton::thread_safe::tests::test_freeze_value_matcher_compacts_unreachable_main_arena_states ... ok
[INFO] [stdout] test numbits::tests::test_q_number_stack_len_matches_slice ... ok
[INFO] [stdout] test regexp::nfa::tests::test_intersects_surrogate_boundary ... ok
[INFO] [stdout] test automaton::thread_safe::tests::test_should_q_encode_truth_table ... ok
[INFO] [stdout] test flatten_json::tests::test_null_in_skipped_context ... ok
[INFO] [stdout] test regexp::parser::tests::test_atom_unbalanced_close_paren ... ok
[INFO] [stdout] test regexp::parser::tests::test_boundary_alone_never_matches ... ok
[INFO] [stdout] test flatten_json::tests::test_unicode_escape_surrogate_pair_in_name ... ok
[INFO] [stdout] test numbits::tests::test_ordering_random ... ok
[INFO] [stdout] test regexp::nfa::tests::test_remaining_byte_depth ... ok
[INFO] [stdout] test regexp::parser::tests::test_atom_bare_quantifier_rejected ... ok
[INFO] [stdout] test regexp::parser::tests::test_detect_ascii_negated_bytes_mixed ... ok
[INFO] [stdout] test regexp::parser::tests::test_detect_ascii_negated_bytes_multiple_chars ... ok
[INFO] [stdout] test regexp::parser::tests::test_constrain_atom_base_keeps_cache_key_and_ascii_bytes ... ok
[INFO] [stdout] test regexp::parser::tests::test_detect_ascii_negated_bytes_range ... ok
[INFO] [stdout] test regexp::parser::tests::test_constrain_zero_quantifier_atom_is_absent ... ok
[INFO] [stdout] test regexp::parser::tests::test_char_class_backslash_is_valid_member ... ok
[INFO] [stdout] test regexp::parser::tests::test_invert_rune_range_skips_surrogate_window ... ok
[INFO] [stdout] test regexp::parser::tests::test_detect_ascii_negated_bytes_non_ascii ... ok
[INFO] [stdout] test regexp::parser::tests::test_equal_endpoint_char_range ... ok
[INFO] [stdout] test regexp::parser::tests::test_lookaround_type_classification ... ok
[INFO] [stdout] test regexp::parser::tests::test_detect_ascii_negated_bytes_too_many ... ok
[INFO] [stdout] test regexp::parser::tests::test_lookbehind_char_class_accepted ... ok
[INFO] [stdout] test regexp::parser::tests::test_detect_ascii_negated_bytes_single_char ... ok
[INFO] [stdout] test regexp::parser::tests::test_inverted_category_in_class ... ok
[INFO] [stdout] test regexp::parser::tests::test_detect_ascii_negated_bytes_boundary_and_empty ... ok
[INFO] [stdout] test regexp::parser::tests::test_lookbehind_quantified_group_accepted ... ok
[INFO] [stdout] test regexp::parser::tests::test_lookbehind_quantifier_vs_individual_same_length ... ok
[INFO] [stdout] test regexp::parser::tests::test_lookbehind_star_rejected ... ok
[INFO] [stdout] test regexp::parser::tests::test_lookbehind_single_branch_group_accepted ... ok
[INFO] [stdout] test regexp::parser::tests::test_lookbehind_range_quantifier_rejected ... ok
[INFO] [stdout] test regexp::parser::tests::test_lookbehind_different_length_alternation_rejected ... ok
[INFO] [stdout] test regexp::parser::tests::test_lookbehind_same_length_alternation_accepted ... ok
[INFO] [stdout] test regexp::parser::tests::test_parse_negated_unicode_class_no_ascii_bytes ... ok
[INFO] [stdout] test regexp::parser::tests::test_parse_negated_quote_class ... ok
[INFO] [stdout] test regexp::parser::tests::test_parse_negated_slash_class ... ok
[INFO] [stdout] test regexp::parser::tests::test_parse_non_negated_class_no_ascii_bytes ... ok
[INFO] [stdout] test regexp::parser::tests::test_quantifier_detection ... ok
[INFO] [stdout] test regexp::parser::tests::test_range_pair_overlaps_or_adjacent ... ok
[INFO] [stdout] test regexp::parser::tests::test_read_category_two_letter_initials ... ok
[INFO] [stdout] test regexp::parser::tests::test_spans_into_surrogate ... ok
[INFO] [stdout] test regexp::parser::tests::test_standalone_close_bracket_error_message ... ok
[INFO] [stdout] test regexp::parser::tests::test_lookbehind_multi_branch_group_different_length ... ok
[INFO] [stdout] test regexp::parser::tests::test_past_surrogate_end ... ok
[INFO] [stdout] test regexp::parser::tests::test_wb_at_end_split_fallback_uses_previous_atom ... ok
[INFO] [stdout] test regexp::parser::tests::test_property_escape_inside_char_class ... ok
[INFO] [stdout] test regexp::parser::tests::test_wb_at_end_bounded_quantifier_remainder ... ok
[INFO] [stdout] test regexp::parser::tests::test_wb_at_end_with_star_after_literal ... ok
[INFO] [stdout] test regexp::parser::tests::test_lookbehind_multi_branch_group_same_length ... ok
[INFO] [stdout] test regexp::parser::tests::test_wb_dot_at_end_constrain ... ok
[INFO] [stdout] test regexp::parser::tests::test_wb_dot_star_expansion ... ok
[INFO] [stdout] test regexp::parser::tests::test_wb_impossible_boundary_empty_tree ... ok
[INFO] [stdout] test regexp::parser::tests::test_wb_middle_boundary_expansion ... ok
[INFO] [stdout] test regexp::parser::tests::test_non_boundary_alone_always_matches ... ok
[INFO] [stdout] test regexp::parser::tests::test_wb_at_start_single_optional_suffix ... ok
[INFO] [stdout] test regexp::parser::tests::test_parse_negated_char_class_stores_ascii_bytes ... ok
[INFO] [stdout] test regexp::parser::tests::test_wb_negated_class_at_boundary ... ok
[INFO] [stdout] test regexp::parser::tests::test_wb_quantified_plus_at_end ... ok
[INFO] [stdout] test regexp::parser::tests::test_wb_parse_boundary_marker ... ok
[INFO] [stdout] test regexp::parser::tests::test_wb_quantified_star_at_end ... ok
[INFO] [stdout] test regexp::parser::tests::test_wb_count_limit_five_rejected ... ok
[INFO] [stdout] test regexp::parser::tests::test_wb_single_star_at_end ... ok
[INFO] [stdout] test regexp::parser::tests::test_wb_count_limit_exactly_four ... ok
[INFO] [stdout] test regexp::tests::test_arena_nfa_star_plus_miri_friendly ... ok
[INFO] [stdout] test regexp::tests::test_backreferences_not_supported ... ok
[INFO] [stdout] test regexp::tests::test_arena_nfa_plus_simple ... ok
[INFO] [stdout] test regexp::tests::test_lookaround_atom_properties ... ok
[INFO] [stdout] test regexp::tests::test_invert_rune_range ... ok
[INFO] [stdout] test regexp::parser::tests::test_wb_star_at_start ... ok
[INFO] [stdout] test regexp::tests::test_clear_fa_shell_cache_works ... ok
[INFO] [stdout] test regexp::tests::test_multi_char_escape_with_quantifier ... ok
[INFO] [stdout] test regexp::tests::test_multi_char_escapes_in_class ... ok
[INFO] [stdout] test regexp::tests::test_multi_char_escapes_nfa ... ok
[INFO] [stdout] test regexp::tests::test_arena_nfa_email_pattern ... ok
[INFO] [stdout] test regexp::tests::test_multi_char_escapes_parse ... ok
[INFO] [stdout] test regexp::tests::test_nfa_empty_pattern ... ok
[INFO] [stdout] test regexp::tests::test_nfa_positive_class_miri_friendly ... ok
[INFO] [stdout] test regexp::tests::test_nfa_plus_quantifier ... ok
[INFO] [stdout] test regexp::tests::test_nfa_range_bounded ... ok
[INFO] [stdout] test regexp::tests::test_nfa_range_exact ... ok
[INFO] [stdout] test regexp::tests::test_nfa_range_zero_min ... ok
[INFO] [stdout] test regexp::tests::test_nfa_simple_singleton ... ok
[INFO] [stdout] test regexp::tests::test_nfa_star_quantifier ... ok
[INFO] [stdout] test regexp::tests::test_nfa_range_with_class ... ok
[INFO] [stdout] test regexp::tests::test_parse_alternation ... ok
[INFO] [stdout] test regexp::tests::test_parse_char_class ... ok
[INFO] [stdout] test regexp::tests::test_parse_char_class_subtraction ... ok
[INFO] [stdout] test regexp::tests::test_parse_char_class_subtraction_alternation ... ok
[INFO] [stdout] test regexp::tests::test_parse_char_class_subtraction_negated_inner ... ok
[INFO] [stdout] test regexp::tests::test_parse_char_class_subtraction_negated_subtract ... ok
[INFO] [stdout] test regexp::tests::test_parse_char_class_subtraction_depth_limit ... ok
[INFO] [stdout] test regexp::tests::test_parse_char_class_subtraction_no_overlap ... ok
[INFO] [stdout] test regexp::tests::test_parse_char_class_subtraction_single_chars_before_bracket ... ok
[INFO] [stdout] test regexp::tests::test_parse_char_class_subtraction_single_result ... ok
[INFO] [stdout] test regexp::tests::test_parse_char_class_subtraction_nested ... ok
[INFO] [stdout] test regexp::tests::test_parse_char_range ... ok
[INFO] [stdout] test regexp::tests::test_parse_dot ... ok
[INFO] [stdout] test regexp::tests::test_parse_char_class_subtraction_with_negated_outer ... ok
[INFO] [stdout] test regexp::tests::test_parse_group ... ok
[INFO] [stdout] test regexp::tests::test_parse_invalid_unclosed_bracket ... ok
[INFO] [stdout] test regexp::tests::test_parse_empty ... ok
[INFO] [stdout] test regexp::tests::test_parse_lazy_quantifiers ... ok
[INFO] [stdout] test regexp::tests::test_parse_negated_class ... ok
[INFO] [stdout] test regexp::parser::tests::test_class_subtraction_at_max_depth ... ok
[INFO] [stdout] test regexp::parser::tests::test_lookbehind_plus_rejected ... ok
[INFO] [stdout] test regexp::tests::test_parse_lookaround_supported ... ok
[INFO] [stdout] test regexp::tests::test_parse_optional ... ok
[INFO] [stdout] test regexp::tests::test_parse_non_capturing_group ... ok
[INFO] [stdout] test regexp::tests::test_parse_non_capturing_nested ... ok
[INFO] [stdout] test regexp::tests::test_parse_range_quantifier ... ok
[INFO] [stdout] test regexp::tests::test_parse_plus ... ok
[INFO] [stdout] test regexp::tests::test_parse_simple ... ok
[INFO] [stdout] test regexp::tests::test_parse_variable_length_lookbehind_rejected ... ok
[INFO] [stdout] test regexp::tests::test_parse_star ... ok
[INFO] [stdout] test regexp::tests::test_range_quantifier_equivalence_miri_friendly ... ok
[INFO] [stdout] test regexp::tests::test_range_quantifier_equivalence_plus ... ok
[INFO] [stdout] test regexp::tests::test_range_quantifier_equivalence_question ... ok
[INFO] [stdout] test regexp::tests::test_range_quantifier_exact_one ... ok
[INFO] [stdout] test regexp::tests::test_range_quantifier_exact_zero ... ok
[INFO] [stdout] test regexp::tests::test_range_quantifier_equivalence_star ... ok
[INFO] [stdout] test regexp::tests::test_range_quantifier_parse_errors ... ok
[INFO] [stdout] test regexp::tests::test_range_quantifier_larger_values ... ok
[INFO] [stdout] test regexp::tests::test_range_quantifier_with_dot ... ok
[INFO] [stdout] test regexp::tests::test_regexp_has_plus_star_returns_false ... ok
[INFO] [stdout] test regexp::tests::test_range_quantifier_with_group ... ok
[INFO] [stdout] test regexp::tests::test_shell_caching_cache_key ... ok
[INFO] [stdout] test regexp::tests::test_parse_nested_lookaround_rejected ... ok
[INFO] [stdout] test regexp::tests::test_parse_unsupported_group_extension ... ok
[INFO] [stdout] test regexp::tests::test_shell_caching_independent_categories ... ok
[INFO] [stdout] test regexp::parser::tests::test_wb_expansion_alternatives_capped ... ok
[INFO] [stdout] test regexp::tests::test_shell_cache_instantiate_epsilon_remap ... ok
[INFO] [stdout] test regexp::tests::test_shell_caching_nfa_correctness ... ok
[INFO] [stdout] test regexp::tests::test_simplify_rune_range ... ok
[INFO] [stdout] test regexp::tests::test_star_matches_empty_miri_friendly ... ok
[INFO] [stdout] test regexp::tests::test_star_matches_empty ... ok
[INFO] [stdout] test regexp::tests::test_subtract_rune_range_complete_overlap ... ok
[INFO] [stdout] test regexp::tests::test_subtract_rune_range_basic ... ok
[INFO] [stdout] test regexp::tests::test_subtract_rune_range_multiple_holes ... ok
[INFO] [stdout] test regexp::tests::test_subtract_rune_range_empty_subtract ... ok
[INFO] [stdout] test regexp::tests::test_shell_caching_xml_escape_cache_keys ... ok
[INFO] [stdout] test regexp::tests::test_subtract_rune_range_no_overlap ... ok
[INFO] [stdout] test regexp::tests::test_subtract_rune_range_suffix_removal ... ok
[INFO] [stdout] test regexp::tests::test_subtract_rune_range_prefix_removal ... ok
[INFO] [stdout] test regexp::tests::test_toxic_stack_arena ... ok
[INFO] [stdout] test regexp::tests::test_zero_quantifier ... ok
[INFO] [stdout] test segments_tree::tests::test_duplicate_add ... ok
[INFO] [stdout] test segments_tree::tests::test_both_field_and_node ... ok
[INFO] [stdout] test segments_tree::tests::test_is_root ... ok
[INFO] [stdout] test segments_tree::tests::test_multiple_paths ... ok
[INFO] [stdout] test regexp::tests::test_shell_instantiation_with_epsilons ... ok
[INFO] [stdout] test segments_tree::tests::test_path_arc_for_segment ... ok
[INFO] [stdout] test segments_tree::tests::test_nested_path ... ok
[INFO] [stdout] test segments_tree::tests::test_single_field ... ok
[INFO] [stdout] test tests_core::test_and_across_fields ... ok
[INFO] [stdout] test tests_core::test_arena_budget_custom ... ok
[INFO] [stdout] test tests_core::test_arena_budget_enforced_on_repeated_exact_strings ... ok
[INFO] [stdout] test tests_core::test_arena_budget_exceeded ... ok
[INFO] [stdout] test tests_core::test_arena_budget_failure_leaves_no_state ... ok
[INFO] [stdout] test segments_tree::tests::test_node_then_field ... ok
[INFO] [stdout] test tests_core::test_arena_budget_gates_on_arena_size ... ok
[INFO] [stdout] test tests_core::test_arena_budget_rejects_oversized_pattern ... ok
[INFO] [stdout] test tests_core::test_arena_budget_sufficient ... ok
[INFO] [stdout] test tests_core::test_arena_error_includes_bytes ... ok
[INFO] [stdout] test tests_core::test_array_cross_element_comprehensive ... ok
[INFO] [stdout] test tests_core::test_array_cross_element_matching ... ok
[INFO] [stdout] test tests_core::test_array_element_matching ... ok
[INFO] [stdout] test tests_core::test_arena_stats_workloads ... ok
[INFO] [stdout] test tests_core::test_auto_rebuild_disabled_miri_friendly ... ok
[INFO] [stdout] test tests_core::test_bad_event_error_handling ... ok
[INFO] [stdout] test tests_core::test_bad_pattern_error_handling ... ok
[INFO] [stdout] test tests_core::test_auto_rebuild_disabled ... ok
[INFO] [stdout] test tests_core::test_boolean_match ... ok
[INFO] [stdout] test tests_core::test_arena_stats_counts_the_lazy_dfa_arena ... ok
[INFO] [stdout] test tests_core::test_build_mode_change_refreezes_existing_patterns ... ok
[INFO] [stdout] test tests_core::test_builder_basic ... ok
[INFO] [stdout] test tests_core::test_build_mode_speed_converts_lookaround_automata ... ok
[INFO] [stdout] test tests_core::test_builder_combined_options ... ok
[INFO] [stdout] test tests_core::test_builder_default ... ok
[INFO] [stdout] test tests_core::test_builder_generic_type ... ok
[INFO] [stdout] test tests_core::test_builder_with_arena_byte_budget_is_applied ... ok
[INFO] [stdout] test tests_core::test_builder_with_auto_rebuild ... ok
[INFO] [stdout] test tests_core::test_builder_with_auto_rebuild_is_applied ... ok
[INFO] [stdout] test tests_core::test_builder_with_flattener_is_used ... ok
[INFO] [stdout] test tests_core::test_builder_with_flattener_blocks_second_call ... ok
[INFO] [stdout] test tests_core::test_builder_with_max_fields_per_pattern_is_applied ... ok
[INFO] [stdout] test tests_core::test_builder_with_max_pattern_depth_is_applied ... ok
[INFO] [stdout] test tests_core::test_builder_with_max_states_per_pattern_is_applied ... ok
[INFO] [stdout] test tests_core::test_builder_with_media_type_json ... ok
[INFO] [stdout] test tests_core::test_builder_with_invalid_media_type ... ok
[INFO] [stdout] test tests_core::test_builder_with_media_type_sets_validated_flag ... ok
[INFO] [stdout] test tests_core::test_clone_preserves_arena_budget ... ok
[INFO] [stdout] test tests_core::test_clone_for_snapshot ... ok
[INFO] [stdout] test tests_core::test_condition_cost_ordering ... ok
[INFO] [stdout] test tests_core::test_clone_replays_patterns_in_add_order ... ok
[INFO] [stdout] test tests_core::test_contains_pattern_after_delete ... ok
[INFO] [stdout] test tests_core::test_contains_pattern_basic ... ok
[INFO] [stdout] test tests_core::test_count_matches ... ok
[INFO] [stdout] test tests_core::test_custom_flattener_clone ... ok
[INFO] [stdout] test tests_core::test_custom_flattener_no_match ... ok
[INFO] [stdout] test tests_core::test_custom_flattener_with_numbers ... ok
[INFO] [stdout] test tests_core::test_deeply_nested ... ok
[INFO] [stdout] test tests_core::test_custom_flattener_basic ... ok
[INFO] [stdout] test tests_core::test_default_limits_allow_normal_patterns_miri_friendly ... ok
[INFO] [stdout] test tests_core::test_delete_already_deleted_pattern_is_noop ... ok
[INFO] [stdout] test tests_core::test_delete_multi_pattern_id_removes_all ... ok
[INFO] [stdout] test tests_core::test_delete_nonexistent_pattern_is_noop ... ok
[INFO] [stdout] test tests_core::test_delete_patterns ... ok
[INFO] [stdout] test tests_core::test_depth_error_includes_path ... ok
[INFO] [stdout] test tests_core::test_empty_matcher_returns_no_matches ... ok
[INFO] [stdout] test tests_core::test_errors_return_pattern_too_complex_variant ... ok
[INFO] [stdout] test tests_core::test_exact_match ... ok
[INFO] [stdout] test tests_core::test_exists_false ... ok
[INFO] [stdout] test tests_core::test_exists_true ... ok
[INFO] [stdout] test tests_core::test_exists_with_empty_array ... ok
[INFO] [stdout] test tests_core::test_field_count_error_includes_count ... ok
[INFO] [stdout] test tests_core::test_field_name_ordering_with_exists ... ok
[INFO] [stdout] test tests_core::test_flatten_only_returns_field_count ... ok
[INFO] [stdout] test tests_core::test_flatten_only_single_field ... ok
[INFO] [stdout] test tests_core::test_build_mode_speed_leaves_an_over_budget_dfa_unbuilt ... ok
[INFO] [stdout] test tests_core::test_flatten_only_untracked_fields_ignored ... ok
[INFO] [stdout] test tests_core::test_has_matches ... ok
[INFO] [stdout] test tests_core::test_invalid_json_events ... ok
[INFO] [stdout] test tests_core::test_idempotent_add_and_delete ... ok
[INFO] [stdout] test tests_core::test_invalid_pattern_handling ... ok
[INFO] [stdout] test tests_core::test_json_flattener_through_trait ... ok
[INFO] [stdout] test tests_core::test_invalid_pattern_validation ... ok
[INFO] [stdout] test tests_core::test_list_pattern_ids_basic ... ok
[INFO] [stdout] test tests_core::test_list_pattern_ids_excludes_deleted ... ok
[INFO] [stdout] test tests_core::test_lookaround_condition_is_lookbehind_true ... ok
[INFO] [stdout] test tests_core::test_lookaround_condition_is_negative_true ... ok
[INFO] [stdout] test tests_core::test_default_limits_allow_normal_patterns ... ok
[INFO] [stdout] test tests_core::test_matcher_build_mode_matching_parity ... ok
[INFO] [stdout] test tests_core::test_matcher_build_mode_reflected_in_stats ... ok
[INFO] [stdout] test tests_core::test_matcher_correct_after_rejected_pattern ... ok
[INFO] [stdout] test tests_core::test_matcher_stats_cost_grows ... ok
[INFO] [stdout] test tests_core::test_lookaround_decides_the_same_values_under_both_build_modes ... ok
[INFO] [stdout] test tests_core::test_matcher_stats_dedups_shared_subgraphs ... ok
[INFO] [stdout] test tests_core::test_matcher_stats_nfa_shape ... ok
[INFO] [stdout] test tests_core::test_matcher_stats_counts_the_lazy_dfa ... ok
[INFO] [stdout] test tests_core::test_mixed_number_and_string_in_same_value_array ... ok
[INFO] [stdout] test tests_core::test_mixed_string_and_number_patterns_same_digits ... ok
[INFO] [stdout] test tests_core::test_multi_condition_pattern_fields ... ok
[INFO] [stdout] test tests_core::test_multiple_patterns_same_id ... ok
[INFO] [stdout] test tests_core::test_nested_object_pattern ... ok
[INFO] [stdout] test tests_core::test_no_match ... ok
[INFO] [stdout] test tests_core::test_matcher_stats_singleton ... ok
[INFO] [stdout] test tests_core::test_numbits_boundary_values ... ok
[INFO] [stdout] test tests_core::test_numbits_to_qnumber_utf8 ... ok
[INFO] [stdout] test tests_core::test_numeric_comparison_all_operators ... ok
[INFO] [stdout] test tests_core::test_numeric_comparison_both_bounds_exclusive ... ok
[INFO] [stdout] test tests_core::test_numeric_comparison_exclusive_lower_bound_boundary ... ok
[INFO] [stdout] test tests_core::test_numeric_comparison_exclusive_upper_bound_boundary ... ok
[INFO] [stdout] test tests_core::test_numeric_comparison_invalid_patterns ... ok
[INFO] [stdout] test tests_core::test_lazy_dfa_cache_is_sized_by_the_arena_budget ... ok
[INFO] [stdout] test tests_core::test_numeric_comparison_range ... ok
[INFO] [stdout] test tests_core::test_numeric_comparison_missing_value_after_operator ... ok
[INFO] [stdout] test tests_core::test_null_match ... ok
[INFO] [stdout] test tests_core::test_numeric_exact_still_works_with_prefix ... ok
[INFO] [stdout] test tests_core::test_numeric_match ... ok
[INFO] [stdout] test tests_core::test_numeric_pattern_with_scientific_notation ... ok
[INFO] [stdout] test tests_core::test_numeric_range_should_match_numeric_event ... ok
[INFO] [stdout] test tests_core::test_numeric_pattern_should_not_match_string_event ... ok
[INFO] [stdout] test tests_core::test_numeric_range_should_not_match_string_event ... ok
[INFO] [stdout] test automaton::arena::dfa_accel_tests::test_lazy_dfa_accel_multi_exit_bytes ... ok
[INFO] [stdout] test tests_core::test_or_within_field ... ok
[INFO] [stdout] test tests_core::test_parse_value_rejects_invalid_value_start ... ok
[INFO] [stdout] test tests_core::test_numeric_variant_matching ... ok
[INFO] [stdout] test tests_core::test_pattern_count_and_clear ... ok
[INFO] [stdout] test tests_core::test_pattern_depth_at_limit_miri_friendly ... ok
[INFO] [stdout] test tests_core::test_pattern_depth_custom_limit ... ok
[INFO] [stdout] test tests_core::test_pattern_depth_at_limit ... ok
[INFO] [stdout] test tests_core::test_pattern_fields_at_limit_miri_friendly ... ok
[INFO] [stdout] test tests_core::test_pattern_fields_custom_limit ... ok
[INFO] [stdout] test tests_core::test_pattern_fields_exceeds_limit ... ok
[INFO] [stdout] test tests_core::test_pattern_depth_shallow_ok ... ok
[INFO] [stdout] test tests_core::test_pruner_stats_clone ... ok
[INFO] [stdout] test tests_core::test_pruner_stats ... ok
[INFO] [stdout] test tests_core::test_pattern_depth_exceeds_limit ... ok
[INFO] [stdout] test tests_core::test_pruner_stats_unit_add_and_read ... ok
[INFO] [stdout] test tests_core::test_re_add_does_not_revive_deleted_definition ... ok
[INFO] [stdout] test tests_core::test_rebuild_after_delete ... ok
[INFO] [stdout] test tests_core::test_rebuild_reclaims_states_left_by_a_rejected_add ... ok
[INFO] [stdout] test tests_core::test_rebuild_and_clear_reset_segments_tree ... ok
[INFO] [stdout] test tests_core::test_pattern_fields_at_limit ... ok
[INFO] [stdout] test tests_core::test_rebuild_zero_filtered_denominator ... ok
[INFO] [stdout] test tests_core::test_same_pattern_id_multiple_value_types ... ok
[INFO] [stdout] test tests_core::test_should_rebuild_boundary ... ok
[INFO] [stdout] test tests_core::test_send_sync ... ok
[INFO] [stdout] test tests_core::test_should_rebuild_boundary_cases ... ok
[INFO] [stdout] test tests_core::test_state_limit_default_allows_normal_patterns ... ok
[INFO] [stdout] test tests_core::test_should_rebuild_threshold ... ok
[INFO] [stdout] test tests_core::test_state_limit_exceeded ... ok
[INFO] [stdout] test tests_core::test_string_number_type_distinction ... ok
[INFO] [stdout] test tests_core::test_transform_lookaround_alternation_rejected ... ok
[INFO] [stdout] test tests_core::test_transform_lookaround_no_lookarounds_error ... ok
[INFO] [stdout] test tests_core::test_transform_lookbehind_alternation_same_length ... ok
[INFO] [stdout] test tests_core::test_rebuild_replays_patterns_in_add_order ... ok
[INFO] [stdout] test tests_core::test_transform_lookbehind_dot_byte_length ... ok
[INFO] [stdout] test tests_core::test_transform_lookbehind_single_char_class ... ok
[INFO] [stdout] test tests_core::test_validate_wildcard_escapes ... ok
[INFO] [stdout] test tests_core::test_with_flattener_cannot_be_set_twice ... ok
[INFO] [stdout] test tests_core::test_with_flattener_conflicts_with_media_type ... ok
[INFO] [stdout] test tests_core::test_transform_lookaround_lookbehind_byte_length ... ok
[INFO] [stdout] test tests_core::test_value_to_string_types ... ok
[INFO] [stdout] test tests_core::test_zero_budget_panics - should panic ... ok
[INFO] [stdout] test tests_core::test_zero_depth_panics - should panic ... ok
[INFO] [stdout] test tests_core::test_zero_states_panics - should panic ... ok
[INFO] [stdout] test tests_core::test_zero_fields_panics - should panic ... ok
[INFO] [stdout] test tests_operators::test_alternation_empty_alternatives ... ok
[INFO] [stdout] test tests_operators::test_alternation_has_no_epsilon_hub ... ok
[INFO] [stdout] test tests_operators::test_alternation_empty_branch_under_quantifier ... ok
[INFO] [stdout] test tests_operators::test_alternation_nested ... ok
[INFO] [stdout] test tests_operators::test_alternation_quantified_branch ... ok
[INFO] [stdout] test tests_operators::test_alternation_sequential_groups ... ok
[INFO] [stdout] test tests_operators::test_alternation_top_level_is_compacted ... ok
[INFO] [stdout] test tests_operators::test_alternation_shared_prefix_and_unequal_length ... ok
[INFO] [stdout] test tests_operators::test_anything_but ... ok
[INFO] [stdout] test tests_operators::test_alternation_under_quantifier ... ok
[INFO] [stdout] test tests_operators::test_alternation_merged_on_one_field ... ok
[INFO] [stdout] test tests_operators::test_anything_but_numeric ... ok
[INFO] [stdout] test tests_operators::test_anything_but_numeric_array ... ok
[INFO] [stdout] test tests_operators::test_anything_but_numeric_single ... ok
[INFO] [stdout] test tests_operators::test_anything_but_mixed_lengths ... ok
[INFO] [stdout] test tests_operators::test_anything_but_prefix_relationship ... ok
[INFO] [stdout] test tests_operators::test_anything_but_numeric_float ... ok
[INFO] [stdout] test tests_operators::test_anything_but_validation ... ok
[INFO] [stdout] test tests_operators::test_anything_but_with_overlapping_exclusions ... ok
[INFO] [stdout] test tests_operators::test_anything_but_with_shellstyle ... ok
[INFO] [stdout] test tests_operators::test_anything_but_with_exact_match ... ok
[INFO] [stdout] test tests_operators::test_bounded_quantifier_with_loop_body_no_overmatch ... ok
[INFO] [stdout] test tests_operators::test_cidr_invalid_patterns ... ok
[INFO] [stdout] test tests_operators::test_anything_but_single_string ... ok
[INFO] [stdout] test tests_operators::test_cidr_ipv4_prefix_mask_boundary ... ok
[INFO] [stdout] test tests_operators::test_anything_but_wordle_words ... ok
[INFO] [stdout] test tests_operators::test_cidr_ipv4_basic ... ok
[INFO] [stdout] test tests_operators::test_cidr_ipv6_basic ... ok
[INFO] [stdout] test tests_operators::test_cidr_ipv6_double_colon_must_appear_at_most_once ... ok
[INFO] [stdout] test tests_operators::test_cidr_ipv6_double_colon_variations ... ok
[INFO] [stdout] test tests_operators::test_cidr_ipv6_eight_explicit_groups_with_shorthand ... ok
[INFO] [stdout] test tests_operators::test_cidr_ipv6_group_limit ... ok
[INFO] [stdout] test tests_operators::test_cidr_ipv6_invalid_formats ... ok
[INFO] [stdout] test automaton::arena::dfa_accel_tests::test_lazy_dfa_accel_negated_char_class ... ok
[INFO] [stdout] test tests_operators::test_cidr_ipv6_non_byte_aligned_prefix ... ok
[INFO] [stdout] test tests_operators::test_cidr_ipv6_parse_masks_boundary_byte ... ok
[INFO] [stdout] test tests_operators::test_cidr_ipv6_partial_range_not_treated_as_full_wildcard ... ok
[INFO] [stdout] test tests_operators::test_cidr_ipv6_partial_boundary_byte_masking ... ok
[INFO] [stdout] test tests_operators::test_cidr_ipv6_prefix_boundaries ... ok
[INFO] [stdout] test tests_operators::test_cidr_ipv4_prefix_various_lengths ... ok
[INFO] [stdout] test tests_operators::test_cidr_ipv6_wide_prefix ... ok
[INFO] [stdout] test tests_operators::test_cidr_ipv6_right_side_high_bytes ... ok
[INFO] [stdout] test tests_operators::test_cidr_ipv6_shorthand ... ok
[INFO] [stdout] test tests_core::test_replay_preserves_build_mode ... ok
[INFO] [stdout] test tests_operators::test_deeply_nested_quantifiers_no_overmatch ... ok
[INFO] [stdout] test tests_operators::test_dot_primitive_quantifiers_still_match ... ok
[INFO] [stdout] test tests_operators::test_dot_under_nested_quantifier_no_overmatch ... ok
[INFO] [stdout] test tests_operators::test_empty_regex_matches_empty_string ... ok
[INFO] [stdout] test tests_operators::test_epsilon_closure_required_after_merge ... ok
[INFO] [stdout] test tests_operators::test_equals_ignore_case ... ok
[INFO] [stdout] test tests_operators::test_equals_ignore_case_all_variants ... ok
[INFO] [stdout] test tests_operators::test_equals_ignore_case_length_boundaries ... ok
[INFO] [stdout] test tests_operators::test_equals_ignore_case_multiple_patterns ... ok
[INFO] [stdout] test tests_operators::test_equals_ignore_case_unicode ... ok
[INFO] [stdout] test tests_operators::test_equals_ignore_case_with_exact_match ... ok
[INFO] [stdout] test tests_operators::test_exact_added_before_lookahead_on_same_field ... ok
[INFO] [stdout] test tests_operators::test_exists_false_ordering ... ok
[INFO] [stdout] test tests_operators::test_fa_shell_cache_clearing ... ok
[INFO] [stdout] test tests_operators::test_fa_shell_cache_clearing_miri_friendly ... ok
[INFO] [stdout] test automaton::arena::dfa_accel_tests::test_lazy_dfa_accel_from_nfa_spinout_states ... ok
[INFO] [stdout] test tests_operators::test_cidr_non_ip_values ... ok
[INFO] [stdout] test tests_operators::test_cidr_miri_lightweight ... ok
[INFO] [stdout] test automaton::arena::dfa_accel_tests::test_lazy_dfa_accel_skip_zero ... ok
[INFO] [stdout] test tests_operators::test_cidr_with_other_matchers ... ok
[INFO] [stdout] test tests_operators::test_cidr_ipv4_various_prefixes ... ok
[INFO] [stdout] test tests_operators::test_incremental_closure_order_independence ... ok
[INFO] [stdout] test tests_operators::test_lookahead_condition_carries_the_lookbehind_prefix ... ok
[INFO] [stdout] test tests_operators::test_json_escape_sequences ... ok
[INFO] [stdout] test tests_operators::test_json_all_escape_sequences ... ok
[INFO] [stdout] test tests_operators::test_lookahead_condition_leaves_room_for_later_primary_atoms ... ok
[INFO] [stdout] test tests_operators::test_lookahead_primary_checked_past_the_assertion ... ok
[INFO] [stdout] test tests_operators::test_lookahead_condition_stops_where_the_primary_resumes ... ok
[INFO] [stdout] test tests_operators::test_lookaround_buffer_reuse_no_stale_state_miri_friendly ... ok
[INFO] [stdout] test tests_operators::test_lookahead_with_exact_on_same_field ... ok
[INFO] [stdout] test tests_operators::test_lookaround_pattern_parsing ... ok
[INFO] [stdout] test tests_operators::test_lookaround_pattern_add_to_quamina ... ok
[INFO] [stdout] test tests_operators::test_lookaround_primary_match ... ok
[INFO] [stdout] test tests_operators::test_lookbehind_condition_allows_for_a_trailing_lookahead ... ok
[INFO] [stdout] test tests_operators::test_lookbehind_alternation_with_primary_alternation ... ok
[INFO] [stdout] test tests_operators::test_lookaround_multiple_conditions_no_cross_contamination_miri_friendly ... ok
[INFO] [stdout] test tests_operators::test_lookaround_rejected_patterns ... ok
[INFO] [stdout] test tests_operators::test_lookaround_transformation ... ok
[INFO] [stdout] test tests_operators::test_lookbehind_match ... ok
[INFO] [stdout] test tests_operators::test_lookbehind_positive_and_negative ... ok
[INFO] [stdout] test tests_operators::test_lookbehind_with_alternation ... ok
[INFO] [stdout] test tests_operators::test_multiple_overlapping_shellstyle_patterns ... ok
[INFO] [stdout] test tests_operators::test_multi_field_exact_match ... ok
[INFO] [stdout] test tests_operators::test_multiple_shellstyle_same_field ... ok
[INFO] [stdout] test tests_operators::test_mut_memory_usage_accumulates_suffix_and_lookaround ... ok
[INFO] [stdout] test tests_operators::test_negative_lookahead_requires_primary_match ... ok
[INFO] [stdout] test tests_operators::test_negative_lookahead_match ... ok
[INFO] [stdout] test tests_operators::test_negative_lookahead_primary_length_enforced ... ok
[INFO] [stdout] test tests_operators::test_negative_lookbehind_leaves_the_run_ahead_of_the_primary_open ... ok
[INFO] [stdout] test tests_operators::test_lookaround_multiple_conditions_no_cross_contamination ... ok
[INFO] [stdout] test tests_operators::test_negative_lookbehind_match ... ok
[INFO] [stdout] test tests_operators::test_negative_lookbehind_requires_primary_match ... ok
[INFO] [stdout] test tests_operators::test_numeric_equals ... ok
[INFO] [stdout] test tests_operators::test_numeric_greater_than ... ok
[INFO] [stdout] test tests_operators::test_nested_transmap_safety ... ok
[INFO] [stdout] test tests_operators::test_numeric_scientific_notation ... ok
[INFO] [stdout] test tests_operators::test_numeric_range ... ok
[INFO] [stdout] test tests_operators::test_nwb_start_nonword ... ok
[INFO] [stdout] test tests_operators::test_nwb_underscore_is_word_char ... ok
[INFO] [stdout] test tests_operators::test_nwb_start_word_err ... ok
[INFO] [stdout] test tests_operators::test_nwb_word_to_nonword_err ... ok
[INFO] [stdout] test tests_operators::test_nwb_word_to_word ... ok
[INFO] [stdout] test tests_operators::test_overlapping_exact_match_patterns ... ok
[INFO] [stdout] test tests_operators::test_optional_under_star_no_overmatch ... ok
[INFO] [stdout] test tests_operators::test_pattern_json_backspace_and_formfeed_escapes ... ok
[INFO] [stdout] test tests_operators::test_overlapping_shellstyle_nesting_miri_friendly ... ok
[INFO] [stdout] test tests_operators::test_pattern_json_unicode_escape_bmp ... ok
[INFO] [stdout] test tests_operators::test_pattern_json_unicode_surrogate_pair ... ok
[INFO] [stdout] test tests_operators::test_nested_transmap_safety_miri_friendly ... ok
[INFO] [stdout] test tests_operators::test_plus_loop_under_star_no_overmatch ... ok
[INFO] [stdout] test tests_operators::test_mut_numeric_pattern_rejects_string_value ... ok
[INFO] [stdout] test tests_operators::test_positive_lookahead_requires_primary_match ... ok
[INFO] [stdout] test tests_operators::test_overlapping_shellstyle_nesting ... ok
[INFO] [stdout] test tests_operators::test_prefix_match ... ok
[INFO] [stdout] test tests_operators::test_range_quantifier_over_max_rejected ... ok
[INFO] [stdout] test tests_operators::test_regex_alternation ... ok
[INFO] [stdout] test tests_operators::test_lookaround_buffer_reuse_no_stale_state ... ok
[INFO] [stdout] test tests_operators::test_positive_lookahead_match ... ok
[INFO] [stdout] test tests_operators::test_regex_character_class ... ok
[INFO] [stdout] test tests_operators::test_regexp_samples_exist ... ok
[INFO] [stdout] test tests_operators::test_regex_match ... ok
[INFO] [stdout] test tests_operators::test_regex_with_escape ... ok
[INFO] [stdout] test tests_operators::test_rune_range_split_lead_byte ... ok
[INFO] [stdout] test tests_operators::test_range_quantifier_at_max_accepted ... ok
[INFO] [stdout] test tests_operators::test_shellstyle_complex_wildcards ... ok
[INFO] [stdout] test tests_operators::test_regexp_simple_optional ... ok
[INFO] [stdout] test tests_operators::test_regexp_end2end ... ok
[INFO] [stdout] test tests_operators::test_rune_range_utf8_length_boundary ... ok
[INFO] [stdout] test tests_operators::test_regex_various_patterns ... ok
[INFO] [stdout] test tests_operators::test_shellstyle_infix ... ok
[INFO] [stdout] test tests_operators::test_shellstyle_contains ... ok
[INFO] [stdout] test tests_operators::test_shellstyle_duplicate_pattern ... ok
[INFO] [stdout] test tests_operators::test_shellstyle_double_wildcard_variations ... ok
[INFO] [stdout] test tests_operators::test_shellstyle_contains_negative ... ok
[INFO] [stdout] test tests_operators::test_shellstyle_double_wildcard ... ok
[INFO] [stdout] test tests_operators::test_shellstyle_prefix ... ok
[INFO] [stdout] test tests_operators::test_shellstyle_merged_prefix_and_suffix ... ok
[INFO] [stdout] test tests_operators::test_shellstyle_multi_wildcard ... ok
[INFO] [stdout] test tests_operators::test_shellstyle_multiple_wildcards ... ok
[INFO] [stdout] test regexp::nfa::tests::test_clear_fa_shell_cache_drops_entries ... ok
[INFO] [stdout] test tests_operators::test_shellstyle_repeated_sequences ... ok
[INFO] [stdout] test tests_operators::test_shellstyle_suffix_negative ... ok
[INFO] [stdout] test tests_operators::test_shellstyle_suffix_with_space ... ok
[INFO] [stdout] test tests_operators::test_shellstyle_three_pattern_merge ... ok
[INFO] [stdout] test tests_operators::test_shellstyle_ruler_negative_cases ... ok
[INFO] [stdout] test tests_operators::test_shellstyle_prefix_negative ... ok
[INFO] [stdout] test tests_operators::test_shellstyle_subset_overlap_same_field ... ok
[INFO] [stdout] test tests_operators::test_shellstyle_zero_length_prefix ... ok
[INFO] [stdout] test tests_operators::test_surrogate_boundary_before ... ok
[INFO] [stdout] test tests_operators::test_suffix ... ok
[INFO] [stdout] test tests_operators::test_star_under_star_no_overmatch ... ok
[INFO] [stdout] test tests_operators::test_surrogate_boundary_multiple_ranges ... ok
[INFO] [stdout] test tests_operators::test_surrogate_boundary_range ... ok
[INFO] [stdout] test tests_operators::test_three_level_nesting_miri_friendly ... ok
[INFO] [stdout] test tests_operators::test_shellstyle_long_case ... ok
[INFO] [stdout] test tests_operators::test_three_level_nesting ... ok
[INFO] [stdout] test tests_operators::test_singleton_hit_and_multi_condition_hit_same_value ... ok
[INFO] [stdout] test tests_operators::test_shellstyle_suffix ... ok
[INFO] [stdout] test tests_operators::test_unicode_escape_emoji ... ok
[INFO] [stdout] test tests_operators::test_unicode_escape_in_event ... ok
[INFO] [stdout] test tests_operators::test_wb_end_non_word_char ... ok
[INFO] [stdout] test tests_operators::test_wb_end_word_char ... ok
[INFO] [stdout] test tests_operators::test_wb_digit_to_space ... ok
[INFO] [stdout] test tests_operators::test_wb_optional_absent_at_value_start ... ok
[INFO] [stdout] test tests_operators::test_wb_middle_nonword_to_word ... ok
[INFO] [stdout] test tests_operators::test_wb_optional_group_rejected ... ok
[INFO] [stdout] test tests_operators::test_wb_middle_word_to_word_err ... ok
[INFO] [stdout] test tests_operators::test_wb_optional_quantifier ... ok
[INFO] [stdout] test tests_operators::test_wb_middle_word_to_nonword ... ok
[INFO] [stdout] test tests_operators::test_wb_plus_quantifier ... ok
[INFO] [stdout] test tests_operators::test_wb_start_non_word_char ... ok
[INFO] [stdout] test tests_operators::test_wb_start_word_char ... ok
[INFO] [stdout] test tests_operators::test_wb_underscore_is_word_char ... ok
[INFO] [stdout] test tests_operators::test_wb_optional_run_before_boundary ... ok
[INFO] [stdout] test tests_operators::test_wb_utf8_multibyte ... ok
[INFO] [stdout] test tests_operators::test_wb_optional_absent_leaves_empty_value ... ok
[INFO] [stdout] test tests_operators::test_wb_utf8_emoji_boundary ... ok
[INFO] [stdout] test tests_operators::test_wb_utf8_nonword_to_word ... ok
[INFO] [stdout] test tests_operators::test_wb_whole_word ... ok
[INFO] [stdout] test tests_operators::test_wb_with_char_class ... ok
[INFO] [stdout] test tests_operators::test_wb_with_dot ... ok
[INFO] [stdout] test tests_operators::test_wb_zero_quantifier_without_previous_atom_err ... ok
[INFO] [stdout] test tests_operators::test_wb_zero_quantifier_group ... ok
[INFO] [stdout] test tests_operators::test_wildcard_contains ... ok
[INFO] [stdout] test tests_operators::test_wildcard_escape_backslash ... ok
[INFO] [stdout] test tests_operators::test_wildcard_escape_backslash_star ... ok
[INFO] [stdout] test tests_operators::test_wildcard_escape_backslash_wildcard ... ok
[INFO] [stdout] test tests_operators::test_wildcard_escape_sequences_comprehensive ... ok
[INFO] [stdout] test tests_operators::test_wb_zero_quantifier_falls_back_to_previous_atom ... ok
[INFO] [stdout] test tests_operators::test_wildcard_escape_star ... ok
[INFO] [stdout] test tests_operators::test_wildcard_invalid_escape_sequences ... ok
[INFO] [stdout] test tests_operators::test_shellstyle_suffix_merged_bug ... ok
[INFO] [stdout] test tests_operators::test_wildcard_invalid_patterns ... ok
[INFO] [stdout] test tests_operators::test_wildcard_matches_empty_string ... ok
[INFO] [stdout] test tests_operators::test_wb_non_boundary_with_optional_absent ... ok
[INFO] [stdout] test tests_operators::test_wb_range_quantifier ... ok
[INFO] [stdout] test tests_operators::test_wildcard_multi_patterns_basic ... ok
[INFO] [stdout] test tests_operators::test_wildcard_multi_patterns_infix_exact ... ok
[INFO] [stdout] test tests_operators::test_wildcard_multi_patterns_complex2 ... ok
[INFO] [stdout] test tests_operators::test_wildcard_multi_patterns_infix_exact2 ... ok
[INFO] [stdout] test tests_operators::test_wildcard_comprehensive ... ok
[INFO] [stdout] test tests_operators::test_wildcard_multi_patterns_double_exact2 ... ok
[INFO] [stdout] test tests_operators::test_wildcard_multi_patterns_infix_pair ... ok
[INFO] [stdout] test tests_operators::test_wildcard_multi_patterns_overlap1 ... ok
[INFO] [stdout] test tests_operators::test_wildcard_multi_patterns_overlap2 ... ok
[INFO] [stdout] test tests_operators::test_wildcard_multi_patterns_prefix_exact ... ok
[INFO] [stdout] test tests_operators::test_wildcard_multi_patterns_prefix_pair ... ok
[INFO] [stdout] test tests_operators::test_wildcard_multi_patterns_double_exact ... ok
[INFO] [stdout] test tests_operators::test_wildcard_multi_patterns_complex1 ... ok
[INFO] [stdout] test tests_operators::test_wildcard_multi_patterns_prefix_suffix2 ... ok
[INFO] [stdout] test tests_operators::test_wildcard_multi_patterns_suffix_double ... ok
[INFO] [stdout] test regexp::tests::test_negated_category_star_edge_cases ... ok
[INFO] [stdout] test tests_operators::test_wildcard_multi_patterns_suffix_infix ... ok
[INFO] [stdout] test tests_operators::test_wildcard_multi_patterns_suffix_infix2 ... ok
[INFO] [stdout] test tests_operators::test_wildcard_multi_patterns_suffix_exact2 ... ok
[INFO] [stdout] test tests_operators::test_wildcard_multi_patterns_prefix_suffix ... ok
[INFO] [stdout] test tests_operators::test_wildcard_multi_patterns_suffix_double2 ... ok
[INFO] [stdout] test tests_operators::test_wildcard_multi_patterns_suffix_exact ... ok
[INFO] [stdout] test tests_operators::test_wildcard_multi_patterns_zero_expansion ... ok
[INFO] [stdout] test tests_operators::test_wildcard_syntax_errors ... ok
[INFO] [stdout] test tests_operators::test_wildcard_multi_patterns_suffix_pair ... ok
[INFO] [stdout] test tests_operators::test_wildcard_unicode_strings ... ok
[INFO] [stdout] test tests_operators::test_wildcard_prefix ... ok
[INFO] [stdout] test tests_stress::test_break_500_limit ... ignored
[INFO] [stdout] test tests_stress::test_arc_snapshot_isolation ... ok
[INFO] [stdout] test tests_stress::test_bulk_add_correctness ... ok
[INFO] [stdout] test tests_stress::test_arc_concurrent_read_write ... ok
[INFO] [stdout] test tests_stress::test_arc_pattern_lifecycle ... ok
[INFO] [stdout] test tests_stress::test_concurrent_miri_friendly ... ok
[INFO] [stdout] test tests_operators::test_wildcard_suffix ... ok
[INFO] [stdout] test tests_stress::test_invalid_utf8_dot_rejection ... ok
[INFO] [stdout] test tests_stress::test_exercise_matching_miri_friendly ... ok
[INFO] [stdout] test tests_stress::test_memory_cleanup_miri_friendly ... ok
[INFO] [stdout] test tests_stress::test_json_escape_all_eight ... ok
[INFO] [stdout] test tests_stress::test_multiple_shellstyle_citylots_patterns ... ok
[INFO] [stdout] test tests_stress::test_multiple_patterns_same_id_comprehensive ... ok
[INFO] [stdout] test tests_stress::test_numbits_ordering_through_range ... ok
[INFO] [stdout] test tests_stress::test_concurrent_citylots_stress ... ok
[INFO] [stdout] test tests_stress::test_numbits_through_numeric_matching ... ok
[INFO] [stdout] test tests_stress::test_arc_field_matcher_sharing ... ok
[INFO] [stdout] test tests_stress::test_pathological_correctness_miri_friendly ... ok
[INFO] [stdout] test tests_stress::test_stress_citylots2_operators ... ok
[INFO] [stdout] test tests_stress::test_pathological_correctness ... ok
[INFO] [stdout] test tests_stress::test_concurrent_update_during_matching ... FAILED
[INFO] [stdout] test tests_stress::test_unicode_escape_mixed_codepoints ... ok
[INFO] [stdout] test tests_stress::test_unicode_escape_multiple_emojis ... ok
[INFO] [stdout] test tests_stress::test_unicode_escape_standard_escapes ... ok
[INFO] [stdout] test tests_stress::test_unicode_field_names_surrogate_pairs ... ok
[INFO] [stdout] test tests_stress::test_unicode_member_names ... ok
[INFO] [stdout] test tests_stress::test_arc_memory_cleanup ... ok
[INFO] [stdout] test unicode_categories::tests::test_ascii_in_ll ... ok
[INFO] [stdout] test unicode_categories::tests::test_ascii_in_lu ... ok
[INFO] [stdout] test unicode_categories::tests::test_block_lookup ... ok
[INFO] [stdout] test tests_stress::test_unicode_field_names ... ok
[INFO] [stdout] test tests_stress::test_utf16_surrogate_pairs ... ok
[INFO] [stdout] test unicode_categories::tests::test_digit_in_nd ... ok
[INFO] [stdout] test unicode_categories::tests::test_category_lookup ... ok
[INFO] [stdout] test tests_stress::test_exercise_matching_comprehensive ... ok
[INFO] [stdout] test regexp::tests::test_negated_single_char_ascii_fast_path ... ok
[INFO] [stdout] test tests_operators::test_unicode_category_epsilon_closure ... ok
[INFO] [stdout] test regexp::tests::test_negated_class_nfa ... ok
[INFO] [stdout] test regexp::tests::test_negated_unicode_char_no_ascii_fast_path ... ok
[INFO] [stdout] test regexp::tests::test_shell_caching_negated_independent ... ok
[INFO] [stdout] test regexp::tests::test_xml_escapes_nfa ... ok
[INFO] [stdout] test automaton::arena::dfa_accel_tests::test_eager_dfa_traversal_with_accel ... ok
[INFO] [stdout] test automaton::arena::dfa_accel_tests::test_eager_dfa_accel_simple_pattern ... ok
[INFO] [stdout] test tests_stress::test_pattern_insertion_scales_linearly ... ok
[INFO] [stdout] test tests_stress::test_stress_fuzz_strings ... ok
[INFO] [stdout] test tests_stress::test_stress_fuzz_numbers ... ok
[INFO] [stdout] test tests_operators::test_regexp_validity ... ok
[INFO] [stdout] 
[INFO] [stdout] failures:
[INFO] [stdout] 
[INFO] [stdout] ---- tests_stress::test_concurrent_update_during_matching stdout ----
[INFO] [stdout] 
[INFO] [stdout] thread 'tests_stress::test_concurrent_update_during_matching' (2964) panicked at src/tests_stress.rs:968:33:
[INFO] [stdout] Failed to open citylots2.json.gz: Os { code: 2, kind: NotFound, message: "No such file or directory" }
[INFO] [stdout] stack backtrace:
[INFO] [stdout]    0:     0x57cb2bf5c991 - std[70759c8f55707aa4]::backtrace_rs::backtrace::libunwind::trace
[INFO] [stdout]                                at /rustc/dfb0accb7f508ae8be965d8629557221c889dd98/library/std/src/../../backtrace/src/backtrace/libunwind.rs:117:9
[INFO] [stdout]    1:     0x57cb2bf5c991 - std[70759c8f55707aa4]::backtrace_rs::backtrace::trace_unsynchronized::<std[70759c8f55707aa4]::sys::backtrace::_print_fmt::{closure#1}>
[INFO] [stdout]                                at /rustc/dfb0accb7f508ae8be965d8629557221c889dd98/library/std/src/../../backtrace/src/backtrace/mod.rs:66:14
[INFO] [stdout]    2:     0x57cb2bf5c991 - std[70759c8f55707aa4]::sys::backtrace::_print_fmt
[INFO] [stdout]                                at /rustc/dfb0accb7f508ae8be965d8629557221c889dd98/library/std/src/sys/backtrace.rs:74:9
[INFO] [stdout]    3:     0x57cb2bf5c991 - <<std[70759c8f55707aa4]::sys::backtrace::BacktraceLock>::print::DisplayBacktrace as core[df12db4294e9bfd3]::fmt::Display>::fmt
[INFO] [stdout]                                at /rustc/dfb0accb7f508ae8be965d8629557221c889dd98/library/std/src/sys/backtrace.rs:44:26
[INFO] [stdout]    4:     0x57cb2bf729ba - <core[df12db4294e9bfd3]::fmt::rt::Argument>::fmt
[INFO] [stdout]                                at /rustc/dfb0accb7f508ae8be965d8629557221c889dd98/library/core/src/fmt/rt.rs:152:76
[INFO] [stdout]    5:     0x57cb2bf729ba - core[df12db4294e9bfd3]::fmt::write
[INFO] [stdout]    6:     0x57cb2bf60edc - core[df12db4294e9bfd3]::io::write::default_write_fmt::<alloc[2182bb758b4b3781]::vec::Vec<u8>>
[INFO] [stdout]                                at /rustc/dfb0accb7f508ae8be965d8629557221c889dd98/library/core/src/io/write.rs:402:11
[INFO] [stdout]    7:     0x57cb2bf60edc - <alloc[2182bb758b4b3781]::vec::Vec<u8> as core[df12db4294e9bfd3]::io::write::Write>::write_fmt
[INFO] [stdout]                                at /rustc/dfb0accb7f508ae8be965d8629557221c889dd98/library/core/src/io/write.rs:335:13
[INFO] [stdout]    8:     0x57cb2bf38b66 - <std[70759c8f55707aa4]::sys::backtrace::BacktraceLock>::print
[INFO] [stdout]                                at /rustc/dfb0accb7f508ae8be965d8629557221c889dd98/library/std/src/sys/backtrace.rs:47:9
[INFO] [stdout]    9:     0x57cb2bf38b66 - std[70759c8f55707aa4]::panicking::default_hook::{closure#0}
[INFO] [stdout]                                at /rustc/dfb0accb7f508ae8be965d8629557221c889dd98/library/std/src/panicking.rs:292:27
[INFO] [stdout]   10:     0x57cb2bf54cd9 - std[70759c8f55707aa4]::panicking::default_hook
[INFO] [stdout]                                at /rustc/dfb0accb7f508ae8be965d8629557221c889dd98/library/std/src/panicking.rs:316:9
[INFO] [stdout]   11:     0x57cb2bee3ac0 - <alloc[2182bb758b4b3781]::boxed::Box<dyn for<'a, 'b> core[df12db4294e9bfd3]::ops::function::Fn<(&'a std[70759c8f55707aa4]::panic::PanicHookInfo<'b>,), Output = ()> + core[df12db4294e9bfd3]::marker::Send + core[df12db4294e9bfd3]::marker::Sync> as core[df12db4294e9bfd3]::ops::function::Fn<(&std[70759c8f55707aa4]::panic::PanicHookInfo,)>>::call
[INFO] [stdout]                                at /rustc/dfb0accb7f508ae8be965d8629557221c889dd98/library/alloc/src/boxed.rs:2334:9
[INFO] [stdout]   12:     0x57cb2bee3ac0 - test[9d35eded1c95d3be]::test_main_inner::<test[9d35eded1c95d3be]::test_main_static::{closure#0}>::{closure#0}
[INFO] [stdout]                                at /rustc/dfb0accb7f508ae8be965d8629557221c889dd98/library/test/src/lib.rs:155:21
[INFO] [stdout]   13:     0x57cb2bf54e92 - <alloc[2182bb758b4b3781]::boxed::Box<dyn for<'a, 'b> core[df12db4294e9bfd3]::ops::function::Fn<(&'a std[70759c8f55707aa4]::panic::PanicHookInfo<'b>,), Output = ()> + core[df12db4294e9bfd3]::marker::Send + core[df12db4294e9bfd3]::marker::Sync> as core[df12db4294e9bfd3]::ops::function::Fn<(&std[70759c8f55707aa4]::panic::PanicHookInfo,)>>::call
[INFO] [stdout]                                at /rustc/dfb0accb7f508ae8be965d8629557221c889dd98/library/alloc/src/boxed.rs:2334:9
[INFO] [stdout]   14:     0x57cb2bf54e92 - std[70759c8f55707aa4]::panicking::panic_with_hook
[INFO] [stdout]                                at /rustc/dfb0accb7f508ae8be965d8629557221c889dd98/library/std/src/panicking.rs:823:13
[INFO] [stdout]   15:     0x57cb2bf38c12 - std[70759c8f55707aa4]::panicking::panic_handler::{closure#0}
[INFO] [stdout]                                at /rustc/dfb0accb7f508ae8be965d8629557221c889dd98/library/std/src/panicking.rs:688:13
[INFO] [stdout]   16:     0x57cb2bf317d9 - std[70759c8f55707aa4]::sys::backtrace::__rust_end_short_backtrace::<std[70759c8f55707aa4]::panicking::panic_handler::{closure#0}, !>
[INFO] [stdout]                                at /rustc/dfb0accb7f508ae8be965d8629557221c889dd98/library/std/src/sys/backtrace.rs:182:18
[INFO] [stdout]   17:     0x57cb2bf3980d - __rustc[8fa7c3cbc660c2b3]::rust_begin_unwind
[INFO] [stdout]                                at /rustc/dfb0accb7f508ae8be965d8629557221c889dd98/library/std/src/panicking.rs:679:5
[INFO] [stdout]   18:     0x57cb2bf731dc - core[df12db4294e9bfd3]::panicking::panic_fmt
[INFO] [stdout]                                at /rustc/dfb0accb7f508ae8be965d8629557221c889dd98/library/core/src/panicking.rs:80:14
[INFO] [stdout]   19:     0x57cb2bf72f32 - core[df12db4294e9bfd3]::result::unwrap_failed
[INFO] [stdout]                                at /rustc/dfb0accb7f508ae8be965d8629557221c889dd98/library/core/src/result.rs:1871:5
[INFO] [stdout]   20:     0x57cb2bc4d40e - <core[df12db4294e9bfd3]::result::Result<std[70759c8f55707aa4]::fs::File, core[df12db4294e9bfd3]::io::error::Error>>::expect
[INFO] [stdout]                                at /rustc/dfb0accb7f508ae8be965d8629557221c889dd98/library/core/src/result.rs:1184:23
[INFO] [stdout]   21:     0x57cb2bdbf898 - quamina[e4a993b8eb5e9e2]::tests_stress::test_concurrent_update_during_matching
[INFO] [stdout]                                at /opt/rustwide/workdir/src/tests_stress.rs:968:33
[INFO] [stdout]   22:     0x57cb2bda9227 - quamina[e4a993b8eb5e9e2]::tests_stress::test_concurrent_update_during_matching::{closure#0}
[INFO] [stdout]                                at /opt/rustwide/workdir/src/tests_stress.rs:938:44
[INFO] [stdout]   23:     0x57cb2bb96f26 - <quamina[e4a993b8eb5e9e2]::tests_stress::test_concurrent_update_during_matching::{closure#0} as core[df12db4294e9bfd3]::ops::function::FnOnce<()>>::call_once
[INFO] [stdout]                                at /rustc/dfb0accb7f508ae8be965d8629557221c889dd98/library/core/src/ops/function.rs:250:5
[INFO] [stdout]   24:     0x57cb2bed6dab - <fn() -> core[df12db4294e9bfd3]::result::Result<(), alloc[2182bb758b4b3781]::string::String> as core[df12db4294e9bfd3]::ops::function::FnOnce<()>>::call_once
[INFO] [stdout]                                at /rustc/dfb0accb7f508ae8be965d8629557221c889dd98/library/core/src/ops/function.rs:250:5
[INFO] [stdout]   25:     0x57cb2bed6dab - test[9d35eded1c95d3be]::__rust_begin_short_backtrace::<core[df12db4294e9bfd3]::result::Result<(), alloc[2182bb758b4b3781]::string::String>, fn() -> core[df12db4294e9bfd3]::result::Result<(), alloc[2182bb758b4b3781]::string::String>>
[INFO] [stdout]                                at /rustc/dfb0accb7f508ae8be965d8629557221c889dd98/library/test/src/lib.rs:733:18
[INFO] [stdout]   26:     0x57cb2bee4415 - test[9d35eded1c95d3be]::run_test_in_process::{closure#0}
[INFO] [stdout]                                at /rustc/dfb0accb7f508ae8be965d8629557221c889dd98/library/test/src/lib.rs:756:74
[INFO] [stdout]   27:     0x57cb2bee4415 - <core[df12db4294e9bfd3]::panic::unwind_safe::AssertUnwindSafe<test[9d35eded1c95d3be]::run_test_in_process::{closure#0}> as core[df12db4294e9bfd3]::ops::function::FnOnce<()>>::call_once
[INFO] [stdout]                                at /rustc/dfb0accb7f508ae8be965d8629557221c889dd98/library/core/src/panic/unwind_safe.rs:275:9
[INFO] [stdout]   28:     0x57cb2bee4415 - std[70759c8f55707aa4]::panicking::catch_unwind::do_call::<core[df12db4294e9bfd3]::panic::unwind_safe::AssertUnwindSafe<test[9d35eded1c95d3be]::run_test_in_process::{closure#0}>, core[df12db4294e9bfd3]::result::Result<(), alloc[2182bb758b4b3781]::string::String>>
[INFO] [stdout]                                at /rustc/dfb0accb7f508ae8be965d8629557221c889dd98/library/std/src/panicking.rs:576:43
[INFO] [stdout]   29:     0x57cb2bee4415 - std[70759c8f55707aa4]::panicking::catch_unwind::<core[df12db4294e9bfd3]::result::Result<(), alloc[2182bb758b4b3781]::string::String>, core[df12db4294e9bfd3]::panic::unwind_safe::AssertUnwindSafe<test[9d35eded1c95d3be]::run_test_in_process::{closure#0}>>
[INFO] [stdout]                                at /rustc/dfb0accb7f508ae8be965d8629557221c889dd98/library/std/src/panicking.rs:544:19
[INFO] [stdout]   30:     0x57cb2bee4415 - std[70759c8f55707aa4]::panic::catch_unwind::<core[df12db4294e9bfd3]::panic::unwind_safe::AssertUnwindSafe<test[9d35eded1c95d3be]::run_test_in_process::{closure#0}>, core[df12db4294e9bfd3]::result::Result<(), alloc[2182bb758b4b3781]::string::String>>
[INFO] [stdout]                                at /rustc/dfb0accb7f508ae8be965d8629557221c889dd98/library/std/src/panic.rs:359:14
[INFO] [stdout]   31:     0x57cb2bee4415 - test[9d35eded1c95d3be]::run_test_in_process
[INFO] [stdout]                                at /rustc/dfb0accb7f508ae8be965d8629557221c889dd98/library/test/src/lib.rs:756:27
[INFO] [stdout]   32:     0x57cb2bee4415 - test[9d35eded1c95d3be]::run_test::{closure#0}
[INFO] [stdout]                                at /rustc/dfb0accb7f508ae8be965d8629557221c889dd98/library/test/src/lib.rs:677:43
[INFO] [stdout]   33:     0x57cb2beddcd4 - test[9d35eded1c95d3be]::run_test::{closure#1}
[INFO] [stdout]                                at /rustc/dfb0accb7f508ae8be965d8629557221c889dd98/library/test/src/lib.rs:707:41
[INFO] [stdout]   34:     0x57cb2beddcd4 - std[70759c8f55707aa4]::sys::backtrace::__rust_begin_short_backtrace::<test[9d35eded1c95d3be]::run_test::{closure#1}, ()>
[INFO] [stdout]                                at /rustc/dfb0accb7f508ae8be965d8629557221c889dd98/library/std/src/sys/backtrace.rs:166:18
[INFO] [stdout]   35:     0x57cb2bee7572 - std[70759c8f55707aa4]::thread::lifecycle::spawn_unchecked::<test[9d35eded1c95d3be]::run_test::{closure#1}, ()>::{closure#1}::{closure#0}
[INFO] [stdout]                                at /rustc/dfb0accb7f508ae8be965d8629557221c889dd98/library/std/src/thread/lifecycle.rs:70:13
[INFO] [stdout]   36:     0x57cb2bee7572 - <core[df12db4294e9bfd3]::panic::unwind_safe::AssertUnwindSafe<std[70759c8f55707aa4]::thread::lifecycle::spawn_unchecked<test[9d35eded1c95d3be]::run_test::{closure#1}, ()>::{closure#1}::{closure#0}> as core[df12db4294e9bfd3]::ops::function::FnOnce<()>>::call_once
[INFO] [stdout]                                at /rustc/dfb0accb7f508ae8be965d8629557221c889dd98/library/core/src/panic/unwind_safe.rs:275:9
[INFO] [stdout]   37:     0x57cb2bee7572 - std[70759c8f55707aa4]::panicking::catch_unwind::do_call::<core[df12db4294e9bfd3]::panic::unwind_safe::AssertUnwindSafe<std[70759c8f55707aa4]::thread::lifecycle::spawn_unchecked<test[9d35eded1c95d3be]::run_test::{closure#1}, ()>::{closure#1}::{closure#0}>, ()>
[INFO] [stdout]                                at /rustc/dfb0accb7f508ae8be965d8629557221c889dd98/library/std/src/panicking.rs:576:43
[INFO] [stdout]   38:     0x57cb2bee7572 - std[70759c8f55707aa4]::panicking::catch_unwind::<(), core[df12db4294e9bfd3]::panic::unwind_safe::AssertUnwindSafe<std[70759c8f55707aa4]::thread::lifecycle::spawn_unchecked<test[9d35eded1c95d3be]::run_test::{closure#1}, ()>::{closure#1}::{closure#0}>>
[INFO] [stdout]                                at /rustc/dfb0accb7f508ae8be965d8629557221c889dd98/library/std/src/panicking.rs:544:19
[INFO] [stdout]   39:     0x57cb2bee7572 - std[70759c8f55707aa4]::panic::catch_unwind::<core[df12db4294e9bfd3]::panic::unwind_safe::AssertUnwindSafe<std[70759c8f55707aa4]::thread::lifecycle::spawn_unchecked<test[9d35eded1c95d3be]::run_test::{closure#1}, ()>::{closure#1}::{closure#0}>, ()>
[INFO] [stdout]                                at /rustc/dfb0accb7f508ae8be965d8629557221c889dd98/library/std/src/panic.rs:359:14
[INFO] [stdout]   40:     0x57cb2bee7572 - std[70759c8f55707aa4]::thread::lifecycle::spawn_unchecked::<test[9d35eded1c95d3be]::run_test::{closure#1}, ()>::{closure#1}
[INFO] [stdout]                                at /rustc/dfb0accb7f508ae8be965d8629557221c889dd98/library/std/src/thread/lifecycle.rs:68:26
[INFO] [stdout]   41:     0x57cb2bee7572 - <std[70759c8f55707aa4]::thread::lifecycle::spawn_unchecked<test[9d35eded1c95d3be]::run_test::{closure#1}, ()>::{closure#1} as core[df12db4294e9bfd3]::ops::function::FnOnce<()>>::call_once::{shim:vtable#0}
[INFO] [stdout]                                at /rustc/dfb0accb7f508ae8be965d8629557221c889dd98/library/core/src/ops/function.rs:250:5
[INFO] [stdout]   42:     0x57cb2bf5bef9 - <alloc[2182bb758b4b3781]::boxed::Box<dyn core[df12db4294e9bfd3]::ops::function::FnOnce<(), Output = ()> + core[df12db4294e9bfd3]::marker::Send> as core[df12db4294e9bfd3]::ops::function::FnOnce<()>>::call_once
[INFO] [stdout]                                at /rustc/dfb0accb7f508ae8be965d8629557221c889dd98/library/alloc/src/boxed.rs:2320:9
[INFO] [stdout]   43:     0x57cb2bf5bef9 - <std[70759c8f55707aa4]::sys::thread::unix::Thread>::new::thread_start
[INFO] [stdout]                                at /rustc/dfb0accb7f508ae8be965d8629557221c889dd98/library/std/src/sys/thread/unix.rs:123:17
[INFO] [stdout]   44:     0x76894eaaadfa - <unknown>
[INFO] [stdout]   45:     0x76894eb3e3d4 - clone
[INFO] [stdout]   46:                0x0 - <unknown>
[INFO] [stdout] 
[INFO] [stdout] 
[INFO] [stdout] failures:
[INFO] [stdout]     tests_stress::test_concurrent_update_during_matching
[INFO] [stdout] 
[INFO] [stdout] test result: FAILED. 949 passed; 1 failed; 1 ignored; 0 measured; 0 filtered out; finished in 24.03s
[INFO] [stdout] 
[INFO] [stderr] error: test failed, to rerun pass `--lib`
[INFO] running `Command { std: "docker" "inspect" "c14ec139f1813347a5efd7efd0e328746948cc9a2fd51733560efe95be35bf4c", kill_on_drop: false }`
[INFO] running `Command { std: "docker" "rm" "-f" "c14ec139f1813347a5efd7efd0e328746948cc9a2fd51733560efe95be35bf4c", kill_on_drop: false }`
[INFO] [stdout] c14ec139f1813347a5efd7efd0e328746948cc9a2fd51733560efe95be35bf4c
