[INFO] fetching crate quadtree_simple 0.1.7...
[INFO] testing quadtree_simple-0.1.7 against 1.100.0-beta.1 for beta-1.100-2
[INFO] extracting crate quadtree_simple 0.1.7 into /workspace/builds/worker-1-tc2/source
[INFO] started tweaking crates.io crate quadtree_simple 0.1.7
[INFO] finished tweaking crates.io crate quadtree_simple 0.1.7
[INFO] tweaked toml for crates.io crate quadtree_simple 0.1.7 written to /workspace/builds/worker-1-tc2/source/Cargo.toml
[INFO] validating manifest of crates.io crate quadtree_simple 0.1.7 on toolchain 1.100.0-beta.1
[INFO] running `Command { std: CARGO_HOME="/workspace/cargo-home" RUSTUP_HOME="/workspace/rustup-home" "/workspace/cargo-home/bin/cargo" "+1.100.0-beta.1" "metadata" "--manifest-path" "Cargo.toml" "--no-deps", kill_on_drop: false }`
[INFO] crate crates.io crate quadtree_simple 0.1.7 already has a lockfile, it will not be regenerated
[INFO] running `Command { std: CARGO_HOME="/workspace/cargo-home" RUSTUP_HOME="/workspace/rustup-home" "/workspace/cargo-home/bin/cargo" "+1.100.0-beta.1" "fetch" "--manifest-path" "Cargo.toml", kill_on_drop: false }`
[INFO] running `Command { std: "docker" "create" "-v" "/var/lib/crater-agent-workspace/builds/worker-1-tc2/source:/opt/rustwide/workdir:ro,Z" "-v" "/var/lib/crater-agent-workspace/builds/worker-1-tc2/target:/opt/rustwide/target:rw,Z" "-v" "/var/lib/crater-agent-workspace/cargo-home:/opt/rustwide/cargo-home:ro,Z" "-v" "/var/lib/crater-agent-workspace/rustup-home:/opt/rustwide/rustup-home:ro,Z" "-m" "1610612736" "--network" "none" "ghcr.io/rust-lang/crates-build-env/linux@sha256:3111399a4047eeb3a02b7a90e478d715f38a8c6669b5c4b49d30a17385265909" "sleep" "infinity", kill_on_drop: false }`
[INFO] [stdout] 2dc713e653c427c619c800b5f60ed87154cfcc00b149fe2e702e78fe9d086199
[INFO] running `Command { std: "docker" "start" "2dc713e653c427c619c800b5f60ed87154cfcc00b149fe2e702e78fe9d086199", kill_on_drop: false }`
[INFO] running `Command { std: "docker" "inspect" "2dc713e653c427c619c800b5f60ed87154cfcc00b149fe2e702e78fe9d086199", kill_on_drop: false }`
[INFO] running `Command { std: "docker" "exec" "-e" "SOURCE_DIR=/opt/rustwide/workdir" "-e" "CARGO_HOME=/opt/rustwide/cargo-home" "-e" "RUSTUP_HOME=/opt/rustwide/rustup-home" "-e" "CARGO_TARGET_DIR=/opt/rustwide/target" "-w" "/opt/rustwide/workdir" "--user" "0:0" "2dc713e653c427c619c800b5f60ed87154cfcc00b149fe2e702e78fe9d086199" "/opt/rustwide/cargo-home/bin/cargo" "+1.100.0-beta.1" "metadata" "--no-deps" "--format-version=1", kill_on_drop: false }`
[INFO] running `Command { std: "docker" "inspect" "2dc713e653c427c619c800b5f60ed87154cfcc00b149fe2e702e78fe9d086199", kill_on_drop: false }`
[INFO] running `Command { std: "docker" "exec" "-e" "SOURCE_DIR=/opt/rustwide/workdir" "-e" "CARGO_HOME=/opt/rustwide/cargo-home" "-e" "RUSTUP_HOME=/opt/rustwide/rustup-home" "-e" "CARGO_TARGET_DIR=/opt/rustwide/target" "-e" "CARGO_INCREMENTAL=0" "-e" "RUST_BACKTRACE=full" "-e" "RUSTFLAGS=--cap-lints=warn" "-e" "RUSTDOCFLAGS=--cap-lints=warn" "-w" "/opt/rustwide/workdir" "--user" "0:0" "2dc713e653c427c619c800b5f60ed87154cfcc00b149fe2e702e78fe9d086199" "/opt/rustwide/cargo-home/bin/cargo" "+1.100.0-beta.1" "build" "--frozen" "--message-format=json", kill_on_drop: false }`
[INFO] [stderr]    Compiling quadtree_simple v0.1.7 (/opt/rustwide/workdir)
[INFO] [stderr]     Finished `dev` profile [unoptimized + debuginfo] target(s) in 0.11s
[INFO] running `Command { std: "docker" "inspect" "2dc713e653c427c619c800b5f60ed87154cfcc00b149fe2e702e78fe9d086199", kill_on_drop: false }`
[INFO] running `Command { std: "docker" "exec" "-e" "SOURCE_DIR=/opt/rustwide/workdir" "-e" "CARGO_HOME=/opt/rustwide/cargo-home" "-e" "RUSTUP_HOME=/opt/rustwide/rustup-home" "-e" "CARGO_TARGET_DIR=/opt/rustwide/target" "-e" "CARGO_INCREMENTAL=0" "-e" "RUST_BACKTRACE=full" "-e" "RUSTFLAGS=--cap-lints=warn" "-e" "RUSTDOCFLAGS=--cap-lints=warn" "-w" "/opt/rustwide/workdir" "--user" "0:0" "2dc713e653c427c619c800b5f60ed87154cfcc00b149fe2e702e78fe9d086199" "/opt/rustwide/cargo-home/bin/cargo" "+1.100.0-beta.1" "test" "--frozen" "--no-run" "--message-format=json", kill_on_drop: false }`
[INFO] [stderr]    Compiling crc32fast v1.4.0
[INFO] [stderr]    Compiling simd-adler32 v0.3.7
[INFO] [stderr]    Compiling ahash v0.8.11
[INFO] [stderr]    Compiling adler v1.0.2
[INFO] [stderr]    Compiling libc v0.2.154
[INFO] [stderr]    Compiling once_cell v1.19.0
[INFO] [stderr]    Compiling zerocopy v0.7.34
[INFO] [stderr]    Compiling slotmap v1.0.7
[INFO] [stderr]    Compiling miniquad v0.4.0
[INFO] [stderr]    Compiling bytemuck v1.16.0
[INFO] [stderr]    Compiling color_quant v1.1.0
[INFO] [stderr]    Compiling ttf-parser v0.15.2
[INFO] [stderr]    Compiling num-traits v0.2.19
[INFO] [stderr]    Compiling bumpalo v3.16.0
[INFO] [stderr]    Compiling quad-rand v0.2.1
[INFO] [stderr]    Compiling glam v0.21.3
[INFO] [stderr]    Compiling macroquad_macro v0.1.7
[INFO] [stderr]    Compiling miniz_oxide v0.7.2
[INFO] [stderr]    Compiling fdeflate v0.3.4
[INFO] [stderr]    Compiling flate2 v1.0.30
[INFO] [stderr]    Compiling hashbrown v0.13.2
[INFO] [stderr]    Compiling png v0.17.13
[INFO] [stderr]    Compiling fontdue v0.7.3
[INFO] [stderr]    Compiling image v0.24.9
[INFO] [stderr]    Compiling macroquad v0.4.5
[INFO] [stderr]    Compiling quadtree_simple v0.1.7 (/opt/rustwide/workdir)
[INFO] [stdout] warning: unused import: `macroquad::rand::*`
[INFO] [stdout]  --> examples/display.rs:3:5
[INFO] [stdout]   |
[INFO] [stdout] 3 | use macroquad::rand::*;
[INFO] [stdout]   |     ^^^^^^^^^^^^^^^^^^
[INFO] [stdout]   |
[INFO] [stdout]   = note: `#[warn(unused_imports)]` (part of `#[warn(unused)]`) on by default
[INFO] [stdout] 
[INFO] [stdout] 
[INFO] [stderr]     Finished `test` profile [unoptimized + debuginfo] target(s) in 11.18s
[INFO] running `Command { std: "docker" "inspect" "2dc713e653c427c619c800b5f60ed87154cfcc00b149fe2e702e78fe9d086199", kill_on_drop: false }`
[INFO] running `Command { std: "docker" "exec" "-e" "SOURCE_DIR=/opt/rustwide/workdir" "-e" "CARGO_HOME=/opt/rustwide/cargo-home" "-e" "RUSTUP_HOME=/opt/rustwide/rustup-home" "-e" "CARGO_TARGET_DIR=/opt/rustwide/target" "-e" "CARGO_INCREMENTAL=0" "-e" "RUST_BACKTRACE=full" "-e" "RUSTFLAGS=--cap-lints=warn" "-e" "RUSTDOCFLAGS=--cap-lints=warn" "-w" "/opt/rustwide/workdir" "--user" "0:0" "2dc713e653c427c619c800b5f60ed87154cfcc00b149fe2e702e78fe9d086199" "/opt/rustwide/cargo-home/bin/cargo" "+1.100.0-beta.1" "test" "--frozen", kill_on_drop: false }`
[INFO] [stderr] warning: unused import: `macroquad::rand::*`
[INFO] [stderr]  --> examples/display.rs:3:5
[INFO] [stderr]   |
[INFO] [stderr] 3 | use macroquad::rand::*;
[INFO] [stderr]   |     ^^^^^^^^^^^^^^^^^^
[INFO] [stderr]   |
[INFO] [stderr]   = note: `#[warn(unused_imports)]` (part of `#[warn(unused)]`) on by default
[INFO] [stderr] 
[INFO] [stderr] warning: `quadtree_simple` (example "display") generated 1 warning (run `cargo fix --example "display" -p quadtree_simple` to apply 1 suggestion)
[INFO] [stderr]     Finished `test` profile [unoptimized + debuginfo] target(s) in 0.06s
[INFO] [stderr]      Running unittests src/lib.rs (/opt/rustwide/target/debug/build/quadtree_simple/c9d00786162117b6/out/quadtree_simple-c9d00786162117b6)
[INFO] [stdout] 
[INFO] [stdout] running 2 tests
[INFO] [stdout] test tests::insert_at_known_points ... ok
[INFO] [stdout] test tests::it_works ... ok
[INFO] [stdout] 
[INFO] [stdout] test result: ok. 2 passed; 0 failed; 0 ignored; 0 measured; 0 filtered out; finished in 0.00s
[INFO] [stdout] 
[INFO] [stderr]    Doc-tests quadtree_simple
[INFO] [stdout] 
[INFO] [stdout] running 1 test
[INFO] [stdout] test src/lib.rs - (line 15) ... FAILED
[INFO] [stdout] 
[INFO] [stdout] failures:
[INFO] [stdout] 
[INFO] [stdout] ---- src/lib.rs - (line 15) stdout ----
[INFO] [stdout] error[E0283]: type annotations needed for `Quadtree<_>`
[INFO] [stdout]    --> src/lib.rs:20:5
[INFO] [stdout]     |
[INFO] [stdout]  20 | let mut qt = Quadtree::new(Qrect::new(size, size, size, size), /* points per rect */4);
[INFO] [stdout]     |     ^^^^^^   -------- type must be known at this point
[INFO] [stdout]     |
[INFO] [stdout]     = note: the type must implement `Clone`
[INFO] [stdout] note: required by a bound in `Quadtree`
[INFO] [stdout]    --> src/lib.rs:116:24
[INFO] [stdout]     |
[INFO] [stdout] 116 | pub struct Quadtree<T: Clone> {
[INFO] [stdout]     |                        ^^^^^ required by this bound in `Quadtree`
[INFO] [stdout] help: consider giving `qt` an explicit type, where the type for type parameter `T` is specified
[INFO] [stdout]     |
[INFO] [stdout]  20 | let mut qt: Quadtree<T> = Quadtree::new(Qrect::new(size, size, size, size), /* points per rect */4);
[INFO] [stdout]     |           +++++++++++++
[INFO] [stdout] 
[INFO] [stdout] error: aborting due to 1 previous error
[INFO] [stdout] 
[INFO] [stdout] For more information about this error, try `rustc --explain E0283`.
[INFO] [stdout] Couldn't compile the test.
[INFO] [stdout] 
[INFO] [stdout] failures:
[INFO] [stdout]     src/lib.rs - (line 15)
[INFO] [stdout] 
[INFO] [stdout] test result: FAILED. 0 passed; 1 failed; 0 ignored; 0 measured; 0 filtered out; finished in 0.13s
[INFO] [stdout] 
[INFO] [stderr] error: doctest failed, to rerun pass `--doc`
[INFO] running `Command { std: "docker" "inspect" "2dc713e653c427c619c800b5f60ed87154cfcc00b149fe2e702e78fe9d086199", kill_on_drop: false }`
[INFO] running `Command { std: "docker" "rm" "-f" "2dc713e653c427c619c800b5f60ed87154cfcc00b149fe2e702e78fe9d086199", kill_on_drop: false }`
[INFO] [stdout] 2dc713e653c427c619c800b5f60ed87154cfcc00b149fe2e702e78fe9d086199
