[INFO] fetching crate quadlet-lens 0.2.4...
[INFO] testing quadlet-lens-0.2.4 against 1.100.0-beta.1 for beta-1.100-2
[INFO] extracting crate quadlet-lens 0.2.4 into /workspace/builds/worker-3-tc2/source
[INFO] removed /workspace/builds/worker-3-tc2/source/.cargo/config.toml
[INFO] removed /workspace/builds/worker-3-tc2/source/rust-toolchain.toml
[INFO] started tweaking crates.io crate quadlet-lens 0.2.4
[INFO] removed 0 missing tests
[INFO] finished tweaking crates.io crate quadlet-lens 0.2.4
[INFO] tweaked toml for crates.io crate quadlet-lens 0.2.4 written to /workspace/builds/worker-3-tc2/source/Cargo.toml
[INFO] validating manifest of crates.io crate quadlet-lens 0.2.4 on toolchain 1.100.0-beta.1
[INFO] running `Command { std: CARGO_HOME="/workspace/cargo-home" RUSTUP_HOME="/workspace/rustup-home" "/workspace/cargo-home/bin/cargo" "+1.100.0-beta.1" "metadata" "--manifest-path" "Cargo.toml" "--no-deps", kill_on_drop: false }`
[INFO] crate crates.io crate quadlet-lens 0.2.4 already has a lockfile, it will not be regenerated
[INFO] running `Command { std: CARGO_HOME="/workspace/cargo-home" RUSTUP_HOME="/workspace/rustup-home" "/workspace/cargo-home/bin/cargo" "+1.100.0-beta.1" "fetch" "--manifest-path" "Cargo.toml", kill_on_drop: false }`
[INFO] running `Command { std: "docker" "create" "-v" "/var/lib/crater-agent-workspace/builds/worker-3-tc2/source:/opt/rustwide/workdir:ro,Z" "-v" "/var/lib/crater-agent-workspace/builds/worker-3-tc2/target:/opt/rustwide/target:rw,Z" "-v" "/var/lib/crater-agent-workspace/cargo-home:/opt/rustwide/cargo-home:ro,Z" "-v" "/var/lib/crater-agent-workspace/rustup-home:/opt/rustwide/rustup-home:ro,Z" "-m" "1610612736" "--network" "none" "ghcr.io/rust-lang/crates-build-env/linux@sha256:3111399a4047eeb3a02b7a90e478d715f38a8c6669b5c4b49d30a17385265909" "sleep" "infinity", kill_on_drop: false }`
[INFO] [stdout] 72a5bf1321060c729048790f2ddda3dc7c3e032c77a9f566cb14739e88d25731
[INFO] running `Command { std: "docker" "start" "72a5bf1321060c729048790f2ddda3dc7c3e032c77a9f566cb14739e88d25731", kill_on_drop: false }`
[INFO] running `Command { std: "docker" "inspect" "72a5bf1321060c729048790f2ddda3dc7c3e032c77a9f566cb14739e88d25731", kill_on_drop: false }`
[INFO] running `Command { std: "docker" "exec" "-e" "SOURCE_DIR=/opt/rustwide/workdir" "-e" "CARGO_HOME=/opt/rustwide/cargo-home" "-e" "RUSTUP_HOME=/opt/rustwide/rustup-home" "-e" "CARGO_TARGET_DIR=/opt/rustwide/target" "-w" "/opt/rustwide/workdir" "--user" "0:0" "72a5bf1321060c729048790f2ddda3dc7c3e032c77a9f566cb14739e88d25731" "/opt/rustwide/cargo-home/bin/cargo" "+1.100.0-beta.1" "metadata" "--no-deps" "--format-version=1", kill_on_drop: false }`
[INFO] running `Command { std: "docker" "inspect" "72a5bf1321060c729048790f2ddda3dc7c3e032c77a9f566cb14739e88d25731", kill_on_drop: false }`
[INFO] running `Command { std: "docker" "exec" "-e" "SOURCE_DIR=/opt/rustwide/workdir" "-e" "CARGO_HOME=/opt/rustwide/cargo-home" "-e" "RUSTUP_HOME=/opt/rustwide/rustup-home" "-e" "CARGO_TARGET_DIR=/opt/rustwide/target" "-e" "CARGO_INCREMENTAL=0" "-e" "RUST_BACKTRACE=full" "-e" "RUSTFLAGS=--cap-lints=warn" "-e" "RUSTDOCFLAGS=--cap-lints=warn" "-w" "/opt/rustwide/workdir" "--user" "0:0" "72a5bf1321060c729048790f2ddda3dc7c3e032c77a9f566cb14739e88d25731" "/opt/rustwide/cargo-home/bin/cargo" "+1.100.0-beta.1" "build" "--frozen" "--message-format=json", kill_on_drop: false }`
[INFO] [stderr]    Compiling proc-macro2 v1.0.107
[INFO] [stderr]    Compiling quote v1.0.47
[INFO] [stderr]    Compiling winnow v1.0.4
[INFO] [stderr]    Compiling serde_spanned v1.1.1
[INFO] [stderr]    Compiling toml_datetime v1.1.1+spec-1.1.0
[INFO] [stderr]    Compiling memchr v2.8.3
[INFO] [stderr]    Compiling toml_writer v1.1.2+spec-1.1.0
[INFO] [stderr]    Compiling toml_parser v1.1.3+spec-1.1.0
[INFO] [stderr]    Compiling serde_json v1.0.151
[INFO] [stderr]    Compiling toml v1.1.6+spec-1.1.0
[INFO] [stderr]    Compiling syn v3.0.5
[INFO] [stderr]    Compiling serde_derive v1.0.229
[INFO] [stderr]    Compiling serde v1.0.229
[INFO] [stderr]    Compiling quadlet-lens v0.2.4 (/opt/rustwide/workdir)
[INFO] [stderr]     Finished `dev` profile [unoptimized + debuginfo] target(s) in 15.78s
[INFO] running `Command { std: "docker" "inspect" "72a5bf1321060c729048790f2ddda3dc7c3e032c77a9f566cb14739e88d25731", kill_on_drop: false }`
[INFO] running `Command { std: "docker" "exec" "-e" "SOURCE_DIR=/opt/rustwide/workdir" "-e" "CARGO_HOME=/opt/rustwide/cargo-home" "-e" "RUSTUP_HOME=/opt/rustwide/rustup-home" "-e" "CARGO_TARGET_DIR=/opt/rustwide/target" "-e" "CARGO_INCREMENTAL=0" "-e" "RUST_BACKTRACE=full" "-e" "RUSTFLAGS=--cap-lints=warn" "-e" "RUSTDOCFLAGS=--cap-lints=warn" "-w" "/opt/rustwide/workdir" "--user" "0:0" "72a5bf1321060c729048790f2ddda3dc7c3e032c77a9f566cb14739e88d25731" "/opt/rustwide/cargo-home/bin/cargo" "+1.100.0-beta.1" "test" "--frozen" "--no-run" "--message-format=json", kill_on_drop: false }`
[INFO] [stderr]    Compiling quadlet-lens v0.2.4 (/opt/rustwide/workdir)
[INFO] [stderr]     Finished `test` profile [unoptimized + debuginfo] target(s) in 26.94s
[INFO] running `Command { std: "docker" "inspect" "72a5bf1321060c729048790f2ddda3dc7c3e032c77a9f566cb14739e88d25731", kill_on_drop: false }`
[INFO] running `Command { std: "docker" "exec" "-e" "SOURCE_DIR=/opt/rustwide/workdir" "-e" "CARGO_HOME=/opt/rustwide/cargo-home" "-e" "RUSTUP_HOME=/opt/rustwide/rustup-home" "-e" "CARGO_TARGET_DIR=/opt/rustwide/target" "-e" "CARGO_INCREMENTAL=0" "-e" "RUST_BACKTRACE=full" "-e" "RUSTFLAGS=--cap-lints=warn" "-e" "RUSTDOCFLAGS=--cap-lints=warn" "-w" "/opt/rustwide/workdir" "--user" "0:0" "72a5bf1321060c729048790f2ddda3dc7c3e032c77a9f566cb14739e88d25731" "/opt/rustwide/cargo-home/bin/cargo" "+1.100.0-beta.1" "test" "--frozen", kill_on_drop: false }`
[INFO] [stderr]     Finished `test` profile [unoptimized + debuginfo] target(s) in 0.09s
[INFO] [stderr]      Running unittests src/lib.rs (/opt/rustwide/target/debug/build/quadlet-lens/ef84c918a86cf79d/out/quadlet_lens-ef84c918a86cf79d)
[INFO] [stdout] 
[INFO] [stdout] running 3 tests
[INFO] [stdout] test source::tests::slicing_and_location_reject_foreign_reversed_out_of_bounds_and_non_boundary_offsets ... ok
[INFO] [stdout] test path::tests::distinguishes_literals_unit_relative_paths_and_specifiers ... ok
[INFO] [stdout] test source::tests::spans_and_locations_preserve_utf8_byte_and_unicode_column_contracts ... ok
[INFO] [stdout] 
[INFO] [stdout] test result: ok. 3 passed; 0 failed; 0 ignored; 0 measured; 0 filtered out; finished in 0.01s
[INFO] [stdout] 
[INFO] [stdout] 
[INFO] [stderr]      Running tests/application_conformance.rs (/opt/rustwide/target/debug/build/quadlet-lens/2a41dbc33c8a4b74/out/application_conformance-2a41dbc33c8a4b74)
[INFO] [stdout] running 7 tests
[INFO] [stdout] test application::sha256_matches_the_published_short_test_vector ... ok
[INFO] [stdout] test authored_environment_boundary_keeps_resets_files_escaping_and_specifiers_separate ... ok
[INFO] [stdout] test forgejo_units_preserve_ports_identity_external_network_and_storage ... ok
[INFO] [stdout] test built_in_application_contracts_target_the_generator_matrix_tracked_current ... ok
[INFO] [stdout] test nextcloud_units_preserve_independent_native_meaning_and_relationships ... ok
[INFO] [stdout] test application_generator_contract_rejects_untracked_target_boundaries_before_output ... ok
[INFO] [stdout] test application::generated_application_verifier_rejects_semantic_mutations ... ok
[INFO] [stdout] 
[INFO] [stdout] test result: ok. 7 passed; 0 failed; 0 ignored; 0 measured; 0 filtered out; finished in 0.14s
[INFO] [stdout] 
[INFO] [stderr]      Running tests/capabilities.rs (/opt/rustwide/target/debug/build/quadlet-lens/1d0b5e3699eff2d7/out/capabilities-1d0b5e3699eff2d7)
[INFO] [stdout] 
[INFO] [stdout] running 106 tests
[INFO] [stdout] test schema_evaluates_fallbacks_and_known_bugs_before_native_support ... ok
[INFO] [stdout] test supported_range_records_build_annotation ... ok
[INFO] [stdout] test supported_range_records_artifact_and_default_dependencies ... ok
[INFO] [stdout] test podman_5_4_floor_is_fail_closed_outside_evidence_coverage ... ok
[INFO] [stdout] test supported_range_records_build_arg ... ok
[INFO] [stdout] test supported_range_records_build_auth_file ... ok
[INFO] [stdout] test supported_range_records_build_containers_conf_module ... ok
[INFO] [stdout] test supported_range_has_the_reviewed_first_conversion_surface ... ok
[INFO] [stdout] test run_init_capability_is_bounded_and_describes_evidenced_boolean_text ... ok
[INFO] [stdout] test supported_range_records_build_dns_search ... ok
[INFO] [stdout] test supported_range_records_build_dns_option ... ok
[INFO] [stdout] test supported_range_records_build_dns ... ok
[INFO] [stdout] test supported_range_records_build_force_rm ... ok
[INFO] [stdout] test supported_range_records_build_group_add ... ok
[INFO] [stdout] test supported_range_records_build_core ... ok
[INFO] [stdout] test supported_range_records_build_global_args ... ok
[INFO] [stdout] test supported_range_records_build_environment ... ok
[INFO] [stdout] test supported_range_records_build_ignore_file ... ok
[INFO] [stdout] test supported_range_records_build_podman_args_cache_locations ... ok
[INFO] [stdout] test supported_range_records_build_platform ... ok
[INFO] [stdout] test supported_range_records_build_podman_args ... ok
[INFO] [stdout] test supported_range_records_build_podman_args_add_host_buildhost ... ok
[INFO] [stdout] test supported_range_records_build_podman_args_cap_add_cap_sys_admin ... ok
[INFO] [stdout] test supported_range_records_build_podman_args_isolation_chroot ... ok
[INFO] [stdout] test supported_range_records_build_podman_args_sbom ... ok
[INFO] [stdout] test supported_range_records_build_podman_args_no_cache ... ok
[INFO] [stdout] test supported_range_records_build_podman_args_ulimit_nproc ... ok
[INFO] [stdout] test supported_range_records_build_podman_args_shm_size_32m ... ok
[INFO] [stdout] test supported_range_records_build_podman_args_ssh_default ... ok
[INFO] [stdout] test supported_range_records_build_pull ... ok
[INFO] [stdout] test supported_range_records_build_secret ... ok
[INFO] [stdout] test supported_range_records_build_retry ... ok
[INFO] [stdout] test supported_range_records_container_and_pod_shm_size ... ok
[INFO] [stdout] test supported_range_records_build_service_name ... ok
[INFO] [stdout] test supported_range_records_build_tls_verify ... ok
[INFO] [stdout] test supported_range_records_build_volume ... ok
[INFO] [stdout] test supported_range_records_container_batch_keys ... ok
[INFO] [stdout] test supported_range_records_container_environment_reset ... ok
[INFO] [stdout] test supported_range_records_container_logging ... ok
[INFO] [stdout] test supported_range_records_container_hostname ... ok
[INFO] [stdout] test supported_range_records_container_network_identity ... ok
[INFO] [stdout] test supported_range_records_container_image_volume ... ok
[INFO] [stdout] test supported_range_records_container_memory_from_5_5 ... ok
[INFO] [stdout] test supported_range_records_container_pids_limit ... ok
[INFO] [stdout] test supported_range_records_container_reload_keys ... ok
[INFO] [stdout] test supported_range_records_container_stop_lifecycle ... ok
[INFO] [stdout] test supported_range_records_container_podman_args_interactive ... ok
[INFO] [stdout] test supported_range_records_container_podman_args_privileged ... ok
[INFO] [stdout] test supported_range_records_container_podman_args_tty ... ok
[INFO] [stdout] test supported_range_records_container_pull ... ok
[INFO] [stdout] test supported_range_records_image_all_tags ... ok
[INFO] [stdout] test supported_range_records_image_arch ... ok
[INFO] [stdout] test supported_range_records_image_auth_file ... ok
[INFO] [stdout] test supported_range_records_image_containers_conf_module ... ok
[INFO] [stdout] test supported_range_records_image_cert_dir ... ok
[INFO] [stdout] test supported_range_records_image_image_tag ... ok
[INFO] [stdout] test supported_range_records_image_core ... ok
[INFO] [stdout] test supported_range_records_image_decryption_key ... ok
[INFO] [stdout] test supported_range_records_image_creds ... ok
[INFO] [stdout] test supported_range_records_image_global_args ... ok
[INFO] [stdout] test supported_range_records_image_os ... ok
[INFO] [stdout] test supported_range_records_kube_keys ... ok
[INFO] [stdout] test supported_range_records_image_service_name ... ok
[INFO] [stdout] test supported_range_records_network_labels ... ok
[INFO] [stdout] test supported_range_records_network_and_image_completion_boundaries ... ok
[INFO] [stdout] test supported_range_records_network_driver_and_options ... ok
[INFO] [stdout] test supported_range_records_network_internal_and_ipv6 ... ok
[INFO] [stdout] test supported_range_records_network_ipam_columns ... ok
[INFO] [stdout] test supported_range_records_paths_references_and_repetition ... ok
[INFO] [stdout] test supported_range_records_pod_completion_keys ... ok
[INFO] [stdout] test supported_range_records_pod_exit_policy ... ok
[INFO] [stdout] test supported_range_records_pod_service_name ... ok
[INFO] [stdout] test supported_range_records_pod_stop_timeout ... ok
[INFO] [stdout] test supported_range_records_repeatable_container_add_capability ... ok
[INFO] [stdout] test supported_range_records_repeatable_container_annotation ... ok
[INFO] [stdout] test supported_range_records_repeatable_container_add_device ... ok
[INFO] [stdout] test supported_range_records_repeatable_container_dns ... ok
[INFO] [stdout] test supported_range_records_repeatable_container_dns_option ... ok
[INFO] [stdout] test supported_range_records_repeatable_container_dns_search ... ok
[INFO] [stdout] test supported_range_records_repeatable_container_drop_capability ... ok
[INFO] [stdout] test supported_range_records_repeatable_container_mask ... ok
[INFO] [stdout] test supported_range_records_repeatable_container_expose_host_port ... ok
[INFO] [stdout] test supported_range_records_repeatable_container_sysctl ... ok
[INFO] [stdout] test supported_range_records_repeatable_container_tmpfs ... ok
[INFO] [stdout] test supported_range_records_repeatable_container_ulimit ... ok
[INFO] [stdout] test supported_range_records_singleton_container_no_new_privileges ... ok
[INFO] [stdout] test supported_range_records_repeatable_container_unmask ... ok
[INFO] [stdout] test supported_range_records_singleton_container_seccomp_profile ... ok
[INFO] [stdout] test supported_range_records_singleton_container_apparmor ... ok
[INFO] [stdout] test supported_range_records_singleton_container_security_label_disable ... ok
[INFO] [stdout] test supported_range_records_singleton_container_security_label_file_type ... ok
[INFO] [stdout] test supported_range_records_singleton_container_security_label_nested ... ok
[INFO] [stdout] test supported_range_records_singleton_container_security_label_level ... ok
[INFO] [stdout] test supported_range_records_volume_containers_conf_module ... ok
[INFO] [stdout] test supported_range_records_volume_group ... ok
[INFO] [stdout] test supported_range_records_singleton_container_security_label_type ... ok
[INFO] [stdout] test supported_range_records_systemd_unit_relationships_and_rewrite_boundary ... ok
[INFO] [stdout] test supported_range_records_volume_driver_options_device_type_and_copy ... ok
[INFO] [stdout] test supported_range_records_volume_gid ... ok
[INFO] [stdout] test supported_range_records_volume_global_args ... ok
[INFO] [stdout] test supported_range_records_volume_image ... ok
[INFO] [stdout] test supported_range_records_volume_podman_args ... ok
[INFO] [stdout] test supported_range_records_volume_labels ... ok
[INFO] [stdout] test supported_range_records_volume_service_name ... ok
[INFO] [stdout] test supported_range_records_volume_user ... ok
[INFO] [stdout] test supported_range_records_volume_uid ... ok
[INFO] [stdout] 
[INFO] [stdout] test result: ok. 106 passed; 0 failed; 0 ignored; 0 measured; 0 filtered out; finished in 9.08s
[INFO] [stdout] 
[INFO] [stdout] 
[INFO] [stderr]      Running tests/capability_boundaries.rs (/opt/rustwide/target/debug/build/quadlet-lens/d35ba276484b9ee7/out/capability_boundaries-d35ba276484b9ee7)
[INFO] [stdout] running 6 tests
[INFO] [stdout] test podman_versions_ranges_and_targets_reject_ambiguous_or_inverted_input ... ok
[INFO] [stdout] test catalogue_exposes_evidence_support_and_evaluation_details ... ok
[INFO] [stdout] test podman_versions_ranges_and_targets_accept_inclusive_numeric_boundaries ... ok
[INFO] [stdout] test systemd_evidence_is_separate_typed_and_required_for_systemd_minima ... ok
[INFO] [stdout] test catalogue_rejects_decode_schema_identifier_version_field_and_evidence_errors ... ok
[INFO] [stdout] test systemd_target_context_is_opt_in_and_only_gates_evidence_backed_upholds ... ok
[INFO] [stdout] 
[INFO] [stdout] test result: ok. 6 passed; 0 failed; 0 ignored; 0 measured; 0 filtered out; finished in 0.13s
[INFO] [stdout] 
[INFO] [stdout] 
[INFO] [stderr]      Running tests/document_sets.rs (/opt/rustwide/target/debug/build/quadlet-lens/cd8fce72131f4355/out/document_sets-cd8fce72131f4355)
[INFO] [stdout] running 14 tests
[INFO] [stdout] test document_set_resolves_a_container_image_to_an_exact_build_unit ... ok
[INFO] [stdout] test document_set_resolves_a_volume_image_to_an_exact_build_unit ... ok
[INFO] [stdout] test document_set_resolves_an_exact_build_network_reference ... ok
[INFO] [stdout] test document_set_resolves_an_exact_kube_network_reference_without_loading_yaml ... ok
[INFO] [stdout] test document_set_resolves_artifact_volume_and_mount_references_without_guessing_suffixes ... ok
[INFO] [stdout] test document_set_reports_missing_ambiguous_and_duplicate_identities ... ok
[INFO] [stdout] test document_set_resolves_build_volume_source_prefix_without_mutating_identities ... ok
[INFO] [stdout] test image_tag_does_not_create_or_mutate_document_set_edges ... ok
[INFO] [stdout] test document_set_resolves_container_pod_network_and_volume_dependencies ... ok
[INFO] [stdout] test unit_file_names_are_basenames_with_matching_supported_suffixes ... ok
[INFO] [stdout] test systemd_relationship_graph_reports_missing_and_ambiguous_native_targets_only ... ok
[INFO] [stdout] test document_set_accessors_preserve_names_sources_and_reference_spans ... ok
[INFO] [stdout] test document_set_resolves_effective_systemd_relationship_lists_with_key_identity ... ok
[INFO] [stdout] test document_set_resolves_exact_container_and_volume_image_references_to_an_image_unit ... ok
[INFO] [stderr]      Running tests/environment.rs (/opt/rustwide/target/debug/build/quadlet-lens/54263e492721b533/out/environment-54263e492721b533)
[INFO] [stdout] 
[INFO] [stdout] test result: ok. 14 passed; 0 failed; 0 ignored; 0 measured; 0 filtered out; finished in 0.02s
[INFO] [stdout] 
[INFO] [stdout] 
[INFO] [stdout] running 3 tests
[INFO] [stderr]      Running tests/generators.rs (/opt/rustwide/target/debug/build/quadlet-lens/e1763b432b556fa2/out/generators-e1763b432b556fa2)
[INFO] [stdout] test external_environment_discovery_preserves_unresolved_source_and_never_reads_ambient_state ... ok
[INFO] [stdout] test generated_literal_environment_sorting_is_stable_and_reset_bounded ... ok
[INFO] [stdout] test only_exact_caller_authorizations_resolve_and_payloads_remain_redacted ... ok
[INFO] [stdout] 
[INFO] [stdout] test result: ok. 3 passed; 0 failed; 0 ignored; 0 measured; 0 filtered out; finished in 0.00s
[INFO] [stdout] 
[INFO] [stdout] 
[INFO] [stdout] running 28 tests
[INFO] [stdout] test application_document_sets_match_pinned_generator_contracts ... ignored, runs the exact pinned Podman generator; use cargo ci-application-generators
[INFO] [stdout] test a_passed_historical_result_without_per_version_provenance_is_rejected ... ok
[INFO] [stdout] test application::sha256_matches_the_published_short_test_vector ... ok
[INFO] [stdout] test generator_evidence_command_remains_valid_when_a_lane_is_retired_or_promoted ... ok
[INFO] [stdout] test docker_outer_runtime_exceptions_are_limited_to_the_explicit_opt_in_boundaries ... ok
[INFO] [stdout] test every_generator_container_launch_requires_the_exact_run_label ... ok
[INFO] [stdout] test container_environment_reset_fixture_has_the_exact_authored_directive_sequence ... ok
[INFO] [stdout] test generator_run_id_rejects_unbounded_or_filter_metacharacters ... ok
[INFO] [stdout] test generator_matrix_is_exact_complete_and_digest_pinned ... ok
[INFO] [stdout] test generator_cleanup_accepts_only_full_container_ids ... ok
[INFO] [stdout] test native_value_decoding_fixture_keeps_the_generator_forms_as_authored_evidence ... ok
[INFO] [stdout] test retired_generator_requires_a_durable_pass_even_when_a_probe_passed ... ok
[INFO] [stdout] test generator_matrix_requires_a_discovery_signal_and_keeps_it_separate_from_reviewed_evidence ... ok
[INFO] [stdout] test supplied_application_directory_rejects_manifest_and_unreviewed_members ... ok
[INFO] [stdout] test supplied_application_directory_rejects_relative_paths ... ok
[INFO] [stdout] test generator_retirement_pins_preserve_active_coverage_and_require_run_evidence ... ok
[INFO] [stdout] test historical_generator_selection_is_explicit_and_excludes_active_lanes ... ok
[INFO] [stdout] test supported_generators_match_the_first_conversion_fixture ... ignored, pulls or builds exact Podman releases and executes their Quadlet generators
[INFO] [stdout] test systemd_unit_artifact_reference_verifier_rejects_raw_post_rewrite_relationships ... ok
[INFO] [stdout] test supplied_application_directory_rejects_changed_unit_hashes ... ok
[INFO] [stdout] test supplied_application_directory_rejects_root_symlinks ... ok
[INFO] [stdout] test systemd_unit_reference_verifier_enforces_the_5_5_rewrite_boundary ... ok
[INFO] [stdout] test supplied_application_directory_rejects_unsafe_root_paths ... ok
[INFO] [stdout] test volume_label_quote_expectations_use_unescaped_output_text ... ok
[INFO] [stdout] test prospective_application_selection_requires_both_contracts_and_exact_historical_source ... ok
[INFO] [stdout] test application::generated_application_verifier_rejects_semantic_mutations ... ok
[INFO] [stdout] test cancelled_generator_job_cleanup_removes_only_exact_run_owned_ids ... ok
[INFO] [stderr]      Running tests/model.rs (/opt/rustwide/target/debug/build/quadlet-lens/95edd7e5d6a1f28d/out/model-95edd7e5d6a1f28d)
[INFO] [stdout] test stalled_generator_engine_cleanup_commands_have_deadlines ... ok
[INFO] [stdout] 
[INFO] [stdout] test result: ok. 26 passed; 0 failed; 2 ignored; 0 measured; 0 filtered out; finished in 3.42s
[INFO] [stdout] 
[INFO] [stdout] 
[INFO] [stdout] running 116 tests
[INFO] [stdout] test authored_container_environment_view_is_empty_and_complete_for_non_container_documents ... ok
[INFO] [stdout] test annotation_is_container_and_build_repeatable_opaque_and_preserves_every_physical_value ... ok
[INFO] [stdout] test authored_container_environment_view_keeps_specifiers_and_malformed_tokens_recoverable_and_redacted ... ok
[INFO] [stdout] test add_capability_omission_reset_duplicates_order_case_and_raw_values_remain_distinct ... ok
[INFO] [stdout] test apparmor_is_a_container_only_opaque_singleton_with_recoverable_duplicates ... ok
[INFO] [stdout] test artifact_and_quadlet_keys_preserve_effective_source_boundaries_and_redact_seeded_values ... ok
[INFO] [stdout] test add_device_omission_reset_duplicates_order_case_quotes_specifiers_whitespace_and_leading_dash_remain_distinct ... ok
[INFO] [stdout] test build_args_remain_repeatable_opaque_physical_values ... ok
[INFO] [stdout] test build_containers_conf_module_preserves_opaque_physical_lines_and_wrong_section ... ok
[INFO] [stdout] test build_annotation_is_unknown_and_preserved_outside_build ... ok
[INFO] [stdout] test authored_container_environment_view_preserves_order_resets_empty_values_and_continuations ... ok
[INFO] [stdout] test build_dns_option_values_preserve_empty_entries_and_source_order ... ok
[INFO] [stdout] test build_environment_preserves_opaque_physical_lines_and_wrong_section ... ok
[INFO] [stdout] test build_annotation_preserves_every_opaque_physical_line_in_source_order ... ok
[INFO] [stdout] test build_dns_search_values_remain_repeatable_opaque_physical_lines ... ok
[INFO] [stdout] test artifact_parser_classifies_every_key_preserves_cardinality_and_keeps_final_source_diagnostics ... ok
[INFO] [stdout] test build_dns_values_remain_repeatable_opaque_physical_lines_in_source_order ... ok
[INFO] [stdout] test build_global_args_preserves_exact_repeatable_physical_lines_and_wrong_section ... ok
[INFO] [stdout] test build_group_add_values_remain_repeatable_opaque_physical_lines_in_source_order ... ok
[INFO] [stdout] test build_ignore_file_preserves_singleton_physical_lines_without_path_interpretation ... ok
[INFO] [stdout] test build_ignore_file_is_unknown_and_preserved_outside_build ... ok
[INFO] [stdout] test build_model_retains_repeatable_image_tags_files_and_opaque_working_directory ... ok
[INFO] [stdout] test build_labels_preserve_physical_lines_without_label_interpretation ... ok
[INFO] [stdout] test build_networks_preserve_order_and_classify_only_exact_network_units ... ok
[INFO] [stdout] test build_platform_preserves_blank_and_duplicate_singleton_physical_lines ... ok
[INFO] [stdout] test build_podman_args_remain_repeatable_opaque_physical_lines ... ok
[INFO] [stdout] test build_secrets_remain_repeatable_opaque_physical_values ... ok
[INFO] [stdout] test build_pull_remains_an_opaque_singleton_with_physical_duplicates ... ok
[INFO] [stdout] test build_volume_classifies_only_the_source_prefix_and_preserves_raw_values ... ok
[INFO] [stdout] test build_retry_tls_verify_and_force_rm_values_remain_opaque_singletons_with_physical_duplicates ... ok
[INFO] [stdout] test container_logging_preserves_opaque_physical_values_cardinality_and_scope ... ok
[INFO] [stdout] test container_and_pod_shm_size_are_singletons_in_authored_documents ... ok
[INFO] [stdout] test container_mapping_conflicts_have_stable_source_spanned_diagnostics ... ok
[INFO] [stdout] test container_memory_is_a_singleton_in_authored_documents ... ok
[INFO] [stdout] test container_and_pod_shm_size_omission_and_raw_values_remain_distinct ... ok
[INFO] [stdout] test container_environment_reset_remains_a_blank_ordered_source_entry ... ok
[INFO] [stdout] test container_memory_omission_and_raw_values_remain_distinct ... ok
[INFO] [stdout] test container_model_retains_order_repetition_unknowns_and_generic_systemd ... ok
[INFO] [stdout] test build_service_name_preserves_opaque_singleton_physical_lines_and_scope ... ok
[INFO] [stdout] test build_target_preserves_duplicate_physical_lines_with_singleton_diagnostics ... ok
[INFO] [stdout] test container_batch_keys_preserve_opaque_values_repetition_and_relationship_diagnostics ... ok
[INFO] [stdout] test dns_search_omission_reset_duplicates_order_quoting_specifiers_and_raw_values_remain_distinct ... ok
[INFO] [stdout] test container_model_classifies_native_references_paths_and_continuations ... ok
[INFO] [stdout] test expose_host_port_omission_reset_duplicates_order_quotes_specifiers_invalid_and_sctp_remain_distinct ... ok
[INFO] [stdout] test hostname_is_a_singleton_in_authored_documents ... ok
[INFO] [stdout] test image_all_tags_is_an_opaque_singleton_without_boolean_or_reference_semantics ... ok
[INFO] [stdout] test container_reload_keys_are_opaque_singletons_and_conflict_without_losing_source ... ok
[INFO] [stdout] test dns_option_omission_reset_duplicates_order_quoting_specifiers_whitespace_and_raw_values_remain_distinct ... ok
[INFO] [stdout] test image_arch_is_an_opaque_singleton_without_platform_or_reference_semantics ... ok
[INFO] [stdout] test image_auth_file_is_an_opaque_singleton_without_path_or_credential_semantics ... ok
[INFO] [stdout] test container_network_identity_preserves_opaque_values_cardinality_continuations_and_scope ... ok
[INFO] [stdout] test dns_omission_reset_duplicates_order_case_quoting_specifiers_and_raw_values_remain_distinct ... ok
[INFO] [stdout] test hostname_omission_and_raw_values_remain_distinct_without_validation ... ok
[INFO] [stdout] test container_relationship_diagnostics_use_only_effective_active_values ... ok
[INFO] [stdout] test drop_capability_omission_repetition_order_and_raw_values_remain_distinct ... ok
[INFO] [stdout] test image_containers_conf_module_preserves_every_opaque_physical_value_without_module_semantics ... ok
[INFO] [stdout] test image_cert_dir_is_an_opaque_singleton_without_path_or_certificate_semantics ... ok
[INFO] [stdout] test image_service_name_is_an_opaque_singleton_without_identity_or_reference_semantics ... ok
[INFO] [stdout] test image_unit_references_and_dangling_continuations_stay_explicit ... ok
[INFO] [stdout] test kube_keys_preserve_source_fidelity_required_yaml_and_network_references ... ok
[INFO] [stdout] test image_tag_is_an_opaque_singleton_without_reference_or_source_validation_semantics ... ok
[INFO] [stdout] test image_global_args_remain_repeatable_opaque_physical_lines ... ok
[INFO] [stdout] test image_model_preserves_opaque_singletons_and_reports_missing_or_blank_sources ... ok
[INFO] [stdout] test image_os_is_an_opaque_singleton_without_platform_or_effective_value_semantics ... ok
[INFO] [stdout] test image_creds_preserves_opaque_physical_values_and_redacts_only_credential_debug_output ... ok
[INFO] [stdout] test image_decryption_key_preserves_opaque_physical_values_and_redacts_key_debug_output ... ok
[INFO] [stdout] test lifecycle_keys_are_singletons_in_authored_documents ... ok
[INFO] [stdout] test lifecycle_recognition_preserves_one_line_values_without_semantic_validation ... ok
[INFO] [stdout] test network_and_volume_models_retain_known_and_future_fields ... ok
[INFO] [stdout] test network_labels_preserve_physical_values_cardinality_and_scope ... ok
[INFO] [stdout] test no_new_privileges_is_a_container_only_opaque_singleton_with_recoverable_duplicates ... ok
[INFO] [stdout] test pids_limit_is_a_singleton_in_authored_documents ... ok
[INFO] [stdout] test network_driver_and_options_preserve_physical_values_cardinality_and_scope ... ok
[INFO] [stdout] test network_and_image_completion_keys_are_typed_opaque_and_preserve_repeatability ... ok
[INFO] [stdout] test mask_is_container_only_repeatable_and_preserves_every_opaque_physical_value ... ok
[INFO] [stdout] test network_ipam_values_preserve_physical_columns_resets_and_scope ... ok
[INFO] [stdout] test pod_service_name_is_an_opaque_singleton_without_identity_interpretation ... ok
[INFO] [stdout] test model_diagnostics_are_source_aware_and_recoverable ... ok
[INFO] [stdout] test pull_omission_supported_forms_and_raw_text_remain_distinct ... ok
[INFO] [stdout] test pod_exit_policy_is_an_opaque_singleton_without_effective_value_selection ... ok
[INFO] [stdout] test pull_is_a_singleton_in_authored_documents ... ok
[INFO] [stdout] test read_only_tmpfs_relationship_diagnostic_recognizes_effective_boolean_forms ... ok
[INFO] [stdout] test network_internal_and_ipv6_preserve_opaque_values_cardinality_and_scope ... ok
[INFO] [stdout] test remaining_container_keys_preserve_opaque_values_and_native_cardinality ... ok
[INFO] [stdout] test rootfs_is_a_typed_image_alternative_and_conflicts_remain_explicit ... ok
[INFO] [stdout] test pids_limit_omission_and_raw_values_remain_distinct_without_validation ... ok
[INFO] [stdout] test pod_stop_timeout_is_an_opaque_singleton_without_timeout_interpretation ... ok
[INFO] [stdout] test run_init_omission_and_authored_values_remain_distinct ... ok
[INFO] [stdout] test security_label_file_type_is_a_container_only_opaque_singleton_with_recoverable_duplicates ... ok
[INFO] [stdout] test seccomp_profile_is_a_container_only_opaque_singleton_with_recoverable_duplicates ... ok
[INFO] [stdout] test security_label_disable_is_a_container_only_opaque_singleton_with_recoverable_duplicates ... ok
[INFO] [stdout] test security_label_level_is_a_container_only_opaque_singleton_with_recoverable_duplicates ... ok
[INFO] [stdout] test sysctl_omission_reset_duplicates_order_case_quoting_specifiers_and_raw_values_remain_distinct ... ok
[INFO] [stdout] test systemd_unit_relationships_are_typed_repeatable_and_lossless ... ok
[INFO] [stdout] test supported_extensions_are_explicit_and_fail_closed ... ok
[INFO] [stdout] test recognized_environment_values_preserve_explicit_access_and_rendering_but_redact_debug ... ok
[INFO] [stdout] test tmpfs_omission_reset_duplicates_order_case_options_and_raw_values_remain_distinct ... ok
[INFO] [stdout] test remaining_pod_keys_preserve_opaque_values_cardinality_and_mapping_diagnostics ... ok
[INFO] [stdout] test run_init_is_a_singleton_in_authored_documents ... ok
[INFO] [stdout] test security_label_nested_is_a_container_only_opaque_singleton_with_recoverable_duplicates ... ok
[INFO] [stdout] test security_label_type_is_a_container_only_opaque_singleton_with_recoverable_duplicates ... ok
[INFO] [stdout] test start_with_pod_relationship_diagnostic_recognizes_effective_boolean_forms ... ok
[INFO] [stdout] test ulimit_omission_reset_duplicates_order_case_quoting_specifiers_and_raw_values_remain_distinct ... ok
[INFO] [stdout] test volume_containers_conf_module_preserves_every_opaque_physical_value_and_scope ... ok
[INFO] [stdout] test volume_labels_preserve_physical_values_cardinality_and_scope ... ok
[INFO] [stdout] test volume_copy_is_an_opaque_singleton_with_physical_source_fidelity ... ok
[INFO] [stdout] test unmask_is_container_only_repeatable_and_preserves_every_opaque_physical_value ... ok
[INFO] [stdout] test volume_gid_preserves_opaque_singleton_physical_lines ... ok
[INFO] [stdout] test volume_driver_options_device_and_type_preserve_physical_values_cardinality_and_scope ... ok
[INFO] [stdout] test volume_group_preserves_opaque_singleton_physical_lines_and_scope ... ok
[INFO] [stdout] test volume_image_preserves_raw_singletons_and_classifies_only_exact_references ... ok
[INFO] [stdout] test volume_podman_args_preserves_every_opaque_physical_value_and_scope ... ok
[INFO] [stdout] test volume_global_args_preserves_every_opaque_physical_value_and_scope ... ok
[INFO] [stdout] test volume_service_name_preserves_opaque_singleton_physical_lines ... ok
[INFO] [stdout] test volume_uid_preserves_opaque_singleton_physical_lines ... ok
[INFO] [stdout] test volume_user_preserves_opaque_singleton_physical_lines_and_scope ... ok
[INFO] [stdout] 
[INFO] [stdout] test result: ok. 116 passed; 0 failed; 0 ignored; 0 measured; 0 filtered out; finished in 0.04s
[INFO] [stdout] 
[INFO] [stderr]      Running tests/native_values.rs (/opt/rustwide/target/debug/build/quadlet-lens/e63da547c0e3b4cb/out/native_values-e63da547c0e3b4cb)
[INFO] [stdout] 
[INFO] [stdout] running 7 tests
[INFO] [stdout] test native_mount_views_retain_opaque_native_evidence ... ok
[INFO] [stdout] test literal_entrypoint_is_distinct_native_evidence ... ok
[INFO] [stdout] test native_port_views_preserve_valid_forms_reset_and_recoverable_states ... ok
[INFO] [stdout] test native_overlay_volume_option_remains_native_evidence_without_portability_claim ... ok
[INFO] [stdout] test native_command_and_build_environment_views_are_bounded_and_redacted ... ok
[INFO] [stdout] test native_views_preserve_exact_spans_and_bounded_lexical_command_arguments ... ok
[INFO] [stdout] test continued_native_values_keep_primary_spans_and_do_not_select_targets ... ok
[INFO] [stdout] 
[INFO] [stdout] test result: ok. 7 passed; 0 failed; 0 ignored; 0 measured; 0 filtered out; finished in 0.16s
[INFO] [stdout] 
[INFO] [stderr]      Running tests/public_api.rs (/opt/rustwide/target/debug/build/quadlet-lens/cb0d1386cf085714/out/public_api-cb0d1386cf085714)
[INFO] [stdout] 
[INFO] [stdout] running 59 tests
[INFO] [stdout] test build_core_can_be_built_through_the_public_api ... ok
[INFO] [stdout] test caller_authorized_external_environment_and_sorted_generation_are_public ... ok
[INFO] [stdout] test artifact_and_quadlet_keys_are_available_through_the_public_api ... ok
[INFO] [stdout] test container_and_pod_shm_size_have_safe_typed_public_construction ... ok
[INFO] [stdout] test container_batch_keys_are_public_opaque_builder_values ... ok
[INFO] [stdout] test container_add_device_uses_repeatable_raw_public_values ... ok
[INFO] [stdout] test container_annotation_uses_repeatable_raw_public_values ... ok
[INFO] [stdout] test container_environment_plan_has_a_public_ordered_and_effective_construction_path ... ok
[INFO] [stdout] test container_add_capability_uses_repeatable_raw_public_values ... ok
[INFO] [stdout] test container_hostname_can_be_built_and_recovered_through_the_public_api ... ok
[INFO] [stdout] test container_literal_environment_assignment_has_a_public_typed_construction_path ... ok
[INFO] [stdout] test container_dns_uses_repeatable_raw_public_values ... ok
[INFO] [stdout] test container_apparmor_uses_a_singleton_raw_public_value ... ok
[INFO] [stdout] test container_dns_option_uses_repeatable_raw_public_values ... ok
[INFO] [stdout] test container_name_can_be_built_through_the_public_api ... ok
[INFO] [stdout] test container_dns_search_uses_repeatable_raw_public_values ... ok
[INFO] [stdout] test authored_environment_and_optional_systemd_target_context_are_public ... ok
[INFO] [stdout] test container_expose_host_port_uses_repeatable_raw_public_values ... ok
[INFO] [stdout] test container_pull_can_be_built_and_recovered_through_the_public_api ... ok
[INFO] [stdout] test container_reload_lifecycle_can_be_built_without_command_or_signal_interpretation ... ok
[INFO] [stdout] test container_memory_has_safe_typed_public_construction ... ok
[INFO] [stdout] test container_logging_uses_singleton_driver_and_repeatable_raw_options ... ok
[INFO] [stdout] test container_mask_uses_repeatable_raw_public_values ... ok
[INFO] [stdout] test container_drop_capability_uses_repeatable_raw_public_values ... ok
[INFO] [stdout] test container_network_identity_uses_singletons_and_repeatable_raw_aliases ... ok
[INFO] [stdout] test container_no_new_privileges_uses_a_singleton_raw_public_value ... ok
[INFO] [stdout] test container_stop_lifecycle_can_be_built_through_the_public_api ... ok
[INFO] [stdout] test container_pids_limit_has_safe_typed_and_raw_public_construction ... ok
[INFO] [stdout] test container_seccomp_profile_uses_a_singleton_raw_public_value ... ok
[INFO] [stdout] test container_security_label_disable_uses_a_singleton_raw_public_value ... ok
[INFO] [stdout] test container_security_label_file_type_uses_a_singleton_raw_public_value ... ok
[INFO] [stdout] test growing_build_key_enum_preserves_public_discriminants ... ok
[INFO] [stdout] test growing_public_key_enums_preserve_published_discriminants ... ok
[INFO] [stdout] test growing_volume_key_enum_preserves_published_discriminants ... ok
[INFO] [stdout] test image_key_and_builder_are_available_through_the_public_api ... ok
[INFO] [stdout] test kube_key_and_builder_are_available_through_the_public_api ... ok
[INFO] [stdout] test container_security_label_nested_uses_a_singleton_raw_public_value ... ok
[INFO] [stdout] test container_security_label_type_uses_a_singleton_raw_public_value ... ok
[INFO] [stdout] test container_security_label_level_uses_a_singleton_raw_public_value ... ok
[INFO] [stdout] test container_sysctl_uses_repeatable_raw_public_values ... ok
[INFO] [stdout] test container_ulimit_uses_repeatable_raw_public_values ... ok
[INFO] [stdout] test pod_exit_policy_can_be_built_and_recovered_through_the_public_api ... ok
[INFO] [stdout] test pod_service_name_can_be_built_and_recovered_through_the_public_api ... ok
[INFO] [stdout] test pod_stop_timeout_can_be_built_and_recovered_through_the_public_api ... ok
[INFO] [stdout] test container_tmpfs_uses_repeatable_raw_public_values ... ok
[INFO] [stdout] test public_section_and_entry_kind_order_preserves_published_unknown_discriminants ... ok
[INFO] [stdout] test rootfs_can_be_built_through_the_public_api ... ok
[INFO] [stdout] test source_aware_native_value_views_are_available_to_external_consumers ... ok
[INFO] [stdout] test run_init_false_can_be_built_and_recovered_through_the_public_api ... ok
[INFO] [stdout] test systemd_relationship_and_reference_enums_preserve_published_discriminants ... ok
[INFO] [stdout] test container_unmask_uses_repeatable_raw_public_values ... ok
[INFO] [stdout] test native_value_decoding_is_separate_from_capability_version_boundaries ... ok
[INFO] [stdout] test network_driver_and_options_use_public_singleton_and_repeatable_keys ... ok
[INFO] [stdout] test volume_labels_use_the_public_repeatable_opaque_key ... ok
[INFO] [stdout] test network_labels_use_the_public_repeatable_opaque_key ... ok
[INFO] [stdout] test network_ipam_keys_use_public_opaque_singleton_and_repeatable_forms ... ok
[INFO] [stdout] test network_internal_and_ipv6_use_public_opaque_singleton_keys ... ok
[INFO] [stdout] test supported_public_pipeline_compiles_and_keeps_stages_explicit ... ok
[INFO] [stdout] test volume_driver_options_device_type_and_copy_use_public_singleton_keys ... ok
[INFO] [stdout] 
[INFO] [stdout] test result: ok. 59 passed; 0 failed; 0 ignored; 0 measured; 0 filtered out; finished in 3.02s
[INFO] [stdout] 
[INFO] [stderr]      Running tests/real_world_quadlet.rs (/opt/rustwide/target/debug/build/quadlet-lens/8793960cf395f871/out/real_world_quadlet-8793960cf395f871)
[INFO] [stdout] 
[INFO] [stdout] running 1 test
[INFO] [stdout] test pinned_real_world_units_parse_preserve_and_form_document_sets ... ignored, downloads immutable public GitHub files; run with cargo ci-real-world-quadlet
[INFO] [stdout] 
[INFO] [stdout] test result: ok. 0 passed; 0 failed; 1 ignored; 0 measured; 0 filtered out; finished in 0.00s
[INFO] [stdout] 
[INFO] [stderr]      Running tests/release_native_validation_policy.rs (/opt/rustwide/target/debug/build/quadlet-lens/3455db2f87c8e71f/out/release_native_validation_policy-3455db2f87c8e71f)
[INFO] [stdout] 
[INFO] [stdout] running 1 test
[INFO] [stderr]      Running tests/render.rs (/opt/rustwide/target/debug/build/quadlet-lens/f5fcf6a1eebab33a/out/render-f5fcf6a1eebab33a)
[INFO] [stdout] test release_reuses_complete_native_generator_validation_fail_closed ... ok
[INFO] [stdout] 
[INFO] [stdout] test result: ok. 1 passed; 0 failed; 0 ignored; 0 measured; 0 filtered out; finished in 0.00s
[INFO] [stdout] 
[INFO] [stdout] 
[INFO] [stdout] running 91 tests
[INFO] [stdout] test add_device_builder_preserves_resets_duplicates_case_quotes_specifiers_whitespace_and_leading_dash ... ok
[INFO] [stdout] test build_environment_builder_preserves_repeatable_opaque_values_and_parse_back ... ok
[INFO] [stdout] test annotation_builder_preserves_resets_duplicates_order_quotes_whitespace_specifiers_and_malformed_values ... ok
[INFO] [stdout] test add_capability_builder_preserves_resets_duplicates_and_raw_values_without_normalization ... ok
[INFO] [stdout] test apparmor_builder_preserves_one_exact_opaque_physical_value ... ok
[INFO] [stdout] test artifact_builder_requires_a_final_source_preserves_opaque_entries_and_redacts_sensitive_debug ... ok
[INFO] [stdout] test build_builder_preserves_repeated_tags_and_files_and_rejects_duplicate_working_directory ... ok
[INFO] [stdout] test build_containers_conf_module_builder_preserves_repeatable_opaque_values_and_parse_back ... ok
[INFO] [stdout] test builds_a_deterministic_first_conversion_document_set ... ok
[INFO] [stdout] test builds_an_opaque_singleton_pod_exit_policy ... ok
[INFO] [stdout] test builds_an_opaque_singleton_pod_service_name ... ok
[INFO] [stdout] test build_volume_builder_preserves_repeatable_opaque_values ... ok
[INFO] [stdout] test builds_a_singleton_pod_user_namespace ... ok
[INFO] [stdout] test builds_every_typed_systemd_unit_relationship_and_rejects_only_unsafe_physical_values ... ok
[INFO] [stdout] test container_environment_plan_preserves_directives_and_projects_effective_literal_values ... ok
[INFO] [stdout] test container_reload_keys_are_opaque_singletons_and_mutually_exclusive ... ok
[INFO] [stdout] test dns_option_builder_preserves_resets_duplicates_order_quotes_whitespace_and_specifiers_without_interpretation ... ok
[INFO] [stdout] test drop_capability_builder_preserves_raw_values_without_native_normalization ... ok
[INFO] [stdout] test build_service_name_builder_preserves_one_opaque_value_and_rejects_duplicates ... ok
[INFO] [stdout] test builds_an_opaque_singleton_pod_stop_timeout ... ok
[INFO] [stdout] test entry_value_enforces_physical_line_safety_not_lifecycle_grammar ... ok
[INFO] [stdout] test environment_assignment_encodes_one_literal_assignment_and_preserves_it_after_parse_back ... ok
[INFO] [stdout] test environment_assignment_groups_reject_empty_input_and_inherit_assignment_validation ... ok
[INFO] [stdout] test build_global_args_builder_preserves_empty_duplicates_and_raw_physical_values ... ok
[INFO] [stdout] test dns_search_builder_preserves_resets_duplicates_order_quotes_and_specifiers_without_interpretation ... ok
[INFO] [stdout] test environment_reset_preserves_its_physical_position_and_parse_back_value ... ok
[INFO] [stdout] test environment_assignment_groups_render_one_physical_entry_and_preserve_group_order ... ok
[INFO] [stdout] test hostname_omission_and_raw_text_render_distinctly ... ok
[INFO] [stdout] test expose_host_port_builder_preserves_resets_duplicates_order_quotes_specifiers_invalid_and_sctp_without_interpretation ... ok
[INFO] [stdout] test image_all_tags_builder_preserves_one_opaque_value_including_blank_and_rejects_duplicates ... ok
[INFO] [stdout] test image_completion_builder_preserves_opaque_values_and_enforces_singletons ... ok
[INFO] [stdout] test environment_assignment_rejects_the_bounded_name_and_value_categories ... ok
[INFO] [stdout] test image_builder_requires_one_nonblank_opaque_source ... ok
[INFO] [stdout] test image_cert_dir_builder_preserves_one_opaque_value_including_blank_and_rejects_duplicates ... ok
[INFO] [stdout] test image_containers_conf_module_builder_preserves_repeatable_raw_values_and_parse_back ... ok
[INFO] [stdout] test image_creds_builder_preserves_one_opaque_value_and_redacts_builder_debug ... ok
[INFO] [stdout] test image_decryption_key_builder_preserves_one_opaque_value_and_redacts_builder_debug ... ok
[INFO] [stdout] test image_global_args_builder_preserves_unlimited_raw_physical_values ... ok
[INFO] [stdout] test image_arch_builder_preserves_one_opaque_value_including_blank_and_rejects_duplicates ... ok
[INFO] [stdout] test image_auth_file_builder_preserves_one_opaque_value_including_blank_and_rejects_duplicates ... ok
[INFO] [stdout] test network_completion_builder_preserves_opaque_values_and_enforces_singletons ... ok
[INFO] [stdout] test image_os_builder_preserves_one_opaque_value_and_rejects_duplicates ... ok
[INFO] [stdout] test image_service_name_builder_preserves_one_opaque_value_including_blank_and_rejects_duplicates ... ok
[INFO] [stdout] test logging_builder_preserves_opaque_values_and_enforces_cardinality ... ok
[INFO] [stdout] test image_tag_builder_preserves_one_opaque_value_including_blank_and_rejects_duplicates ... ok
[INFO] [stdout] test kube_builder_preserves_order_rejects_singleton_duplicates_and_requires_yaml ... ok
[INFO] [stdout] test mask_builder_preserves_repeated_exact_opaque_physical_values_in_order ... ok
[INFO] [stdout] test network_driver_and_options_builder_preserve_raw_values_and_enforce_cardinality ... ok
[INFO] [stdout] test network_identity_builder_preserves_opaque_values_and_enforces_cardinality ... ok
[INFO] [stdout] test pod_mapping_builders_accept_independent_direct_and_subordinate_forms ... ok
[INFO] [stdout] test pull_omission_supported_forms_and_raw_text_render_distinctly ... ok
[INFO] [stdout] test preserves_repeated_native_and_generic_entries_in_order ... ok
[INFO] [stdout] test quadlet_default_dependencies_builder_retains_raw_values_and_rejects_duplicates ... ok
[INFO] [stdout] test raw_memory_omission_and_noncanonical_values_remain_distinct ... ok
[INFO] [stdout] test no_new_privileges_builder_preserves_one_exact_opaque_physical_value ... ok
[INFO] [stdout] test preserves_typed_optional_dependencies_and_rejects_duplicate_notify ... ok
[INFO] [stdout] test refuses_a_generated_container_without_a_workload_source ... ok
[INFO] [stdout] test raw_pids_limit_omission_zero_and_noncanonical_text_render_distinctly ... ok
[INFO] [stdout] test raw_shm_size_omission_and_noncanonical_values_remain_distinct ... ok
[INFO] [stdout] test remaining_pod_key_builders_preserve_order_and_reject_duplicate_singletons ... ok
[INFO] [stdout] test run_init_omission_true_false_and_raw_text_render_distinctly ... ok
[INFO] [stdout] test network_ipam_builder_preserves_raw_columns_and_rejects_duplicate_driver ... ok
[INFO] [stdout] test seccomp_profile_builder_preserves_one_exact_opaque_physical_value ... ok
[INFO] [stdout] test network_label_builder_preserves_raw_repeatable_values ... ok
[INFO] [stdout] test security_label_disable_builder_preserves_one_exact_opaque_physical_value ... ok
[INFO] [stdout] test pod_mapping_builder_conflicts_fail_parse_back_validation ... ok
[INFO] [stdout] test rejects_unsafe_values_wrong_units_and_duplicate_singletons ... ok
[INFO] [stdout] test remaining_container_key_builders_preserve_repeatable_order_and_reject_duplicate_singletons ... ok
[INFO] [stdout] test typed_memory_limits_preserve_positive_native_spelling ... ok
[INFO] [stdout] test tmpfs_builder_preserves_resets_duplicates_case_options_and_raw_values_without_normalization ... ok
[INFO] [stdout] test security_label_type_builder_preserves_one_exact_opaque_physical_value ... ok
[INFO] [stdout] test sysctl_builder_preserves_resets_duplicates_case_whitespace_quoting_and_specifiers_without_interpretation ... ok
[INFO] [stdout] test typed_pids_limits_render_only_unlimited_or_nonzero_ascii_decimals ... ok
[INFO] [stdout] test security_label_file_type_builder_preserves_one_exact_opaque_physical_value ... ok
[INFO] [stdout] test typed_shm_sizes_preserve_native_spelling_and_distinguish_zero_unlimited ... ok
[INFO] [stdout] test unmask_builder_preserves_repeated_exact_opaque_physical_values_in_order ... ok
[INFO] [stdout] test security_label_nested_builder_preserves_one_exact_opaque_physical_value ... ok
[INFO] [stdout] test volume_containers_conf_module_builder_preserves_repeatable_opaque_values ... ok
[INFO] [stdout] test security_label_level_builder_preserves_one_exact_opaque_physical_value ... ok
[INFO] [stdout] test volume_gid_builder_preserves_one_opaque_value_and_rejects_duplicates ... ok
[INFO] [stdout] test dns_builder_preserves_resets_duplicates_order_quotes_and_specifiers_without_interpretation ... ok
[INFO] [stdout] test volume_service_name_builder_preserves_one_opaque_value_and_rejects_duplicates ... ok
[INFO] [stdout] test ulimit_builder_preserves_resets_duplicates_case_quoting_and_specifiers_without_interpretation ... ok
[INFO] [stdout] test volume_image_builder_preserves_one_value_and_rejects_duplicates ... ok
[INFO] [stdout] test volume_driver_options_device_type_and_copy_builder_preserve_raw_values_and_enforce_cardinality ... ok
[INFO] [stdout] test volume_user_builder_preserves_one_opaque_value_and_rejects_duplicates ... ok
[INFO] [stdout] test volume_label_builder_preserves_raw_repeatable_values ... ok
[INFO] [stdout] test volume_global_args_builder_preserves_repeatable_opaque_values ... ok
[INFO] [stdout] test volume_uid_builder_preserves_one_opaque_value_and_rejects_duplicates ... ok
[INFO] [stdout] test volume_group_builder_preserves_one_opaque_value_and_rejects_duplicates ... ok
[INFO] [stdout] test volume_podman_args_builder_preserves_repeatable_opaque_values ... ok
[INFO] [stdout] 
[INFO] [stdout] test result: ok. 91 passed; 0 failed; 0 ignored; 0 measured; 0 filtered out; finished in 0.03s
[INFO] [stdout] 
[INFO] [stderr]      Running tests/repository_policy.rs (/opt/rustwide/target/debug/build/quadlet-lens/e94c386d88507b3e/out/repository_policy-e94c386d88507b3e)
[INFO] [stdout] 
[INFO] [stdout] running 33 tests
[INFO] [stdout] test agent_roles_are_explicit ... ok
[INFO] [stdout] test ci_runs_once_per_pull_request_update_and_on_main_pushes ... ok
[INFO] [stdout] test ci_workflow_uses_trusted_change_plan_and_fail_closed_gate ... ok
[INFO] [stdout] test coverage_ratchet_runs_in_reusable_ci ... ok
[INFO] [stdout] test documentation_uses_machine_sources_instead_of_stale_ledgers ... ok
[INFO] [stdout] test fixture_contract_rejects_unsafe_external_metadata ... ok
[INFO] [stdout] test fixture_contract_accepts_authored_metadata ... ok
[INFO] [stdout] test local_developer_workflow_covers_deterministic_release_checks ... ok
[INFO] [stdout] test github_actions_are_immutable_and_versioned ... ok
[INFO] [stdout] test issue_to_pr_workflow_requires_primary_ownership_and_the_complete_local_gate ... ok
[INFO] [stdout] test offline_manual_evidence_uses_linux_and_macos_portable_tool_interfaces ... ok
[INFO] [stdout] test podman_patch_discovery_rejects_missing_or_ambiguous_owners ... ok
[INFO] [stdout] test non_rust_file_quality_is_locked_and_required ... ok
[INFO] [stdout] test real_application_contracts_have_distinct_deterministic_and_generator_gates ... FAILED
[INFO] [stdout] test complete_yaml_documents_use_explicit_start_markers ... FAILED
[INFO] [stdout] test public_documentation_is_bounded_and_website_owned ... ok
[INFO] [stdout] test release_plz_action_pin_accepts_renovate_owned_replacements_and_rejects_weakened_forms ... ok
[INFO] [stdout] test release_plz_prepares_only_guarded_releases ... ok
[INFO] [stdout] test release_workflow_uses_only_trusted_publishing ... ok
[INFO] [stdout] test release_workflow_uses_the_create_response_as_its_draft_identity ... ok
[INFO] [stdout] test maintainer_documentation_is_task_oriented_and_bounded ... ok
[INFO] [stdout] test renovate_tracks_every_directly_pinned_development_tool ... ok
[INFO] [stdout] test public_api_compatibility_runs_in_reusable_ci ... ok
[INFO] [stdout] test repository_supply_chain_has_single_sources_and_immutable_pins ... ok
[INFO] [stdout] test routine_link_checks_are_offline_and_external_checks_are_scheduled ... ok
[INFO] [stdout] test real_world_quadlet_catalog_is_immutable_and_reviewed ... ok
[INFO] [stdout] test support::actions::tests::accepts_a_full_sha_with_an_exact_version ... ok
[INFO] [stdout] test support::actions::tests::rejects_a_mutable_tag ... ok
[INFO] [stdout] test standing_github_authorization_has_exact_workspace_and_merge_boundaries ... ok
[INFO] [stdout] test release_workflow_rechecks_the_msrv ... ok
[INFO] [stdout] test release_note_extraction_is_strict_and_bounded ... ok
[INFO] [stdout] test fixture_manifests_follow_the_common_contract ... ok
[INFO] [stdout] test linux_gate_modes_and_failure_propagation_are_correct ... ok
[INFO] [stdout] 
[INFO] [stdout] failures:
[INFO] [stdout] 
[INFO] [stdout] ---- real_application_contracts_have_distinct_deterministic_and_generator_gates stdout ----
[INFO] [stdout] Error: "failed to read /opt/rustwide/workdir/.cargo/config.toml: No such file or directory (os error 2)"
[INFO] [stdout] 
[INFO] [stdout] ---- complete_yaml_documents_use_explicit_start_markers stdout ----
[INFO] [stdout] Error: "git ls-files failed: fatal: not a git repository (or any parent up to mount point /opt/rustwide)\nStopping at filesystem boundary (GIT_DISCOVERY_ACROSS_FILESYSTEM not set).\n"
[INFO] [stdout] 
[INFO] [stdout] 
[INFO] [stdout] failures:
[INFO] [stdout]     complete_yaml_documents_use_explicit_start_markers
[INFO] [stdout]     real_application_contracts_have_distinct_deterministic_and_generator_gates
[INFO] [stdout] 
[INFO] [stdout] test result: FAILED. 31 passed; 2 failed; 0 ignored; 0 measured; 0 filtered out; finished in 1.09s
[INFO] [stdout] 
[INFO] [stderr] error: test failed, to rerun pass `--test repository_policy`
[INFO] running `Command { std: "docker" "inspect" "72a5bf1321060c729048790f2ddda3dc7c3e032c77a9f566cb14739e88d25731", kill_on_drop: false }`
[INFO] running `Command { std: "docker" "rm" "-f" "72a5bf1321060c729048790f2ddda3dc7c3e032c77a9f566cb14739e88d25731", kill_on_drop: false }`
[INFO] [stdout] 72a5bf1321060c729048790f2ddda3dc7c3e032c77a9f566cb14739e88d25731
