[INFO] fetching crate qemu-plugin 10.1.0-v2...
[INFO] testing qemu-plugin-10.1.0-v2 against 1.99.0-beta.8 for beta-1.100-2
[INFO] extracting crate qemu-plugin 10.1.0-v2 into /workspace/builds/worker-5-tc1/source
[INFO] started tweaking crates.io crate qemu-plugin 10.1.0-v2
[INFO] finished tweaking crates.io crate qemu-plugin 10.1.0-v2
[INFO] tweaked toml for crates.io crate qemu-plugin 10.1.0-v2 written to /workspace/builds/worker-5-tc1/source/Cargo.toml
[INFO] validating manifest of crates.io crate qemu-plugin 10.1.0-v2 on toolchain 1.99.0-beta.8
[INFO] running `Command { std: CARGO_HOME="/workspace/cargo-home" RUSTUP_HOME="/workspace/rustup-home" "/workspace/cargo-home/bin/cargo" "+1.99.0-beta.8" "metadata" "--manifest-path" "Cargo.toml" "--no-deps", kill_on_drop: false }`
[INFO] crate crates.io crate qemu-plugin 10.1.0-v2 already has a lockfile, it will not be regenerated
[INFO] running `Command { std: CARGO_HOME="/workspace/cargo-home" RUSTUP_HOME="/workspace/rustup-home" "/workspace/cargo-home/bin/cargo" "+1.99.0-beta.8" "fetch" "--manifest-path" "Cargo.toml", kill_on_drop: false }`
[INFO] [stderr] warning: Cargo.toml: `lints.rust.incomplete-features` is deprecated in favor of `lints.rust.incomplete_features` and will not work in a future edition
[INFO] [stderr] warning: `qemu-plugin` (manifest) generated 1 warning
[INFO] [stderr]     Updating crates.io index
[INFO] [stderr]  Downloading crates ...
[INFO] [stderr]   Downloaded windows-numerics v0.3.0
[INFO] [stderr]   Downloaded windows-future v0.3.0
[INFO] [stderr]   Downloaded windows-threading v0.2.0
[INFO] [stderr]   Downloaded windows-collections v0.3.0
[INFO] [stderr]   Downloaded windows-targets v0.53.2
[INFO] [stderr]   Downloaded libloading v0.8.8
[INFO] [stderr]   Downloaded qemu-plugin-sys v10.1.0-v2
[INFO] [stderr]   Downloaded windows v0.62.0
[INFO] running `Command { std: "docker" "create" "-v" "/var/lib/crater-agent-workspace/builds/worker-5-tc1/source:/opt/rustwide/workdir:ro,Z" "-v" "/var/lib/crater-agent-workspace/builds/worker-5-tc1/target:/opt/rustwide/target:rw,Z" "-v" "/var/lib/crater-agent-workspace/cargo-home:/opt/rustwide/cargo-home:ro,Z" "-v" "/var/lib/crater-agent-workspace/rustup-home:/opt/rustwide/rustup-home:ro,Z" "-m" "1610612736" "--network" "none" "ghcr.io/rust-lang/crates-build-env/linux@sha256:3111399a4047eeb3a02b7a90e478d715f38a8c6669b5c4b49d30a17385265909" "sleep" "infinity", kill_on_drop: false }`
[INFO] [stdout] 2e3dac75d9667aeb44d68fbb782cb2604148f6a7e0537a03da720839d1424abb
[INFO] running `Command { std: "docker" "start" "2e3dac75d9667aeb44d68fbb782cb2604148f6a7e0537a03da720839d1424abb", kill_on_drop: false }`
[INFO] running `Command { std: "docker" "inspect" "2e3dac75d9667aeb44d68fbb782cb2604148f6a7e0537a03da720839d1424abb", kill_on_drop: false }`
[INFO] running `Command { std: "docker" "exec" "-e" "SOURCE_DIR=/opt/rustwide/workdir" "-e" "CARGO_HOME=/opt/rustwide/cargo-home" "-e" "RUSTUP_HOME=/opt/rustwide/rustup-home" "-e" "CARGO_TARGET_DIR=/opt/rustwide/target" "-w" "/opt/rustwide/workdir" "--user" "0:0" "2e3dac75d9667aeb44d68fbb782cb2604148f6a7e0537a03da720839d1424abb" "/opt/rustwide/cargo-home/bin/cargo" "+1.99.0-beta.8" "metadata" "--no-deps" "--format-version=1", kill_on_drop: false }`
[INFO] running `Command { std: "docker" "inspect" "2e3dac75d9667aeb44d68fbb782cb2604148f6a7e0537a03da720839d1424abb", kill_on_drop: false }`
[INFO] running `Command { std: "docker" "exec" "-e" "SOURCE_DIR=/opt/rustwide/workdir" "-e" "CARGO_HOME=/opt/rustwide/cargo-home" "-e" "RUSTUP_HOME=/opt/rustwide/rustup-home" "-e" "CARGO_TARGET_DIR=/opt/rustwide/target" "-e" "CARGO_INCREMENTAL=0" "-e" "RUST_BACKTRACE=full" "-e" "RUSTFLAGS=--cap-lints=warn" "-e" "RUSTDOCFLAGS=--cap-lints=warn" "-w" "/opt/rustwide/workdir" "--user" "0:0" "2e3dac75d9667aeb44d68fbb782cb2604148f6a7e0537a03da720839d1424abb" "/opt/rustwide/cargo-home/bin/cargo" "+1.99.0-beta.8" "build" "--frozen" "--message-format=json", kill_on_drop: false }`
[INFO] [stderr] warning: Cargo.toml: `lints.rust.incomplete-features` is deprecated in favor of `lints.rust.incomplete_features` and will not work in a future edition
[INFO] [stderr] warning: `qemu-plugin` (manifest) generated 1 warning
[INFO] [stderr]    Compiling proc-macro2 v1.0.101
[INFO] [stderr]    Compiling unicode-ident v1.0.18
[INFO] [stderr]    Compiling anyhow v1.0.99
[INFO] [stderr]    Compiling thiserror v2.0.16
[INFO] [stderr]    Compiling qemu-plugin-sys v10.1.0-v2
[INFO] [stderr]    Compiling quote v1.0.40
[INFO] [stderr]    Compiling syn v2.0.106
[INFO] [stderr]    Compiling thiserror-impl v2.0.16
[INFO] [stderr]    Compiling qemu-plugin v10.1.0-v2 (/opt/rustwide/workdir)
[INFO] [stderr]     Finished `dev` profile [unoptimized + debuginfo] target(s) in 6.23s
[INFO] running `Command { std: "docker" "inspect" "2e3dac75d9667aeb44d68fbb782cb2604148f6a7e0537a03da720839d1424abb", kill_on_drop: false }`
[INFO] running `Command { std: "docker" "exec" "-e" "SOURCE_DIR=/opt/rustwide/workdir" "-e" "CARGO_HOME=/opt/rustwide/cargo-home" "-e" "RUSTUP_HOME=/opt/rustwide/rustup-home" "-e" "CARGO_TARGET_DIR=/opt/rustwide/target" "-e" "CARGO_INCREMENTAL=0" "-e" "RUST_BACKTRACE=full" "-e" "RUSTFLAGS=--cap-lints=warn" "-e" "RUSTDOCFLAGS=--cap-lints=warn" "-w" "/opt/rustwide/workdir" "--user" "0:0" "2e3dac75d9667aeb44d68fbb782cb2604148f6a7e0537a03da720839d1424abb" "/opt/rustwide/cargo-home/bin/cargo" "+1.99.0-beta.8" "test" "--frozen" "--no-run" "--message-format=json", kill_on_drop: false }`
[INFO] [stderr] warning: Cargo.toml: `lints.rust.incomplete-features` is deprecated in favor of `lints.rust.incomplete_features` and will not work in a future edition
[INFO] [stderr] warning: `qemu-plugin` (manifest) generated 1 warning
[INFO] [stderr]    Compiling qemu-plugin v10.1.0-v2 (/opt/rustwide/workdir)
[INFO] [stderr]     Finished `test` profile [unoptimized + debuginfo] target(s) in 0.70s
[INFO] running `Command { std: "docker" "inspect" "2e3dac75d9667aeb44d68fbb782cb2604148f6a7e0537a03da720839d1424abb", kill_on_drop: false }`
[INFO] running `Command { std: "docker" "exec" "-e" "SOURCE_DIR=/opt/rustwide/workdir" "-e" "CARGO_HOME=/opt/rustwide/cargo-home" "-e" "RUSTUP_HOME=/opt/rustwide/rustup-home" "-e" "CARGO_TARGET_DIR=/opt/rustwide/target" "-e" "CARGO_INCREMENTAL=0" "-e" "RUST_BACKTRACE=full" "-e" "RUSTFLAGS=--cap-lints=warn" "-e" "RUSTDOCFLAGS=--cap-lints=warn" "-w" "/opt/rustwide/workdir" "--user" "0:0" "2e3dac75d9667aeb44d68fbb782cb2604148f6a7e0537a03da720839d1424abb" "/opt/rustwide/cargo-home/bin/cargo" "+1.99.0-beta.8" "test" "--frozen", kill_on_drop: false }`
[INFO] [stderr] warning: Cargo.toml: `lints.rust.incomplete-features` is deprecated in favor of `lints.rust.incomplete_features` and will not work in a future edition
[INFO] [stderr] warning: `qemu-plugin` (manifest) generated 1 warning
[INFO] [stderr]     Finished `test` profile [unoptimized + debuginfo] target(s) in 0.05s
[INFO] [stderr]      Running unittests src/lib.rs (/opt/rustwide/target/debug/deps/qemu_plugin-1250d727c74938cd)
[INFO] [stdout] 
[INFO] [stdout] running 0 tests
[INFO] [stdout] 
[INFO] [stdout] test result: ok. 0 passed; 0 failed; 0 ignored; 0 measured; 0 filtered out; finished in 0.00s
[INFO] [stdout] 
[INFO] [stderr]    Doc-tests qemu_plugin
[INFO] [stdout] 
[INFO] [stdout] running 8 tests
[INFO] [stdout] test src/lib.rs - (line 11) ... ignored
[INFO] [stdout] test src/translation_block/mod.rs - translation_block::TranslationBlock (line 25) ... FAILED
[INFO] [stdout] test src/instruction/mod.rs - instruction::Instruction (line 29) ... FAILED
[INFO] [stdout] test src/plugin/mod.rs - plugin::Register (line 214) ... FAILED
[INFO] [stdout] test src/plugin/mod.rs - plugin::HasCallbacks::on_vcpu_init (line 301) ... ok
[INFO] [stdout] test src/plugin/mod.rs - plugin::Register (line 182) ... ok
[INFO] [stdout] test src/plugin/mod.rs - plugin::HasCallbacks (line 277) ... ok
[INFO] [stdout] test src/plugin/mod.rs - plugin::Register (line 198) ... ok
[INFO] [stdout] 
[INFO] [stdout] failures:
[INFO] [stdout] 
[INFO] [stdout] ---- src/translation_block/mod.rs - translation_block::TranslationBlock (line 25) stdout ----
[INFO] [stdout] error[E0107]: enum takes 2 generic arguments but 1 generic argument was supplied
[INFO] [stdout]   --> src/translation_block/mod.rs:36:10
[INFO] [stdout]    |
[INFO] [stdout] 36 |     ) -> Result<()> {
[INFO] [stdout]    |          ^^^^^^ -- supplied 1 generic argument
[INFO] [stdout]    |          |
[INFO] [stdout]    |          expected 2 generic arguments
[INFO] [stdout]    |
[INFO] [stdout] help: add missing generic argument
[INFO] [stdout]    |
[INFO] [stdout] 36 |     ) -> Result<(), E> {
[INFO] [stdout]    |                   +++
[INFO] [stdout] 
[INFO] [stdout] error: aborting due to 1 previous error
[INFO] [stdout] 
[INFO] [stdout] For more information about this error, try `rustc --explain E0107`.
[INFO] [stdout] Couldn't compile the test.
[INFO] [stdout] ---- src/instruction/mod.rs - instruction::Instruction (line 29) stdout ----
[INFO] [stdout] error[E0107]: enum takes 2 generic arguments but 1 generic argument was supplied
[INFO] [stdout]   --> src/instruction/mod.rs:40:10
[INFO] [stdout]    |
[INFO] [stdout] 40 |     ) -> Result<()> {
[INFO] [stdout]    |          ^^^^^^ -- supplied 1 generic argument
[INFO] [stdout]    |          |
[INFO] [stdout]    |          expected 2 generic arguments
[INFO] [stdout]    |
[INFO] [stdout] help: add missing generic argument
[INFO] [stdout]    |
[INFO] [stdout] 40 |     ) -> Result<(), E> {
[INFO] [stdout]    |                   +++
[INFO] [stdout] 
[INFO] [stdout] error: aborting due to 1 previous error
[INFO] [stdout] 
[INFO] [stdout] For more information about this error, try `rustc --explain E0107`.
[INFO] [stdout] Couldn't compile the test.
[INFO] [stdout] ---- src/plugin/mod.rs - plugin::Register (line 214) stdout ----
[INFO] [stdout] error[E0107]: enum takes 2 generic arguments but 1 generic argument was supplied
[INFO] [stdout]    --> src/plugin/mod.rs:225:10
[INFO] [stdout]     |
[INFO] [stdout] 225 |     ) -> Result<()> {
[INFO] [stdout]     |          ^^^^^^ -- supplied 1 generic argument
[INFO] [stdout]     |          |
[INFO] [stdout]     |          expected 2 generic arguments
[INFO] [stdout]     |
[INFO] [stdout] help: add missing generic argument
[INFO] [stdout]     |
[INFO] [stdout] 225 |     ) -> Result<(), E> {
[INFO] [stdout]     |                   +++
[INFO] [stdout] 
[INFO] [stdout] error: aborting due to 1 previous error
[INFO] [stdout] 
[INFO] [stdout] For more information about this error, try `rustc --explain E0107`.
[INFO] [stdout] Couldn't compile the test.
[INFO] [stdout] 
[INFO] [stdout] failures:
[INFO] [stdout]     src/instruction/mod.rs - instruction::Instruction (line 29)
[INFO] [stdout]     src/plugin/mod.rs - plugin::Register (line 214)
[INFO] [stdout]     src/translation_block/mod.rs - translation_block::TranslationBlock (line 25)
[INFO] [stdout] 
[INFO] [stdout] test result: FAILED. 4 passed; 3 failed; 1 ignored; 0 measured; 0 filtered out; finished in 0.49s
[INFO] [stdout] 
[INFO] [stdout] all doctests ran in 0.58s; merged doctests compilation took 0.09s
[INFO] [stderr] error: doctest failed, to rerun pass `--doc`
[INFO] running `Command { std: "docker" "inspect" "2e3dac75d9667aeb44d68fbb782cb2604148f6a7e0537a03da720839d1424abb", kill_on_drop: false }`
[INFO] running `Command { std: "docker" "rm" "-f" "2e3dac75d9667aeb44d68fbb782cb2604148f6a7e0537a03da720839d1424abb", kill_on_drop: false }`
[INFO] [stdout] 2e3dac75d9667aeb44d68fbb782cb2604148f6a7e0537a03da720839d1424abb
