[INFO] fetching crate pvcrypt 1.1.0...
[INFO] testing pvcrypt-1.1.0 against 1.99.0-beta.8 for beta-1.100-2
[INFO] extracting crate pvcrypt 1.1.0 into /workspace/builds/worker-3-tc1/source
[INFO] started tweaking crates.io crate pvcrypt 1.1.0
[INFO] finished tweaking crates.io crate pvcrypt 1.1.0
[INFO] tweaked toml for crates.io crate pvcrypt 1.1.0 written to /workspace/builds/worker-3-tc1/source/Cargo.toml
[INFO] validating manifest of crates.io crate pvcrypt 1.1.0 on toolchain 1.99.0-beta.8
[INFO] running `Command { std: CARGO_HOME="/workspace/cargo-home" RUSTUP_HOME="/workspace/rustup-home" "/workspace/cargo-home/bin/cargo" "+1.99.0-beta.8" "metadata" "--manifest-path" "Cargo.toml" "--no-deps", kill_on_drop: false }`
[INFO] crate crates.io crate pvcrypt 1.1.0 already has a lockfile, it will not be regenerated
[INFO] running `Command { std: CARGO_HOME="/workspace/cargo-home" RUSTUP_HOME="/workspace/rustup-home" "/workspace/cargo-home/bin/cargo" "+1.99.0-beta.8" "fetch" "--manifest-path" "Cargo.toml", kill_on_drop: false }`
[INFO] [stderr]     Updating crates.io index
[INFO] [stderr]  Downloading crates ...
[INFO] [stderr]   Downloaded aes-gcm-stream v0.2.4
[INFO] running `Command { std: "docker" "create" "-v" "/var/lib/crater-agent-workspace/builds/worker-3-tc1/source:/opt/rustwide/workdir:ro,Z" "-v" "/var/lib/crater-agent-workspace/builds/worker-3-tc1/target:/opt/rustwide/target:rw,Z" "-v" "/var/lib/crater-agent-workspace/cargo-home:/opt/rustwide/cargo-home:ro,Z" "-v" "/var/lib/crater-agent-workspace/rustup-home:/opt/rustwide/rustup-home:ro,Z" "-m" "1610612736" "--network" "none" "ghcr.io/rust-lang/crates-build-env/linux@sha256:3111399a4047eeb3a02b7a90e478d715f38a8c6669b5c4b49d30a17385265909" "sleep" "infinity", kill_on_drop: false }`
[INFO] [stdout] f22d51706da9f1ba754b1498cb0b2b0b3961404d3e3c427e8ac15cfb7e1ef718
[INFO] running `Command { std: "docker" "start" "f22d51706da9f1ba754b1498cb0b2b0b3961404d3e3c427e8ac15cfb7e1ef718", kill_on_drop: false }`
[INFO] running `Command { std: "docker" "inspect" "f22d51706da9f1ba754b1498cb0b2b0b3961404d3e3c427e8ac15cfb7e1ef718", kill_on_drop: false }`
[INFO] running `Command { std: "docker" "exec" "-e" "SOURCE_DIR=/opt/rustwide/workdir" "-e" "CARGO_HOME=/opt/rustwide/cargo-home" "-e" "RUSTUP_HOME=/opt/rustwide/rustup-home" "-e" "CARGO_TARGET_DIR=/opt/rustwide/target" "-w" "/opt/rustwide/workdir" "--user" "0:0" "f22d51706da9f1ba754b1498cb0b2b0b3961404d3e3c427e8ac15cfb7e1ef718" "/opt/rustwide/cargo-home/bin/cargo" "+1.99.0-beta.8" "metadata" "--no-deps" "--format-version=1", kill_on_drop: false }`
[INFO] running `Command { std: "docker" "inspect" "f22d51706da9f1ba754b1498cb0b2b0b3961404d3e3c427e8ac15cfb7e1ef718", kill_on_drop: false }`
[INFO] running `Command { std: "docker" "exec" "-e" "SOURCE_DIR=/opt/rustwide/workdir" "-e" "CARGO_HOME=/opt/rustwide/cargo-home" "-e" "RUSTUP_HOME=/opt/rustwide/rustup-home" "-e" "CARGO_TARGET_DIR=/opt/rustwide/target" "-e" "CARGO_INCREMENTAL=0" "-e" "RUST_BACKTRACE=full" "-e" "RUSTFLAGS=--cap-lints=warn" "-e" "RUSTDOCFLAGS=--cap-lints=warn" "-w" "/opt/rustwide/workdir" "--user" "0:0" "f22d51706da9f1ba754b1498cb0b2b0b3961404d3e3c427e8ac15cfb7e1ef718" "/opt/rustwide/cargo-home/bin/cargo" "+1.99.0-beta.8" "build" "--frozen" "--message-format=json", kill_on_drop: false }`
[INFO] [stderr]    Compiling libc v0.2.179
[INFO] [stderr]    Compiling proc-macro2 v1.0.104
[INFO] [stderr]    Compiling quote v1.0.42
[INFO] [stderr]    Compiling zerocopy v0.8.31
[INFO] [stderr]    Compiling signal-hook v0.3.18
[INFO] [stderr]    Compiling smallvec v1.15.1
[INFO] [stderr]    Compiling anstyle-parse v0.2.7
[INFO] [stderr]    Compiling colorchoice v1.0.4
[INFO] [stderr]    Compiling log v0.4.29
[INFO] [stderr]    Compiling anstyle v1.0.13
[INFO] [stderr]    Compiling clap_lex v0.7.6
[INFO] [stderr]    Compiling bitflags v2.10.0
[INFO] [stderr]    Compiling crossbeam-epoch v0.9.18
[INFO] [stderr]    Compiling crossbeam-queue v0.3.12
[INFO] [stderr]    Compiling crypto-common v0.1.7
[INFO] [stderr]    Compiling crossbeam-channel v0.5.15
[INFO] [stderr]    Compiling universal-hash v0.5.1
[INFO] [stderr]    Compiling cipher v0.4.4
[INFO] [stderr]    Compiling polyval v0.6.2
[INFO] [stderr]    Compiling anstream v0.6.21
[INFO] [stderr]    Compiling ghash v0.5.1
[INFO] [stderr]    Compiling crossbeam-deque v0.8.6
[INFO] [stderr]    Compiling clap_builder v4.5.54
[INFO] [stderr]    Compiling crossbeam v0.8.4
[INFO] [stderr]    Compiling syn v2.0.113
[INFO] [stderr]    Compiling errno v0.3.14
[INFO] [stderr]    Compiling getrandom v0.2.16
[INFO] [stderr]    Compiling parking_lot_core v0.9.12
[INFO] [stderr]    Compiling mio v0.8.11
[INFO] [stderr]    Compiling signal-hook-registry v1.4.8
[INFO] [stderr]    Compiling rand_core v0.6.4
[INFO] [stderr]    Compiling parking_lot v0.12.5
[INFO] [stderr]    Compiling signal-hook-mio v0.2.5
[INFO] [stderr]    Compiling crossterm v0.27.0
[INFO] [stderr]    Compiling ppv-lite86 v0.2.21
[INFO] [stderr]    Compiling rand_chacha v0.3.1
[INFO] [stderr]    Compiling rand v0.8.5
[INFO] [stderr]    Compiling clap v4.5.54
[INFO] [stderr]    Compiling zeroize_derive v1.4.3
[INFO] [stderr]    Compiling zeroize v1.8.2
[INFO] [stderr]    Compiling aes v0.8.4
[INFO] [stderr]    Compiling aes-gcm-stream v0.2.4
[INFO] [stderr]    Compiling pvcrypt v1.1.0 (/opt/rustwide/workdir)
[INFO] [stdout] warning: variable does not need to be mutable
[INFO] [stdout]   --> src/read.rs:38:17
[INFO] [stdout]    |
[INFO] [stdout] 38 |             let mut plaintext = decryptor.update(&buffer[..num_read]);
[INFO] [stdout]    |                 ----^^^^^^^^^
[INFO] [stdout]    |                 |
[INFO] [stdout]    |                 help: remove this `mut`
[INFO] [stdout]    |
[INFO] [stdout]    = note: `#[warn(unused_mut)]` (part of `#[warn(unused)]`) on by default
[INFO] [stdout] 
[INFO] [stdout] 
[INFO] [stdout] warning: variable does not need to be mutable
[INFO] [stdout]   --> src/read.rs:47:16
[INFO] [stdout]    |
[INFO] [stdout] 47 |             Ok(mut last_block) => {
[INFO] [stdout]    |                ----^^^^^^^^^^
[INFO] [stdout]    |                |
[INFO] [stdout]    |                help: remove this `mut`
[INFO] [stdout] 
[INFO] [stdout] 
[INFO] [stderr]     Finished `dev` profile [unoptimized + debuginfo] target(s) in 18.11s
[INFO] running `Command { std: "docker" "inspect" "f22d51706da9f1ba754b1498cb0b2b0b3961404d3e3c427e8ac15cfb7e1ef718", kill_on_drop: false }`
[INFO] running `Command { std: "docker" "exec" "-e" "SOURCE_DIR=/opt/rustwide/workdir" "-e" "CARGO_HOME=/opt/rustwide/cargo-home" "-e" "RUSTUP_HOME=/opt/rustwide/rustup-home" "-e" "CARGO_TARGET_DIR=/opt/rustwide/target" "-e" "CARGO_INCREMENTAL=0" "-e" "RUST_BACKTRACE=full" "-e" "RUSTFLAGS=--cap-lints=warn" "-e" "RUSTDOCFLAGS=--cap-lints=warn" "-w" "/opt/rustwide/workdir" "--user" "0:0" "f22d51706da9f1ba754b1498cb0b2b0b3961404d3e3c427e8ac15cfb7e1ef718" "/opt/rustwide/cargo-home/bin/cargo" "+1.99.0-beta.8" "test" "--frozen" "--no-run" "--message-format=json", kill_on_drop: false }`
[INFO] [stderr]    Compiling pvcrypt v1.1.0 (/opt/rustwide/workdir)
[INFO] [stdout] warning: variable does not need to be mutable
[INFO] [stdout]   --> src/read.rs:38:17
[INFO] [stdout]    |
[INFO] [stdout] 38 |             let mut plaintext = decryptor.update(&buffer[..num_read]);
[INFO] [stdout]    |                 ----^^^^^^^^^
[INFO] [stdout]    |                 |
[INFO] [stdout]    |                 help: remove this `mut`
[INFO] [stdout]    |
[INFO] [stdout]    = note: `#[warn(unused_mut)]` (part of `#[warn(unused)]`) on by default
[INFO] [stdout] 
[INFO] [stdout] 
[INFO] [stdout] warning: variable does not need to be mutable
[INFO] [stdout]   --> src/read.rs:47:16
[INFO] [stdout]    |
[INFO] [stdout] 47 |             Ok(mut last_block) => {
[INFO] [stdout]    |                ----^^^^^^^^^^
[INFO] [stdout]    |                |
[INFO] [stdout]    |                help: remove this `mut`
[INFO] [stdout] 
[INFO] [stdout] 
[INFO] [stdout] warning: variable does not need to be mutable
[INFO] [stdout]   --> src/read.rs:38:17
[INFO] [stdout]    |
[INFO] [stdout] 38 |             let mut plaintext = decryptor.update(&buffer[..num_read]);
[INFO] [stdout]    |                 ----^^^^^^^^^
[INFO] [stdout]    |                 |
[INFO] [stdout]    |                 help: remove this `mut`
[INFO] [stdout]    |
[INFO] [stdout]    = note: `#[warn(unused_mut)]` (part of `#[warn(unused)]`) on by default
[INFO] [stdout] 
[INFO] [stdout] 
[INFO] [stdout] warning: variable does not need to be mutable
[INFO] [stdout]   --> src/read.rs:47:16
[INFO] [stdout]    |
[INFO] [stdout] 47 |             Ok(mut last_block) => {
[INFO] [stdout]    |                ----^^^^^^^^^^
[INFO] [stdout]    |                |
[INFO] [stdout]    |                help: remove this `mut`
[INFO] [stdout] 
[INFO] [stdout] 
[INFO] [stderr]     Finished `test` profile [unoptimized + debuginfo] target(s) in 0.57s
[INFO] running `Command { std: "docker" "inspect" "f22d51706da9f1ba754b1498cb0b2b0b3961404d3e3c427e8ac15cfb7e1ef718", kill_on_drop: false }`
[INFO] running `Command { std: "docker" "exec" "-e" "SOURCE_DIR=/opt/rustwide/workdir" "-e" "CARGO_HOME=/opt/rustwide/cargo-home" "-e" "RUSTUP_HOME=/opt/rustwide/rustup-home" "-e" "CARGO_TARGET_DIR=/opt/rustwide/target" "-e" "CARGO_INCREMENTAL=0" "-e" "RUST_BACKTRACE=full" "-e" "RUSTFLAGS=--cap-lints=warn" "-e" "RUSTDOCFLAGS=--cap-lints=warn" "-w" "/opt/rustwide/workdir" "--user" "0:0" "f22d51706da9f1ba754b1498cb0b2b0b3961404d3e3c427e8ac15cfb7e1ef718" "/opt/rustwide/cargo-home/bin/cargo" "+1.99.0-beta.8" "test" "--frozen", kill_on_drop: false }`
[INFO] [stderr] warning: variable does not need to be mutable
[INFO] [stderr]   --> src/read.rs:38:17
[INFO] [stderr]    |
[INFO] [stderr] 38 |             let mut plaintext = decryptor.update(&buffer[..num_read]);
[INFO] [stderr]    |                 ----^^^^^^^^^
[INFO] [stderr]    |                 |
[INFO] [stderr]    |                 help: remove this `mut`
[INFO] [stderr]    |
[INFO] [stderr]    = note: `#[warn(unused_mut)]` (part of `#[warn(unused)]`) on by default
[INFO] [stderr] 
[INFO] [stderr] warning: variable does not need to be mutable
[INFO] [stderr]   --> src/read.rs:47:16
[INFO] [stderr]    |
[INFO] [stderr] 47 |             Ok(mut last_block) => {
[INFO] [stderr]    |                ----^^^^^^^^^^
[INFO] [stderr]    |                |
[INFO] [stderr]    |                help: remove this `mut`
[INFO] [stderr] 
[INFO] [stderr] warning: `pvcrypt` (lib) generated 2 warnings (run `cargo fix --lib -p pvcrypt` to apply 2 suggestions)
[INFO] [stderr] warning: `pvcrypt` (lib test) generated 2 warnings (2 duplicates)
[INFO] [stderr]     Finished `test` profile [unoptimized + debuginfo] target(s) in 0.16s
[INFO] [stderr]      Running unittests src/lib.rs (/opt/rustwide/target/debug/deps/pvcrypt-3ab1890055d42e77)
[INFO] [stderr]      Running unittests src/main.rs (/opt/rustwide/target/debug/deps/pvcrypt-dc9988adf76bd85f)
[INFO] [stdout] 
[INFO] [stdout] running 1 test
[INFO] [stdout] test stats::tests::as_time_format ... ok
[INFO] [stdout] 
[INFO] [stdout] test result: ok. 1 passed; 0 failed; 0 ignored; 0 measured; 0 filtered out; finished in 0.00s
[INFO] [stdout] 
[INFO] [stdout] 
[INFO] [stdout] running 0 tests
[INFO] [stdout] 
[INFO] [stdout] test result: ok. 0 passed; 0 failed; 0 ignored; 0 measured; 0 filtered out; finished in 0.00s
[INFO] [stdout] 
[INFO] [stderr]    Doc-tests pvcrypt
[INFO] [stdout] 
[INFO] [stdout] running 1 test
[INFO] [stdout] test src/stats.rs - stats::TimeOutput (line 73) ... FAILED
[INFO] [stdout] 
[INFO] [stdout] failures:
[INFO] [stdout] 
[INFO] [stdout] ---- src/stats.rs - stats::TimeOutput (line 73) stdout ----
[INFO] [stdout] error[E0433]: cannot find module or crate `filencryp` in this scope
[INFO] [stdout]   --> src/stats.rs:74:5
[INFO] [stdout]    |
[INFO] [stdout] 74 | use filencryp::stats::TimeOutput;
[INFO] [stdout]    |     ^^^^^^^^^ use of unresolved module or unlinked crate `filencryp`
[INFO] [stdout]    |
[INFO] [stdout]    = help: if you wanted to use a crate named `filencryp`, use `cargo add filencryp` to add it to your `Cargo.toml`
[INFO] [stdout] 
[INFO] [stdout] error[E0599]: no method named `as_time` found for type `u64` in the current scope
[INFO] [stdout]   --> src/stats.rs:75:19
[INFO] [stdout]    |
[INFO] [stdout] 75 | assert_eq!(65_u64.as_time(), String::from("0:01:05"))
[INFO] [stdout]    |                   ^^^^^^^ method not found in `u64`
[INFO] [stdout] 
[INFO] [stdout] error: aborting due to 2 previous errors
[INFO] [stdout] 
[INFO] [stdout] Some errors have detailed explanations: E0433, E0599.
[INFO] [stdout] For more information about an error, try `rustc --explain E0433`.
[INFO] [stdout] Couldn't compile the test.
[INFO] [stdout] 
[INFO] [stdout] failures:
[INFO] [stdout]     src/stats.rs - stats::TimeOutput (line 73)
[INFO] [stdout] 
[INFO] [stdout] test result: FAILED. 0 passed; 1 failed; 0 ignored; 0 measured; 0 filtered out; finished in 0.09s
[INFO] [stdout] 
[INFO] [stderr] error: doctest failed, to rerun pass `--doc`
[INFO] running `Command { std: "docker" "inspect" "f22d51706da9f1ba754b1498cb0b2b0b3961404d3e3c427e8ac15cfb7e1ef718", kill_on_drop: false }`
[INFO] running `Command { std: "docker" "rm" "-f" "f22d51706da9f1ba754b1498cb0b2b0b3961404d3e3c427e8ac15cfb7e1ef718", kill_on_drop: false }`
[INFO] [stdout] f22d51706da9f1ba754b1498cb0b2b0b3961404d3e3c427e8ac15cfb7e1ef718
