[INFO] fetching crate purrgress 0.6.0...
[INFO] testing purrgress-0.6.0 against 1.99.0-beta.8 for beta-1.100-2
[INFO] extracting crate purrgress 0.6.0 into /workspace/builds/worker-3-tc1/source
[INFO] started tweaking crates.io crate purrgress 0.6.0
[INFO] removed 0 missing examples
[INFO] finished tweaking crates.io crate purrgress 0.6.0
[INFO] tweaked toml for crates.io crate purrgress 0.6.0 written to /workspace/builds/worker-3-tc1/source/Cargo.toml
[INFO] validating manifest of crates.io crate purrgress 0.6.0 on toolchain 1.99.0-beta.8
[INFO] running `Command { std: CARGO_HOME="/workspace/cargo-home" RUSTUP_HOME="/workspace/rustup-home" "/workspace/cargo-home/bin/cargo" "+1.99.0-beta.8" "metadata" "--manifest-path" "Cargo.toml" "--no-deps", kill_on_drop: false }`
[INFO] crate crates.io crate purrgress 0.6.0 already has a lockfile, it will not be regenerated
[INFO] running `Command { std: CARGO_HOME="/workspace/cargo-home" RUSTUP_HOME="/workspace/rustup-home" "/workspace/cargo-home/bin/cargo" "+1.99.0-beta.8" "fetch" "--manifest-path" "Cargo.toml", kill_on_drop: false }`
[INFO] [stderr]     Updating crates.io index
[INFO] [stderr]  Downloading crates ...
[INFO] [stderr]   Downloaded rend v0.5.4
[INFO] [stderr]   Downloaded wibr v0.2.11
[INFO] [stderr]   Downloaded wibr-forge v0.2.11
[INFO] [stderr]   Downloaded rkyv_derive v0.8.18
[INFO] [stderr]   Downloaded ptr_meta_derive v0.3.2
[INFO] [stderr]   Downloaded rancor v0.1.3
[INFO] [stderr]   Downloaded bytecheck_derive v0.8.3
[INFO] [stderr]   Downloaded bevy_macro_utils v0.18.1
[INFO] [stderr]   Downloaded ptr_meta v0.3.2
[INFO] [stderr]   Downloaded purrgress-macros v0.5.2
[INFO] [stderr]   Downloaded cursorvec v0.2.0
[INFO] [stderr]   Downloaded bevy_utils v0.18.1
[INFO] [stderr]   Downloaded bytecheck v0.8.3
[INFO] [stderr]   Downloaded bevy_ptr v0.18.1
[INFO] [stderr]   Downloaded bevy_platform v0.18.1
[INFO] [stderr]   Downloaded bevy_ecs_macros v0.18.1
[INFO] [stderr]   Downloaded log v0.4.32
[INFO] [stderr]   Downloaded bevy_tasks v0.18.1
[INFO] [stderr]   Downloaded rkyv v0.8.18
[INFO] [stderr]   Downloaded heapless v0.9.3
[INFO] [stderr]   Downloaded bevy_ecs v0.18.1
[INFO] running `Command { std: "docker" "create" "-v" "/var/lib/crater-agent-workspace/builds/worker-3-tc1/source:/opt/rustwide/workdir:ro,Z" "-v" "/var/lib/crater-agent-workspace/builds/worker-3-tc1/target:/opt/rustwide/target:rw,Z" "-v" "/var/lib/crater-agent-workspace/cargo-home:/opt/rustwide/cargo-home:ro,Z" "-v" "/var/lib/crater-agent-workspace/rustup-home:/opt/rustwide/rustup-home:ro,Z" "-m" "1610612736" "--network" "none" "ghcr.io/rust-lang/crates-build-env/linux@sha256:3111399a4047eeb3a02b7a90e478d715f38a8c6669b5c4b49d30a17385265909" "sleep" "infinity", kill_on_drop: false }`
[INFO] [stdout] cba54a6afa761389da3fc008f21c6f097dc53a758ecba5d892b6da85af702eb3
[INFO] running `Command { std: "docker" "start" "cba54a6afa761389da3fc008f21c6f097dc53a758ecba5d892b6da85af702eb3", kill_on_drop: false }`
[INFO] running `Command { std: "docker" "inspect" "cba54a6afa761389da3fc008f21c6f097dc53a758ecba5d892b6da85af702eb3", kill_on_drop: false }`
[INFO] running `Command { std: "docker" "exec" "-e" "SOURCE_DIR=/opt/rustwide/workdir" "-e" "CARGO_HOME=/opt/rustwide/cargo-home" "-e" "RUSTUP_HOME=/opt/rustwide/rustup-home" "-e" "CARGO_TARGET_DIR=/opt/rustwide/target" "-w" "/opt/rustwide/workdir" "--user" "0:0" "cba54a6afa761389da3fc008f21c6f097dc53a758ecba5d892b6da85af702eb3" "/opt/rustwide/cargo-home/bin/cargo" "+1.99.0-beta.8" "metadata" "--no-deps" "--format-version=1", kill_on_drop: false }`
[INFO] running `Command { std: "docker" "inspect" "cba54a6afa761389da3fc008f21c6f097dc53a758ecba5d892b6da85af702eb3", kill_on_drop: false }`
[INFO] running `Command { std: "docker" "exec" "-e" "SOURCE_DIR=/opt/rustwide/workdir" "-e" "CARGO_HOME=/opt/rustwide/cargo-home" "-e" "RUSTUP_HOME=/opt/rustwide/rustup-home" "-e" "CARGO_TARGET_DIR=/opt/rustwide/target" "-e" "CARGO_INCREMENTAL=0" "-e" "RUST_BACKTRACE=full" "-e" "RUSTFLAGS=--cap-lints=warn" "-e" "RUSTDOCFLAGS=--cap-lints=warn" "-w" "/opt/rustwide/workdir" "--user" "0:0" "cba54a6afa761389da3fc008f21c6f097dc53a758ecba5d892b6da85af702eb3" "/opt/rustwide/cargo-home/bin/cargo" "+1.99.0-beta.8" "build" "--frozen" "--message-format=json", kill_on_drop: false }`
[INFO] [stderr]    Compiling syn v2.0.117
[INFO] [stderr]    Compiling anyhow v1.0.103
[INFO] [stderr]    Compiling wibr-forge v0.2.11
[INFO] [stderr]    Compiling wibr v0.2.11
[INFO] [stderr]    Compiling purrgress v0.6.0 (/opt/rustwide/workdir)
[INFO] [stderr]     Finished `dev` profile [unoptimized + debuginfo] target(s) in 4.90s
[INFO] running `Command { std: "docker" "inspect" "cba54a6afa761389da3fc008f21c6f097dc53a758ecba5d892b6da85af702eb3", kill_on_drop: false }`
[INFO] running `Command { std: "docker" "exec" "-e" "SOURCE_DIR=/opt/rustwide/workdir" "-e" "CARGO_HOME=/opt/rustwide/cargo-home" "-e" "RUSTUP_HOME=/opt/rustwide/rustup-home" "-e" "CARGO_TARGET_DIR=/opt/rustwide/target" "-e" "CARGO_INCREMENTAL=0" "-e" "RUST_BACKTRACE=full" "-e" "RUSTFLAGS=--cap-lints=warn" "-e" "RUSTDOCFLAGS=--cap-lints=warn" "-w" "/opt/rustwide/workdir" "--user" "0:0" "cba54a6afa761389da3fc008f21c6f097dc53a758ecba5d892b6da85af702eb3" "/opt/rustwide/cargo-home/bin/cargo" "+1.99.0-beta.8" "test" "--frozen" "--no-run" "--message-format=json", kill_on_drop: false }`
[INFO] [stderr]    Compiling purrgress v0.6.0 (/opt/rustwide/workdir)
[INFO] [stderr]     Finished `test` profile [unoptimized + debuginfo] target(s) in 0.38s
[INFO] running `Command { std: "docker" "inspect" "cba54a6afa761389da3fc008f21c6f097dc53a758ecba5d892b6da85af702eb3", kill_on_drop: false }`
[INFO] running `Command { std: "docker" "exec" "-e" "SOURCE_DIR=/opt/rustwide/workdir" "-e" "CARGO_HOME=/opt/rustwide/cargo-home" "-e" "RUSTUP_HOME=/opt/rustwide/rustup-home" "-e" "CARGO_TARGET_DIR=/opt/rustwide/target" "-e" "CARGO_INCREMENTAL=0" "-e" "RUST_BACKTRACE=full" "-e" "RUSTFLAGS=--cap-lints=warn" "-e" "RUSTDOCFLAGS=--cap-lints=warn" "-w" "/opt/rustwide/workdir" "--user" "0:0" "cba54a6afa761389da3fc008f21c6f097dc53a758ecba5d892b6da85af702eb3" "/opt/rustwide/cargo-home/bin/cargo" "+1.99.0-beta.8" "test" "--frozen", kill_on_drop: false }`
[INFO] [stderr]     Finished `test` profile [unoptimized + debuginfo] target(s) in 0.04s
[INFO] [stderr]      Running unittests src/lib.rs (/opt/rustwide/target/debug/deps/purrgress-95a0d0087d705c25)
[INFO] [stderr]    Doc-tests purrgress
[INFO] [stdout] 
[INFO] [stdout] running 0 tests
[INFO] [stdout] 
[INFO] [stdout] test result: ok. 0 passed; 0 failed; 0 ignored; 0 measured; 0 filtered out; finished in 0.00s
[INFO] [stdout] 
[INFO] [stdout] 
[INFO] [stdout] running 22 tests
[INFO] [stdout] test src/condition.rs - condition::PurrCondition (line 19) ... FAILED
[INFO] [stdout] test src/types.rs - types::PurrVec::length (line 295) ... FAILED
[INFO] [stdout] test src/types.rs - types::PurrVec::length_squared (line 280) ... FAILED
[INFO] [stdout] test src/types.rs - types::PurrVec::down (line 387) ... FAILED
[INFO] [stdout] test src/condition.rs - condition::PurrTimer (line 82) ... FAILED
[INFO] [stdout] test src/types.rs - types::PurrVec::default (line 252) ... FAILED
[INFO] [stdout] test src/types.rs - types::PurrVec::one (line 359) ... FAILED
[INFO] [stdout] test src/types.rs - types::PurrVec::left (line 366) ... FAILED
[INFO] [stdout] test src/types.rs - types::PurrVec::normalize (line 330) ... FAILED
[INFO] [stdout] test src/condition.rs - condition::PurrFlag (line 154) ... FAILED
[INFO] [stdout] test src/types.rs - types::PurrVec::distance (line 310) ... FAILED
[INFO] [stdout] test src/types.rs - types::PurrVec::new (line 266) ... FAILED
[INFO] [stdout] test src/types.rs - types::PurrVec::right (line 373) ... FAILED
[INFO] [stdout] test src/condition.rs - condition::PurrProximity (line 214) ... FAILED
[INFO] [stdout] test src/types.rs - types::PurrVec::zero (line 352) ... FAILED
[INFO] [stdout] test src/types.rs - types::PurrVec::up (line 380) ... FAILED
[INFO] [stdout] test src/types.rs - types::PurrEvent (line 81) ... FAILED
[INFO] [stdout] test src/types.rs - types::InsertPosition (line 51) ... FAILED
[INFO] [stdout] test src/types.rs - types::DuplicatePolicy (line 21) ... FAILED
[INFO] [stdout] test src/condition.rs - condition::InstantCondition (line 49) ... FAILED
[INFO] [stdout] test src/types.rs - types::PurrAction (line 123) ... FAILED
[INFO] [stdout] test src/types.rs - types::RumblePolicy (line 171) ... FAILED
[INFO] [stdout] 
[INFO] [stdout] failures:
[INFO] [stdout] 
[INFO] [stdout] ---- src/condition.rs - condition::PurrCondition (line 19) stdout ----
[INFO] [stdout] error: `self` parameter is only allowed in associated functions
[INFO] [stdout]   --> src/condition.rs:20:16
[INFO] [stdout]    |
[INFO] [stdout] 20 | fn is_finished(&mut self) -> bool { true }
[INFO] [stdout]    |                ^^^^^^^^^ not semantically valid as function parameter
[INFO] [stdout]    |
[INFO] [stdout]    = note: associated functions are those in `impl` or `trait` definitions
[INFO] [stdout] 
[INFO] [stdout] error: `self` parameter is only allowed in associated functions
[INFO] [stdout]   --> src/condition.rs:21:10
[INFO] [stdout]    |
[INFO] [stdout] 21 | fn reset(&mut self) {}
[INFO] [stdout]    |          ^^^^^^^^^ not semantically valid as function parameter
[INFO] [stdout]    |
[INFO] [stdout]    = note: associated functions are those in `impl` or `trait` definitions
[INFO] [stdout] 
[INFO] [stdout] error: `self` parameter is only allowed in associated functions
[INFO] [stdout]   --> src/condition.rs:22:11
[INFO] [stdout]    |
[INFO] [stdout] 22 | fn as_any(&self) -> &dyn std::any::Any { self }
[INFO] [stdout]    |           ^^^^^ not semantically valid as function parameter
[INFO] [stdout]    |
[INFO] [stdout]    = note: associated functions are those in `impl` or `trait` definitions
[INFO] [stdout] 
[INFO] [stdout] error: `self` parameter is only allowed in associated functions
[INFO] [stdout]   --> src/condition.rs:23:15
[INFO] [stdout]    |
[INFO] [stdout] 23 | fn as_any_mut(&mut self) -> &mut dyn std::any::Any { self }
[INFO] [stdout]    |               ^^^^^^^^^ not semantically valid as function parameter
[INFO] [stdout]    |
[INFO] [stdout]    = note: associated functions are those in `impl` or `trait` definitions
[INFO] [stdout] 
[INFO] [stdout] error: aborting due to 4 previous errors
[INFO] [stdout] 
[INFO] [stdout] Couldn't compile the test.
[INFO] [stdout] ---- src/types.rs - types::PurrVec::length (line 295) stdout ----
[INFO] [stdout] error[E0432]: unresolved import `purrgress::cat_stage_manager`
[INFO] [stdout]    --> src/types.rs:297:16
[INFO] [stdout]     |
[INFO] [stdout] 297 | use purrgress::cat_stage_manager::*;
[INFO] [stdout]     |                ^^^^^^^^^^^^^^^^^ could not find `cat_stage_manager` in `purrgress`
[INFO] [stdout] 
[INFO] [stdout] error: aborting due to 1 previous error
[INFO] [stdout] 
[INFO] [stdout] For more information about this error, try `rustc --explain E0432`.
[INFO] [stdout] Couldn't compile the test.
[INFO] [stdout] ---- src/types.rs - types::PurrVec::length_squared (line 280) stdout ----
[INFO] [stdout] error[E0432]: unresolved import `purrgress::cat_stage_manager`
[INFO] [stdout]    --> src/types.rs:282:16
[INFO] [stdout]     |
[INFO] [stdout] 282 | use purrgress::cat_stage_manager::*;
[INFO] [stdout]     |                ^^^^^^^^^^^^^^^^^ could not find `cat_stage_manager` in `purrgress`
[INFO] [stdout] 
[INFO] [stdout] error: aborting due to 1 previous error
[INFO] [stdout] 
[INFO] [stdout] For more information about this error, try `rustc --explain E0432`.
[INFO] [stdout] Couldn't compile the test.
[INFO] [stdout] ---- src/types.rs - types::PurrVec::down (line 387) stdout ----
[INFO] [stdout] error[E0433]: cannot find module or crate `manager_types` in this scope
[INFO] [stdout]    --> src/types.rs:389:16
[INFO] [stdout]     |
[INFO] [stdout] 389 | let down_vec = manager_types::PurrVec::down();
[INFO] [stdout]     |                ^^^^^^^^^^^^^ use of unresolved module or unlinked crate `manager_types`
[INFO] [stdout]     |
[INFO] [stdout]     = help: if you wanted to use a crate named `manager_types`, use `cargo add manager_types` to add it to your `Cargo.toml`
[INFO] [stdout] 
[INFO] [stdout] error: aborting due to 1 previous error
[INFO] [stdout] 
[INFO] [stdout] For more information about this error, try `rustc --explain E0433`.
[INFO] [stdout] Couldn't compile the test.
[INFO] [stdout] ---- src/condition.rs - condition::PurrTimer (line 82) stdout ----
[INFO] [stdout] error[E0432]: unresolved import `purrgress::cat_stage_manager`
[INFO] [stdout]   --> src/condition.rs:84:16
[INFO] [stdout]    |
[INFO] [stdout] 84 | use purrgress::cat_stage_manager::*;
[INFO] [stdout]    |                ^^^^^^^^^^^^^^^^^ could not find `cat_stage_manager` in `purrgress`
[INFO] [stdout] 
[INFO] [stdout] error: aborting due to 1 previous error
[INFO] [stdout] 
[INFO] [stdout] For more information about this error, try `rustc --explain E0432`.
[INFO] [stdout] Couldn't compile the test.
[INFO] [stdout] ---- src/types.rs - types::PurrVec::default (line 252) stdout ----
[INFO] [stdout] error[E0432]: unresolved import `purrgress::cat_stage_manager`
[INFO] [stdout]    --> src/types.rs:254:16
[INFO] [stdout]     |
[INFO] [stdout] 254 | use purrgress::cat_stage_manager::*;
[INFO] [stdout]     |                ^^^^^^^^^^^^^^^^^ could not find `cat_stage_manager` in `purrgress`
[INFO] [stdout] 
[INFO] [stdout] error: aborting due to 1 previous error
[INFO] [stdout] 
[INFO] [stdout] For more information about this error, try `rustc --explain E0432`.
[INFO] [stdout] Couldn't compile the test.
[INFO] [stdout] ---- src/types.rs - types::PurrVec::one (line 359) stdout ----
[INFO] [stdout] error[E0433]: cannot find module or crate `manager_types` in this scope
[INFO] [stdout]    --> src/types.rs:361:15
[INFO] [stdout]     |
[INFO] [stdout] 361 | let one_vec = manager_types::PurrVec::one();
[INFO] [stdout]     |               ^^^^^^^^^^^^^ use of unresolved module or unlinked crate `manager_types`
[INFO] [stdout]     |
[INFO] [stdout]     = help: if you wanted to use a crate named `manager_types`, use `cargo add manager_types` to add it to your `Cargo.toml`
[INFO] [stdout] 
[INFO] [stdout] error: aborting due to 1 previous error
[INFO] [stdout] 
[INFO] [stdout] For more information about this error, try `rustc --explain E0433`.
[INFO] [stdout] Couldn't compile the test.
[INFO] [stdout] ---- src/types.rs - types::PurrVec::left (line 366) stdout ----
[INFO] [stdout] error[E0433]: cannot find module or crate `manager_types` in this scope
[INFO] [stdout]    --> src/types.rs:368:16
[INFO] [stdout]     |
[INFO] [stdout] 368 | let left_vec = manager_types::PurrVec::left();
[INFO] [stdout]     |                ^^^^^^^^^^^^^ use of unresolved module or unlinked crate `manager_types`
[INFO] [stdout]     |
[INFO] [stdout]     = help: if you wanted to use a crate named `manager_types`, use `cargo add manager_types` to add it to your `Cargo.toml`
[INFO] [stdout] 
[INFO] [stdout] error: aborting due to 1 previous error
[INFO] [stdout] 
[INFO] [stdout] For more information about this error, try `rustc --explain E0433`.
[INFO] [stdout] Couldn't compile the test.
[INFO] [stdout] ---- src/types.rs - types::PurrVec::normalize (line 330) stdout ----
[INFO] [stdout] error[E0432]: unresolved import `purrgress::cat_stage_manager`
[INFO] [stdout]    --> src/types.rs:332:16
[INFO] [stdout]     |
[INFO] [stdout] 332 | use purrgress::cat_stage_manager::*;
[INFO] [stdout]     |                ^^^^^^^^^^^^^^^^^ could not find `cat_stage_manager` in `purrgress`
[INFO] [stdout] 
[INFO] [stdout] error: aborting due to 1 previous error
[INFO] [stdout] 
[INFO] [stdout] For more information about this error, try `rustc --explain E0432`.
[INFO] [stdout] Couldn't compile the test.
[INFO] [stdout] ---- src/condition.rs - condition::PurrFlag (line 154) stdout ----
[INFO] [stdout] error[E0432]: unresolved import `purrgress::cat_stage_manager`
[INFO] [stdout]    --> src/condition.rs:156:16
[INFO] [stdout]     |
[INFO] [stdout] 156 | use purrgress::cat_stage_manager::*;
[INFO] [stdout]     |                ^^^^^^^^^^^^^^^^^ could not find `cat_stage_manager` in `purrgress`
[INFO] [stdout] 
[INFO] [stdout] error: aborting due to 1 previous error
[INFO] [stdout] 
[INFO] [stdout] For more information about this error, try `rustc --explain E0432`.
[INFO] [stdout] Couldn't compile the test.
[INFO] [stdout] ---- src/types.rs - types::PurrVec::distance (line 310) stdout ----
[INFO] [stdout] error[E0432]: unresolved import `purrgress::cat_stage_manager`
[INFO] [stdout]    --> src/types.rs:312:16
[INFO] [stdout]     |
[INFO] [stdout] 312 | use purrgress::cat_stage_manager::*;
[INFO] [stdout]     |                ^^^^^^^^^^^^^^^^^ could not find `cat_stage_manager` in `purrgress`
[INFO] [stdout] 
[INFO] [stdout] error: aborting due to 1 previous error
[INFO] [stdout] 
[INFO] [stdout] For more information about this error, try `rustc --explain E0432`.
[INFO] [stdout] Couldn't compile the test.
[INFO] [stdout] ---- src/types.rs - types::PurrVec::new (line 266) stdout ----
[INFO] [stdout] error[E0432]: unresolved import `purrgress::cat_stage_manager`
[INFO] [stdout]    --> src/types.rs:268:16
[INFO] [stdout]     |
[INFO] [stdout] 268 | use purrgress::cat_stage_manager::*;
[INFO] [stdout]     |                ^^^^^^^^^^^^^^^^^ could not find `cat_stage_manager` in `purrgress`
[INFO] [stdout] 
[INFO] [stdout] error: aborting due to 1 previous error
[INFO] [stdout] 
[INFO] [stdout] For more information about this error, try `rustc --explain E0432`.
[INFO] [stdout] Couldn't compile the test.
[INFO] [stdout] ---- src/types.rs - types::PurrVec::right (line 373) stdout ----
[INFO] [stdout] error[E0433]: cannot find module or crate `manager_types` in this scope
[INFO] [stdout]    --> src/types.rs:375:17
[INFO] [stdout]     |
[INFO] [stdout] 375 | let right_vec = manager_types::PurrVec::right();
[INFO] [stdout]     |                 ^^^^^^^^^^^^^ use of unresolved module or unlinked crate `manager_types`
[INFO] [stdout]     |
[INFO] [stdout]     = help: if you wanted to use a crate named `manager_types`, use `cargo add manager_types` to add it to your `Cargo.toml`
[INFO] [stdout] 
[INFO] [stdout] error: aborting due to 1 previous error
[INFO] [stdout] 
[INFO] [stdout] For more information about this error, try `rustc --explain E0433`.
[INFO] [stdout] Couldn't compile the test.
[INFO] [stdout] ---- src/condition.rs - condition::PurrProximity (line 214) stdout ----
[INFO] [stdout] error[E0432]: unresolved import `purrgress::cat_stage_manager`
[INFO] [stdout]    --> src/condition.rs:216:16
[INFO] [stdout]     |
[INFO] [stdout] 216 | use purrgress::cat_stage_manager::*;
[INFO] [stdout]     |                ^^^^^^^^^^^^^^^^^ could not find `cat_stage_manager` in `purrgress`
[INFO] [stdout] 
[INFO] [stdout] error: aborting due to 1 previous error
[INFO] [stdout] 
[INFO] [stdout] For more information about this error, try `rustc --explain E0432`.
[INFO] [stdout] Couldn't compile the test.
[INFO] [stdout] ---- src/types.rs - types::PurrVec::zero (line 352) stdout ----
[INFO] [stdout] error[E0433]: cannot find module or crate `manager_types` in this scope
[INFO] [stdout]    --> src/types.rs:354:16
[INFO] [stdout]     |
[INFO] [stdout] 354 | let zero_vec = manager_types::PurrVec::zero();
[INFO] [stdout]     |                ^^^^^^^^^^^^^ use of unresolved module or unlinked crate `manager_types`
[INFO] [stdout]     |
[INFO] [stdout]     = help: if you wanted to use a crate named `manager_types`, use `cargo add manager_types` to add it to your `Cargo.toml`
[INFO] [stdout] 
[INFO] [stdout] error: aborting due to 1 previous error
[INFO] [stdout] 
[INFO] [stdout] For more information about this error, try `rustc --explain E0433`.
[INFO] [stdout] Couldn't compile the test.
[INFO] [stdout] ---- src/types.rs - types::PurrVec::up (line 380) stdout ----
[INFO] [stdout] error[E0433]: cannot find module or crate `manager_types` in this scope
[INFO] [stdout]    --> src/types.rs:382:14
[INFO] [stdout]     |
[INFO] [stdout] 382 | let up_vec = manager_types::PurrVec::up();
[INFO] [stdout]     |              ^^^^^^^^^^^^^ use of unresolved module or unlinked crate `manager_types`
[INFO] [stdout]     |
[INFO] [stdout]     = help: if you wanted to use a crate named `manager_types`, use `cargo add manager_types` to add it to your `Cargo.toml`
[INFO] [stdout] 
[INFO] [stdout] error: aborting due to 1 previous error
[INFO] [stdout] 
[INFO] [stdout] For more information about this error, try `rustc --explain E0433`.
[INFO] [stdout] Couldn't compile the test.
[INFO] [stdout] ---- src/types.rs - types::PurrEvent (line 81) stdout ----
[INFO] [stdout] error[E0432]: unresolved import `purrgress::cat_stage_manager`
[INFO] [stdout]   --> src/types.rs:83:16
[INFO] [stdout]    |
[INFO] [stdout] 83 | use purrgress::cat_stage_manager::*;
[INFO] [stdout]    |                ^^^^^^^^^^^^^^^^^ could not find `cat_stage_manager` in `purrgress`
[INFO] [stdout] 
[INFO] [stdout] error: aborting due to 1 previous error
[INFO] [stdout] 
[INFO] [stdout] For more information about this error, try `rustc --explain E0432`.
[INFO] [stdout] Couldn't compile the test.
[INFO] [stdout] ---- src/types.rs - types::InsertPosition (line 51) stdout ----
[INFO] [stdout] error[E0432]: unresolved import `purrgress::cat_stage_manager`
[INFO] [stdout]   --> src/types.rs:53:16
[INFO] [stdout]    |
[INFO] [stdout] 53 | use purrgress::cat_stage_manager::*;
[INFO] [stdout]    |                ^^^^^^^^^^^^^^^^^ could not find `cat_stage_manager` in `purrgress`
[INFO] [stdout] 
[INFO] [stdout] error: aborting due to 1 previous error
[INFO] [stdout] 
[INFO] [stdout] For more information about this error, try `rustc --explain E0432`.
[INFO] [stdout] Couldn't compile the test.
[INFO] [stdout] ---- src/types.rs - types::DuplicatePolicy (line 21) stdout ----
[INFO] [stdout] error[E0432]: unresolved import `purrgress::cat_stage_manager`
[INFO] [stdout]   --> src/types.rs:23:16
[INFO] [stdout]    |
[INFO] [stdout] 23 | use purrgress::cat_stage_manager::*;
[INFO] [stdout]    |                ^^^^^^^^^^^^^^^^^ could not find `cat_stage_manager` in `purrgress`
[INFO] [stdout] 
[INFO] [stdout] error: aborting due to 1 previous error
[INFO] [stdout] 
[INFO] [stdout] For more information about this error, try `rustc --explain E0432`.
[INFO] [stdout] Couldn't compile the test.
[INFO] [stdout] ---- src/condition.rs - condition::InstantCondition (line 49) stdout ----
[INFO] [stdout] error[E0432]: unresolved import `purrgress::cat_stage_manager`
[INFO] [stdout]   --> src/condition.rs:51:16
[INFO] [stdout]    |
[INFO] [stdout] 51 | use purrgress::cat_stage_manager::*;
[INFO] [stderr] error: doctest failed, to rerun pass `--doc`
[INFO] [stdout]    |                ^^^^^^^^^^^^^^^^^ could not find `cat_stage_manager` in `purrgress`
[INFO] [stdout] 
[INFO] [stdout] error: aborting due to 1 previous error
[INFO] [stdout] 
[INFO] [stdout] For more information about this error, try `rustc --explain E0432`.
[INFO] [stdout] Couldn't compile the test.
[INFO] [stdout] ---- src/types.rs - types::PurrAction (line 123) stdout ----
[INFO] [stdout] error[E0432]: unresolved import `purrgress::cat_stage_manager`
[INFO] [stdout]    --> src/types.rs:125:16
[INFO] [stdout]     |
[INFO] [stdout] 125 | use purrgress::cat_stage_manager::*;
[INFO] [stdout]     |                ^^^^^^^^^^^^^^^^^ could not find `cat_stage_manager` in `purrgress`
[INFO] [stdout] 
[INFO] [stdout] error[E0432]: unresolved import `purrgress_macros`
[INFO] [stdout]    --> src/types.rs:126:5
[INFO] [stdout]     |
[INFO] [stdout] 126 | use purrgress_macros::{meowphosis, PurrStep};
[INFO] [stdout]     |     ^^^^^^^^^^^^^^^^ use of unresolved module or unlinked crate `purrgress_macros`
[INFO] [stdout]     |
[INFO] [stdout]     = help: if you wanted to use a crate named `purrgress_macros`, use `cargo add purrgress_macros` to add it to your `Cargo.toml`
[INFO] [stdout] 
[INFO] [stdout] error[E0433]: cannot find module or crate `purrgress_macros` in this scope
[INFO] [stdout]    --> src/types.rs:155:1
[INFO] [stdout]     |
[INFO] [stdout] 155 | purrgress_macros::purr_pounce!(
[INFO] [stdout]     | ^^^^^^^^^^^^^^^^ use of unresolved module or unlinked crate `purrgress_macros`
[INFO] [stdout] 
[INFO] [stdout] error[E0433]: cannot find module or crate `purrgress_macros` in this scope
[INFO] [stdout]    --> src/types.rs:148:1
[INFO] [stdout]     |
[INFO] [stdout] 148 | purrgress_macros::purr_tentacle!(
[INFO] [stdout]     | ^^^^^^^^^^^^^^^^ use of unresolved module or unlinked crate `purrgress_macros`
[INFO] [stdout] 
[INFO] [stdout] error[E0433]: cannot find module or crate `purrgress_macros` in this scope
[INFO] [stdout]    --> src/types.rs:141:33
[INFO] [stdout]     |
[INFO] [stdout] 141 | let sub_cat_manager_procces_1 = purrgress_macros::new_purr_chain!(
[INFO] [stdout]     |                                 ^^^^^^^^^^^^^^^^ use of unresolved module or unlinked crate `purrgress_macros`
[INFO] [stdout] 
[INFO] [stdout] error[E0599]: no variant, associated function, or constant named `meowphosis_manager` found for enum `MyStage` in the current scope
[INFO] [stdout]    --> src/types.rs:136:32
[INFO] [stdout]     |
[INFO] [stdout] 130 | pub enum MyStage {
[INFO] [stdout]     | ---------------- variant, associated function, or constant `meowphosis_manager` not found for this enum
[INFO] [stdout] ...
[INFO] [stdout] 136 | let mut cat_manager = MyStage::meowphosis_manager();
[INFO] [stdout]     |                                ^^^^^^^^^^^^^^^^^^ variant, associated function, or constant not found in `MyStage`
[INFO] [stdout] 
[INFO] [stdout] error: aborting due to 6 previous errors
[INFO] [stdout] 
[INFO] [stdout] Some errors have detailed explanations: E0432, E0433, E0599.
[INFO] [stdout] For more information about an error, try `rustc --explain E0432`.
[INFO] [stdout] Couldn't compile the test.
[INFO] [stdout] ---- src/types.rs - types::RumblePolicy (line 171) stdout ----
[INFO] [stdout] error[E0432]: unresolved import `purrgress::cat_stage_manager`
[INFO] [stdout]    --> src/types.rs:173:16
[INFO] [stdout]     |
[INFO] [stdout] 173 | use purrgress::cat_stage_manager::*;
[INFO] [stdout]     |                ^^^^^^^^^^^^^^^^^ could not find `cat_stage_manager` in `purrgress`
[INFO] [stdout] 
[INFO] [stdout] error[E0432]: unresolved import `purrgress_macros`
[INFO] [stdout]    --> src/types.rs:174:5
[INFO] [stdout]     |
[INFO] [stdout] 174 | use purrgress_macros::{meowphosis, PurrStep};
[INFO] [stdout]     |     ^^^^^^^^^^^^^^^^ use of unresolved module or unlinked crate `purrgress_macros`
[INFO] [stdout]     |
[INFO] [stdout]     = help: if you wanted to use a crate named `purrgress_macros`, use `cargo add purrgress_macros` to add it to your `Cargo.toml`
[INFO] [stdout] 
[INFO] [stdout] error[E0433]: cannot find module or crate `purrgress_macros` in this scope
[INFO] [stdout]    --> src/types.rs:212:31
[INFO] [stdout]     |
[INFO] [stdout] 212 | let sub_cat_manager_stage_1 = purrgress_macros::purr_rumble!(
[INFO] [stdout]     |                               ^^^^^^^^^^^^^^^^ use of unresolved module or unlinked crate `purrgress_macros`
[INFO] [stdout] 
[INFO] [stdout] error[E0433]: cannot find module or crate `purrgress_macros` in this scope
[INFO] [stdout]    --> src/types.rs:205:1
[INFO] [stdout]     |
[INFO] [stdout] 205 | purrgress_macros::purr_pounce!(
[INFO] [stdout]     | ^^^^^^^^^^^^^^^^ use of unresolved module or unlinked crate `purrgress_macros`
[INFO] [stdout] 
[INFO] [stdout] error[E0433]: cannot find module or crate `purrgress_macros` in this scope
[INFO] [stdout]    --> src/types.rs:198:1
[INFO] [stdout]     |
[INFO] [stdout] 198 | purrgress_macros::purr_tentacle!(
[INFO] [stdout]     | ^^^^^^^^^^^^^^^^ use of unresolved module or unlinked crate `purrgress_macros`
[INFO] [stdout] 
[INFO] [stdout] error[E0433]: cannot find module or crate `purrgress_macros` in this scope
[INFO] [stdout]    --> src/types.rs:191:33
[INFO] [stdout]     |
[INFO] [stdout] 191 | let sub_cat_manager_procces_1 = purrgress_macros::new_purr_chain!(
[INFO] [stdout]     |                                 ^^^^^^^^^^^^^^^^ use of unresolved module or unlinked crate `purrgress_macros`
[INFO] [stdout] 
[INFO] [stdout] error[E0599]: no variant, associated function, or constant named `meowphosis_manager` found for enum `MyStage` in the current scope
[INFO] [stdout]    --> src/types.rs:186:32
[INFO] [stdout]     |
[INFO] [stdout] 178 | pub enum MyStage {
[INFO] [stdout]     | ---------------- variant, associated function, or constant `meowphosis_manager` not found for this enum
[INFO] [stdout] ...
[INFO] [stdout] 186 | let mut cat_manager = MyStage::meowphosis_manager();
[INFO] [stdout]     |                                ^^^^^^^^^^^^^^^^^^ variant, associated function, or constant not found in `MyStage`
[INFO] [stdout] 
[INFO] [stdout] error: aborting due to 7 previous errors
[INFO] [stdout] 
[INFO] [stdout] Some errors have detailed explanations: E0432, E0433, E0599.
[INFO] [stdout] For more information about an error, try `rustc --explain E0432`.
[INFO] [stdout] Couldn't compile the test.
[INFO] [stdout] 
[INFO] [stdout] failures:
[INFO] [stdout]     src/condition.rs - condition::InstantCondition (line 49)
[INFO] [stdout]     src/condition.rs - condition::PurrCondition (line 19)
[INFO] [stdout]     src/condition.rs - condition::PurrFlag (line 154)
[INFO] [stdout]     src/condition.rs - condition::PurrProximity (line 214)
[INFO] [stdout]     src/condition.rs - condition::PurrTimer (line 82)
[INFO] [stdout]     src/types.rs - types::DuplicatePolicy (line 21)
[INFO] [stdout]     src/types.rs - types::InsertPosition (line 51)
[INFO] [stdout]     src/types.rs - types::PurrAction (line 123)
[INFO] [stdout]     src/types.rs - types::PurrEvent (line 81)
[INFO] [stdout]     src/types.rs - types::PurrVec::default (line 252)
[INFO] [stdout]     src/types.rs - types::PurrVec::distance (line 310)
[INFO] [stdout]     src/types.rs - types::PurrVec::down (line 387)
[INFO] [stdout]     src/types.rs - types::PurrVec::left (line 366)
[INFO] [stdout]     src/types.rs - types::PurrVec::length (line 295)
[INFO] [stdout]     src/types.rs - types::PurrVec::length_squared (line 280)
[INFO] [stdout]     src/types.rs - types::PurrVec::new (line 266)
[INFO] [stdout]     src/types.rs - types::PurrVec::normalize (line 330)
[INFO] [stdout]     src/types.rs - types::PurrVec::one (line 359)
[INFO] [stdout]     src/types.rs - types::PurrVec::right (line 373)
[INFO] [stdout]     src/types.rs - types::PurrVec::up (line 380)
[INFO] [stdout]     src/types.rs - types::PurrVec::zero (line 352)
[INFO] [stdout]     src/types.rs - types::RumblePolicy (line 171)
[INFO] [stdout] 
[INFO] [stdout] test result: FAILED. 0 passed; 22 failed; 0 ignored; 0 measured; 0 filtered out; finished in 0.87s
[INFO] [stdout] 
[INFO] [stdout] all doctests ran in 1.27s; merged doctests compilation took 0.39s
[INFO] running `Command { std: "docker" "inspect" "cba54a6afa761389da3fc008f21c6f097dc53a758ecba5d892b6da85af702eb3", kill_on_drop: false }`
[INFO] running `Command { std: "docker" "rm" "-f" "cba54a6afa761389da3fc008f21c6f097dc53a758ecba5d892b6da85af702eb3", kill_on_drop: false }`
[INFO] [stdout] cba54a6afa761389da3fc008f21c6f097dc53a758ecba5d892b6da85af702eb3
