[INFO] fetching crate promisery 2.0.1...
[INFO] testing promisery-2.0.1 against 1.100.0-beta.1 for beta-1.100-2
[INFO] extracting crate promisery 2.0.1 into /workspace/builds/worker-6-tc2/source
[INFO] started tweaking crates.io crate promisery 2.0.1
[INFO] finished tweaking crates.io crate promisery 2.0.1
[INFO] tweaked toml for crates.io crate promisery 2.0.1 written to /workspace/builds/worker-6-tc2/source/Cargo.toml
[INFO] validating manifest of crates.io crate promisery 2.0.1 on toolchain 1.100.0-beta.1
[INFO] running `Command { std: CARGO_HOME="/workspace/cargo-home" RUSTUP_HOME="/workspace/rustup-home" "/workspace/cargo-home/bin/cargo" "+1.100.0-beta.1" "metadata" "--manifest-path" "Cargo.toml" "--no-deps", kill_on_drop: false }`
[INFO] crate crates.io crate promisery 2.0.1 already has a lockfile, it will not be regenerated
[INFO] running `Command { std: CARGO_HOME="/workspace/cargo-home" RUSTUP_HOME="/workspace/rustup-home" "/workspace/cargo-home/bin/cargo" "+1.100.0-beta.1" "fetch" "--manifest-path" "Cargo.toml", kill_on_drop: false }`
[INFO] running `Command { std: "docker" "create" "-v" "/var/lib/crater-agent-workspace/builds/worker-6-tc2/source:/opt/rustwide/workdir:ro,Z" "-v" "/var/lib/crater-agent-workspace/builds/worker-6-tc2/target:/opt/rustwide/target:rw,Z" "-v" "/var/lib/crater-agent-workspace/cargo-home:/opt/rustwide/cargo-home:ro,Z" "-v" "/var/lib/crater-agent-workspace/rustup-home:/opt/rustwide/rustup-home:ro,Z" "-m" "1610612736" "--network" "none" "ghcr.io/rust-lang/crates-build-env/linux@sha256:3111399a4047eeb3a02b7a90e478d715f38a8c6669b5c4b49d30a17385265909" "sleep" "infinity", kill_on_drop: false }`
[INFO] [stdout] 5d1de270c2ef5265427e14bbbaa07afdc73c8746dfe0b34316bf893a66cc66af
[INFO] running `Command { std: "docker" "start" "5d1de270c2ef5265427e14bbbaa07afdc73c8746dfe0b34316bf893a66cc66af", kill_on_drop: false }`
[INFO] running `Command { std: "docker" "inspect" "5d1de270c2ef5265427e14bbbaa07afdc73c8746dfe0b34316bf893a66cc66af", kill_on_drop: false }`
[INFO] running `Command { std: "docker" "exec" "-e" "SOURCE_DIR=/opt/rustwide/workdir" "-e" "CARGO_HOME=/opt/rustwide/cargo-home" "-e" "RUSTUP_HOME=/opt/rustwide/rustup-home" "-e" "CARGO_TARGET_DIR=/opt/rustwide/target" "-w" "/opt/rustwide/workdir" "--user" "0:0" "5d1de270c2ef5265427e14bbbaa07afdc73c8746dfe0b34316bf893a66cc66af" "/opt/rustwide/cargo-home/bin/cargo" "+1.100.0-beta.1" "metadata" "--no-deps" "--format-version=1", kill_on_drop: false }`
[INFO] running `Command { std: "docker" "inspect" "5d1de270c2ef5265427e14bbbaa07afdc73c8746dfe0b34316bf893a66cc66af", kill_on_drop: false }`
[INFO] running `Command { std: "docker" "exec" "-e" "SOURCE_DIR=/opt/rustwide/workdir" "-e" "CARGO_HOME=/opt/rustwide/cargo-home" "-e" "RUSTUP_HOME=/opt/rustwide/rustup-home" "-e" "CARGO_TARGET_DIR=/opt/rustwide/target" "-e" "CARGO_INCREMENTAL=0" "-e" "RUST_BACKTRACE=full" "-e" "RUSTFLAGS=--cap-lints=warn" "-e" "RUSTDOCFLAGS=--cap-lints=warn" "-w" "/opt/rustwide/workdir" "--user" "0:0" "5d1de270c2ef5265427e14bbbaa07afdc73c8746dfe0b34316bf893a66cc66af" "/opt/rustwide/cargo-home/bin/cargo" "+1.100.0-beta.1" "build" "--frozen" "--message-format=json", kill_on_drop: false }`
[INFO] [stderr]    Compiling oneshot v0.1.11
[INFO] [stderr]    Compiling promisery v2.0.1 (/opt/rustwide/workdir)
[INFO] [stderr]     Finished `dev` profile [unoptimized + debuginfo] target(s) in 0.32s
[INFO] running `Command { std: "docker" "inspect" "5d1de270c2ef5265427e14bbbaa07afdc73c8746dfe0b34316bf893a66cc66af", kill_on_drop: false }`
[INFO] running `Command { std: "docker" "exec" "-e" "SOURCE_DIR=/opt/rustwide/workdir" "-e" "CARGO_HOME=/opt/rustwide/cargo-home" "-e" "RUSTUP_HOME=/opt/rustwide/rustup-home" "-e" "CARGO_TARGET_DIR=/opt/rustwide/target" "-e" "CARGO_INCREMENTAL=0" "-e" "RUST_BACKTRACE=full" "-e" "RUSTFLAGS=--cap-lints=warn" "-e" "RUSTDOCFLAGS=--cap-lints=warn" "-w" "/opt/rustwide/workdir" "--user" "0:0" "5d1de270c2ef5265427e14bbbaa07afdc73c8746dfe0b34316bf893a66cc66af" "/opt/rustwide/cargo-home/bin/cargo" "+1.100.0-beta.1" "test" "--frozen" "--no-run" "--message-format=json", kill_on_drop: false }`
[INFO] [stderr]    Compiling promisery v2.0.1 (/opt/rustwide/workdir)
[INFO] [stderr]     Finished `test` profile [unoptimized + debuginfo] target(s) in 0.87s
[INFO] running `Command { std: "docker" "inspect" "5d1de270c2ef5265427e14bbbaa07afdc73c8746dfe0b34316bf893a66cc66af", kill_on_drop: false }`
[INFO] running `Command { std: "docker" "exec" "-e" "SOURCE_DIR=/opt/rustwide/workdir" "-e" "CARGO_HOME=/opt/rustwide/cargo-home" "-e" "RUSTUP_HOME=/opt/rustwide/rustup-home" "-e" "CARGO_TARGET_DIR=/opt/rustwide/target" "-e" "CARGO_INCREMENTAL=0" "-e" "RUST_BACKTRACE=full" "-e" "RUSTFLAGS=--cap-lints=warn" "-e" "RUSTDOCFLAGS=--cap-lints=warn" "-w" "/opt/rustwide/workdir" "--user" "0:0" "5d1de270c2ef5265427e14bbbaa07afdc73c8746dfe0b34316bf893a66cc66af" "/opt/rustwide/cargo-home/bin/cargo" "+1.100.0-beta.1" "test" "--frozen", kill_on_drop: false }`
[INFO] [stderr]     Finished `test` profile [unoptimized + debuginfo] target(s) in 0.04s
[INFO] [stderr]      Running unittests src/lib.rs (/opt/rustwide/target/debug/build/promisery/a0af9cd293322ec5/out/promisery-a0af9cd293322ec5)
[INFO] [stdout] 
[INFO] [stdout] running 7 tests
[INFO] [stdout] test tests::test_promise_error_propagation ... ok
[INFO] [stdout] test tests::test_promise_double_resolution ... ok
[INFO] [stdout] test tests::test_promise_drop_behavior ... ok
[INFO] [stdout] test tests::test_promise_all ... ok
[INFO] [stderr]    Doc-tests promisery
[INFO] [stdout] test tests::test_map_chain_and_map_err ... ok
[INFO] [stdout] test tests::test_new_creates_file ... ok
[INFO] [stdout] test tests::test_then_creates_file_in_dir ... ok
[INFO] [stdout] 
[INFO] [stdout] test result: ok. 7 passed; 0 failed; 0 ignored; 0 measured; 0 filtered out; finished in 0.10s
[INFO] [stdout] 
[INFO] [stdout] 
[INFO] [stdout] running 35 tests
[INFO] [stdout] test src/lib.rs - Promise<T,E>::fulfilled (line 160) ... ok
[INFO] [stdout] test src/lib.rs - Promise<T,E>::all (line 571) ... ok
[INFO] [stdout] test src/lib.rs - (line 18) ... ok
[INFO] [stdout] test src/lib.rs - Promise<T,E>::fulfilled (line 170) ... ok
[INFO] [stdout] test src/lib.rs - Promise<T,E>::all (line 578) ... ok
[INFO] [stdout] test src/lib.rs - Promise<T,E>::from_result (line 624) ... ok
[INFO] [stdout] test src/lib.rs - Promise<T,E>::all (line 551) ... ok
[INFO] [stdout] test src/lib.rs - Promise<T,E>::all (line 559) ... ok
[INFO] [stdout] test src/lib.rs - Promise<T,E>::map (line 355) ... ok
[INFO] [stdout] test src/lib.rs - Promise<T,E>::map (line 371) ... ok
[INFO] [stdout] test src/lib.rs - Promise<T,E>::map (line 362) ... ok
[INFO] [stdout] test src/lib.rs - Promise<T,E>::map_err (line 401) ... ok
[INFO] [stdout] test src/lib.rs - Promise<T,E>::map_err (line 408) ... ok
[INFO] [stdout] test src/lib.rs - Promise<T,E>::map_err (line 393) ... ok
[INFO] [stdout] test src/lib.rs - Promise<T,E>::new (line 431) ... ok
[INFO] [stdout] test src/lib.rs - Promise<T,E>::new (line 438) ... ok
[INFO] [stdout] test src/lib.rs - Promise<T,E>::new (line 445) ... ok
[INFO] [stdout] test src/lib.rs - Promise<T,E>::panicked (line 185) ... FAILED
[INFO] [stdout] test src/lib.rs - Promise<T,E>::poll (line 120) ... ok
[INFO] [stdout] test src/lib.rs - Promise<T,E>::poll (line 130) ... ok
[INFO] [stdout] test src/lib.rs - Promise<T,E>::reject (line 612) ... ok
[INFO] [stdout] test src/lib.rs - Promise<T,E>::poll (line 139) ... ok
[INFO] [stdout] test src/lib.rs - Promise<T,E>::race (line 477) ... ok
[INFO] [stdout] test src/lib.rs - Promise<T,E>::race (line 501) ... ok
[INFO] [stdout] test src/lib.rs - Promise<T,E>::then (line 307) ... ok
[INFO] [stdout] test src/lib.rs - Promise<T,E>::race (line 489) ... ok
[INFO] [stdout] test src/lib.rs - Promise<T,E>::resolve (line 600) ... ok
[INFO] [stdout] test src/lib.rs - Promise<T,E>::race (line 508) ... ok
[INFO] [stdout] test src/lib.rs - Promise<T,E>::wait_nopanic (line 232) ... ok
[INFO] [stdout] test src/lib.rs - Promise<T,E>::wait (line 206) ... ok
[INFO] [stdout] test src/lib.rs - Promise<T,E>::wait_deadline (line 278) ... ok
[INFO] [stdout] test src/lib.rs - Promise<T,E>::then (line 316) ... ok
[INFO] [stdout] test src/lib.rs - Promise<T,E>::wait_timeout (line 250) ... ok
[INFO] [stdout] test src/lib.rs - Promise<T,E>::then (line 324) ... ok
[INFO] [stdout] test src/lib.rs - PromisePanic (line 62) ... ok
[INFO] [stdout] 
[INFO] [stdout] failures:
[INFO] [stdout] 
[INFO] [stdout] ---- src/lib.rs - Promise<T,E>::panicked (line 185) stdout ----
[INFO] [stdout] Test executable failed (exit status: 101).
[INFO] [stdout] 
[INFO] [stdout] stderr:
[INFO] [stdout] 
[INFO] [stdout] thread '<unnamed>' (565) panicked at src/lib.rs:8:35:
[INFO] [stdout] explicit panic
[INFO] [stdout] stack backtrace:
[INFO] [stdout]    0:     0x5a60b63aa3a1 - std[617be2ca0a6fd877]::backtrace_rs::backtrace::libunwind::trace
[INFO] [stdout]                                at /rustc/e3feeb59cd1bdd011a2bfcc0747b55125d9b8527/library/std/src/../../backtrace/src/backtrace/libunwind.rs:117:9
[INFO] [stdout]    1:     0x5a60b63aa3a1 - std[617be2ca0a6fd877]::backtrace_rs::backtrace::trace_unsynchronized::<std[617be2ca0a6fd877]::sys::backtrace::_print_fmt::{closure#1}>
[INFO] [stdout]                                at /rustc/e3feeb59cd1bdd011a2bfcc0747b55125d9b8527/library/std/src/../../backtrace/src/backtrace/mod.rs:66:14
[INFO] [stdout]    2:     0x5a60b63aa3a1 - std[617be2ca0a6fd877]::sys::backtrace::_print_fmt
[INFO] [stdout]                                at /rustc/e3feeb59cd1bdd011a2bfcc0747b55125d9b8527/library/std/src/sys/backtrace.rs:74:9
[INFO] [stdout]    3:     0x5a60b63aa3a1 - <<std[617be2ca0a6fd877]::sys::backtrace::BacktraceLock>::print::DisplayBacktrace as core[a373ad73a504971]::fmt::Display>::fmt
[INFO] [stdout]                                at /rustc/e3feeb59cd1bdd011a2bfcc0747b55125d9b8527/library/std/src/sys/backtrace.rs:44:26
[INFO] [stdout]    4:     0x5a60b63bb07a - <core[a373ad73a504971]::fmt::rt::Argument>::fmt
[INFO] [stdout]                                at /rustc/e3feeb59cd1bdd011a2bfcc0747b55125d9b8527/library/core/src/fmt/rt.rs:152:76
[INFO] [stdout]    5:     0x5a60b63bb07a - core[a373ad73a504971]::fmt::write
[INFO] [stdout]    6:     0x5a60b63adb7c - core[a373ad73a504971]::io::write::default_write_fmt::<std[617be2ca0a6fd877]::sys::stdio::unix::Stderr>
[INFO] [stdout]                                at /rustc/e3feeb59cd1bdd011a2bfcc0747b55125d9b8527/library/core/src/io/write.rs:402:11
[INFO] [stdout]    7:     0x5a60b63adb7c - <std[617be2ca0a6fd877]::sys::stdio::unix::Stderr as core[a373ad73a504971]::io::write::Write>::write_fmt
[INFO] [stdout]                                at /rustc/e3feeb59cd1bdd011a2bfcc0747b55125d9b8527/library/core/src/io/write.rs:335:13
[INFO] [stdout]    8:     0x5a60b63928e6 - <std[617be2ca0a6fd877]::sys::backtrace::BacktraceLock>::print
[INFO] [stdout]                                at /rustc/e3feeb59cd1bdd011a2bfcc0747b55125d9b8527/library/std/src/sys/backtrace.rs:47:9
[INFO] [stdout]    9:     0x5a60b63928e6 - std[617be2ca0a6fd877]::panicking::default_hook::{closure#0}
[INFO] [stdout]                                at /rustc/e3feeb59cd1bdd011a2bfcc0747b55125d9b8527/library/std/src/panicking.rs:289:27
[INFO] [stdout]   10:     0x5a60b63a62b1 - std[617be2ca0a6fd877]::panicking::default_hook
[INFO] [stdout]                                at /rustc/e3feeb59cd1bdd011a2bfcc0747b55125d9b8527/library/std/src/panicking.rs:316:9
[INFO] [stdout]   11:     0x5a60b63a646b - std[617be2ca0a6fd877]::panicking::panic_with_hook
[INFO] [stdout]                                at /rustc/e3feeb59cd1bdd011a2bfcc0747b55125d9b8527/library/std/src/panicking.rs:811:13
[INFO] [stdout]   12:     0x5a60b63929c4 - std[617be2ca0a6fd877]::panicking::panic_handler::{closure#0}
[INFO] [stdout]                                at /rustc/e3feeb59cd1bdd011a2bfcc0747b55125d9b8527/library/std/src/panicking.rs:678:13
[INFO] [stdout]   13:     0x5a60b638ba39 - std[617be2ca0a6fd877]::sys::backtrace::__rust_end_short_backtrace::<std[617be2ca0a6fd877]::panicking::panic_handler::{closure#0}, !>
[INFO] [stdout]                                at /rustc/e3feeb59cd1bdd011a2bfcc0747b55125d9b8527/library/std/src/sys/backtrace.rs:182:18
[INFO] [stdout]   14:     0x5a60b639312d - __rustc[ea4f61d10b84890b]::rust_begin_unwind
[INFO] [stdout]                                at /rustc/e3feeb59cd1bdd011a2bfcc0747b55125d9b8527/library/std/src/panicking.rs:676:5
[INFO] [stdout]   15:     0x5a60b63bb84c - core[a373ad73a504971]::panicking::panic_fmt
[INFO] [stdout]                                at /rustc/e3feeb59cd1bdd011a2bfcc0747b55125d9b8527/library/core/src/panicking.rs:80:14
[INFO] [stdout]   16:     0x5a60b63bb812 - core[a373ad73a504971]::panicking::panic
[INFO] [stdout]                                at /rustc/e3feeb59cd1bdd011a2bfcc0747b55125d9b8527/library/core/src/panicking.rs:150:5
[INFO] [stdout]   17:     0x5a60b63785fa - rust_out[72a830746f8703f]::main::_doctest_main_src_lib_rs_185_0::{closure#0}
[INFO] [stdout]   18:     0x5a60b6375678 - <promisery[fbaaeb4ad0023b41]::Promise<(), ()>>::new::<rust_out[72a830746f8703f]::main::_doctest_main_src_lib_rs_185_0::{closure#0}>::{closure#1}
[INFO] [stdout]   19:     0x5a60b6378709 - <<promisery[fbaaeb4ad0023b41]::Promise<(), ()>>::new<rust_out[72a830746f8703f]::main::_doctest_main_src_lib_rs_185_0::{closure#0}>::{closure#1} as core[a373ad73a504971]::ops::function::FnOnce<()>>::call_once::{shim:vtable#0}
[INFO] [stdout]   20:     0x5a60b638022e - <alloc[2e1b2a31b91974c5]::boxed::Box<dyn core[a373ad73a504971]::ops::function::FnOnce<(), Output = ()> + core[a373ad73a504971]::marker::Send> as core[a373ad73a504971]::ops::function::FnOnce<()>>::call_once
[INFO] [stdout]   21:     0x5a60b6376ed3 - <promisery[fbaaeb4ad0023b41]::Promise<(), ()>>::new::<rust_out[72a830746f8703f]::main::_doctest_main_src_lib_rs_185_0::{closure#0}>::{closure#0}::{closure#0}
[INFO] [stdout]   22:     0x5a60b6376e3e - core[a373ad73a504971]::iter::traits::iterator::Iterator::for_each::call::<alloc[2e1b2a31b91974c5]::boxed::Box<dyn core[a373ad73a504971]::ops::function::FnOnce<(), Output = ()> + core[a373ad73a504971]::marker::Send>, <promisery[fbaaeb4ad0023b41]::Promise<(), ()>>::new<rust_out[72a830746f8703f]::main::_doctest_main_src_lib_rs_185_0::{closure#0}>::{closure#0}::{closure#0}>::{closure#0}
[INFO] [stdout]   23:     0x5a60b637550b - <std[617be2ca0a6fd877]::sync::mpsc::IntoIter<alloc[2e1b2a31b91974c5]::boxed::Box<dyn core[a373ad73a504971]::ops::function::FnOnce<(), Output = ()> + core[a373ad73a504971]::marker::Send>> as core[a373ad73a504971]::iter::traits::iterator::Iterator>::fold::<(), core[a373ad73a504971]::iter::traits::iterator::Iterator::for_each::call<alloc[2e1b2a31b91974c5]::boxed::Box<dyn core[a373ad73a504971]::ops::function::FnOnce<(), Output = ()> + core[a373ad73a504971]::marker::Send>, <promisery[fbaaeb4ad0023b41]::Promise<(), ()>>::new<rust_out[72a830746f8703f]::main::_doctest_main_src_lib_rs_185_0::{closure#0}>::{closure#0}::{closure#0}>::{closure#0}>
[INFO] [stdout]   24:     0x5a60b637554e - <std[617be2ca0a6fd877]::sync::mpsc::IntoIter<alloc[2e1b2a31b91974c5]::boxed::Box<dyn core[a373ad73a504971]::ops::function::FnOnce<(), Output = ()> + core[a373ad73a504971]::marker::Send>> as core[a373ad73a504971]::iter::traits::iterator::Iterator>::for_each::<<promisery[fbaaeb4ad0023b41]::Promise<(), ()>>::new<rust_out[72a830746f8703f]::main::_doctest_main_src_lib_rs_185_0::{closure#0}>::{closure#0}::{closure#0}>
[INFO] [stdout]   25:     0x5a60b6375651 - <promisery[fbaaeb4ad0023b41]::Promise<(), ()>>::new::<rust_out[72a830746f8703f]::main::_doctest_main_src_lib_rs_185_0::{closure#0}>::{closure#0}
[INFO] [stdout]   26:     0x5a60b637299e - std[617be2ca0a6fd877]::sys::backtrace::__rust_begin_short_backtrace::<<promisery[fbaaeb4ad0023b41]::Promise<(), ()>>::new<rust_out[72a830746f8703f]::main::_doctest_main_src_lib_rs_185_0::{closure#0}>::{closure#0}, ()>
[INFO] [stdout]   27:     0x5a60b637705b - std[617be2ca0a6fd877]::thread::lifecycle::spawn_unchecked::<<promisery[fbaaeb4ad0023b41]::Promise<(), ()>>::new<rust_out[72a830746f8703f]::main::_doctest_main_src_lib_rs_185_0::{closure#0}>::{closure#0}, ()>::{closure#1}::{closure#0}
[INFO] [stdout]   28:     0x5a60b63801c0 - <core[a373ad73a504971]::panic::unwind_safe::AssertUnwindSafe<std[617be2ca0a6fd877]::thread::lifecycle::spawn_unchecked<<promisery[fbaaeb4ad0023b41]::Promise<(), ()>>::new<rust_out[72a830746f8703f]::main::_doctest_main_src_lib_rs_185_0::{closure#0}>::{closure#0}, ()>::{closure#1}::{closure#0}> as core[a373ad73a504971]::ops::function::FnOnce<()>>::call_once
[INFO] [stdout]   29:     0x5a60b6375270 - std[617be2ca0a6fd877]::panicking::catch_unwind::do_call::<core[a373ad73a504971]::panic::unwind_safe::AssertUnwindSafe<std[617be2ca0a6fd877]::thread::lifecycle::spawn_unchecked<<promisery[fbaaeb4ad0023b41]::Promise<(), ()>>::new<rust_out[72a830746f8703f]::main::_doctest_main_src_lib_rs_185_0::{closure#0}>::{closure#0}, ()>::{closure#1}::{closure#0}>, ()>
[INFO] [stdout]   30:     0x5a60b638057b - __rust_try
[INFO] [stdout]   31:     0x5a60b6376c79 - std[617be2ca0a6fd877]::thread::lifecycle::spawn_unchecked::<<promisery[fbaaeb4ad0023b41]::Promise<(), ()>>::new<rust_out[72a830746f8703f]::main::_doctest_main_src_lib_rs_185_0::{closure#0}>::{closure#0}, ()>::{closure#1}
[INFO] [stdout]   32:     0x5a60b6378726 - <std[617be2ca0a6fd877]::thread::lifecycle::spawn_unchecked<<promisery[fbaaeb4ad0023b41]::Promise<(), ()>>::new<rust_out[72a830746f8703f]::main::_doctest_main_src_lib_rs_185_0::{closure#0}>::{closure#0}, ()>::{closure#1} as core[a373ad73a504971]::ops::function::FnOnce<()>>::call_once::{shim:vtable#0}
[INFO] [stdout]   33:     0x5a60b63a9c9f - <alloc[2e1b2a31b91974c5]::boxed::Box<dyn core[a373ad73a504971]::ops::function::FnOnce<(), Output = ()> + core[a373ad73a504971]::marker::Send> as core[a373ad73a504971]::ops::function::FnOnce<()>>::call_once
[INFO] [stdout]                                at /rustc/e3feeb59cd1bdd011a2bfcc0747b55125d9b8527/library/alloc/src/boxed.rs:2314:9
[INFO] [stdout]   34:     0x5a60b63a9c9f - <std[617be2ca0a6fd877]::sys::thread::unix::Thread>::new::thread_start
[INFO] [stdout]                                at /rustc/e3feeb59cd1bdd011a2bfcc0747b55125d9b8527/library/std/src/sys/thread/unix.rs:127:17
[INFO] [stdout]   35:     0x74ee87fa3dfa - <unknown>
[INFO] [stdout]   36:     0x74ee880373d4 - clone
[INFO] [stdout]   37:                0x0 - <unknown>
[INFO] [stdout] 
[INFO] [stdout] thread 'main' (564) panicked at src/lib.rs:10:1:
[INFO] [stdout] assertion failed: p.panicked()
[INFO] [stdout] stack backtrace:
[INFO] [stdout]    0:     0x5a60b63aa3a1 - std[617be2ca0a6fd877]::backtrace_rs::backtrace::libunwind::trace
[INFO] [stdout]                                at /rustc/e3feeb59cd1bdd011a2bfcc0747b55125d9b8527/library/std/src/../../backtrace/src/backtrace/libunwind.rs:117:9
[INFO] [stdout]    1:     0x5a60b63aa3a1 - std[617be2ca0a6fd877]::backtrace_rs::backtrace::trace_unsynchronized::<std[617be2ca0a6fd877]::sys::backtrace::_print_fmt::{closure#1}>
[INFO] [stdout]                                at /rustc/e3feeb59cd1bdd011a2bfcc0747b55125d9b8527/library/std/src/../../backtrace/src/backtrace/mod.rs:66:14
[INFO] [stdout]    2:     0x5a60b63aa3a1 - std[617be2ca0a6fd877]::sys::backtrace::_print_fmt
[INFO] [stdout]                                at /rustc/e3feeb59cd1bdd011a2bfcc0747b55125d9b8527/library/std/src/sys/backtrace.rs:74:9
[INFO] [stdout]    3:     0x5a60b63aa3a1 - <<std[617be2ca0a6fd877]::sys::backtrace::BacktraceLock>::print::DisplayBacktrace as core[a373ad73a504971]::fmt::Display>::fmt
[INFO] [stdout]                                at /rustc/e3feeb59cd1bdd011a2bfcc0747b55125d9b8527/library/std/src/sys/backtrace.rs:44:26
[INFO] [stdout]    4:     0x5a60b63bb07a - <core[a373ad73a504971]::fmt::rt::Argument>::fmt
[INFO] [stdout]                                at /rustc/e3feeb59cd1bdd011a2bfcc0747b55125d9b8527/library/core/src/fmt/rt.rs:152:76
[INFO] [stdout]    5:     0x5a60b63bb07a - core[a373ad73a504971]::fmt::write
[INFO] [stdout]    6:     0x5a60b63adb7c - core[a373ad73a504971]::io::write::default_write_fmt::<std[617be2ca0a6fd877]::sys::stdio::unix::Stderr>
[INFO] [stdout]                                at /rustc/e3feeb59cd1bdd011a2bfcc0747b55125d9b8527/library/core/src/io/write.rs:402:11
[INFO] [stdout]    7:     0x5a60b63adb7c - <std[617be2ca0a6fd877]::sys::stdio::unix::Stderr as core[a373ad73a504971]::io::write::Write>::write_fmt
[INFO] [stdout]                                at /rustc/e3feeb59cd1bdd011a2bfcc0747b55125d9b8527/library/core/src/io/write.rs:335:13
[INFO] [stdout]    8:     0x5a60b63928e6 - <std[617be2ca0a6fd877]::sys::backtrace::BacktraceLock>::print
[INFO] [stdout]                                at /rustc/e3feeb59cd1bdd011a2bfcc0747b55125d9b8527/library/std/src/sys/backtrace.rs:47:9
[INFO] [stdout]    9:     0x5a60b63928e6 - std[617be2ca0a6fd877]::panicking::default_hook::{closure#0}
[INFO] [stdout]                                at /rustc/e3feeb59cd1bdd011a2bfcc0747b55125d9b8527/library/std/src/panicking.rs:289:27
[INFO] [stdout]   10:     0x5a60b63a62b1 - std[617be2ca0a6fd877]::panicking::default_hook
[INFO] [stdout]                                at /rustc/e3feeb59cd1bdd011a2bfcc0747b55125d9b8527/library/std/src/panicking.rs:316:9
[INFO] [stdout]   11:     0x5a60b63a646b - std[617be2ca0a6fd877]::panicking::panic_with_hook
[INFO] [stdout]                                at /rustc/e3feeb59cd1bdd011a2bfcc0747b55125d9b8527/library/std/src/panicking.rs:811:13
[INFO] [stdout]   12:     0x5a60b63929c4 - std[617be2ca0a6fd877]::panicking::panic_handler::{closure#0}
[INFO] [stdout]                                at /rustc/e3feeb59cd1bdd011a2bfcc0747b55125d9b8527/library/std/src/panicking.rs:678:13
[INFO] [stdout]   13:     0x5a60b638ba39 - std[617be2ca0a6fd877]::sys::backtrace::__rust_end_short_backtrace::<std[617be2ca0a6fd877]::panicking::panic_handler::{closure#0}, !>
[INFO] [stdout]                                at /rustc/e3feeb59cd1bdd011a2bfcc0747b55125d9b8527/library/std/src/sys/backtrace.rs:182:18
[INFO] [stdout]   14:     0x5a60b639312d - __rustc[ea4f61d10b84890b]::rust_begin_unwind
[INFO] [stdout]                                at /rustc/e3feeb59cd1bdd011a2bfcc0747b55125d9b8527/library/std/src/panicking.rs:676:5
[INFO] [stdout]   15:     0x5a60b63bb84c - core[a373ad73a504971]::panicking::panic_fmt
[INFO] [stdout]                                at /rustc/e3feeb59cd1bdd011a2bfcc0747b55125d9b8527/library/core/src/panicking.rs:80:14
[INFO] [stdout]   16:     0x5a60b63bb812 - core[a373ad73a504971]::panicking::panic
[INFO] [stdout]                                at /rustc/e3feeb59cd1bdd011a2bfcc0747b55125d9b8527/library/core/src/panicking.rs:150:5
[INFO] [stdout]   17:     0x5a60b637e589 - rust_out[72a830746f8703f]::main::_doctest_main_src_lib_rs_185_0
[INFO] [stdout]   18:     0x5a60b637872e - rust_out[72a830746f8703f]::main
[INFO] [stdout]   19:     0x5a60b6380273 - <fn() as core[a373ad73a504971]::ops::function::FnOnce<()>>::call_once
[INFO] [stdout]   20:     0x5a60b6372996 - std[617be2ca0a6fd877]::sys::backtrace::__rust_begin_short_backtrace::<fn(), ()>
[INFO] [stdout]   21:     0x5a60b6376aa9 - std[617be2ca0a6fd877]::rt::lang_start::<()>::{closure#0}
[INFO] [stdout]   22:     0x5a60b63a5a58 - <&dyn core[a373ad73a504971]::ops::function::Fn<(), Output = i32> + core[a373ad73a504971]::marker::Sync + core[a373ad73a504971]::panic::unwind_safe::RefUnwindSafe as core[a373ad73a504971]::ops::function::FnOnce<()>>::call_once
[INFO] [stdout]                                at /rustc/e3feeb59cd1bdd011a2bfcc0747b55125d9b8527/library/core/src/ops/function.rs:287:21
[INFO] [stdout]   23:     0x5a60b63a5a58 - std[617be2ca0a6fd877]::panicking::catch_unwind::do_call::<&dyn core[a373ad73a504971]::ops::function::Fn<(), Output = i32> + core[a373ad73a504971]::marker::Sync + core[a373ad73a504971]::panic::unwind_safe::RefUnwindSafe, i32>
[INFO] [stdout]                                at /rustc/e3feeb59cd1bdd011a2bfcc0747b55125d9b8527/library/std/src/panicking.rs:573:43
[INFO] [stdout]   24:     0x5a60b63a5a58 - std[617be2ca0a6fd877]::panicking::catch_unwind::<i32, &dyn core[a373ad73a504971]::ops::function::Fn<(), Output = i32> + core[a373ad73a504971]::marker::Sync + core[a373ad73a504971]::panic::unwind_safe::RefUnwindSafe>
[INFO] [stdout]                                at /rustc/e3feeb59cd1bdd011a2bfcc0747b55125d9b8527/library/std/src/panicking.rs:541:19
[INFO] [stdout]   25:     0x5a60b63a5a58 - std[617be2ca0a6fd877]::panic::catch_unwind::<&dyn core[a373ad73a504971]::ops::function::Fn<(), Output = i32> + core[a373ad73a504971]::marker::Sync + core[a373ad73a504971]::panic::unwind_safe::RefUnwindSafe, i32>
[INFO] [stdout]                                at /rustc/e3feeb59cd1bdd011a2bfcc0747b55125d9b8527/library/std/src/panic.rs:359:14
[INFO] [stdout]   26:     0x5a60b63a5a58 - std[617be2ca0a6fd877]::rt::lang_start_internal::{closure#0}
[INFO] [stdout]                                at /rustc/e3feeb59cd1bdd011a2bfcc0747b55125d9b8527/library/std/src/rt.rs:175:24
[INFO] [stdout]   27:     0x5a60b63a5a58 - std[617be2ca0a6fd877]::panicking::catch_unwind::do_call::<std[617be2ca0a6fd877]::rt::lang_start_internal::{closure#0}, isize>
[INFO] [stdout]                                at /rustc/e3feeb59cd1bdd011a2bfcc0747b55125d9b8527/library/std/src/panicking.rs:573:43
[INFO] [stdout]   28:     0x5a60b63a5a58 - std[617be2ca0a6fd877]::panicking::catch_unwind::<isize, std[617be2ca0a6fd877]::rt::lang_start_internal::{closure#0}>
[INFO] [stdout]                                at /rustc/e3feeb59cd1bdd011a2bfcc0747b55125d9b8527/library/std/src/panicking.rs:541:19
[INFO] [stdout]   29:     0x5a60b63a5a58 - std[617be2ca0a6fd877]::panic::catch_unwind::<std[617be2ca0a6fd877]::rt::lang_start_internal::{closure#0}, isize>
[INFO] [stdout]                                at /rustc/e3feeb59cd1bdd011a2bfcc0747b55125d9b8527/library/std/src/panic.rs:359:14
[INFO] [stdout]   30:     0x5a60b63a5a58 - std[617be2ca0a6fd877]::rt::lang_start_internal
[INFO] [stdout]                                at /rustc/e3feeb59cd1bdd011a2bfcc0747b55125d9b8527/library/std/src/rt.rs:171:5
[INFO] [stdout]   31:     0x5a60b6371911 - std[617be2ca0a6fd877]::rt::lang_start::<()>
[INFO] [stdout]   32:     0x5a60b63805b5 - main
[INFO] [stdout]   33:     0x74ee87f2a601 - <unknown>
[INFO] [stdout]   34:     0x74ee87f2a718 - __libc_start_main
[INFO] [stdout]   35:     0x5a60b6370625 - _start
[INFO] [stdout]   36:                0x0 - <unknown>
[INFO] [stdout] 
[INFO] [stdout] 
[INFO] [stdout] 
[INFO] [stdout] failures:
[INFO] [stdout]     src/lib.rs - Promise<T,E>::panicked (line 185)
[INFO] [stdout] 
[INFO] [stdout] test result: FAILED. 34 passed; 1 failed; 0 ignored; 0 measured; 0 filtered out; finished in 8.16s
[INFO] [stdout] 
[INFO] [stderr] error: doctest failed, to rerun pass `--doc`
[INFO] running `Command { std: "docker" "inspect" "5d1de270c2ef5265427e14bbbaa07afdc73c8746dfe0b34316bf893a66cc66af", kill_on_drop: false }`
[INFO] running `Command { std: "docker" "rm" "-f" "5d1de270c2ef5265427e14bbbaa07afdc73c8746dfe0b34316bf893a66cc66af", kill_on_drop: false }`
[INFO] [stdout] 5d1de270c2ef5265427e14bbbaa07afdc73c8746dfe0b34316bf893a66cc66af
