[INFO] fetching crate linecop 0.4.0...
[INFO] testing linecop-0.4.0 against 1.99.0-beta.8 for beta-1.100-2
[INFO] extracting crate linecop 0.4.0 into /workspace/builds/worker-3-tc1/source
[INFO] started tweaking crates.io crate linecop 0.4.0
[INFO] removed 0 missing tests
[INFO] finished tweaking crates.io crate linecop 0.4.0
[INFO] tweaked toml for crates.io crate linecop 0.4.0 written to /workspace/builds/worker-3-tc1/source/Cargo.toml
[INFO] validating manifest of crates.io crate linecop 0.4.0 on toolchain 1.99.0-beta.8
[INFO] running `Command { std: CARGO_HOME="/workspace/cargo-home" RUSTUP_HOME="/workspace/rustup-home" "/workspace/cargo-home/bin/cargo" "+1.99.0-beta.8" "metadata" "--manifest-path" "Cargo.toml" "--no-deps", kill_on_drop: false }`
[INFO] crate crates.io crate linecop 0.4.0 already has a lockfile, it will not be regenerated
[INFO] running `Command { std: CARGO_HOME="/workspace/cargo-home" RUSTUP_HOME="/workspace/rustup-home" "/workspace/cargo-home/bin/cargo" "+1.99.0-beta.8" "fetch" "--manifest-path" "Cargo.toml", kill_on_drop: false }`
[INFO] [stderr]     Updating crates.io index
[INFO] [stderr]  Downloading crates ...
[INFO] [stderr]   Downloaded term_size v0.3.2
[INFO] [stderr]   Downloaded tokei v14.0.0
[INFO] [stderr]   Downloaded wasm-bindgen-macro v0.2.114
[INFO] [stderr]   Downloaded grep-matcher v0.1.8
[INFO] [stderr]   Downloaded wasm-bindgen-shared v0.2.114
[INFO] [stderr]   Downloaded chrono-tz-build v0.3.0
[INFO] [stderr]   Downloaded table_formatter v0.6.1
[INFO] [stderr]   Downloaded clap-cargo v0.18.3
[INFO] [stderr]   Downloaded humansize v2.1.3
[INFO] [stderr]   Downloaded globwalk v0.9.1
[INFO] [stderr]   Downloaded slug v0.1.6
[INFO] [stderr]   Downloaded schemars_derive v1.2.1
[INFO] [stderr]   Downloaded pest_generator v2.8.6
[INFO] [stderr]   Downloaded pest_derive v2.8.6
[INFO] [stderr]   Downloaded tempfile v3.26.0
[INFO] [stderr]   Downloaded wasm-bindgen v0.2.114
[INFO] [stderr]   Downloaded tera v1.20.1
[INFO] [stderr]   Downloaded wasm-bindgen-macro-support v0.2.114
[INFO] [stderr]   Downloaded grep-searcher v0.1.16
[INFO] [stderr]   Downloaded getrandom v0.4.2
[INFO] [stderr]   Downloaded zerocopy-derive v0.8.42
[INFO] [stderr]   Downloaded pest_meta v2.8.6
[INFO] [stderr]   Downloaded js-sys v0.3.91
[INFO] [stderr]   Downloaded parse-zoneinfo v0.3.1
[INFO] [stderr]   Downloaded libyml v0.0.5
[INFO] [stderr]   Downloaded pest v2.8.6
[INFO] [stderr]   Downloaded serde_yml v0.0.12
[INFO] [stderr]   Downloaded winnow v0.7.15
[INFO] [stderr]   Downloaded deunicode v1.6.2
[INFO] [stderr]   Downloaded chrono v0.4.44
[INFO] [stderr]   Downloaded zerocopy v0.8.42
[INFO] [stderr]   Downloaded regex-syntax v0.8.10
[INFO] [stderr]   Downloaded chrono-tz v0.9.0
[INFO] [stderr]   Downloaded libc v0.2.183
[INFO] running `Command { std: "docker" "create" "-v" "/var/lib/crater-agent-workspace/builds/worker-3-tc1/source:/opt/rustwide/workdir:ro,Z" "-v" "/var/lib/crater-agent-workspace/builds/worker-3-tc1/target:/opt/rustwide/target:rw,Z" "-v" "/var/lib/crater-agent-workspace/cargo-home:/opt/rustwide/cargo-home:ro,Z" "-v" "/var/lib/crater-agent-workspace/rustup-home:/opt/rustwide/rustup-home:ro,Z" "-m" "1610612736" "--network" "none" "ghcr.io/rust-lang/crates-build-env/linux@sha256:3111399a4047eeb3a02b7a90e478d715f38a8c6669b5c4b49d30a17385265909" "sleep" "infinity", kill_on_drop: false }`
[INFO] [stdout] 07d7145f2e4293bbd2d35e40c39ccc66e4f6759c8f3664e648db5ae687af8e4c
[INFO] running `Command { std: "docker" "start" "07d7145f2e4293bbd2d35e40c39ccc66e4f6759c8f3664e648db5ae687af8e4c", kill_on_drop: false }`
[INFO] running `Command { std: "docker" "inspect" "07d7145f2e4293bbd2d35e40c39ccc66e4f6759c8f3664e648db5ae687af8e4c", kill_on_drop: false }`
[INFO] running `Command { std: "docker" "exec" "-e" "SOURCE_DIR=/opt/rustwide/workdir" "-e" "CARGO_HOME=/opt/rustwide/cargo-home" "-e" "RUSTUP_HOME=/opt/rustwide/rustup-home" "-e" "CARGO_TARGET_DIR=/opt/rustwide/target" "-w" "/opt/rustwide/workdir" "--user" "0:0" "07d7145f2e4293bbd2d35e40c39ccc66e4f6759c8f3664e648db5ae687af8e4c" "/opt/rustwide/cargo-home/bin/cargo" "+1.99.0-beta.8" "metadata" "--no-deps" "--format-version=1", kill_on_drop: false }`
[INFO] running `Command { std: "docker" "inspect" "07d7145f2e4293bbd2d35e40c39ccc66e4f6759c8f3664e648db5ae687af8e4c", kill_on_drop: false }`
[INFO] running `Command { std: "docker" "exec" "-e" "SOURCE_DIR=/opt/rustwide/workdir" "-e" "CARGO_HOME=/opt/rustwide/cargo-home" "-e" "RUSTUP_HOME=/opt/rustwide/rustup-home" "-e" "CARGO_TARGET_DIR=/opt/rustwide/target" "-e" "CARGO_INCREMENTAL=0" "-e" "RUST_BACKTRACE=full" "-e" "RUSTFLAGS=--cap-lints=warn" "-e" "RUSTDOCFLAGS=--cap-lints=warn" "-w" "/opt/rustwide/workdir" "--user" "0:0" "07d7145f2e4293bbd2d35e40c39ccc66e4f6759c8f3664e648db5ae687af8e4c" "/opt/rustwide/cargo-home/bin/cargo" "+1.99.0-beta.8" "build" "--frozen" "--message-format=json", kill_on_drop: false }`
[INFO] [stderr]    Compiling proc-macro2 v1.0.106
[INFO] [stderr]    Compiling unicode-ident v1.0.24
[INFO] [stderr]    Compiling quote v1.0.45
[INFO] [stderr]    Compiling memchr v2.8.0
[INFO] [stderr]    Compiling cfg-if v1.0.4
[INFO] [stderr]    Compiling libc v0.2.183
[INFO] [stderr]    Compiling regex-syntax v0.8.10
[INFO] [stderr]    Compiling zerocopy v0.8.42
[INFO] [stderr]    Compiling serde_core v1.0.228
[INFO] [stderr]    Compiling siphasher v1.0.2
[INFO] [stderr]    Compiling serde v1.0.228
[INFO] [stderr]    Compiling phf_shared v0.11.3
[INFO] [stderr]    Compiling crossbeam-utils v0.8.21
[INFO] [stderr]    Compiling ucd-trie v0.1.7
[INFO] [stderr]    Compiling aho-corasick v1.1.4
[INFO] [stderr]    Compiling bstr v1.12.1
[INFO] [stderr]    Compiling autocfg v1.5.0
[INFO] [stderr]    Compiling zmij v1.0.21
[INFO] [stderr]    Compiling log v0.4.29
[INFO] [stderr]    Compiling syn v2.0.117
[INFO] [stderr]    Compiling getrandom v0.2.17
[INFO] [stderr]    Compiling num-traits v0.2.19
[INFO] [stderr]    Compiling rand_core v0.6.4
[INFO] [stderr]    Compiling pest v2.8.6
[INFO] [stderr]    Compiling phf v0.11.3
[INFO] [stderr]    Compiling itoa v1.0.17
[INFO] [stderr]    Compiling same-file v1.0.6
[INFO] [stderr]    Compiling crossbeam-epoch v0.9.18
[INFO] [stderr]    Compiling walkdir v2.5.0
[INFO] [stderr]    Compiling regex-automata v0.4.14
[INFO] [stderr]    Compiling pest_meta v2.8.6
[INFO] [stderr]    Compiling ppv-lite86 v0.2.21
[INFO] [stderr]    Compiling libm v0.2.16
[INFO] [stderr]    Compiling crossbeam-deque v0.8.6
[INFO] [stderr]    Compiling rand_chacha v0.3.1
[INFO] [stderr]    Compiling lazy_static v1.5.0
[INFO] [stderr]    Compiling serde_json v1.0.149
[INFO] [stderr]    Compiling iana-time-zone v0.1.65
[INFO] [stderr]    Compiling rand v0.8.5
[INFO] [stderr]    Compiling utf8parse v0.2.2
[INFO] [stderr]    Compiling anstyle-parse v0.2.7
[INFO] [stderr]    Compiling chrono v0.4.44
[INFO] [stderr]    Compiling pest_generator v2.8.6
[INFO] [stderr]    Compiling phf_generator v0.11.3
[INFO] [stderr]    Compiling phf_codegen v0.11.3
[INFO] [stderr]    Compiling regex v1.12.3
[INFO] [stderr]    Compiling globset v0.4.18
[INFO] [stderr]    Compiling bitflags v2.11.0
[INFO] [stderr]    Compiling parse-zoneinfo v0.3.1
[INFO] [stderr]    Compiling ignore v0.4.25
[INFO] [stderr]    Compiling colorchoice v1.0.4
[INFO] [stderr]    Compiling anstyle v1.0.13
[INFO] [stderr]    Compiling is_terminal_polyfill v1.70.2
[INFO] [stderr]    Compiling anstyle-query v1.1.5
[INFO] [stderr]    Compiling hashbrown v0.16.1
[INFO] [stderr]    Compiling serde_derive v1.0.228
[INFO] [stderr]    Compiling pest_derive v2.8.6
[INFO] [stderr]    Compiling deunicode v1.6.2
[INFO] [stderr]    Compiling chrono-tz-build v0.3.0
[INFO] [stderr]    Compiling slug v0.1.6
[INFO] [stderr]    Compiling indexmap v2.13.0
[INFO] [stderr]    Compiling globwalk v0.9.1
[INFO] [stderr]    Compiling anstream v0.6.21
[INFO] [stderr]    Compiling humansize v2.1.3
[INFO] [stderr]    Compiling anyhow v1.0.102
[INFO] [stderr]    Compiling strsim v0.11.1
[INFO] [stderr]    Compiling percent-encoding v2.3.2
[INFO] [stderr]    Compiling clap_lex v1.0.0
[INFO] [stderr]    Compiling heck v0.5.0
[INFO] [stderr]    Compiling unicode-segmentation v1.12.0
[INFO] [stderr]    Compiling smallvec v1.15.1
[INFO] [stderr]    Compiling rayon-core v1.13.0
[INFO] [stderr]    Compiling either v1.15.0
[INFO] [stderr]    Compiling parking_lot_core v0.9.12
[INFO] [stderr]    Compiling clap_derive v4.5.55
[INFO] [stderr]    Compiling clap_builder v4.5.60
[INFO] [stderr]    Compiling chrono-tz v0.9.0
[INFO] [stderr]    Compiling json5 v0.4.1
[INFO] [stderr]    Compiling thiserror-impl v1.0.69
[INFO] [stderr]    Compiling encoding_rs v0.8.35
[INFO] [stderr]    Compiling winnow v0.7.15
[INFO] [stderr]    Compiling toml_write v0.1.2
[INFO] [stderr]    Compiling ref-cast v1.0.25
[INFO] [stderr]    Compiling serde_yml v0.0.12
[INFO] [stderr]    Compiling thiserror v1.0.69
[INFO] [stderr]    Compiling encoding_rs_io v0.1.7
[INFO] [stderr]    Compiling itertools v0.11.0
[INFO] [stderr]    Compiling ref-cast-impl v1.0.25
[INFO] [stderr]    Compiling derive_arbitrary v1.4.2
[INFO] [stderr]    Compiling clap v4.5.60
[INFO] [stderr]    Compiling serde_derive_internals v0.29.1
[INFO] [stderr]    Compiling colored v2.2.0
[INFO] [stderr]    Compiling memmap2 v0.9.10
[INFO] [stderr]    Compiling grep-matcher v0.1.8
[INFO] [stderr]    Compiling hashbrown v0.14.5
[INFO] [stderr]    Compiling serde_spanned v0.6.9
[INFO] [stderr]    Compiling toml_datetime v0.6.11
[INFO] [stderr]    Compiling etcetera v0.8.0
[INFO] [stderr]    Compiling schemars_derive v1.2.1
[INFO] [stderr]    Compiling table_formatter v0.6.1
[INFO] [stderr]    Compiling toml_edit v0.22.27
[INFO] [stderr]    Compiling dashmap v6.1.0
[INFO] [stderr]    Compiling grep-searcher v0.1.16
[INFO] [stderr]    Compiling arbitrary v1.4.2
[INFO] [stderr]    Compiling clap-cargo v0.18.3
[INFO] [stderr]    Compiling rayon v1.11.0
[INFO] [stderr]    Compiling libyml v0.0.5
[INFO] [stderr]    Compiling parking_lot v0.12.5
[INFO] [stderr]    Compiling tera v1.20.1
[INFO] [stderr]    Compiling term_size v0.3.2
[INFO] [stderr]    Compiling crossbeam-channel v0.5.15
[INFO] [stderr]    Compiling dyn-clone v1.0.20
[INFO] [stderr]    Compiling ryu v1.0.23
[INFO] [stderr]    Compiling schemars v1.2.1
[INFO] [stderr]    Compiling toml v0.8.23
[INFO] [stderr]    Compiling tokei v14.0.0
[INFO] [stderr]    Compiling linecop v0.4.0 (/opt/rustwide/workdir)
[INFO] [stderr]     Finished `dev` profile [unoptimized + debuginfo] target(s) in 1m 22s
[INFO] running `Command { std: "docker" "inspect" "07d7145f2e4293bbd2d35e40c39ccc66e4f6759c8f3664e648db5ae687af8e4c", kill_on_drop: false }`
[INFO] running `Command { std: "docker" "exec" "-e" "SOURCE_DIR=/opt/rustwide/workdir" "-e" "CARGO_HOME=/opt/rustwide/cargo-home" "-e" "RUSTUP_HOME=/opt/rustwide/rustup-home" "-e" "CARGO_TARGET_DIR=/opt/rustwide/target" "-e" "CARGO_INCREMENTAL=0" "-e" "RUST_BACKTRACE=full" "-e" "RUSTFLAGS=--cap-lints=warn" "-e" "RUSTDOCFLAGS=--cap-lints=warn" "-w" "/opt/rustwide/workdir" "--user" "0:0" "07d7145f2e4293bbd2d35e40c39ccc66e4f6759c8f3664e648db5ae687af8e4c" "/opt/rustwide/cargo-home/bin/cargo" "+1.99.0-beta.8" "test" "--frozen" "--no-run" "--message-format=json", kill_on_drop: false }`
[INFO] [stderr]    Compiling regex-automata v0.4.14
[INFO] [stderr]    Compiling num-traits v0.2.19
[INFO] [stderr]    Compiling bstr v1.12.1
[INFO] [stderr]    Compiling rustix v1.1.4
[INFO] [stderr]    Compiling getrandom v0.4.2
[INFO] [stderr]    Compiling predicates-core v1.0.10
[INFO] [stderr]    Compiling normalize-line-endings v0.3.0
[INFO] [stderr]    Compiling difflib v0.4.0
[INFO] [stderr]    Compiling linux-raw-sys v0.12.1
[INFO] [stderr]    Compiling termtree v0.5.1
[INFO] [stderr]    Compiling bitflags v2.11.0
[INFO] [stderr]    Compiling assert_cmd v2.1.2
[INFO] [stderr]    Compiling predicates-tree v1.0.13
[INFO] [stderr]    Compiling wait-timeout v0.2.1
[INFO] [stderr]    Compiling fastrand v2.3.0
[INFO] [stderr]    Compiling chrono v0.4.44
[INFO] [stderr]    Compiling float-cmp v0.10.0
[INFO] [stderr]    Compiling regex v1.12.3
[INFO] [stderr]    Compiling globset v0.4.18
[INFO] [stderr]    Compiling ignore v0.4.25
[INFO] [stderr]    Compiling parse-zoneinfo v0.3.1
[INFO] [stderr]    Compiling chrono-tz-build v0.3.0
[INFO] [stderr]    Compiling globwalk v0.9.1
[INFO] [stderr]    Compiling tempfile v3.26.0
[INFO] [stderr]    Compiling chrono-tz v0.9.0
[INFO] [stderr]    Compiling grep-searcher v0.1.16
[INFO] [stderr]    Compiling predicates v3.1.4
[INFO] [stderr]    Compiling tera v1.20.1
[INFO] [stderr]    Compiling tokei v14.0.0
[INFO] [stderr]    Compiling linecop v0.4.0 (/opt/rustwide/workdir)
[INFO] [stderr]     Finished `test` profile [unoptimized + debuginfo] target(s) in 33.97s
[INFO] running `Command { std: "docker" "inspect" "07d7145f2e4293bbd2d35e40c39ccc66e4f6759c8f3664e648db5ae687af8e4c", kill_on_drop: false }`
[INFO] running `Command { std: "docker" "exec" "-e" "SOURCE_DIR=/opt/rustwide/workdir" "-e" "CARGO_HOME=/opt/rustwide/cargo-home" "-e" "RUSTUP_HOME=/opt/rustwide/rustup-home" "-e" "CARGO_TARGET_DIR=/opt/rustwide/target" "-e" "CARGO_INCREMENTAL=0" "-e" "RUST_BACKTRACE=full" "-e" "RUSTFLAGS=--cap-lints=warn" "-e" "RUSTDOCFLAGS=--cap-lints=warn" "-w" "/opt/rustwide/workdir" "--user" "0:0" "07d7145f2e4293bbd2d35e40c39ccc66e4f6759c8f3664e648db5ae687af8e4c" "/opt/rustwide/cargo-home/bin/cargo" "+1.99.0-beta.8" "test" "--frozen", kill_on_drop: false }`
[INFO] [stderr]     Finished `test` profile [unoptimized + debuginfo] target(s) in 0.21s
[INFO] [stderr]      Running unittests src/lib.rs (/opt/rustwide/target/debug/deps/linecop-f1d79451cef79045)
[INFO] [stdout] 
[INFO] [stdout] running 79 tests
[INFO] [stdout] test checker::tests::baseline_below_threshold_no_violation ... ok
[INFO] [stdout] test checker::tests::baseline_reports_near_limit_files ... ok
[INFO] [stdout] test checker::tests::code_comments_mode ... ok
[INFO] [stdout] test checker::tests::baseline_100_backward_compatible ... ok
[INFO] [stdout] test checker::tests::code_comments_mode_violation ... ok
[INFO] [stdout] test checker::tests::baseline_50_percent ... ok
[INFO] [stdout] test checker::tests::default_limit_applies_to_unlisted_languages ... ok
[INFO] [stdout] test checker::tests::code_only_mode ... ok
[INFO] [stdout] test checker::tests::file_without_matching_language_skipped ... ok
[INFO] [stdout] test checker::tests::effective_limit_with_no_overrides ... ok
[INFO] [stdout] test checker::tests::default_limit_overridden_by_language_limit ... ok
[INFO] [stdout] test checker::tests::glob_pattern_matching ... ok
[INFO] [stdout] test checker::tests::limit_override_replaces_language_limit ... ok
[INFO] [stdout] test checker::tests::no_default_limit_skips_unlisted_languages ... ok
[INFO] [stdout] test checker::tests::no_violations_when_within_limits ... ok
[INFO] [stdout] test checker::tests::effective_limit_exclude_returns_none ... ok
[INFO] [stdout] test checker::tests::exclude_override_skips_file ... ok
[INFO] [stdout] test checker::tests::select_count_total ... ok
[INFO] [stdout] test config::tests::count_mode_code_comments ... ok
[INFO] [stdout] test checker::tests::select_count_code ... ok
[INFO] [stdout] test checker::tests::select_count_code_comments ... ok
[INFO] [stdout] test checker::tests::violation_when_exceeding_limit ... ok
[INFO] [stdout] test checker::tests::override_order_matters ... ok
[INFO] [stdout] test config::tests::deny_unknown_fields ... ok
[INFO] [stdout] test config::tests::exclude_dirs_defaults_to_target ... ok
[INFO] [stdout] test config::tests::fallback_config_excludes_hidden ... ok
[INFO] [stdout] test config::tests::find_config_in_same_dir ... ok
[INFO] [stdout] test config::tests::find_config_returns_none_when_missing ... ok
[INFO] [stdout] test config::tests::fallback_config_has_default_limit ... ok
[INFO] [stdout] test config::tests::find_config_traverses_up ... ok
[INFO] [stdout] test config::tests::exclude_dirs_custom ... ok
[INFO] [stdout] test config::tests::include_hidden_parsed ... ok
[INFO] [stdout] test config::tests::count_mode_default_is_total ... ok
[INFO] [stdout] test config::tests::include_hidden_defaults_to_false ... ok
[INFO] [stdout] test config::tests::find_config_stops_at_boundary ... ok
[INFO] [stdout] test config::tests::invalid_glob_pattern_rejected ... ok
[INFO] [stdout] test config::tests::load_from_file ... ok
[INFO] [stdout] test config::tests::load_missing_file ... ok
[INFO] [stdout] test config::tests::override_without_limit_or_exclude_rejected ... ok
[INFO] [stdout] test config::tests::override_with_exclude_true ... ok
[INFO] [stdout] test config::tests::parse_minimal_config ... ok
[INFO] [stdout] test config::tests::parse_valid_config ... ok
[INFO] [stdout] test config::tests::unknown_language_rejected ... ok
[INFO] [stdout] test counter::tests::count_rust_files ... ok
[INFO] [stdout] test counter::tests::count_with_comments_and_blanks ... ok
[INFO] [stdout] test counter::tests::count_empty_directory ... ok
[INFO] [stdout] test counter::tests::ignores_unlisted_languages ... ok
[INFO] [stdout] test counter::tests::include_hidden_respects_ignore_files ... ok
[INFO] [stdout] test init::tests::creates_config_with_default_schema ... ok
[INFO] [stdout] test init::tests::refuses_to_overwrite ... ok
[INFO] [stdout] test counter::tests::custom_exclude_dirs ... ok
[INFO] [stdout] test report::tests::json_format_no_violations ... ok
[INFO] [stdout] test counter::tests::include_hidden_scans_dot_files ... ok
[INFO] [stdout] test report::tests::paths_format_no_violations ... ok
[INFO] [stdout] test report::tests::json_format_with_violations ... ok
[INFO] [stdout] test init::tests::creates_config_with_custom_schema ... ok
[INFO] [stdout] test report::tests::paths_format_with_violations ... ok
[INFO] [stdout] test report::tests::text_format_includes_ansi_codes ... ok
[INFO] [stdout] test report::tests::text_format_no_violations ... ok
[INFO] [stdout] test report::tests::json_format_baseline_violation ... ok
[INFO] [stdout] test counter::tests::hidden_dirs_skipped_by_default ... ok
[INFO] [stdout] test report::tests::text_format_with_violations ... ok
[INFO] [stdout] test report::tests::text_format_baseline_violation_shows_percentage ... ok
[INFO] [stdout] test init::tests::creates_config_without_schema ... ok
[INFO] [stdout] test counter::tests::include_hidden_still_skips_vcs_dirs ... ok
[INFO] [stdout] test schema::tests::limits_property_names_constrained_to_tokei_languages ... ok
[INFO] [stdout] test schema::tests::generates_valid_json ... ok
[INFO] [stdout] test counter::tests::include_hidden_scans_dot_dirs ... ok
[INFO] [stdout] test schema::tests::schema_has_count_mode_property ... ok
[INFO] [stdout] test schema::tests::schema_has_include_hidden_property ... ok
[INFO] [stdout] test schema::tests::schema_has_limits_property ... ok
[INFO] [stdout] test tests::hidden_option_overrides_config ... ok
[INFO] [stdout] test tests::run_with_baseline ... ok
[INFO] [stdout] test tests::run_with_violations ... ok
[INFO] [stdout] test tests::run_with_valid_config_no_violations ... ok
[INFO] [stdout] test tests::run_no_config_uses_fallback ... ok
[INFO] [stdout] test schema::tests::committed_schema_is_in_sync ... FAILED
[INFO] [stdout] test tests::run_nonexistent_root_path ... ok
[INFO] [stdout] test tests::run_missing_explicit_config ... ok
[INFO] [stdout] 
[INFO] [stdout] failures:
[INFO] [stdout] 
[INFO] [stdout] ---- schema::tests::committed_schema_is_in_sync stdout ----
[INFO] [stdout] 
[INFO] [stdout] thread 'schema::tests::committed_schema_is_in_sync' (2693) panicked at src/schema.rs:95:60:
[INFO] [stdout] read committed schema: Os { code: 2, kind: NotFound, message: "No such file or directory" }
[INFO] [stdout] stack backtrace:
[INFO] [stdout]    0:     0x60cd915aaf41 - std[70759c8f55707aa4]::backtrace_rs::backtrace::libunwind::trace
[INFO] [stdout]                                at /rustc/dfb0accb7f508ae8be965d8629557221c889dd98/library/std/src/../../backtrace/src/backtrace/libunwind.rs:117:9
[INFO] [stdout]    1:     0x60cd915aaf41 - std[70759c8f55707aa4]::backtrace_rs::backtrace::trace_unsynchronized::<std[70759c8f55707aa4]::sys::backtrace::_print_fmt::{closure#1}>
[INFO] [stdout]                                at /rustc/dfb0accb7f508ae8be965d8629557221c889dd98/library/std/src/../../backtrace/src/backtrace/mod.rs:66:14
[INFO] [stdout]    2:     0x60cd915aaf41 - std[70759c8f55707aa4]::sys::backtrace::_print_fmt
[INFO] [stdout]                                at /rustc/dfb0accb7f508ae8be965d8629557221c889dd98/library/std/src/sys/backtrace.rs:74:9
[INFO] [stdout]    3:     0x60cd915aaf41 - <<std[70759c8f55707aa4]::sys::backtrace::BacktraceLock>::print::DisplayBacktrace as core[df12db4294e9bfd3]::fmt::Display>::fmt
[INFO] [stdout]                                at /rustc/dfb0accb7f508ae8be965d8629557221c889dd98/library/std/src/sys/backtrace.rs:44:26
[INFO] [stdout]    4:     0x60cd915c439a - <core[df12db4294e9bfd3]::fmt::rt::Argument>::fmt
[INFO] [stdout]                                at /rustc/dfb0accb7f508ae8be965d8629557221c889dd98/library/core/src/fmt/rt.rs:152:76
[INFO] [stdout]    5:     0x60cd915c439a - core[df12db4294e9bfd3]::fmt::write
[INFO] [stdout]    6:     0x60cd915b13fc - core[df12db4294e9bfd3]::io::write::default_write_fmt::<alloc[2182bb758b4b3781]::vec::Vec<u8>>
[INFO] [stdout]                                at /rustc/dfb0accb7f508ae8be965d8629557221c889dd98/library/core/src/io/write.rs:402:11
[INFO] [stdout]    7:     0x60cd915b13fc - <alloc[2182bb758b4b3781]::vec::Vec<u8> as core[df12db4294e9bfd3]::io::write::Write>::write_fmt
[INFO] [stdout]                                at /rustc/dfb0accb7f508ae8be965d8629557221c889dd98/library/core/src/io/write.rs:335:13
[INFO] [stdout]    8:     0x60cd91583c36 - <std[70759c8f55707aa4]::sys::backtrace::BacktraceLock>::print
[INFO] [stdout]                                at /rustc/dfb0accb7f508ae8be965d8629557221c889dd98/library/std/src/sys/backtrace.rs:47:9
[INFO] [stdout]    9:     0x60cd91583c36 - std[70759c8f55707aa4]::panicking::default_hook::{closure#0}
[INFO] [stdout]                                at /rustc/dfb0accb7f508ae8be965d8629557221c889dd98/library/std/src/panicking.rs:292:27
[INFO] [stdout]   10:     0x60cd915a1c69 - std[70759c8f55707aa4]::panicking::default_hook
[INFO] [stdout]                                at /rustc/dfb0accb7f508ae8be965d8629557221c889dd98/library/std/src/panicking.rs:316:9
[INFO] [stdout]   11:     0x60cd910eb090 - <alloc[2182bb758b4b3781]::boxed::Box<dyn for<'a, 'b> core[df12db4294e9bfd3]::ops::function::Fn<(&'a std[70759c8f55707aa4]::panic::PanicHookInfo<'b>,), Output = ()> + core[df12db4294e9bfd3]::marker::Send + core[df12db4294e9bfd3]::marker::Sync> as core[df12db4294e9bfd3]::ops::function::Fn<(&std[70759c8f55707aa4]::panic::PanicHookInfo,)>>::call
[INFO] [stdout]                                at /rustc/dfb0accb7f508ae8be965d8629557221c889dd98/library/alloc/src/boxed.rs:2334:9
[INFO] [stdout]   12:     0x60cd910eb090 - test[9d35eded1c95d3be]::test_main_inner::<test[9d35eded1c95d3be]::test_main_static::{closure#0}>::{closure#0}
[INFO] [stdout]                                at /rustc/dfb0accb7f508ae8be965d8629557221c889dd98/library/test/src/lib.rs:155:21
[INFO] [stdout]   13:     0x60cd915a1f92 - <alloc[2182bb758b4b3781]::boxed::Box<dyn for<'a, 'b> core[df12db4294e9bfd3]::ops::function::Fn<(&'a std[70759c8f55707aa4]::panic::PanicHookInfo<'b>,), Output = ()> + core[df12db4294e9bfd3]::marker::Send + core[df12db4294e9bfd3]::marker::Sync> as core[df12db4294e9bfd3]::ops::function::Fn<(&std[70759c8f55707aa4]::panic::PanicHookInfo,)>>::call
[INFO] [stdout]                                at /rustc/dfb0accb7f508ae8be965d8629557221c889dd98/library/alloc/src/boxed.rs:2334:9
[INFO] [stdout]   14:     0x60cd915a1f92 - std[70759c8f55707aa4]::panicking::panic_with_hook
[INFO] [stdout]                                at /rustc/dfb0accb7f508ae8be965d8629557221c889dd98/library/std/src/panicking.rs:823:13
[INFO] [stdout]   15:     0x60cd91583ce2 - std[70759c8f55707aa4]::panicking::panic_handler::{closure#0}
[INFO] [stdout]                                at /rustc/dfb0accb7f508ae8be965d8629557221c889dd98/library/std/src/panicking.rs:688:13
[INFO] [stdout]   16:     0x60cd9157c159 - std[70759c8f55707aa4]::sys::backtrace::__rust_end_short_backtrace::<std[70759c8f55707aa4]::panicking::panic_handler::{closure#0}, !>
[INFO] [stdout]                                at /rustc/dfb0accb7f508ae8be965d8629557221c889dd98/library/std/src/sys/backtrace.rs:182:18
[INFO] [stdout]   17:     0x60cd915849ed - __rustc[8fa7c3cbc660c2b3]::rust_begin_unwind
[INFO] [stdout]                                at /rustc/dfb0accb7f508ae8be965d8629557221c889dd98/library/std/src/panicking.rs:679:5
[INFO] [stdout]   18:     0x60cd915c4c3c - core[df12db4294e9bfd3]::panicking::panic_fmt
[INFO] [stdout]                                at /rustc/dfb0accb7f508ae8be965d8629557221c889dd98/library/core/src/panicking.rs:80:14
[INFO] [stdout]   19:     0x60cd915c4992 - core[df12db4294e9bfd3]::result::unwrap_failed
[INFO] [stdout]                                at /rustc/dfb0accb7f508ae8be965d8629557221c889dd98/library/core/src/result.rs:1871:5
[INFO] [stdout]   20:     0x60cd910369f3 - <core[df12db4294e9bfd3]::result::Result<alloc[2182bb758b4b3781]::string::String, core[df12db4294e9bfd3]::io::error::Error>>::expect
[INFO] [stdout]                                at /rustc/dfb0accb7f508ae8be965d8629557221c889dd98/library/core/src/result.rs:1184:23
[INFO] [stdout]   21:     0x60cd91066da4 - linecop[253cc2c6aabf30ab]::schema::tests::committed_schema_is_in_sync
[INFO] [stdout]                                at /opt/rustwide/workdir/src/schema.rs:95:60
[INFO] [stdout]   22:     0x60cd910656b7 - linecop[253cc2c6aabf30ab]::schema::tests::committed_schema_is_in_sync::{closure#0}
[INFO] [stdout]                                at /opt/rustwide/workdir/src/schema.rs:92:37
[INFO] [stdout]   23:     0x60cd91006e46 - <linecop[253cc2c6aabf30ab]::schema::tests::committed_schema_is_in_sync::{closure#0} as core[df12db4294e9bfd3]::ops::function::FnOnce<()>>::call_once
[INFO] [stdout]                                at /rustc/dfb0accb7f508ae8be965d8629557221c889dd98/library/core/src/ops/function.rs:250:5
[INFO] [stdout]   24:     0x60cd910de37b - <fn() -> core[df12db4294e9bfd3]::result::Result<(), alloc[2182bb758b4b3781]::string::String> as core[df12db4294e9bfd3]::ops::function::FnOnce<()>>::call_once
[INFO] [stdout]                                at /rustc/dfb0accb7f508ae8be965d8629557221c889dd98/library/core/src/ops/function.rs:250:5
[INFO] [stdout]   25:     0x60cd910de37b - test[9d35eded1c95d3be]::__rust_begin_short_backtrace::<core[df12db4294e9bfd3]::result::Result<(), alloc[2182bb758b4b3781]::string::String>, fn() -> core[df12db4294e9bfd3]::result::Result<(), alloc[2182bb758b4b3781]::string::String>>
[INFO] [stdout]                                at /rustc/dfb0accb7f508ae8be965d8629557221c889dd98/library/test/src/lib.rs:733:18
[INFO] [stdout]   26:     0x60cd910eb9e5 - test[9d35eded1c95d3be]::run_test_in_process::{closure#0}
[INFO] [stdout]                                at /rustc/dfb0accb7f508ae8be965d8629557221c889dd98/library/test/src/lib.rs:756:74
[INFO] [stdout]   27:     0x60cd910eb9e5 - <core[df12db4294e9bfd3]::panic::unwind_safe::AssertUnwindSafe<test[9d35eded1c95d3be]::run_test_in_process::{closure#0}> as core[df12db4294e9bfd3]::ops::function::FnOnce<()>>::call_once
[INFO] [stdout]                                at /rustc/dfb0accb7f508ae8be965d8629557221c889dd98/library/core/src/panic/unwind_safe.rs:275:9
[INFO] [stdout]   28:     0x60cd910eb9e5 - std[70759c8f55707aa4]::panicking::catch_unwind::do_call::<core[df12db4294e9bfd3]::panic::unwind_safe::AssertUnwindSafe<test[9d35eded1c95d3be]::run_test_in_process::{closure#0}>, core[df12db4294e9bfd3]::result::Result<(), alloc[2182bb758b4b3781]::string::String>>
[INFO] [stdout]                                at /rustc/dfb0accb7f508ae8be965d8629557221c889dd98/library/std/src/panicking.rs:576:43
[INFO] [stdout]   29:     0x60cd910eb9e5 - std[70759c8f55707aa4]::panicking::catch_unwind::<core[df12db4294e9bfd3]::result::Result<(), alloc[2182bb758b4b3781]::string::String>, core[df12db4294e9bfd3]::panic::unwind_safe::AssertUnwindSafe<test[9d35eded1c95d3be]::run_test_in_process::{closure#0}>>
[INFO] [stdout]                                at /rustc/dfb0accb7f508ae8be965d8629557221c889dd98/library/std/src/panicking.rs:544:19
[INFO] [stdout]   30:     0x60cd910eb9e5 - std[70759c8f55707aa4]::panic::catch_unwind::<core[df12db4294e9bfd3]::panic::unwind_safe::AssertUnwindSafe<test[9d35eded1c95d3be]::run_test_in_process::{closure#0}>, core[df12db4294e9bfd3]::result::Result<(), alloc[2182bb758b4b3781]::string::String>>
[INFO] [stdout]                                at /rustc/dfb0accb7f508ae8be965d8629557221c889dd98/library/std/src/panic.rs:359:14
[INFO] [stdout]   31:     0x60cd910eb9e5 - test[9d35eded1c95d3be]::run_test_in_process
[INFO] [stdout]                                at /rustc/dfb0accb7f508ae8be965d8629557221c889dd98/library/test/src/lib.rs:756:27
[INFO] [stdout]   32:     0x60cd910eb9e5 - test[9d35eded1c95d3be]::run_test::{closure#0}
[INFO] [stdout]                                at /rustc/dfb0accb7f508ae8be965d8629557221c889dd98/library/test/src/lib.rs:677:43
[INFO] [stdout]   33:     0x60cd910e52a4 - test[9d35eded1c95d3be]::run_test::{closure#1}
[INFO] [stdout]                                at /rustc/dfb0accb7f508ae8be965d8629557221c889dd98/library/test/src/lib.rs:707:41
[INFO] [stdout]   34:     0x60cd910e52a4 - std[70759c8f55707aa4]::sys::backtrace::__rust_begin_short_backtrace::<test[9d35eded1c95d3be]::run_test::{closure#1}, ()>
[INFO] [stdout]                                at /rustc/dfb0accb7f508ae8be965d8629557221c889dd98/library/std/src/sys/backtrace.rs:166:18
[INFO] [stdout]   35:     0x60cd910eeb42 - std[70759c8f55707aa4]::thread::lifecycle::spawn_unchecked::<test[9d35eded1c95d3be]::run_test::{closure#1}, ()>::{closure#1}::{closure#0}
[INFO] [stdout]                                at /rustc/dfb0accb7f508ae8be965d8629557221c889dd98/library/std/src/thread/lifecycle.rs:70:13
[INFO] [stdout]   36:     0x60cd910eeb42 - <core[df12db4294e9bfd3]::panic::unwind_safe::AssertUnwindSafe<std[70759c8f55707aa4]::thread::lifecycle::spawn_unchecked<test[9d35eded1c95d3be]::run_test::{closure#1}, ()>::{closure#1}::{closure#0}> as core[df12db4294e9bfd3]::ops::function::FnOnce<()>>::call_once
[INFO] [stdout]                                at /rustc/dfb0accb7f508ae8be965d8629557221c889dd98/library/core/src/panic/unwind_safe.rs:275:9
[INFO] [stdout]   37:     0x60cd910eeb42 - std[70759c8f55707aa4]::panicking::catch_unwind::do_call::<core[df12db4294e9bfd3]::panic::unwind_safe::AssertUnwindSafe<std[70759c8f55707aa4]::thread::lifecycle::spawn_unchecked<test[9d35eded1c95d3be]::run_test::{closure#1}, ()>::{closure#1}::{closure#0}>, ()>
[INFO] [stdout]                                at /rustc/dfb0accb7f508ae8be965d8629557221c889dd98/library/std/src/panicking.rs:576:43
[INFO] [stdout]   38:     0x60cd910eeb42 - std[70759c8f55707aa4]::panicking::catch_unwind::<(), core[df12db4294e9bfd3]::panic::unwind_safe::AssertUnwindSafe<std[70759c8f55707aa4]::thread::lifecycle::spawn_unchecked<test[9d35eded1c95d3be]::run_test::{closure#1}, ()>::{closure#1}::{closure#0}>>
[INFO] [stdout]                                at /rustc/dfb0accb7f508ae8be965d8629557221c889dd98/library/std/src/panicking.rs:544:19
[INFO] [stdout]   39:     0x60cd910eeb42 - std[70759c8f55707aa4]::panic::catch_unwind::<core[df12db4294e9bfd3]::panic::unwind_safe::AssertUnwindSafe<std[70759c8f55707aa4]::thread::lifecycle::spawn_unchecked<test[9d35eded1c95d3be]::run_test::{closure#1}, ()>::{closure#1}::{closure#0}>, ()>
[INFO] [stdout]                                at /rustc/dfb0accb7f508ae8be965d8629557221c889dd98/library/std/src/panic.rs:359:14
[INFO] [stdout]   40:     0x60cd910eeb42 - std[70759c8f55707aa4]::thread::lifecycle::spawn_unchecked::<test[9d35eded1c95d3be]::run_test::{closure#1}, ()>::{closure#1}
[INFO] [stdout]                                at /rustc/dfb0accb7f508ae8be965d8629557221c889dd98/library/std/src/thread/lifecycle.rs:68:26
[INFO] [stdout]   41:     0x60cd910eeb42 - <std[70759c8f55707aa4]::thread::lifecycle::spawn_unchecked<test[9d35eded1c95d3be]::run_test::{closure#1}, ()>::{closure#1} as core[df12db4294e9bfd3]::ops::function::FnOnce<()>>::call_once::{shim:vtable#0}
[INFO] [stdout]                                at /rustc/dfb0accb7f508ae8be965d8629557221c889dd98/library/core/src/ops/function.rs:250:5
[INFO] [stdout]   42:     0x60cd915aa279 - <alloc[2182bb758b4b3781]::boxed::Box<dyn core[df12db4294e9bfd3]::ops::function::FnOnce<(), Output = ()> + core[df12db4294e9bfd3]::marker::Send> as core[df12db4294e9bfd3]::ops::function::FnOnce<()>>::call_once
[INFO] [stdout]                                at /rustc/dfb0accb7f508ae8be965d8629557221c889dd98/library/alloc/src/boxed.rs:2320:9
[INFO] [stdout]   43:     0x60cd915aa279 - <std[70759c8f55707aa4]::sys::thread::unix::Thread>::new::thread_start
[INFO] [stdout]                                at /rustc/dfb0accb7f508ae8be965d8629557221c889dd98/library/std/src/sys/thread/unix.rs:123:17
[INFO] [stdout]   44:     0x775c2d054dfa - <unknown>
[INFO] [stdout]   45:     0x775c2d0e83d4 - clone
[INFO] [stdout]   46:                0x0 - <unknown>
[INFO] [stdout] 
[INFO] [stdout] 
[INFO] [stdout] failures:
[INFO] [stdout]     schema::tests::committed_schema_is_in_sync
[INFO] [stdout] 
[INFO] [stdout] test result: FAILED. 78 passed; 1 failed; 0 ignored; 0 measured; 0 filtered out; finished in 0.16s
[INFO] [stdout] 
[INFO] [stderr] error: test failed, to rerun pass `--lib`
[INFO] running `Command { std: "docker" "inspect" "07d7145f2e4293bbd2d35e40c39ccc66e4f6759c8f3664e648db5ae687af8e4c", kill_on_drop: false }`
[INFO] running `Command { std: "docker" "rm" "-f" "07d7145f2e4293bbd2d35e40c39ccc66e4f6759c8f3664e648db5ae687af8e4c", kill_on_drop: false }`
[INFO] [stdout] 07d7145f2e4293bbd2d35e40c39ccc66e4f6759c8f3664e648db5ae687af8e4c
