[INFO] fetching crate fredis 10.1.0...
[INFO] testing fredis-10.1.0 against 1.100.0-beta.1 for beta-1.100-2
[INFO] extracting crate fredis 10.1.0 into /workspace/builds/worker-2-tc2/source
[INFO] started tweaking crates.io crate fredis 10.1.0
[INFO] removed 0 missing examples
[INFO] finished tweaking crates.io crate fredis 10.1.0
[INFO] tweaked toml for crates.io crate fredis 10.1.0 written to /workspace/builds/worker-2-tc2/source/Cargo.toml
[INFO] validating manifest of crates.io crate fredis 10.1.0 on toolchain 1.100.0-beta.1
[INFO] running `Command { std: CARGO_HOME="/workspace/cargo-home" RUSTUP_HOME="/workspace/rustup-home" "/workspace/cargo-home/bin/cargo" "+1.100.0-beta.1" "metadata" "--manifest-path" "Cargo.toml" "--no-deps", kill_on_drop: false }`
[INFO] crate crates.io crate fredis 10.1.0 already has a lockfile, it will not be regenerated
[INFO] running `Command { std: CARGO_HOME="/workspace/cargo-home" RUSTUP_HOME="/workspace/rustup-home" "/workspace/cargo-home/bin/cargo" "+1.100.0-beta.1" "fetch" "--manifest-path" "Cargo.toml", kill_on_drop: false }`
[INFO] [stderr] warning: `package.homepage` is redundant with `package.repository`
[INFO] [stderr]    --> Cargo.toml:370:12
[INFO] [stderr]     |
[INFO] [stderr] 370 | homepage = "https://github.com/webc-site/fredis"
[INFO] [stderr]     |            ^^^^^^^^^^^^^^^^^^^^^^^^^^^^^^^^^^^^^
[INFO] [stderr] ...
[INFO] [stderr] 375 | repository = "https://github.com/webc-site/fredis"
[INFO] [stderr]     |              -------------------------------------
[INFO] [stderr]     |
[INFO] [stderr]     = note: `cargo::redundant_homepage` is set to `warn` by default
[INFO] [stderr] help: consider removing `package.homepage`
[INFO] [stderr] warning: `fredis` (manifest) generated 1 warning
[INFO] running `Command { std: "docker" "create" "-v" "/var/lib/crater-agent-workspace/builds/worker-2-tc2/source:/opt/rustwide/workdir:ro,Z" "-v" "/var/lib/crater-agent-workspace/builds/worker-2-tc2/target:/opt/rustwide/target:rw,Z" "-v" "/var/lib/crater-agent-workspace/cargo-home:/opt/rustwide/cargo-home:ro,Z" "-v" "/var/lib/crater-agent-workspace/rustup-home:/opt/rustwide/rustup-home:ro,Z" "-m" "1610612736" "--network" "none" "ghcr.io/rust-lang/crates-build-env/linux@sha256:3111399a4047eeb3a02b7a90e478d715f38a8c6669b5c4b49d30a17385265909" "sleep" "infinity", kill_on_drop: false }`
[INFO] [stdout] 2d1847198d39060f0bb0b47c3727618923683378de96983dca0f8cd3091737d8
[INFO] running `Command { std: "docker" "start" "2d1847198d39060f0bb0b47c3727618923683378de96983dca0f8cd3091737d8", kill_on_drop: false }`
[INFO] running `Command { std: "docker" "inspect" "2d1847198d39060f0bb0b47c3727618923683378de96983dca0f8cd3091737d8", kill_on_drop: false }`
[INFO] running `Command { std: "docker" "exec" "-e" "SOURCE_DIR=/opt/rustwide/workdir" "-e" "CARGO_HOME=/opt/rustwide/cargo-home" "-e" "RUSTUP_HOME=/opt/rustwide/rustup-home" "-e" "CARGO_TARGET_DIR=/opt/rustwide/target" "-w" "/opt/rustwide/workdir" "--user" "0:0" "2d1847198d39060f0bb0b47c3727618923683378de96983dca0f8cd3091737d8" "/opt/rustwide/cargo-home/bin/cargo" "+1.100.0-beta.1" "metadata" "--no-deps" "--format-version=1", kill_on_drop: false }`
[INFO] running `Command { std: "docker" "inspect" "2d1847198d39060f0bb0b47c3727618923683378de96983dca0f8cd3091737d8", kill_on_drop: false }`
[INFO] running `Command { std: "docker" "exec" "-e" "SOURCE_DIR=/opt/rustwide/workdir" "-e" "CARGO_HOME=/opt/rustwide/cargo-home" "-e" "RUSTUP_HOME=/opt/rustwide/rustup-home" "-e" "CARGO_TARGET_DIR=/opt/rustwide/target" "-e" "CARGO_INCREMENTAL=0" "-e" "RUST_BACKTRACE=full" "-e" "RUSTFLAGS=--cap-lints=warn" "-e" "RUSTDOCFLAGS=--cap-lints=warn" "-w" "/opt/rustwide/workdir" "--user" "0:0" "2d1847198d39060f0bb0b47c3727618923683378de96983dca0f8cd3091737d8" "/opt/rustwide/cargo-home/bin/cargo" "+1.100.0-beta.1" "build" "--frozen" "--message-format=json", kill_on_drop: false }`
[INFO] [stderr] warning: `package.homepage` is redundant with `package.repository`
[INFO] [stderr]    --> Cargo.toml:370:12
[INFO] [stderr]     |
[INFO] [stderr] 370 | homepage = "https://github.com/webc-site/fredis"
[INFO] [stderr]     |            ^^^^^^^^^^^^^^^^^^^^^^^^^^^^^^^^^^^^^
[INFO] [stderr] ...
[INFO] [stderr] 375 | repository = "https://github.com/webc-site/fredis"
[INFO] [stderr]     |              -------------------------------------
[INFO] [stderr]     |
[INFO] [stderr]     = note: `cargo::redundant_homepage` is set to `warn` by default
[INFO] [stderr] help: consider removing `package.homepage`
[INFO] [stderr] warning: `fredis` (manifest) generated 1 warning
[INFO] [stderr]    Compiling smallvec v1.15.2
[INFO] [stderr]    Compiling syn v3.0.4
[INFO] [stderr]    Compiling syn v2.0.119
[INFO] [stderr]    Compiling mio v1.2.2
[INFO] [stderr]    Compiling futures-channel v0.3.34
[INFO] [stderr]    Compiling num-traits v0.2.19
[INFO] [stderr]    Compiling futures-io v0.3.34
[INFO] [stderr]    Compiling crc16 v0.4.0
[INFO] [stderr]    Compiling getrandom v0.4.3
[INFO] [stderr]    Compiling either v1.18.0
[INFO] [stderr]    Compiling percent-encoding v2.3.2
[INFO] [stderr]    Compiling parking_lot_core v0.9.12
[INFO] [stderr]    Compiling form_urlencoded v1.2.2
[INFO] [stderr]    Compiling bytes-utils v0.1.4
[INFO] [stderr]    Compiling chacha20 v0.10.1
[INFO] [stderr]    Compiling nom v7.1.3
[INFO] [stderr]    Compiling cookie-factory v0.3.2
[INFO] [stderr]    Compiling rand v0.10.2
[INFO] [stderr]    Compiling arc-swap v1.9.2
[INFO] [stderr]    Compiling parking_lot v0.12.5
[INFO] [stderr]    Compiling float-cmp v0.10.0
[INFO] [stderr]    Compiling semver v1.0.28
[INFO] [stderr]    Compiling urlencoding v2.1.3
[INFO] [stderr]    Compiling redis-protocol v6.0.0
[INFO] [stderr]    Compiling synstructure v0.13.2
[INFO] [stderr]    Compiling zerofrom-derive v0.1.7
[INFO] [stderr]    Compiling yoke-derive v0.8.2
[INFO] [stderr]    Compiling fred-macros v0.1.0
[INFO] [stderr]    Compiling zerovec-derive v0.11.6
[INFO] [stderr]    Compiling displaydoc v0.2.7
[INFO] [stderr]    Compiling tokio-macros v2.7.2
[INFO] [stderr]    Compiling futures-macro v0.3.34
[INFO] [stderr]    Compiling async-trait v0.1.92
[INFO] [stderr]    Compiling zerofrom v0.1.8
[INFO] [stderr]    Compiling yoke v0.8.3
[INFO] [stderr]    Compiling zerotrie v0.2.5
[INFO] [stderr]    Compiling tokio v1.53.1
[INFO] [stderr]    Compiling futures-util v0.3.34
[INFO] [stderr]    Compiling zerovec v0.11.8
[INFO] [stderr]    Compiling tinystr v0.8.4
[INFO] [stderr]    Compiling potential_utf v0.1.6
[INFO] [stderr]    Compiling icu_collections v2.3.0
[INFO] [stderr]    Compiling icu_locale_core v2.3.0
[INFO] [stderr]    Compiling icu_provider v2.3.1
[INFO] [stderr]    Compiling icu_normalizer v2.3.0
[INFO] [stderr]    Compiling icu_properties v2.3.0
[INFO] [stderr]    Compiling futures-executor v0.3.34
[INFO] [stderr]    Compiling futures v0.3.34
[INFO] [stderr]    Compiling idna_adapter v1.2.2
[INFO] [stderr]    Compiling idna v1.1.0
[INFO] [stderr]    Compiling url v2.5.8
[INFO] [stderr]    Compiling tokio-util v0.7.19
[INFO] [stderr]    Compiling tokio-stream v0.1.19
[INFO] [stderr]    Compiling fredis v10.1.0 (/opt/rustwide/workdir)
[INFO] [stderr]     Finished `dev` profile [unoptimized + debuginfo] target(s) in 1m 01s
[INFO] running `Command { std: "docker" "inspect" "2d1847198d39060f0bb0b47c3727618923683378de96983dca0f8cd3091737d8", kill_on_drop: false }`
[INFO] running `Command { std: "docker" "exec" "-e" "SOURCE_DIR=/opt/rustwide/workdir" "-e" "CARGO_HOME=/opt/rustwide/cargo-home" "-e" "RUSTUP_HOME=/opt/rustwide/rustup-home" "-e" "CARGO_TARGET_DIR=/opt/rustwide/target" "-e" "CARGO_INCREMENTAL=0" "-e" "RUST_BACKTRACE=full" "-e" "RUSTFLAGS=--cap-lints=warn" "-e" "RUSTDOCFLAGS=--cap-lints=warn" "-w" "/opt/rustwide/workdir" "--user" "0:0" "2d1847198d39060f0bb0b47c3727618923683378de96983dca0f8cd3091737d8" "/opt/rustwide/cargo-home/bin/cargo" "+1.100.0-beta.1" "test" "--frozen" "--no-run" "--message-format=json", kill_on_drop: false }`
[INFO] [stderr] warning: `package.homepage` is redundant with `package.repository`
[INFO] [stderr]    --> Cargo.toml:370:12
[INFO] [stderr]     |
[INFO] [stderr] 370 | homepage = "https://github.com/webc-site/fredis"
[INFO] [stderr]     |            ^^^^^^^^^^^^^^^^^^^^^^^^^^^^^^^^^^^^^
[INFO] [stderr] ...
[INFO] [stderr] 375 | repository = "https://github.com/webc-site/fredis"
[INFO] [stderr]     |              -------------------------------------
[INFO] [stderr]     |
[INFO] [stderr]     = note: `cargo::redundant_homepage` is set to `warn` by default
[INFO] [stderr] help: consider removing `package.homepage`
[INFO] [stderr] warning: `fredis` (manifest) generated 1 warning
[INFO] [stderr]    Compiling log v0.4.34
[INFO] [stderr]    Compiling futures-channel v0.3.34
[INFO] [stderr]    Compiling zerovec v0.11.8
[INFO] [stderr]    Compiling zerotrie v0.2.5
[INFO] [stderr]    Compiling zstd-sys v2.0.16+zstd.1.5.7
[INFO] [stderr]    Compiling aho-corasick v1.1.5
[INFO] [stderr]    Compiling serde_core v1.0.229
[INFO] [stderr]    Compiling serde_derive v1.0.229
[INFO] [stderr]    Compiling zstd-safe v7.2.4
[INFO] [stderr]    Compiling mio v1.2.2
[INFO] [stderr]    Compiling tracing v0.1.44
[INFO] [stderr]    Compiling futures-util v0.3.34
[INFO] [stderr]    Compiling local-waker v0.1.4
[INFO] [stderr]    Compiling unicode-segmentation v1.13.3
[INFO] [stderr]    Compiling serde v1.0.229
[INFO] [stderr]    Compiling tokio v1.53.1
[INFO] [stderr]    Compiling tinystr v0.8.4
[INFO] [stderr]    Compiling potential_utf v0.1.6
[INFO] [stderr]    Compiling icu_locale_core v2.3.0
[INFO] [stderr]    Compiling icu_collections v2.3.0
[INFO] [stderr]    Compiling http v0.2.12
[INFO] [stderr]    Compiling regex-automata v0.4.18
[INFO] [stderr]    Compiling convert_case v0.10.0
[INFO] [stderr]    Compiling icu_provider v2.3.1
[INFO] [stderr]    Compiling alloc-stdlib v0.2.4
[INFO] [stderr]    Compiling icu_properties v2.3.0
[INFO] [stderr]    Compiling icu_normalizer v2.3.0
[INFO] [stderr]    Compiling crypto-common v0.2.2
[INFO] [stderr]    Compiling serde_json v1.0.151
[INFO] [stderr]    Compiling bytes v1.12.1
[INFO] [stderr]    Compiling idna_adapter v1.2.2
[INFO] [stderr]    Compiling regex v1.13.1
[INFO] [stderr]    Compiling regex-lite v0.1.9
[INFO] [stderr]    Compiling tracing-core v0.1.36
[INFO] [stderr]    Compiling digest v0.11.3
[INFO] [stderr]    Compiling bytestring v1.5.1
[INFO] [stderr]    Compiling idna v1.1.0
[INFO] [stderr]    Compiling cookie v0.16.2
[INFO] [stderr]    Compiling derive_more-impl v2.1.1
[INFO] [stderr]    Compiling time-macros v0.2.32
[INFO] [stderr]    Compiling brotli-decompressor v5.0.3
[INFO] [stderr]    Compiling actix-utils v3.0.1
[INFO] [stderr]    Compiling tokio-util v0.7.19
[INFO] [stderr]    Compiling actix-rt v2.12.0
[INFO] [stderr]    Compiling actix-service v2.0.3
[INFO] [stderr]    Compiling bitflags v2.13.1
[INFO] [stderr]    Compiling time v0.3.55
[INFO] [stderr]    Compiling hyper v1.11.0
[INFO] [stderr]    Compiling serde_urlencoded v0.7.1
[INFO] [stderr]    Compiling h2 v0.3.27
[INFO] [stderr]    Compiling actix-codec v0.5.2
[INFO] [stderr]    Compiling brotli v8.0.4
[INFO] [stderr]    Compiling actix-router v0.5.4
[INFO] [stderr]    Compiling derive_more v2.1.1
[INFO] [stderr]    Compiling url v2.5.8
[INFO] [stderr]    Compiling sha1 v0.11.0
[INFO] [stderr]    Compiling futures-executor v0.3.34
[INFO] [stderr]    Compiling local-channel v0.1.5
[INFO] [stderr]    Compiling is-terminal v0.4.17
[INFO] [stderr]    Compiling humantime v2.4.0
[INFO] [stderr]    Compiling language-tags v0.3.2
[INFO] [stderr]    Compiling foldhash v0.2.0
[INFO] [stderr]    Compiling env_logger v0.10.2
[INFO] [stderr]    Compiling redis-protocol v6.0.0
[INFO] [stderr]    Compiling axum-core v0.5.6
[INFO] [stderr]    Compiling futures v0.3.34
[INFO] [stderr]    Compiling actix-web-codegen v4.3.0
[INFO] [stderr]    Compiling hyper-util v0.1.20
[INFO] [stderr]    Compiling actix-server v2.9.0
[INFO] [stderr]    Compiling tower v0.5.3
[INFO] [stderr]    Compiling tokio-stream v0.1.19
[INFO] [stderr]    Compiling serde_path_to_error v0.1.20
[INFO] [stderr]    Compiling actix-macros v0.2.4
[INFO] [stderr]    Compiling axum-macros v0.5.1
[INFO] [stderr]    Compiling fred-macros v0.1.0
[INFO] [stderr]    Compiling impl-more v0.3.5
[INFO] [stderr]    Compiling matchit v0.8.4
[INFO] [stderr]    Compiling pretty_env_logger v0.5.0
[INFO] [stderr]    Compiling maplit v1.0.2
[INFO] [stderr]    Compiling fredis v10.1.0 (/opt/rustwide/workdir)
[INFO] [stderr]    Compiling axum v0.8.9
[INFO] [stderr]    Compiling zstd v0.13.3
[INFO] [stderr]    Compiling actix-http v3.13.3
[INFO] [stderr]    Compiling actix-web v4.15.0
[INFO] [stderr]     Finished `test` profile [unoptimized + debuginfo] target(s) in 2m 38s
[INFO] running `Command { std: "docker" "inspect" "2d1847198d39060f0bb0b47c3727618923683378de96983dca0f8cd3091737d8", kill_on_drop: false }`
[INFO] running `Command { std: "docker" "exec" "-e" "SOURCE_DIR=/opt/rustwide/workdir" "-e" "CARGO_HOME=/opt/rustwide/cargo-home" "-e" "RUSTUP_HOME=/opt/rustwide/rustup-home" "-e" "CARGO_TARGET_DIR=/opt/rustwide/target" "-e" "CARGO_INCREMENTAL=0" "-e" "RUST_BACKTRACE=full" "-e" "RUSTFLAGS=--cap-lints=warn" "-e" "RUSTDOCFLAGS=--cap-lints=warn" "-w" "/opt/rustwide/workdir" "--user" "0:0" "2d1847198d39060f0bb0b47c3727618923683378de96983dca0f8cd3091737d8" "/opt/rustwide/cargo-home/bin/cargo" "+1.100.0-beta.1" "test" "--frozen", kill_on_drop: false }`
[INFO] [stderr] warning: `package.homepage` is redundant with `package.repository`
[INFO] [stderr]    --> Cargo.toml:370:12
[INFO] [stderr]     |
[INFO] [stderr] 370 | homepage = "https://github.com/webc-site/fredis"
[INFO] [stderr]     |            ^^^^^^^^^^^^^^^^^^^^^^^^^^^^^^^^^^^^^
[INFO] [stderr] ...
[INFO] [stderr] 375 | repository = "https://github.com/webc-site/fredis"
[INFO] [stderr]     |              -------------------------------------
[INFO] [stderr]     |
[INFO] [stderr]     = note: `cargo::redundant_homepage` is set to `warn` by default
[INFO] [stderr] help: consider removing `package.homepage`
[INFO] [stderr] warning: `fredis` (manifest) generated 1 warning
[INFO] [stderr]     Finished `test` profile [unoptimized + debuginfo] target(s) in 0.42s
[INFO] [stdout] 
[INFO] [stderr]      Running unittests src/lib.rs (/opt/rustwide/target/debug/build/fredis/3156a78c27cf7376/out/fredis-3156a78c27cf7376)
[INFO] [stdout] running 39 tests
[INFO] [stdout] test modules::response::tests::should_convert_btree_maps ... ok
[INFO] [stdout] test modules::response::tests::should_convert_btree_sets ... ok
[INFO] [stdout] test modules::response::tests::should_convert_numbers_to_bools ... ok
[INFO] [stdout] test modules::response::tests::should_convert_bytes ... ok
[INFO] [stdout] test modules::response::tests::should_convert_hash_maps ... ok
[INFO] [stdout] test modules::response::tests::should_convert_hash_sets ... ok
[INFO] [stdout] test modules::response::tests::should_convert_null_to_empty_array ... ok
[INFO] [stdout] test modules::response::tests::should_convert_signed_numeric_types ... ok
[INFO] [stdout] test modules::response::tests::should_convert_strings ... ok
[INFO] [stdout] test modules::response::tests::should_convert_to_fixed_arrays ... ok
[INFO] [stdout] test modules::response::tests::should_convert_tuples ... ok
[INFO] [stdout] test modules::response::tests::should_handle_single_element_vector_to_scalar ... ok
[INFO] [stdout] test modules::response::tests::should_convert_unsigned_numeric_types ... ok
[INFO] [stdout] test modules::response::tests::should_return_not_found_with_null_number_types ... ok
[INFO] [stdout] test protocol::cluster::tests::should_parse_cluster_slots_example_null_hostname ... ok
[INFO] [stdout] test modules::response::tests::should_convert_array_tuples ... ok
[INFO] [stdout] test protocol::cluster::tests::should_parse_cluster_slots_example_no_metadata ... ok
[INFO] [stdout] test types::args::tests::bytes_from_vec_u8 ... ok
[INFO] [stdout] test modules::response::tests::should_convert_arrays ... ok
[INFO] [stdout] test types::config::tests::should_parse_centralized_url ... ok
[INFO] [stdout] test protocol::cluster::tests::should_parse_cluster_slots_example_empty_hostname ... ok
[INFO] [stdout] test types::config::tests::should_parse_centralized_url_without_creds ... ok
[INFO] [stdout] test protocol::cluster::tests::should_parse_cluster_slots_example_empty_metadata ... ok
[INFO] [stdout] test protocol::cluster::tests::should_parse_cluster_slots_example_metadata_hostnames ... ok
[INFO] [stdout] test types::args::tests::map_from_iter ... ok
[INFO] [stdout] test types::config::tests::should_parse_centralized_url_without_db ... ok
[INFO] [stdout] test types::config::tests::should_parse_centralized_url_without_port ... ok
[INFO] [stdout] test types::config::tests::should_parse_clustered_url ... ok
[INFO] [stdout] test types::config::tests::should_parse_clustered_url_without_port ... ok
[INFO] [stdout] test types::config::tests::should_parse_clustered_url_with_other_nodes ... ok
[INFO] [stdout] test utils::tests::should_flatten_xread_example ... ok
[INFO] [stdout] test types::config::tests::should_parse_sentinel_url_with_other_nodes ... ok
[INFO] [stdout] test types::config::tests::should_parse_clustered_url_without_creds ... ok
[INFO] [stdout] test utils::tests::should_not_panic_with_zero_jitter ... ok
[INFO] [stdout] test utils::tests::should_parse_url_credentials_no_creds ... ok
[INFO] [stdout] test utils::tests::should_parse_url_credentials_with_creds ... ok
[INFO] [stdout] test utils::tests::should_parse_url_credentials_with_percent_encoded_creds ... ok
[INFO] [stdout] test types::config::tests::should_parse_sentinel_url ... ok
[INFO] [stdout] test modules::response::tests::should_not_convert_null_to_false - should panic ... ok
[INFO] [stdout] 
[INFO] [stdout] test result: ok. 39 passed; 0 failed; 0 ignored; 0 measured; 0 filtered out; finished in 0.06s
[INFO] [stdout] 
[INFO] [stderr]    Doc-tests fredis
[INFO] [stdout] 
[INFO] [stdout] running 19 tests
[INFO] [stdout] test src/clients/pool.rs - clients::pool::ExclusivePool (line 408) - compile ... FAILED
[INFO] [stdout] test src/clients/pool.rs - clients::pool::ExclusivePool (line 423) ... FAILED
[INFO] [stdout] test src/../README.md - (line 33) ... FAILED
[INFO] [stdout] test src/clients/pipeline.rs - clients::pipeline::Pipeline<C>::last (line 241) - compile ... ok
[INFO] [stdout] test src/clients/pipeline.rs - clients::pipeline::Pipeline<C>::all (line 184) - compile ... ok
[INFO] [stdout] test src/clients/client.rs - clients::client::Client::with_cluster_node (line 340) ... FAILED
[INFO] [stdout] test src/clients/pipeline.rs - clients::pipeline::Pipeline<C>::try_all (line 211) - compile ... ok
[INFO] [stdout] test src/macros.rs - macros::cmd (line 102) - compile ... ok
[INFO] [stdout] test src/clients/transaction.rs - clients::transaction::Transaction::exec (line 226) - compile ... ok
[INFO] [stdout] test src/clients/options.rs - clients::options::WithOptions (line 18) ... ok
[INFO] [stdout] test src/commands/interfaces/streams.rs - commands::interfaces::streams::StreamsInterface::xread_map (line 281) - compile ... ok
[INFO] [stdout] test src/modules/response.rs - modules::response::FromValue (line 138) ... FAILED
[INFO] [stdout] test src/modules/response.rs - modules::response::FromValue (line 163) ... FAILED
[INFO] [stdout] test src/lib.rs - util::group_by_hash_slot (line 112) ... ok
[INFO] [stdout] test src/types/builder.rs - types::builder::Builder (line 20) ... FAILED
[INFO] [stdout] test src/types/config.rs - types::config::Options (line 1341) ... ok
[INFO] [stdout] test src/runtime/_tokio.rs - runtime::_tokio::ClientLike::init (line 380) ... FAILED
[INFO] [stdout] test src/clients/pool.rs - clients::pool::Pool::init (line 251) ... FAILED
[INFO] [stdout] test src/clients/pool.rs - clients::pool::ExclusivePool::init (line 579) ... FAILED
[INFO] [stdout] 
[INFO] [stdout] failures:
[INFO] [stdout] 
[INFO] [stdout] ---- src/clients/pool.rs - clients::pool::ExclusivePool (line 408) stdout ----
[INFO] [stdout] error: expected one of `!` or `::`, found `foo`
[INFO] [stdout]    --> src/clients/pool.rs:409:7
[INFO] [stdout]     |
[INFO] [stdout] 409 | WATCH foo
[INFO] [stdout]     |       ^^^ expected one of `!` or `::`
[INFO] [stdout] 
[INFO] [stdout] error: aborting due to 1 previous error
[INFO] [stdout] 
[INFO] [stdout] Couldn't compile the test.
[INFO] [stdout] ---- src/clients/pool.rs - clients::pool::ExclusivePool (line 423) stdout ----
[INFO] [stdout] error[E0277]: the trait bound `!: FromValue` is not satisfied
[INFO] [stdout]    --> src/clients/pool.rs:447:11
[INFO] [stdout]     |
[INFO] [stdout] 447 |       trx.incr("foo").await?;
[INFO] [stdout]     |           ^^^^ the trait `FromValue` is not implemented for `!`
[INFO] [stdout]     |
[INFO] [stdout]     = help: the following other types implement trait `FromValue`:
[INFO] [stdout]               ()
[INFO] [stdout]               (T12,)
[INFO] [stdout]               (T11, T12)
[INFO] [stdout]               (T10, T11, T12)
[INFO] [stdout]               (T9, T10, T11, T12)
[INFO] [stdout]               (T8, T9, T10, T11, T12)
[INFO] [stdout]               (T7, T8, T9, T10, T11, T12)
[INFO] [stdout]               (T6, T7, T8, T9, T10, T11, T12)
[INFO] [stdout]             and 32 others
[INFO] [stdout]     = note: this error might have been caused by changes to Rust's type-inference algorithm (see issue #148922 <https://github.com/rust-lang/rust/issues/148922> for more information)
[INFO] [stdout]     = help: you might have intended to use the type `()` here instead
[INFO] [stdout] note: required by a bound in `fredis::interfaces::KeysInterface::incr::{anon_assoc#0}`
[INFO] [stdout]    --> src/commands/interfaces/keys.rs:405:8
[INFO] [stdout]     |
[INFO] [stdout]  14 | pub trait KeysInterface: ClientLike + Sized {
[INFO] [stdout] ...
[INFO] [stdout] 405 |     R: FromValue,
[INFO] [stdout]     |        ^^^^^^^^^ required by this bound in `KeysInterface::incr::{anon_assoc#0}`
[INFO] [stdout] 
[INFO] [stdout] error[E0277]: the trait bound `!: FromValue` is not satisfied
[INFO] [stdout]    --> src/clients/pool.rs:448:11
[INFO] [stdout]     |
[INFO] [stdout] 448 |       trx.incr("bar").await?;
[INFO] [stdout]     |           ^^^^ the trait `FromValue` is not implemented for `!`
[INFO] [stdout]     |
[INFO] [stdout]     = help: the following other types implement trait `FromValue`:
[INFO] [stdout]               ()
[INFO] [stdout]               (T12,)
[INFO] [stdout]               (T11, T12)
[INFO] [stdout]               (T10, T11, T12)
[INFO] [stdout]               (T9, T10, T11, T12)
[INFO] [stdout]               (T8, T9, T10, T11, T12)
[INFO] [stdout]               (T7, T8, T9, T10, T11, T12)
[INFO] [stdout]               (T6, T7, T8, T9, T10, T11, T12)
[INFO] [stdout]             and 32 others
[INFO] [stdout]     = note: this error might have been caused by changes to Rust's type-inference algorithm (see issue #148922 <https://github.com/rust-lang/rust/issues/148922> for more information)
[INFO] [stdout]     = help: you might have intended to use the type `()` here instead
[INFO] [stdout] note: required by a bound in `fredis::interfaces::KeysInterface::incr::{anon_assoc#0}`
[INFO] [stdout]    --> src/commands/interfaces/keys.rs:405:8
[INFO] [stdout]     |
[INFO] [stdout]  14 | pub trait KeysInterface: ClientLike + Sized {
[INFO] [stdout] ...
[INFO] [stdout] 405 |     R: FromValue,
[INFO] [stdout]     |        ^^^^^^^^^ required by this bound in `KeysInterface::incr::{anon_assoc#0}`
[INFO] [stdout] 
[INFO] [stdout] error[E0277]: the trait bound `!: FromValue` is not satisfied
[INFO] [stdout]    --> src/clients/pool.rs:449:11
[INFO] [stdout]     |
[INFO] [stdout] 449 |       trx.incr("baz").await?;
[INFO] [stdout]     |           ^^^^ the trait `FromValue` is not implemented for `!`
[INFO] [stdout]     |
[INFO] [stdout]     = help: the following other types implement trait `FromValue`:
[INFO] [stdout]               ()
[INFO] [stdout]               (T12,)
[INFO] [stdout]               (T11, T12)
[INFO] [stdout]               (T10, T11, T12)
[INFO] [stdout]               (T9, T10, T11, T12)
[INFO] [stdout]               (T8, T9, T10, T11, T12)
[INFO] [stdout]               (T7, T8, T9, T10, T11, T12)
[INFO] [stdout]               (T6, T7, T8, T9, T10, T11, T12)
[INFO] [stdout]             and 32 others
[INFO] [stdout]     = note: this error might have been caused by changes to Rust's type-inference algorithm (see issue #148922 <https://github.com/rust-lang/rust/issues/148922> for more information)
[INFO] [stdout]     = help: you might have intended to use the type `()` here instead
[INFO] [stdout] note: required by a bound in `fredis::interfaces::KeysInterface::incr::{anon_assoc#0}`
[INFO] [stdout]    --> src/commands/interfaces/keys.rs:405:8
[INFO] [stdout]     |
[INFO] [stdout]  14 | pub trait KeysInterface: ClientLike + Sized {
[INFO] [stdout] ...
[INFO] [stdout] 405 |     R: FromValue,
[INFO] [stdout]     |        ^^^^^^^^^ required by this bound in `KeysInterface::incr::{anon_assoc#0}`
[INFO] [stdout] 
[INFO] [stdout] error: aborting due to 3 previous errors
[INFO] [stdout] 
[INFO] [stdout] For more information about this error, try `rustc --explain E0277`.
[INFO] [stdout] Couldn't compile the test.
[INFO] [stdout] ---- src/../README.md - (line 33) stdout ----
[INFO] [stdout] error[E0277]: the trait bound `!: FromValue` is not satisfied
[INFO] [stdout]    --> src/../README.md:62:10
[INFO] [stdout]     |
[INFO] [stdout]  62 |   client.set("foo", "bar", None, None, false).await?;
[INFO] [stdout]     |          ^^^ the trait `FromValue` is not implemented for `!`
[INFO] [stdout]     |
[INFO] [stdout]     = help: the following other types implement trait `FromValue`:
[INFO] [stdout]               ()
[INFO] [stdout]               (T12,)
[INFO] [stdout]               (T11, T12)
[INFO] [stdout]               (T10, T11, T12)
[INFO] [stdout]               (T9, T10, T11, T12)
[INFO] [stdout]               (T8, T9, T10, T11, T12)
[INFO] [stdout]               (T7, T8, T9, T10, T11, T12)
[INFO] [stdout]               (T6, T7, T8, T9, T10, T11, T12)
[INFO] [stdout]             and 32 others
[INFO] [stdout]     = note: this error might have been caused by changes to Rust's type-inference algorithm (see issue #148922 <https://github.com/rust-lang/rust/issues/148922> for more information)
[INFO] [stdout]     = help: you might have intended to use the type `()` here instead
[INFO] [stdout] note: required by a bound in `fredis::interfaces::KeysInterface::set::{anon_assoc#0}`
[INFO] [stdout]    --> src/commands/interfaces/keys.rs:138:8
[INFO] [stdout]     |
[INFO] [stdout]  14 | pub trait KeysInterface: ClientLike + Sized {
[INFO] [stdout] ...
[INFO] [stdout] 138 |     R: FromValue,
[INFO] [stdout]     |        ^^^^^^^^^ required by this bound in `KeysInterface::set::{anon_assoc#0}`
[INFO] [stdout] 
[INFO] [stdout] error: aborting due to 1 previous error
[INFO] [stdout] 
[INFO] [stdout] For more information about this error, try `rustc --explain E0277`.
[INFO] [stdout] Couldn't compile the test.
[INFO] [stdout] ---- src/clients/client.rs - clients::client::Client::with_cluster_node (line 340) stdout ----
[INFO] [stdout] error[E0277]: `Vec<fredis::prelude::Server>` is not a future
[INFO] [stdout]    --> src/clients/client.rs:345:49
[INFO] [stdout]     |
[INFO] [stdout] 345 |   let connections = client.active_connections().await?;
[INFO] [stdout]     |                                                 ^^^^^ `Vec<fredis::prelude::Server>` is not a future
[INFO] [stdout]     |
[INFO] [stdout]     = help: the trait `Future` is not implemented for `Vec<fredis::prelude::Server>`
[INFO] [stdout]     = note: Vec<fredis::prelude::Server> must be a future or must implement `IntoFuture` to be awaited
[INFO] [stdout]     = note: required for `Vec<fredis::prelude::Server>` to implement `IntoFuture`
[INFO] [stdout] help: remove the `.await`
[INFO] [stdout]     |
[INFO] [stdout] 345 -   let connections = client.active_connections().await?;
[INFO] [stdout] 345 +   let connections = client.active_connections()?;
[INFO] [stdout]     |
[INFO] [stdout] 
[INFO] [stdout] warning: method call on a diverging inference variable
[INFO] [stdout]    --> src/clients/client.rs:348:29
[INFO] [stdout]     |
[INFO] [stdout] 348 |   for server in connections.into_iter() {
[INFO] [stdout]     |                             ^^^^^^^^^
[INFO] [stdout]     |
[INFO] [stdout]     = help: consider providing a type annotation
[INFO] [stdout]     = warning: this was previously accepted by the compiler but is being phased out; it will become a hard error in a future release!
[INFO] [stdout]     = note: for more information, see issue #156047 <https://github.com/rust-lang/rust/issues/156047>
[INFO] [stdout]     = note: `#[warn(method_call_on_diverging_infer_var)]` (part of `#[warn(future_incompatible)]`) on by default
[INFO] [stdout] 
[INFO] [stdout] error[E0599]: `!` is not an iterator
[INFO] [stdout]    --> src/clients/client.rs:348:29
[INFO] [stdout]     |
[INFO] [stdout] 348 |   for server in connections.into_iter() {
[INFO] [stdout]     |                             ^^^^^^^^^ `!` is not an iterator
[INFO] [stdout]     |
[INFO] [stdout]     = note: the following trait bounds were not satisfied:
[INFO] [stdout]             `!: Iterator`
[INFO] [stdout]             which is required by `!: IntoIterator`
[INFO] [stdout]             `&!: Iterator`
[INFO] [stdout]             which is required by `&!: IntoIterator`
[INFO] [stdout]             `&mut !: Iterator`
[INFO] [stdout]             which is required by `&mut !: IntoIterator`
[INFO] [stdout] 
[INFO] [stdout] error[E0599]: no method named `cached_cluster_state` found for reference `&fredis::clients::Client` in the current scope
[INFO] [stdout]    --> src/clients/client.rs:354:6
[INFO] [stdout]     |
[INFO] [stdout] 353 |   let servers = client
[INFO] [stdout] 354 |     .cached_cluster_state()
[INFO] [stdout]     |      ^^^^^^^^^^^^^^^^^^^^ method not found in `&fredis::clients::Client`
[INFO] [stdout] 
[INFO] [stdout] error[E0599]: no method named `client_info` found for struct `WithOptions<fredis::clients::Client>` in the current scope
[INFO] [stdout]    --> src/clients/client.rs:362:8
[INFO] [stdout]     |
[INFO] [stdout] 360 |     let server_addr = client
[INFO] [stdout] 361 |       .with_cluster_node(&server)
[INFO] [stdout] 362 |       .client_info::<String>()
[INFO] [stdout]     |        ^^^^^^^^^^^
[INFO] [stdout]     |
[INFO] [stdout] help: there is a method `client_config` with a similar name
[INFO] [stdout]     |
[INFO] [stdout] 362 -       .client_info::<String>()
[INFO] [stdout] 362 +       .client_config::<String>()
[INFO] [stdout]     |
[INFO] [stdout] 
[INFO] [stdout] warning: method call on a diverging inference variable
[INFO] [stdout]    --> src/clients/client.rs:364:8
[INFO] [stdout]     |
[INFO] [stdout] 364 |       .split(" ")
[INFO] [stdout]     |        ^^^^^
[INFO] [stdout]     |
[INFO] [stdout]     = help: consider providing a type annotation
[INFO] [stdout]     = warning: this was previously accepted by the compiler but is being phased out; it will become a hard error in a future release!
[INFO] [stdout]     = note: for more information, see issue #156047 <https://github.com/rust-lang/rust/issues/156047>
[INFO] [stdout] 
[INFO] [stdout] error[E0599]: no method named `split` found for type `_` in the current scope
[INFO] [stdout]    --> src/clients/client.rs:364:8
[INFO] [stdout]     |
[INFO] [stdout] 360 |     let server_addr = client
[INFO] [stdout] 361 |       .with_cluster_node(&server)
[INFO] [stdout] 362 |       .client_info::<String>()
[INFO] [stdout] 363 |       .await?
[INFO] [stdout] 364 |       .split(" ")
[INFO] [stdout]     |        ^^^^^
[INFO] [stdout]     |
[INFO] [stdout]     = help: items from traits can only be used if the trait is in scope
[INFO] [stdout] help: the following traits which provide `split` are implemented but not in scope; perhaps you want to import one of them
[INFO] [stdout]     |
[INFO] [stdout] 339 + use futures_util::io::AsyncReadExt;
[INFO] [stdout]     |
[INFO] [stdout] 339 + use futures_util::stream::stream::StreamExt;
[INFO] [stdout]     |
[INFO] [stdout] 339 + use std::io::BufRead;
[INFO] [stdout]     |
[INFO] [stdout] 339 + use tokio::io::util::async_buf_read_ext::AsyncBufReadExt;
[INFO] [stdout]     |
[INFO] [stdout] help: there is a method `split_at` with a similar name
[INFO] [stdout]     |
[INFO] [stdout] 364 |       .split_at(" ")
[INFO] [stdout]     |             +++
[INFO] [stdout] 
[INFO] [stdout] error: aborting due to 5 previous errors; 2 warnings emitted
[INFO] [stdout] 
[INFO] [stdout] Some errors have detailed explanations: E0277, E0599.
[INFO] [stdout] For more information about an error, try `rustc --explain E0277`.
[INFO] [stdout] Couldn't compile the test.
[INFO] [stdout] ---- src/modules/response.rs - modules::response::FromValue (line 138) stdout ----
[INFO] [stdout] error[E0277]: the `?` operator can only be used in a function that returns `Result` or `Option` (or another type that implements `FromResidual`)
[INFO] [stdout]    --> src/modules/response.rs:142:55
[INFO] [stdout]     |
[INFO] [stdout] 139 | fn main() { #[allow(non_snake_case)] fn _doctest_main_src_modules_response_rs_138_0() {
[INFO] [stdout]     |                                      ------------------------------------------------ this function should return `Result` or `Option` to accept `?`
[INFO] [stdout] ...
[INFO] [stdout] 142 | let foo: usize = Value::String("123".into()).convert()?;
[INFO] [stdout]     |                                                       ^ cannot use the `?` operator in a function that returns `()`
[INFO] [stdout]     |
[INFO] [stdout] help: consider adding return type
[INFO] [stdout]     |
[INFO] [stdout] 139 ~ fn main() { #[allow(non_snake_case)] fn _doctest_main_src_modules_response_rs_138_0() -> Result<(), Box<dyn std::error::Error>> {
[INFO] [stdout] 140 | use fredis::types::Value;
[INFO] [stdout] ...
[INFO] [stdout] 152 |   Value::Array(vec!["a".into(), 1.into(), "b".into(), 2.into()]).convert()?;
[INFO] [stdout] 153 +     Ok(())
[INFO] [stdout]     |
[INFO] [stdout] 
[INFO] [stdout] error[E0277]: the `?` operator can only be used in a function that returns `Result` or `Option` (or another type that implements `FromResidual`)
[INFO] [stdout]    --> src/modules/response.rs:143:53
[INFO] [stdout]     |
[INFO] [stdout] 139 | fn main() { #[allow(non_snake_case)] fn _doctest_main_src_modules_response_rs_138_0() {
[INFO] [stdout]     |                                      ------------------------------------------------ this function should return `Result` or `Option` to accept `?`
[INFO] [stdout] ...
[INFO] [stdout] 143 | let foo: i64 = Value::String("123".into()).convert()?;
[INFO] [stdout]     |                                                     ^ cannot use the `?` operator in a function that returns `()`
[INFO] [stdout]     |
[INFO] [stdout] help: consider adding return type
[INFO] [stdout]     |
[INFO] [stdout] 139 ~ fn main() { #[allow(non_snake_case)] fn _doctest_main_src_modules_response_rs_138_0() -> Result<(), Box<dyn std::error::Error>> {
[INFO] [stdout] 140 | use fredis::types::Value;
[INFO] [stdout] ...
[INFO] [stdout] 152 |   Value::Array(vec!["a".into(), 1.into(), "b".into(), 2.into()]).convert()?;
[INFO] [stdout] 153 +     Ok(())
[INFO] [stdout]     |
[INFO] [stdout] 
[INFO] [stdout] error[E0277]: the `?` operator can only be used in a function that returns `Result` or `Option` (or another type that implements `FromResidual`)
[INFO] [stdout]    --> src/modules/response.rs:144:56
[INFO] [stdout]     |
[INFO] [stdout] 139 | fn main() { #[allow(non_snake_case)] fn _doctest_main_src_modules_response_rs_138_0() {
[INFO] [stdout]     |                                      ------------------------------------------------ this function should return `Result` or `Option` to accept `?`
[INFO] [stdout] ...
[INFO] [stdout] 144 | let foo: String = Value::String("123".into()).convert()?;
[INFO] [stdout]     |                                                        ^ cannot use the `?` operator in a function that returns `()`
[INFO] [stdout]     |
[INFO] [stdout] help: consider adding return type
[INFO] [stdout]     |
[INFO] [stdout] 139 ~ fn main() { #[allow(non_snake_case)] fn _doctest_main_src_modules_response_rs_138_0() -> Result<(), Box<dyn std::error::Error>> {
[INFO] [stdout] 140 | use fredis::types::Value;
[INFO] [stdout] ...
[INFO] [stdout] 152 |   Value::Array(vec!["a".into(), 1.into(), "b".into(), 2.into()]).convert()?;
[INFO] [stdout] 153 +     Ok(())
[INFO] [stdout]     |
[INFO] [stdout] 
[INFO] [stdout] error[E0277]: the `?` operator can only be used in a function that returns `Result` or `Option` (or another type that implements `FromResidual`)
[INFO] [stdout]    --> src/modules/response.rs:145:70
[INFO] [stdout]     |
[INFO] [stdout] 139 | fn main() { #[allow(non_snake_case)] fn _doctest_main_src_modules_response_rs_138_0() {
[INFO] [stdout]     |                                      ------------------------------------------------ this function should return `Result` or `Option` to accept `?`
[INFO] [stdout] ...
[INFO] [stdout] 145 | let foo: Vec<u8> = Value::Bytes(vec![102, 111, 111].into()).convert()?;
[INFO] [stdout]     |                                                                      ^ cannot use the `?` operator in a function that returns `()`
[INFO] [stdout]     |
[INFO] [stdout] help: consider adding return type
[INFO] [stdout]     |
[INFO] [stdout] 139 ~ fn main() { #[allow(non_snake_case)] fn _doctest_main_src_modules_response_rs_138_0() -> Result<(), Box<dyn std::error::Error>> {
[INFO] [stdout] 140 | use fredis::types::Value;
[INFO] [stdout] ...
[INFO] [stdout] 152 |   Value::Array(vec!["a".into(), 1.into(), "b".into(), 2.into()]).convert()?;
[INFO] [stdout] 153 +     Ok(())
[INFO] [stdout]     |
[INFO] [stdout] 
[INFO] [stdout] error[E0277]: the `?` operator can only be used in a function that returns `Result` or `Option` (or another type that implements `FromResidual`)
[INFO] [stdout]    --> src/modules/response.rs:146:57
[INFO] [stdout]     |
[INFO] [stdout] 139 | fn main() { #[allow(non_snake_case)] fn _doctest_main_src_modules_response_rs_138_0() {
[INFO] [stdout]     |                                      ------------------------------------------------ this function should return `Result` or `Option` to accept `?`
[INFO] [stdout] ...
[INFO] [stdout] 146 | let foo: Vec<u8> = Value::String("foo".into()).convert()?;
[INFO] [stdout]     |                                                         ^ cannot use the `?` operator in a function that returns `()`
[INFO] [stdout]     |
[INFO] [stdout] help: consider adding return type
[INFO] [stdout]     |
[INFO] [stdout] 139 ~ fn main() { #[allow(non_snake_case)] fn _doctest_main_src_modules_response_rs_138_0() -> Result<(), Box<dyn std::error::Error>> {
[INFO] [stdout] 140 | use fredis::types::Value;
[INFO] [stdout] ...
[INFO] [stdout] 152 |   Value::Array(vec!["a".into(), 1.into(), "b".into(), 2.into()]).convert()?;
[INFO] [stdout] 153 +     Ok(())
[INFO] [stdout]     |
[INFO] [stdout] 
[INFO] [stdout] error[E0277]: the `?` operator can only be used in a function that returns `Result` or `Option` (or another type that implements `FromResidual`)
[INFO] [stdout]    --> src/modules/response.rs:147:76
[INFO] [stdout]     |
[INFO] [stdout] 139 | fn main() { #[allow(non_snake_case)] fn _doctest_main_src_modules_response_rs_138_0() {
[INFO] [stdout]     |                                      ------------------------------------------------ this function should return `Result` or `Option` to accept `?`
[INFO] [stdout] ...
[INFO] [stdout] 147 | let foo: Vec<String> = Value::Array(vec!["a".into(), "b".into()]).convert()?;
[INFO] [stdout]     |                                                                            ^ cannot use the `?` operator in a function that returns `()`
[INFO] [stdout]     |
[INFO] [stdout] help: consider adding return type
[INFO] [stdout]     |
[INFO] [stdout] 139 ~ fn main() { #[allow(non_snake_case)] fn _doctest_main_src_modules_response_rs_138_0() -> Result<(), Box<dyn std::error::Error>> {
[INFO] [stdout] 140 | use fredis::types::Value;
[INFO] [stdout] ...
[INFO] [stdout] 152 |   Value::Array(vec!["a".into(), 1.into(), "b".into(), 2.into()]).convert()?;
[INFO] [stdout] 153 +     Ok(())
[INFO] [stdout]     |
[INFO] [stdout] 
[INFO] [stdout] error[E0277]: the `?` operator can only be used in a function that returns `Result` or `Option` (or another type that implements `FromResidual`)
[INFO] [stdout]    --> src/modules/response.rs:149:75
[INFO] [stdout]     |
[INFO] [stdout] 139 | fn main() { #[allow(non_snake_case)] fn _doctest_main_src_modules_response_rs_138_0() {
[INFO] [stdout]     |                                      ------------------------------------------------ this function should return `Result` or `Option` to accept `?`
[INFO] [stdout] ...
[INFO] [stdout] 149 |   Value::Array(vec!["a".into(), 1.into(), "b".into(), 2.into()]).convert()?;
[INFO] [stdout]     |                                                                           ^ cannot use the `?` operator in a function that returns `()`
[INFO] [stdout]     |
[INFO] [stdout] help: consider adding return type
[INFO] [stdout]     |
[INFO] [stdout] 139 ~ fn main() { #[allow(non_snake_case)] fn _doctest_main_src_modules_response_rs_138_0() -> Result<(), Box<dyn std::error::Error>> {
[INFO] [stdout] 140 | use fredis::types::Value;
[INFO] [stdout] ...
[INFO] [stdout] 152 |   Value::Array(vec!["a".into(), 1.into(), "b".into(), 2.into()]).convert()?;
[INFO] [stdout] 153 +     Ok(())
[INFO] [stdout]     |
[INFO] [stdout] 
[INFO] [stdout] error[E0277]: the `?` operator can only be used in a function that returns `Result` or `Option` (or another type that implements `FromResidual`)
[INFO] [stdout]    --> src/modules/response.rs:150:76
[INFO] [stdout]     |
[INFO] [stdout] 139 | fn main() { #[allow(non_snake_case)] fn _doctest_main_src_modules_response_rs_138_0() {
[INFO] [stdout]     |                                      ------------------------------------------------ this function should return `Result` or `Option` to accept `?`
[INFO] [stdout] ...
[INFO] [stdout] 150 | let foo: (String, i64) = Value::Array(vec!["a".into(), 1.into()]).convert()?;
[INFO] [stdout]     |                                                                            ^ cannot use the `?` operator in a function that returns `()`
[INFO] [stdout]     |
[INFO] [stdout] help: consider adding return type
[INFO] [stdout]     |
[INFO] [stdout] 139 ~ fn main() { #[allow(non_snake_case)] fn _doctest_main_src_modules_response_rs_138_0() -> Result<(), Box<dyn std::error::Error>> {
[INFO] [stdout] 140 | use fredis::types::Value;
[INFO] [stdout] ...
[INFO] [stdout] 152 |   Value::Array(vec!["a".into(), 1.into(), "b".into(), 2.into()]).convert()?;
[INFO] [stdout] 153 +     Ok(())
[INFO] [stdout]     |
[INFO] [stdout] 
[INFO] [stdout] error[E0277]: the `?` operator can only be used in a function that returns `Result` or `Option` (or another type that implements `FromResidual`)
[INFO] [stdout]    --> src/modules/response.rs:152:75
[INFO] [stdout]     |
[INFO] [stdout] 139 | fn main() { #[allow(non_snake_case)] fn _doctest_main_src_modules_response_rs_138_0() {
[INFO] [stdout]     |                                      ------------------------------------------------ this function should return `Result` or `Option` to accept `?`
[INFO] [stdout] ...
[INFO] [stdout] 152 |   Value::Array(vec!["a".into(), 1.into(), "b".into(), 2.into()]).convert()?;
[INFO] [stdout]     |                                                                           ^ cannot use the `?` operator in a function that returns `()`
[INFO] [stdout]     |
[INFO] [stdout] help: consider adding return type
[INFO] [stdout]     |
[INFO] [stdout] 139 ~ fn main() { #[allow(non_snake_case)] fn _doctest_main_src_modules_response_rs_138_0() -> Result<(), Box<dyn std::error::Error>> {
[INFO] [stdout] 140 | use fredis::types::Value;
[INFO] [stdout] ...
[INFO] [stdout] 152 |   Value::Array(vec!["a".into(), 1.into(), "b".into(), 2.into()]).convert()?;
[INFO] [stdout] 153 +     Ok(())
[INFO] [stdout]     |
[INFO] [stdout] 
[INFO] [stdout] error: aborting due to 9 previous errors
[INFO] [stdout] 
[INFO] [stdout] For more information about this error, try `rustc --explain E0277`.
[INFO] [stdout] Couldn't compile the test.
[INFO] [stdout] ---- src/modules/response.rs - modules::response::FromValue (line 163) stdout ----
[INFO] [stdout] error[E0277]: the `?` operator can only be used in a function that returns `Result` or `Option` (or another type that implements `FromResidual`)
[INFO] [stdout]    --> src/modules/response.rs:166:47
[INFO] [stdout]     |
[INFO] [stdout] 164 | fn main() { #[allow(non_snake_case)] fn _doctest_main_src_modules_response_rs_163_0() {
[INFO] [stdout]     |                                      ------------------------------------------------ this function should return `Result` or `Option` to accept `?`
[INFO] [stdout] 165 | use fredis::types::Value;
[INFO] [stdout] 166 | let _: String = Value::Array(vec![]).convert()?; // error
[INFO] [stdout]     |                                               ^ cannot use the `?` operator in a function that returns `()`
[INFO] [stdout]     |
[INFO] [stdout] help: consider adding return type
[INFO] [stdout]     |
[INFO] [stdout] 164 ~ fn main() { #[allow(non_snake_case)] fn _doctest_main_src_modules_response_rs_163_0() -> Result<(), Box<dyn std::error::Error>> {
[INFO] [stdout] 165 | use fredis::types::Value;
[INFO] [stdout] ...
[INFO] [stdout] 171 | let _: Option<String> = Value::Array(vec!["a".into(), "b".into()]).convert()?;
[INFO] [stdout] 172 +     Ok(())
[INFO] [stdout]     |
[INFO] [stdout] 
[INFO] [stdout] error[E0277]: the `?` operator can only be used in a function that returns `Result` or `Option` (or another type that implements `FromResidual`)
[INFO] [stdout]    --> src/modules/response.rs:167:57
[INFO] [stdout]     |
[INFO] [stdout] 164 | fn main() { #[allow(non_snake_case)] fn _doctest_main_src_modules_response_rs_163_0() {
[INFO] [stdout]     |                                      ------------------------------------------------ this function should return `Result` or `Option` to accept `?`
[INFO] [stdout] ...
[INFO] [stdout] 167 | let _: String = Value::Array(vec!["a".into()]).convert()?; // "a"
[INFO] [stdout]     |                                                         ^ cannot use the `?` operator in a function that returns `()`
[INFO] [stdout]     |
[INFO] [stdout] help: consider adding return type
[INFO] [stdout]     |
[INFO] [stdout] 164 ~ fn main() { #[allow(non_snake_case)] fn _doctest_main_src_modules_response_rs_163_0() -> Result<(), Box<dyn std::error::Error>> {
[INFO] [stdout] 165 | use fredis::types::Value;
[INFO] [stdout] ...
[INFO] [stdout] 171 | let _: Option<String> = Value::Array(vec!["a".into(), "b".into()]).convert()?;
[INFO] [stdout] 172 +     Ok(())
[INFO] [stdout]     |
[INFO] [stdout] 
[INFO] [stdout] error[E0277]: the `?` operator can only be used in a function that returns `Result` or `Option` (or another type that implements `FromResidual`)
[INFO] [stdout]    --> src/modules/response.rs:168:69
[INFO] [stdout]     |
[INFO] [stdout] 164 | fn main() { #[allow(non_snake_case)] fn _doctest_main_src_modules_response_rs_163_0() {
[INFO] [stdout]     |                                      ------------------------------------------------ this function should return `Result` or `Option` to accept `?`
[INFO] [stdout] ...
[INFO] [stdout] 168 | let _: String = Value::Array(vec!["a".into(), "b".into()]).convert()?; // error
[INFO] [stdout]     |                                                                     ^ cannot use the `?` operator in a function that returns `()`
[INFO] [stdout]     |
[INFO] [stdout] help: consider adding return type
[INFO] [stdout]     |
[INFO] [stdout] 164 ~ fn main() { #[allow(non_snake_case)] fn _doctest_main_src_modules_response_rs_163_0() -> Result<(), Box<dyn std::error::Error>> {
[INFO] [stdout] 165 | use fredis::types::Value;
[INFO] [stdout] ...
[INFO] [stdout] 171 | let _: Option<String> = Value::Array(vec!["a".into(), "b".into()]).convert()?;
[INFO] [stdout] 172 +     Ok(())
[INFO] [stdout]     |
[INFO] [stdout] 
[INFO] [stdout] error[E0277]: the `?` operator can only be used in a function that returns `Result` or `Option` (or another type that implements `FromResidual`)
[INFO] [stdout]    --> src/modules/response.rs:169:55
[INFO] [stdout]     |
[INFO] [stdout] 164 | fn main() { #[allow(non_snake_case)] fn _doctest_main_src_modules_response_rs_163_0() {
[INFO] [stdout]     |                                      ------------------------------------------------ this function should return `Result` or `Option` to accept `?`
[INFO] [stdout] ...
[INFO] [stdout] 169 | let _: Option<String> = Value::Array(vec![]).convert()?; // None
[INFO] [stdout]     |                                                       ^ cannot use the `?` operator in a function that returns `()`
[INFO] [stdout]     |
[INFO] [stdout] help: consider adding return type
[INFO] [stdout]     |
[INFO] [stdout] 164 ~ fn main() { #[allow(non_snake_case)] fn _doctest_main_src_modules_response_rs_163_0() -> Result<(), Box<dyn std::error::Error>> {
[INFO] [stdout] 165 | use fredis::types::Value;
[INFO] [stdout] ...
[INFO] [stdout] 171 | let _: Option<String> = Value::Array(vec!["a".into(), "b".into()]).convert()?;
[INFO] [stdout] 172 +     Ok(())
[INFO] [stdout]     |
[INFO] [stdout] 
[INFO] [stdout] error[E0277]: the `?` operator can only be used in a function that returns `Result` or `Option` (or another type that implements `FromResidual`)
[INFO] [stdout]    --> src/modules/response.rs:170:65
[INFO] [stdout]     |
[INFO] [stdout] 164 | fn main() { #[allow(non_snake_case)] fn _doctest_main_src_modules_response_rs_163_0() {
[INFO] [stdout]     |                                      ------------------------------------------------ this function should return `Result` or `Option` to accept `?`
[INFO] [stdout] ...
[INFO] [stdout] 170 | let _: Option<String> = Value::Array(vec!["a".into()]).convert()?; // Some("a")
[INFO] [stdout]     |                                                                 ^ cannot use the `?` operator in a function that returns `()`
[INFO] [stdout]     |
[INFO] [stdout] help: consider adding return type
[INFO] [stdout]     |
[INFO] [stdout] 164 ~ fn main() { #[allow(non_snake_case)] fn _doctest_main_src_modules_response_rs_163_0() -> Result<(), Box<dyn std::error::Error>> {
[INFO] [stdout] 165 | use fredis::types::Value;
[INFO] [stdout] ...
[INFO] [stdout] 171 | let _: Option<String> = Value::Array(vec!["a".into(), "b".into()]).convert()?;
[INFO] [stdout] 172 +     Ok(())
[INFO] [stdout]     |
[INFO] [stdout] 
[INFO] [stdout] error[E0277]: the `?` operator can only be used in a function that returns `Result` or `Option` (or another type that implements `FromResidual`)
[INFO] [stdout]    --> src/modules/response.rs:171:77
[INFO] [stdout]     |
[INFO] [stdout] 164 | fn main() { #[allow(non_snake_case)] fn _doctest_main_src_modules_response_rs_163_0() {
[INFO] [stdout]     |                                      ------------------------------------------------ this function should return `Result` or `Option` to accept `?`
[INFO] [stdout] ...
[INFO] [stdout] 171 | let _: Option<String> = Value::Array(vec!["a".into(), "b".into()]).convert()?;
[INFO] [stdout]     |                                                                             ^ cannot use the `?` operator in a function that returns `()`
[INFO] [stdout]     |
[INFO] [stdout] help: consider adding return type
[INFO] [stdout]     |
[INFO] [stdout] 164 ~ fn main() { #[allow(non_snake_case)] fn _doctest_main_src_modules_response_rs_163_0() -> Result<(), Box<dyn std::error::Error>> {
[INFO] [stdout] 165 | use fredis::types::Value;
[INFO] [stdout] ...
[INFO] [stdout] 171 | let _: Option<String> = Value::Array(vec!["a".into(), "b".into()]).convert()?;
[INFO] [stdout] 172 +     Ok(())
[INFO] [stdout]     |
[INFO] [stdout] 
[INFO] [stdout] error: aborting due to 6 previous errors
[INFO] [stdout] 
[INFO] [stdout] For more information about this error, try `rustc --explain E0277`.
[INFO] [stdout] Couldn't compile the test.
[INFO] [stdout] ---- src/types/builder.rs - types::builder::Builder (line 20) stdout ----
[INFO] [stdout] error[E0599]: no method named `build_subscriber_client` found for struct `fredis::types::Builder` in the current scope
[INFO] [stdout]   --> src/types/builder.rs:52:28
[INFO] [stdout]    |
[INFO] [stdout] 52 |   let subscriber = builder.build_subscriber_client()?;
[INFO] [stdout]    |                            ^^^^^^^^^^^^^^^^^^^^^^^ method not found in `fredis::types::Builder`
[INFO] [stdout] 
[INFO] [stdout] error: aborting due to 1 previous error
[INFO] [stdout] 
[INFO] [stdout] For more information about this error, try `rustc --explain E0599`.
[INFO] [stdout] Couldn't compile the test.
[INFO] [stdout] ---- src/runtime/_tokio.rs - runtime::_tokio::ClientLike::init (line 380) stdout ----
[INFO] [stdout] Test executable failed (exit status: 1).
[INFO] [stdout] 
[INFO] [stdout] stderr:
[INFO] [stdout] Error: Error { details: "Os { code: 111, kind: ConnectionRefused, message: \"Connection refused\" }", kind: IO }
[INFO] [stdout] 
[INFO] [stdout] 
[INFO] [stdout] ---- src/clients/pool.rs - clients::pool::Pool::init (line 251) stdout ----
[INFO] [stdout] Test executable failed (exit status: 1).
[INFO] [stdout] 
[INFO] [stdout] stderr:
[INFO] [stdout] Error: Error { details: "Os { code: 111, kind: ConnectionRefused, message: \"Connection refused\" }", kind: IO }
[INFO] [stdout] 
[INFO] [stdout] 
[INFO] [stdout] ---- src/clients/pool.rs - clients::pool::ExclusivePool::init (line 579) stdout ----
[INFO] [stdout] Test executable failed (exit status: 1).
[INFO] [stdout] 
[INFO] [stdout] stderr:
[INFO] [stdout] Error: Error { details: "Os { code: 111, kind: ConnectionRefused, message: \"Connection refused\" }", kind: IO }
[INFO] [stdout] 
[INFO] [stdout] 
[INFO] [stdout] 
[INFO] [stdout] failures:
[INFO] [stdout]     src/../README.md - (line 33)
[INFO] [stdout]     src/clients/client.rs - clients::client::Client::with_cluster_node (line 340)
[INFO] [stdout]     src/clients/pool.rs - clients::pool::ExclusivePool (line 408)
[INFO] [stdout]     src/clients/pool.rs - clients::pool::ExclusivePool (line 423)
[INFO] [stdout]     src/clients/pool.rs - clients::pool::ExclusivePool::init (line 579)
[INFO] [stdout]     src/clients/pool.rs - clients::pool::Pool::init (line 251)
[INFO] [stdout]     src/modules/response.rs - modules::response::FromValue (line 138)
[INFO] [stdout]     src/modules/response.rs - modules::response::FromValue (line 163)
[INFO] [stdout]     src/runtime/_tokio.rs - runtime::_tokio::ClientLike::init (line 380)
[INFO] [stdout]     src/types/builder.rs - types::builder::Builder (line 20)
[INFO] [stdout] 
[INFO] [stdout] test result: FAILED. 9 passed; 10 failed; 0 ignored; 0 measured; 0 filtered out; finished in 3.60s
[INFO] [stdout] 
[INFO] [stdout] all doctests ran in 4.19s; merged doctests compilation took 0.58s
[INFO] [stderr] error: doctest failed, to rerun pass `--doc`
[INFO] running `Command { std: "docker" "inspect" "2d1847198d39060f0bb0b47c3727618923683378de96983dca0f8cd3091737d8", kill_on_drop: false }`
[INFO] running `Command { std: "docker" "rm" "-f" "2d1847198d39060f0bb0b47c3727618923683378de96983dca0f8cd3091737d8", kill_on_drop: false }`
[INFO] [stdout] 2d1847198d39060f0bb0b47c3727618923683378de96983dca0f8cd3091737d8
