[INFO] fetching crate cavs-cli 1.7.0...
[INFO] testing cavs-cli-1.7.0 against 1.99.0-beta.8 for beta-1.100-2
[INFO] extracting crate cavs-cli 1.7.0 into /workspace/builds/worker-7-tc1/source
[INFO] started tweaking crates.io crate cavs-cli 1.7.0
[INFO] removed 0 missing tests
[INFO] finished tweaking crates.io crate cavs-cli 1.7.0
[INFO] tweaked toml for crates.io crate cavs-cli 1.7.0 written to /workspace/builds/worker-7-tc1/source/Cargo.toml
[INFO] validating manifest of crates.io crate cavs-cli 1.7.0 on toolchain 1.99.0-beta.8
[INFO] running `Command { std: CARGO_HOME="/workspace/cargo-home" RUSTUP_HOME="/workspace/rustup-home" "/workspace/cargo-home/bin/cargo" "+1.99.0-beta.8" "metadata" "--manifest-path" "Cargo.toml" "--no-deps", kill_on_drop: false }`
[INFO] crate crates.io crate cavs-cli 1.7.0 already has a lockfile, it will not be regenerated
[INFO] running `Command { std: CARGO_HOME="/workspace/cargo-home" RUSTUP_HOME="/workspace/rustup-home" "/workspace/cargo-home/bin/cargo" "+1.99.0-beta.8" "fetch" "--manifest-path" "Cargo.toml", kill_on_drop: false }`
[INFO] [stderr]     Updating crates.io index
[INFO] [stderr]  Downloading crates ...
[INFO] [stderr]   Downloaded cavs-hash v1.7.0
[INFO] [stderr]   Downloaded alloc-stdlib v0.2.4
[INFO] [stderr]   Downloaded uuid v1.23.4
[INFO] [stderr]   Downloaded fastcdc v3.2.1
[INFO] [stderr]   Downloaded cavs-store v1.7.0
[INFO] [stderr]   Downloaded cavs-manifest v1.7.0
[INFO] [stderr]   Downloaded cc v1.2.65
[INFO] [stderr]   Downloaded cavs-analyzer v1.7.0
[INFO] [stderr]   Downloaded bytes v1.12.0
[INFO] [stderr]   Downloaded memchr v2.8.2
[INFO] [stderr]   Downloaded syn v2.0.118
[INFO] [stderr]   Downloaded brotli-decompressor v4.0.3
[INFO] [stderr]   Downloaded cavs-signature v1.7.0
[INFO] [stderr]   Downloaded cavs-chunker v1.7.0
[INFO] [stderr]   Downloaded cavs-plan v1.7.0
[INFO] [stderr]   Downloaded cavs-workspace v1.7.0
[INFO] [stderr]   Downloaded cavs-proto v1.7.0
[INFO] [stderr]   Downloaded cavs-format v1.7.0
[INFO] running `Command { std: "docker" "create" "-v" "/var/lib/crater-agent-workspace/builds/worker-7-tc1/source:/opt/rustwide/workdir:ro,Z" "-v" "/var/lib/crater-agent-workspace/builds/worker-7-tc1/target:/opt/rustwide/target:rw,Z" "-v" "/var/lib/crater-agent-workspace/cargo-home:/opt/rustwide/cargo-home:ro,Z" "-v" "/var/lib/crater-agent-workspace/rustup-home:/opt/rustwide/rustup-home:ro,Z" "-m" "1610612736" "--network" "none" "ghcr.io/rust-lang/crates-build-env/linux@sha256:3111399a4047eeb3a02b7a90e478d715f38a8c6669b5c4b49d30a17385265909" "sleep" "infinity", kill_on_drop: false }`
[INFO] [stdout] 3199629b2402325061904fdb2c8b3d5c38448efac21df1963e8e0c23791bce96
[INFO] running `Command { std: "docker" "start" "3199629b2402325061904fdb2c8b3d5c38448efac21df1963e8e0c23791bce96", kill_on_drop: false }`
[INFO] running `Command { std: "docker" "inspect" "3199629b2402325061904fdb2c8b3d5c38448efac21df1963e8e0c23791bce96", kill_on_drop: false }`
[INFO] running `Command { std: "docker" "exec" "-e" "SOURCE_DIR=/opt/rustwide/workdir" "-e" "CARGO_HOME=/opt/rustwide/cargo-home" "-e" "RUSTUP_HOME=/opt/rustwide/rustup-home" "-e" "CARGO_TARGET_DIR=/opt/rustwide/target" "-w" "/opt/rustwide/workdir" "--user" "0:0" "3199629b2402325061904fdb2c8b3d5c38448efac21df1963e8e0c23791bce96" "/opt/rustwide/cargo-home/bin/cargo" "+1.99.0-beta.8" "metadata" "--no-deps" "--format-version=1", kill_on_drop: false }`
[INFO] running `Command { std: "docker" "inspect" "3199629b2402325061904fdb2c8b3d5c38448efac21df1963e8e0c23791bce96", kill_on_drop: false }`
[INFO] running `Command { std: "docker" "exec" "-e" "SOURCE_DIR=/opt/rustwide/workdir" "-e" "CARGO_HOME=/opt/rustwide/cargo-home" "-e" "RUSTUP_HOME=/opt/rustwide/rustup-home" "-e" "CARGO_TARGET_DIR=/opt/rustwide/target" "-e" "CARGO_INCREMENTAL=0" "-e" "RUST_BACKTRACE=full" "-e" "RUSTFLAGS=--cap-lints=warn" "-e" "RUSTDOCFLAGS=--cap-lints=warn" "-w" "/opt/rustwide/workdir" "--user" "0:0" "3199629b2402325061904fdb2c8b3d5c38448efac21df1963e8e0c23791bce96" "/opt/rustwide/cargo-home/bin/cargo" "+1.99.0-beta.8" "build" "--frozen" "--message-format=json", kill_on_drop: false }`
[INFO] [stderr]    Compiling libc v0.2.186
[INFO] [stderr]    Compiling quote v1.0.46
[INFO] [stderr]    Compiling find-msvc-tools v0.1.9
[INFO] [stderr]    Compiling shlex v2.0.1
[INFO] [stderr]    Compiling serde_core v1.0.228
[INFO] [stderr]    Compiling typenum v1.20.1
[INFO] [stderr]    Compiling serde v1.0.228
[INFO] [stderr]    Compiling pkg-config v0.3.33
[INFO] [stderr]    Compiling constant_time_eq v0.4.2
[INFO] [stderr]    Compiling arrayvec v0.7.8
[INFO] [stderr]    Compiling arrayref v0.3.9
[INFO] [stderr]    Compiling cpufeatures v0.3.0
[INFO] [stderr]    Compiling generic-array v0.14.7
[INFO] [stderr]    Compiling serde_json v1.0.150
[INFO] [stderr]    Compiling memchr v2.8.2
[INFO] [stderr]    Compiling thiserror v2.0.18
[INFO] [stderr]    Compiling zstd-safe v7.2.4
[INFO] [stderr]    Compiling crossbeam-utils v0.8.22
[INFO] [stderr]    Compiling bytes v1.12.0
[INFO] [stderr]    Compiling semver v1.0.28
[INFO] [stderr]    Compiling zeroize v1.9.0
[INFO] [stderr]    Compiling crossbeam-epoch v0.9.20
[INFO] [stderr]    Compiling subtle v2.6.1
[INFO] [stderr]    Compiling crossbeam-deque v0.8.7
[INFO] [stderr]    Compiling rayon-core v1.13.0
[INFO] [stderr]    Compiling rustc_version v0.4.1
[INFO] [stderr]    Compiling rustix v1.1.4
[INFO] [stderr]    Compiling tracing-core v0.1.36
[INFO] [stderr]    Compiling signature v2.2.0
[INFO] [stderr]    Compiling tower-service v0.3.3
[INFO] [stderr]    Compiling log v0.4.33
[INFO] [stderr]    Compiling utf8parse v0.2.2
[INFO] [stderr]    Compiling getrandom v0.4.3
[INFO] [stderr]    Compiling bitflags v2.13.0
[INFO] [stderr]    Compiling hashbrown v0.17.1
[INFO] [stderr]    Compiling linux-raw-sys v0.12.1
[INFO] [stderr]    Compiling anyhow v1.0.103
[INFO] [stderr]    Compiling syn v2.0.118
[INFO] [stderr]    Compiling anstyle-parse v1.0.0
[INFO] [stderr]    Compiling ed25519 v2.2.3
[INFO] [stderr]    Compiling curve25519-dalek v4.1.3
[INFO] [stderr]    Compiling futures-channel v0.3.32
[INFO] [stderr]    Compiling sync_wrapper v1.0.2
[INFO] [stderr]    Compiling httpdate v1.0.3
[INFO] [stderr]    Compiling futures-task v0.3.32
[INFO] [stderr]    Compiling smallvec v1.15.2
[INFO] [stderr]    Compiling anstyle v1.0.14
[INFO] [stderr]    Compiling either v1.16.0
[INFO] [stderr]    Compiling http v1.4.2
[INFO] [stderr]    Compiling tracing v0.1.44
[INFO] [stderr]    Compiling tower-layer v0.3.3
[INFO] [stderr]    Compiling slab v0.4.12
[INFO] [stderr]    Compiling atomic-waker v1.1.2
[INFO] [stderr]    Compiling is_terminal_polyfill v1.70.2
[INFO] [stderr]    Compiling fastcdc v3.2.1
[INFO] [stderr]    Compiling colorchoice v1.0.5
[INFO] [stderr]    Compiling winnow v0.7.15
[INFO] [stderr]    Compiling anstyle-query v1.1.5
[INFO] [stderr]    Compiling toml_write v0.1.2
[INFO] [stderr]    Compiling anstream v1.0.0
[INFO] [stderr]    Compiling cavs-chunker v1.7.0
[INFO] [stderr]    Compiling futures-util v0.3.32
[INFO] [stderr]    Compiling form_urlencoded v1.2.2
[INFO] [stderr]    Compiling ryu v1.0.23
[INFO] [stderr]    Compiling heck v0.5.0
[INFO] [stderr]    Compiling indexmap v2.14.0
[INFO] [stderr]    Compiling opaque-debug v0.3.1
[INFO] [stderr]    Compiling mime v0.3.17
[INFO] [stderr]    Compiling strsim v0.11.1
[INFO] [stderr]    Compiling clap_lex v1.1.0
[INFO] [stderr]    Compiling matchit v0.8.4
[INFO] [stderr]    Compiling fastrand v2.4.1
[INFO] [stderr]    Compiling clap_builder v4.6.0
[INFO] [stderr]    Compiling jobserver v0.1.34
[INFO] [stderr]    Compiling getrandom v0.2.17
[INFO] [stderr]    Compiling errno v0.3.14
[INFO] [stderr]    Compiling socket2 v0.6.4
[INFO] [stderr]    Compiling mio v1.2.1
[INFO] [stderr]    Compiling memmap2 v0.9.11
[INFO] [stderr]    Compiling rand_core v0.6.4
[INFO] [stderr]    Compiling http-body v1.0.1
[INFO] [stderr]    Compiling signal-hook-registry v1.4.8
[INFO] [stderr]    Compiling http-body-util v0.1.3
[INFO] [stderr]    Compiling cc v1.2.65
[INFO] [stderr]    Compiling crypto-common v0.1.7
[INFO] [stderr]    Compiling block-buffer v0.10.4
[INFO] [stderr]    Compiling inout v0.1.4
[INFO] [stderr]    Compiling universal-hash v0.5.1
[INFO] [stderr]    Compiling cipher v0.4.4
[INFO] [stderr]    Compiling rayon v1.12.0
[INFO] [stderr]    Compiling digest v0.10.7
[INFO] [stderr]    Compiling poly1305 v0.8.0
[INFO] [stderr]    Compiling axum-core v0.5.6
[INFO] [stderr]    Compiling aead v0.5.2
[INFO] [stderr]    Compiling filetime v0.2.29
[INFO] [stderr]    Compiling uuid v1.23.4
[INFO] [stderr]    Compiling sha2 v0.10.9
[INFO] [stderr]    Compiling chacha20 v0.9.1
[INFO] [stderr]    Compiling chacha20poly1305 v0.10.1
[INFO] [stderr]    Compiling xattr v1.6.1
[INFO] [stderr]    Compiling tempfile v3.27.0
[INFO] [stderr]    Compiling tar v0.4.46
[INFO] [stderr]    Compiling blake3 v1.8.5
[INFO] [stderr]    Compiling zstd-sys v2.0.16+zstd.1.5.7
[INFO] [stderr]    Compiling serde_path_to_error v0.1.20
[INFO] [stderr]    Compiling cavs-hash v1.7.0
[INFO] [stderr]    Compiling serde_derive v1.0.228
[INFO] [stderr]    Compiling thiserror-impl v2.0.18
[INFO] [stderr]    Compiling tokio-macros v2.7.0
[INFO] [stderr]    Compiling curve25519-dalek-derive v0.1.1
[INFO] [stderr]    Compiling clap_derive v4.6.1
[INFO] [stderr]    Compiling tokio v1.52.3
[INFO] [stderr]    Compiling cavs-signature v1.7.0
[INFO] [stderr]    Compiling ed25519-dalek v2.2.0
[INFO] [stderr]    Compiling clap v4.6.1
[INFO] [stderr]    Compiling cavs-proto v1.7.0
[INFO] [stderr]    Compiling toml_datetime v0.6.11
[INFO] [stderr]    Compiling serde_spanned v0.6.9
[INFO] [stderr]    Compiling serde_urlencoded v0.7.1
[INFO] [stderr]    Compiling toml_edit v0.22.27
[INFO] [stderr]    Compiling hyper v1.10.1
[INFO] [stderr]    Compiling tower v0.5.3
[INFO] [stderr]    Compiling zstd v0.13.3
[INFO] [stderr]    Compiling cavs-store v1.7.0
[INFO] [stderr]    Compiling cavs-analyzer v1.7.0
[INFO] [stderr]    Compiling cavs-plan v1.7.0
[INFO] [stderr]    Compiling hyper-util v0.1.20
[INFO] [stderr]    Compiling axum v0.8.9
[INFO] [stderr]    Compiling cavs-format v1.7.0
[INFO] [stderr]    Compiling toml v0.8.23
[INFO] [stderr]    Compiling cavs-manifest v1.7.0
[INFO] [stderr]    Compiling cavs-workspace v1.7.0
[INFO] [stderr]    Compiling cavs-cli v1.7.0 (/opt/rustwide/workdir)
[INFO] [stderr]     Finished `dev` profile [unoptimized + debuginfo] target(s) in 1m 16s
[INFO] running `Command { std: "docker" "inspect" "3199629b2402325061904fdb2c8b3d5c38448efac21df1963e8e0c23791bce96", kill_on_drop: false }`
[INFO] running `Command { std: "docker" "exec" "-e" "SOURCE_DIR=/opt/rustwide/workdir" "-e" "CARGO_HOME=/opt/rustwide/cargo-home" "-e" "RUSTUP_HOME=/opt/rustwide/rustup-home" "-e" "CARGO_TARGET_DIR=/opt/rustwide/target" "-e" "CARGO_INCREMENTAL=0" "-e" "RUST_BACKTRACE=full" "-e" "RUSTFLAGS=--cap-lints=warn" "-e" "RUSTDOCFLAGS=--cap-lints=warn" "-w" "/opt/rustwide/workdir" "--user" "0:0" "3199629b2402325061904fdb2c8b3d5c38448efac21df1963e8e0c23791bce96" "/opt/rustwide/cargo-home/bin/cargo" "+1.99.0-beta.8" "test" "--frozen" "--no-run" "--message-format=json", kill_on_drop: false }`
[INFO] [stderr]    Compiling cavs-cli v1.7.0 (/opt/rustwide/workdir)
[INFO] [stderr]     Finished `test` profile [unoptimized + debuginfo] target(s) in 12.77s
[INFO] running `Command { std: "docker" "inspect" "3199629b2402325061904fdb2c8b3d5c38448efac21df1963e8e0c23791bce96", kill_on_drop: false }`
[INFO] running `Command { std: "docker" "exec" "-e" "SOURCE_DIR=/opt/rustwide/workdir" "-e" "CARGO_HOME=/opt/rustwide/cargo-home" "-e" "RUSTUP_HOME=/opt/rustwide/rustup-home" "-e" "CARGO_TARGET_DIR=/opt/rustwide/target" "-e" "CARGO_INCREMENTAL=0" "-e" "RUST_BACKTRACE=full" "-e" "RUSTFLAGS=--cap-lints=warn" "-e" "RUSTDOCFLAGS=--cap-lints=warn" "-w" "/opt/rustwide/workdir" "--user" "0:0" "3199629b2402325061904fdb2c8b3d5c38448efac21df1963e8e0c23791bce96" "/opt/rustwide/cargo-home/bin/cargo" "+1.99.0-beta.8" "test" "--frozen", kill_on_drop: false }`
[INFO] [stderr]     Finished `test` profile [unoptimized + debuginfo] target(s) in 0.16s
[INFO] [stderr]      Running unittests src/main.rs (/opt/rustwide/target/debug/deps/cavs-bdf1ba8ec10397d9)
[INFO] [stdout] 
[INFO] [stdout] running 74 tests
[INFO] [stdout] test analyze_packs::tests::garbage_is_rejected ... ok
[INFO] [stdout] test ignore::tests::basename_patterns_match_any_depth ... ok
[INFO] [stdout] test ignore::tests::anchored_patterns_match_from_root ... ok
[INFO] [stdout] test blob_detect::tests::magics_are_recognized ... ok
[INFO] [stdout] test analyze_packs::tests::synthetic_pck_round_trips_both_formats ... ok
[INFO] [stdout] test classify::tests::extension_fallbacks ... ok
[INFO] [stdout] test ignore::tests::directory_patterns_swallow_subtrees ... ok
[INFO] [stdout] test classify::tests::godot_pck_magic_wins_over_extension ... ok
[INFO] [stdout] test blob_detect::tests::entropy_classification ... ok
[INFO] [stdout] test io_estimate::tests::human_seconds_formatting ... ok
[INFO] [stdout] test ffmpeg::tests::parses_extinf_pairs ... ok
[INFO] [stdout] test io_estimate::tests::default_profiles_match_plan ... ok
[INFO] [stdout] test io_estimate::tests::seconds_scale_with_device ... ok
[INFO] [stdout] test ignore::tests::question_mark_and_star_stay_in_segment ... ok
[INFO] [stdout] test ignore::tests::ignore_file_itself_is_always_excluded ... ok
[INFO] [stdout] test io_estimate::tests::custom_profiles_parse ... ok
[INFO] [stdout] test patch_policy::tests::disabled_policy_plans_nothing ... ok
[INFO] [stdout] test patch_policy::tests::pinned_pairs_and_caps ... ok
[INFO] [stdout] test patch_policy_bench::model::tests::base_hub_routes_need_bidirectional ... ok
[INFO] [stdout] test ignore::tests::cavsignore_file_is_parsed ... ok
[INFO] [stdout] test patch_policy::tests::default_policy_picks_hot_pairs_not_all_pairs ... ok
[INFO] [stdout] test patch_policy_bench::model::tests::adjacent_is_linear ... ok
[INFO] [stdout] test patch_policy_bench::model::tests::hot_pairs_add_direct_edges_to_latest ... ok
[INFO] [stdout] test patch_policy_bench::simulate::tests::budget_parse_handles_sizes_and_multiples ... ok
[INFO] [stdout] test patch_policy_bench::simulate::tests::greedy_selection_prefers_savings_per_byte_and_respects_budget ... ok
[INFO] [stdout] test patch_policy_bench::model::tests::ladder_path_is_logarithmic ... ok
[INFO] [stdout] test patch_policy_bench::engines::tests::missing_tools_are_reported_not_fatal ... ok
[INFO] [stdout] test patch_policy_bench::simulate::tests::weighted_percentiles_respect_probability_mass ... ok
[INFO] [stdout] test patch_policy_bench::tests::semver_sort_orders_numerically ... ok
[INFO] [stdout] test classify::tests::zeros_are_low_entropy_and_compressible ... ok
[INFO] [stdout] test patch_policy_bench::traffic::tests::adjacent_heavy_weights_adjacent_pairs_most ... ok
[INFO] [stdout] test patch_policy_bench::traffic::tests::builtins_expand_and_normalize ... ok
[INFO] [stdout] test patch_policy_bench::traffic::tests::custom_toml_round_trips ... ok
[INFO] [stdout] test patch_policy_bench::model::tests::dense_ladder_covers_unaligned_starts ... ok
[INFO] [stdout] test patch_policy_bench::traffic::tests::tiny_streams_drop_unmatchable_rules ... ok
[INFO] [stdout] test patch_policy_bench::traffic::tests::unknown_model_is_a_clear_error ... ok
[INFO] [stdout] test classify::tests::jpeg_magic_is_precompressed ... ok
[INFO] [stdout] test patch_policy_bench::model::tests::aligned_ladder_stays_under_2n ... ok
[INFO] [stdout] test patch_policy_bench::model::tests::all_pairs_is_quadratic_and_one_hop ... ok
[INFO] [stdout] test patch_policy_bench::model::tests::cheapest_path_prefers_fewer_bytes_over_fewer_steps ... ok
[INFO] [stdout] test classify::tests::random_bytes_look_precompressed ... ok
[INFO] [stdout] test plan_update::tests::client_state_parsing_rejects_unknown ... ok
[INFO] [stdout] test plan_update::tests::every_policy_parses ... ok
[INFO] [stdout] test patch_policy_bench::tests::glob_and_sort_discover_versions ... ok
[INFO] [stdout] test patch_policy_bench::engines::tests::cavs_inventory_serves_updates_and_reinstalls ... ok
[INFO] [stdout] test patch_policy_bench::tests::gen_stream_is_deterministic_and_drifts ... ok
[INFO] [stdout] test build_cmd::tests::sign_verify_and_tamper_detection ... ok
[INFO] [stdout] test bench_env::tests::capture_produces_complete_metadata ... ok
[INFO] [stdout] test patch_policy_bench::tests::structure_only_graph_declines_simulation ... ok
[INFO] [stdout] test profile::tests::profile_labels_roundtrip ... ok
[INFO] [stdout] test build_cmd::tests::encrypt_round_trip_and_wrong_key ... ok
[INFO] [stdout] test patch_policy_bench::engines::tests::cavsplan_engine_measures_and_verifies ... ok
[INFO] [stdout] test route_plan::tests::noop_when_already_up_to_date ... ok
[INFO] [stdout] test profile::tests::identical_versions_have_full_reuse ... ok
[INFO] [stdout] test steampipe_cmd::tests::mismatched_kinds_rejected ... ok
[INFO] [stdout] test plan_update::tests::update_prefers_delta_and_fresh_prefers_bootstrap ... ok
[INFO] [stdout] test tool_metrics::tests::available_false_for_missing_binary ... ok
[INFO] [stdout] test plan_update::tests::missing_routes_are_never_chosen ... ok
[INFO] [stdout] test tool_metrics::tests::available_true_for_a_real_cli_that_exits ... ok
[INFO] [stdout] test tool_metrics::tests::rss_parsing_handles_both_formats ... ok
[INFO] [stdout] test route_plan::tests::fresh_install_prefers_bootstrap_and_update_prefers_delta ... ok
[INFO] [stdout] test plan_update::tests::warm_cache_unlocks_the_chunk_route ... ok
[INFO] [stdout] test steampipe_cmd::tests::markdown_labels_the_estimate ... ok
[INFO] [stdout] test profile::tests::n3_scores_far_less_reuse_than_n1_against_an_n1_published_stream ... ok
[INFO] [stdout] test patch_v2::tests::artifact_patch_roundtrip ... ok
[INFO] [stdout] test patch_v2::tests::corruption_is_rejected_and_nothing_committed ... ok
[INFO] [stdout] test tool_metrics::tests::available_does_not_hang_on_a_never_exiting_binary ... ok
[INFO] [stdout] test profile::tests::n3_profiles_do_not_regress_update_egress ... ok
[INFO] [stdout] test profile::tests::incompressible_payload_prefers_large_chunks_for_cold_install ... FAILED
[INFO] [stdout] test patch_v2::tests::dir_patch_roundtrip_with_renames ... ok
[INFO] [stdout] test patch_v2::tests::memory_budget_is_enforced ... ok
[INFO] [stdout] test profile::tests::localized_update_with_prev_prefers_small_cdc ... ok
[INFO] [stdout] test profile::tests::shifted_payload_prefers_cdc_for_updates ... ok
[INFO] [stdout] test patch_policy_bench::tests::end_to_end_bench_with_cavsplan_only ... ok
[INFO] [stdout] 
[INFO] [stdout] failures:
[INFO] [stdout] 
[INFO] [stdout] ---- profile::tests::incompressible_payload_prefers_large_chunks_for_cold_install stdout ----
[INFO] [stdout] 
[INFO] [stdout] thread 'profile::tests::incompressible_payload_prefers_large_chunks_for_cold_install' (2276) panicked at src/profile.rs:384:9:
[INFO] [stdout] assertion `left == right` failed: estimates: [
[INFO] [stdout]     ProfileEstimate {
[INFO] [stdout]         profile: Fixed256K,
[INFO] [stdout]         chunk_count: 32,
[INFO] [stdout]         storage_bytes: 8388608,
[INFO] [stdout]         cold_egress_bytes: 8391104,
[INFO] [stdout]         update_egress_bytes: 8391104,
[INFO] [stdout]         manifest_bytes: 1152,
[INFO] [stdout]         request_count: 3,
[INFO] [stdout]         encode_ms: 18,
[INFO] [stdout]         reuse_ratio: 0.0,
[INFO] [stdout]     },
[INFO] [stdout]     ProfileEstimate {
[INFO] [stdout]         profile: Fixed512K,
[INFO] [stdout]         chunk_count: 16,
[INFO] [stdout]         storage_bytes: 8388608,
[INFO] [stdout]         cold_egress_bytes: 8389856,
[INFO] [stdout]         update_egress_bytes: 8389856,
[INFO] [stdout]         manifest_bytes: 576,
[INFO] [stdout]         request_count: 3,
[INFO] [stdout]         encode_ms: 16,
[INFO] [stdout]         reuse_ratio: 0.0,
[INFO] [stdout]     },
[INFO] [stdout]     ProfileEstimate {
[INFO] [stdout]         profile: Fixed1M,
[INFO] [stdout]         chunk_count: 8,
[INFO] [stdout]         storage_bytes: 8388608,
[INFO] [stdout]         cold_egress_bytes: 8389232,
[INFO] [stdout]         update_egress_bytes: 8389232,
[INFO] [stdout]         manifest_bytes: 288,
[INFO] [stdout]         request_count: 3,
[INFO] [stdout]         encode_ms: 28,
[INFO] [stdout]         reuse_ratio: 0.0,
[INFO] [stdout]     },
[INFO] [stdout]     ProfileEstimate {
[INFO] [stdout]         profile: FastCdc16K,
[INFO] [stdout]         chunk_count: 478,
[INFO] [stdout]         storage_bytes: 8388608,
[INFO] [stdout]         cold_egress_bytes: 8425892,
[INFO] [stdout]         update_egress_bytes: 8425892,
[INFO] [stdout]         manifest_bytes: 17208,
[INFO] [stdout]         request_count: 3,
[INFO] [stdout]         encode_ms: 333,
[INFO] [stdout]         reuse_ratio: 0.0,
[INFO] [stdout]     },
[INFO] [stdout]     ProfileEstimate {
[INFO] [stdout]         profile: FastCdc32K,
[INFO] [stdout]         chunk_count: 240,
[INFO] [stdout]         storage_bytes: 8388608,
[INFO] [stdout]         cold_egress_bytes: 8407328,
[INFO] [stdout]         update_egress_bytes: 8407328,
[INFO] [stdout]         manifest_bytes: 8640,
[INFO] [stdout]         request_count: 3,
[INFO] [stdout]         encode_ms: 313,
[INFO] [stdout]         reuse_ratio: 0.0,
[INFO] [stdout]     },
[INFO] [stdout]     ProfileEstimate {
[INFO] [stdout]         profile: FastCdc64K,
[INFO] [stdout]         chunk_count: 103,
[INFO] [stdout]         storage_bytes: 8388608,
[INFO] [stdout]         cold_egress_bytes: 8396642,
[INFO] [stdout]         update_egress_bytes: 8396642,
[INFO] [stdout]         manifest_bytes: 3708,
[INFO] [stdout]         request_count: 3,
[INFO] [stdout]         encode_ms: 142,
[INFO] [stdout]         reuse_ratio: 0.0,
[INFO] [stdout]     },
[INFO] [stdout]     ProfileEstimate {
[INFO] [stdout]         profile: FastCdc128K,
[INFO] [stdout]         chunk_count: 57,
[INFO] [stdout]         storage_bytes: 8388608,
[INFO] [stdout]         cold_egress_bytes: 8393054,
[INFO] [stdout]         update_egress_bytes: 8393054,
[INFO] [stdout]         manifest_bytes: 2052,
[INFO] [stdout]         request_count: 3,
[INFO] [stdout]         encode_ms: 104,
[INFO] [stdout]         reuse_ratio: 0.0,
[INFO] [stdout]     },
[INFO] [stdout]     ProfileEstimate {
[INFO] [stdout]         profile: FastCdc256K,
[INFO] [stdout]         chunk_count: 27,
[INFO] [stdout]         storage_bytes: 8388608,
[INFO] [stdout]         cold_egress_bytes: 8390714,
[INFO] [stdout]         update_egress_bytes: 8390714,
[INFO] [stdout]         manifest_bytes: 972,
[INFO] [stdout]         request_count: 3,
[INFO] [stdout]         encode_ms: 256,
[INFO] [stdout]         reuse_ratio: 0.0,
[INFO] [stdout]     },
[INFO] [stdout]     ProfileEstimate {
[INFO] [stdout]         profile: FastCdc64KN3,
[INFO] [stdout]         chunk_count: 122,
[INFO] [stdout]         storage_bytes: 8388608,
[INFO] [stdout]         cold_egress_bytes: 8398124,
[INFO] [stdout]         update_egress_bytes: 8398124,
[INFO] [stdout]         manifest_bytes: 4392,
[INFO] [stdout]         request_count: 3,
[INFO] [stdout]         encode_ms: 255,
[INFO] [stdout]         reuse_ratio: 0.0,
[INFO] [stdout]     },
[INFO] [stdout]     ProfileEstimate {
[INFO] [stdout]         profile: FastCdc128KN3,
[INFO] [stdout]         chunk_count: 60,
[INFO] [stdout]         storage_bytes: 8388608,
[INFO] [stdout]         cold_egress_bytes: 8393288,
[INFO] [stdout]         update_egress_bytes: 8393288,
[INFO] [stdout]         manifest_bytes: 2160,
[INFO] [stdout]         request_count: 3,
[INFO] [stdout]         encode_ms: 333,
[INFO] [stdout]         reuse_ratio: 0.0,
[INFO] [stdout]     },
[INFO] [stdout] ]
[INFO] [stdout]   left: Fixed512K
[INFO] [stdout]  right: Fixed1M
[INFO] [stdout] stack backtrace:
[INFO] [stdout]    0:     0x5ce642ea09d1 - std[70759c8f55707aa4]::backtrace_rs::backtrace::libunwind::trace
[INFO] [stdout]                                at /rustc/dfb0accb7f508ae8be965d8629557221c889dd98/library/std/src/../../backtrace/src/backtrace/libunwind.rs:117:9
[INFO] [stdout]    1:     0x5ce642ea09d1 - std[70759c8f55707aa4]::backtrace_rs::backtrace::trace_unsynchronized::<std[70759c8f55707aa4]::sys::backtrace::_print_fmt::{closure#1}>
[INFO] [stdout]                                at /rustc/dfb0accb7f508ae8be965d8629557221c889dd98/library/std/src/../../backtrace/src/backtrace/mod.rs:66:14
[INFO] [stdout]    2:     0x5ce642ea09d1 - std[70759c8f55707aa4]::sys::backtrace::_print_fmt
[INFO] [stdout]                                at /rustc/dfb0accb7f508ae8be965d8629557221c889dd98/library/std/src/sys/backtrace.rs:74:9
[INFO] [stdout]    3:     0x5ce642ea09d1 - <<std[70759c8f55707aa4]::sys::backtrace::BacktraceLock>::print::DisplayBacktrace as core[df12db4294e9bfd3]::fmt::Display>::fmt
[INFO] [stdout]                                at /rustc/dfb0accb7f508ae8be965d8629557221c889dd98/library/std/src/sys/backtrace.rs:44:26
[INFO] [stdout]    4:     0x5ce642eb7a0a - <core[df12db4294e9bfd3]::fmt::rt::Argument>::fmt
[INFO] [stdout]                                at /rustc/dfb0accb7f508ae8be965d8629557221c889dd98/library/core/src/fmt/rt.rs:152:76
[INFO] [stdout]    5:     0x5ce642eb7a0a - core[df12db4294e9bfd3]::fmt::write
[INFO] [stdout]    6:     0x5ce642ea594c - core[df12db4294e9bfd3]::io::write::default_write_fmt::<alloc[2182bb758b4b3781]::vec::Vec<u8>>
[INFO] [stdout]                                at /rustc/dfb0accb7f508ae8be965d8629557221c889dd98/library/core/src/io/write.rs:402:11
[INFO] [stdout]    7:     0x5ce642ea594c - <alloc[2182bb758b4b3781]::vec::Vec<u8> as core[df12db4294e9bfd3]::io::write::Write>::write_fmt
[INFO] [stdout]                                at /rustc/dfb0accb7f508ae8be965d8629557221c889dd98/library/core/src/io/write.rs:335:13
[INFO] [stdout]    8:     0x5ce642e77f46 - <std[70759c8f55707aa4]::sys::backtrace::BacktraceLock>::print
[INFO] [stdout]                                at /rustc/dfb0accb7f508ae8be965d8629557221c889dd98/library/std/src/sys/backtrace.rs:47:9
[INFO] [stdout]    9:     0x5ce642e77f46 - std[70759c8f55707aa4]::panicking::default_hook::{closure#0}
[INFO] [stdout]                                at /rustc/dfb0accb7f508ae8be965d8629557221c889dd98/library/std/src/panicking.rs:292:27
[INFO] [stdout]   10:     0x5ce642e96929 - std[70759c8f55707aa4]::panicking::default_hook
[INFO] [stdout]                                at /rustc/dfb0accb7f508ae8be965d8629557221c889dd98/library/std/src/panicking.rs:316:9
[INFO] [stdout]   11:     0x5ce642a4f980 - <alloc[2182bb758b4b3781]::boxed::Box<dyn for<'a, 'b> core[df12db4294e9bfd3]::ops::function::Fn<(&'a std[70759c8f55707aa4]::panic::PanicHookInfo<'b>,), Output = ()> + core[df12db4294e9bfd3]::marker::Send + core[df12db4294e9bfd3]::marker::Sync> as core[df12db4294e9bfd3]::ops::function::Fn<(&std[70759c8f55707aa4]::panic::PanicHookInfo,)>>::call
[INFO] [stdout]                                at /rustc/dfb0accb7f508ae8be965d8629557221c889dd98/library/alloc/src/boxed.rs:2334:9
[INFO] [stdout]   12:     0x5ce642a4f980 - test[9d35eded1c95d3be]::test_main_inner::<test[9d35eded1c95d3be]::test_main_static::{closure#0}>::{closure#0}
[INFO] [stdout]                                at /rustc/dfb0accb7f508ae8be965d8629557221c889dd98/library/test/src/lib.rs:155:21
[INFO] [stdout]   13:     0x5ce642e96ae2 - <alloc[2182bb758b4b3781]::boxed::Box<dyn for<'a, 'b> core[df12db4294e9bfd3]::ops::function::Fn<(&'a std[70759c8f55707aa4]::panic::PanicHookInfo<'b>,), Output = ()> + core[df12db4294e9bfd3]::marker::Send + core[df12db4294e9bfd3]::marker::Sync> as core[df12db4294e9bfd3]::ops::function::Fn<(&std[70759c8f55707aa4]::panic::PanicHookInfo,)>>::call
[INFO] [stdout]                                at /rustc/dfb0accb7f508ae8be965d8629557221c889dd98/library/alloc/src/boxed.rs:2334:9
[INFO] [stdout]   14:     0x5ce642e96ae2 - std[70759c8f55707aa4]::panicking::panic_with_hook
[INFO] [stdout]                                at /rustc/dfb0accb7f508ae8be965d8629557221c889dd98/library/std/src/panicking.rs:823:13
[INFO] [stdout]   15:     0x5ce642e77ff2 - std[70759c8f55707aa4]::panicking::panic_handler::{closure#0}
[INFO] [stdout]                                at /rustc/dfb0accb7f508ae8be965d8629557221c889dd98/library/std/src/panicking.rs:688:13
[INFO] [stdout]   16:     0x5ce642e703d9 - std[70759c8f55707aa4]::sys::backtrace::__rust_end_short_backtrace::<std[70759c8f55707aa4]::panicking::panic_handler::{closure#0}, !>
[INFO] [stdout]                                at /rustc/dfb0accb7f508ae8be965d8629557221c889dd98/library/std/src/sys/backtrace.rs:182:18
[INFO] [stdout]   17:     0x5ce642e78f9d - __rustc[8fa7c3cbc660c2b3]::rust_begin_unwind
[INFO] [stdout]                                at /rustc/dfb0accb7f508ae8be965d8629557221c889dd98/library/std/src/panicking.rs:679:5
[INFO] [stdout]   18:     0x5ce642eb81fc - core[df12db4294e9bfd3]::panicking::panic_fmt
[INFO] [stdout]                                at /rustc/dfb0accb7f508ae8be965d8629557221c889dd98/library/core/src/panicking.rs:80:14
[INFO] [stdout]   19:     0x5ce642eb80f3 - core[df12db4294e9bfd3]::panicking::assert_failed_inner
[INFO] [stdout]                                at /rustc/dfb0accb7f508ae8be965d8629557221c889dd98/library/core/src/panicking.rs:447:23
[INFO] [stdout]   20:     0x5ce64295872a - core[df12db4294e9bfd3]::panicking::assert_failed::<cavs[f19546ffede665f0]::profile::ChunkProfile, cavs[f19546ffede665f0]::profile::ChunkProfile>
[INFO] [stdout]                                at /rustc/dfb0accb7f508ae8be965d8629557221c889dd98/library/core/src/panicking.rs:407:5
[INFO] [stdout]   21:     0x5ce6428e950f - cavs[f19546ffede665f0]::profile::tests::incompressible_payload_prefers_large_chunks_for_cold_install
[INFO] [stdout]                                at /opt/rustwide/workdir/src/profile.rs:384:9
[INFO] [stdout]   22:     0x5ce6428dfd77 - cavs[f19546ffede665f0]::profile::tests::incompressible_payload_prefers_large_chunks_for_cold_install::{closure#0}
[INFO] [stdout]                                at /opt/rustwide/workdir/src/profile.rs:375:70
[INFO] [stdout]   23:     0x5ce642a17186 - <cavs[f19546ffede665f0]::profile::tests::incompressible_payload_prefers_large_chunks_for_cold_install::{closure#0} as core[df12db4294e9bfd3]::ops::function::FnOnce<()>>::call_once
[INFO] [stdout]                                at /rustc/dfb0accb7f508ae8be965d8629557221c889dd98/library/core/src/ops/function.rs:250:5
[INFO] [stdout]   24:     0x5ce642a42c6b - <fn() -> core[df12db4294e9bfd3]::result::Result<(), alloc[2182bb758b4b3781]::string::String> as core[df12db4294e9bfd3]::ops::function::FnOnce<()>>::call_once
[INFO] [stdout]                                at /rustc/dfb0accb7f508ae8be965d8629557221c889dd98/library/core/src/ops/function.rs:250:5
[INFO] [stdout]   25:     0x5ce642a42c6b - test[9d35eded1c95d3be]::__rust_begin_short_backtrace::<core[df12db4294e9bfd3]::result::Result<(), alloc[2182bb758b4b3781]::string::String>, fn() -> core[df12db4294e9bfd3]::result::Result<(), alloc[2182bb758b4b3781]::string::String>>
[INFO] [stdout]                                at /rustc/dfb0accb7f508ae8be965d8629557221c889dd98/library/test/src/lib.rs:733:18
[INFO] [stdout]   26:     0x5ce642a502d5 - test[9d35eded1c95d3be]::run_test_in_process::{closure#0}
[INFO] [stdout]                                at /rustc/dfb0accb7f508ae8be965d8629557221c889dd98/library/test/src/lib.rs:756:74
[INFO] [stdout]   27:     0x5ce642a502d5 - <core[df12db4294e9bfd3]::panic::unwind_safe::AssertUnwindSafe<test[9d35eded1c95d3be]::run_test_in_process::{closure#0}> as core[df12db4294e9bfd3]::ops::function::FnOnce<()>>::call_once
[INFO] [stdout]                                at /rustc/dfb0accb7f508ae8be965d8629557221c889dd98/library/core/src/panic/unwind_safe.rs:275:9
[INFO] [stdout]   28:     0x5ce642a502d5 - std[70759c8f55707aa4]::panicking::catch_unwind::do_call::<core[df12db4294e9bfd3]::panic::unwind_safe::AssertUnwindSafe<test[9d35eded1c95d3be]::run_test_in_process::{closure#0}>, core[df12db4294e9bfd3]::result::Result<(), alloc[2182bb758b4b3781]::string::String>>
[INFO] [stdout]                                at /rustc/dfb0accb7f508ae8be965d8629557221c889dd98/library/std/src/panicking.rs:576:43
[INFO] [stdout]   29:     0x5ce642a502d5 - std[70759c8f55707aa4]::panicking::catch_unwind::<core[df12db4294e9bfd3]::result::Result<(), alloc[2182bb758b4b3781]::string::String>, core[df12db4294e9bfd3]::panic::unwind_safe::AssertUnwindSafe<test[9d35eded1c95d3be]::run_test_in_process::{closure#0}>>
[INFO] [stdout]                                at /rustc/dfb0accb7f508ae8be965d8629557221c889dd98/library/std/src/panicking.rs:544:19
[INFO] [stdout]   30:     0x5ce642a502d5 - std[70759c8f55707aa4]::panic::catch_unwind::<core[df12db4294e9bfd3]::panic::unwind_safe::AssertUnwindSafe<test[9d35eded1c95d3be]::run_test_in_process::{closure#0}>, core[df12db4294e9bfd3]::result::Result<(), alloc[2182bb758b4b3781]::string::String>>
[INFO] [stdout]                                at /rustc/dfb0accb7f508ae8be965d8629557221c889dd98/library/std/src/panic.rs:359:14
[INFO] [stdout]   31:     0x5ce642a502d5 - test[9d35eded1c95d3be]::run_test_in_process
[INFO] [stdout]                                at /rustc/dfb0accb7f508ae8be965d8629557221c889dd98/library/test/src/lib.rs:756:27
[INFO] [stdout]   32:     0x5ce642a502d5 - test[9d35eded1c95d3be]::run_test::{closure#0}
[INFO] [stdout]                                at /rustc/dfb0accb7f508ae8be965d8629557221c889dd98/library/test/src/lib.rs:677:43
[INFO] [stdout]   33:     0x5ce642a49b94 - test[9d35eded1c95d3be]::run_test::{closure#1}
[INFO] [stdout]                                at /rustc/dfb0accb7f508ae8be965d8629557221c889dd98/library/test/src/lib.rs:707:41
[INFO] [stdout]   34:     0x5ce642a49b94 - std[70759c8f55707aa4]::sys::backtrace::__rust_begin_short_backtrace::<test[9d35eded1c95d3be]::run_test::{closure#1}, ()>
[INFO] [stdout]                                at /rustc/dfb0accb7f508ae8be965d8629557221c889dd98/library/std/src/sys/backtrace.rs:166:18
[INFO] [stdout]   35:     0x5ce642a53432 - std[70759c8f55707aa4]::thread::lifecycle::spawn_unchecked::<test[9d35eded1c95d3be]::run_test::{closure#1}, ()>::{closure#1}::{closure#0}
[INFO] [stdout]                                at /rustc/dfb0accb7f508ae8be965d8629557221c889dd98/library/std/src/thread/lifecycle.rs:70:13
[INFO] [stdout]   36:     0x5ce642a53432 - <core[df12db4294e9bfd3]::panic::unwind_safe::AssertUnwindSafe<std[70759c8f55707aa4]::thread::lifecycle::spawn_unchecked<test[9d35eded1c95d3be]::run_test::{closure#1}, ()>::{closure#1}::{closure#0}> as core[df12db4294e9bfd3]::ops::function::FnOnce<()>>::call_once
[INFO] [stdout]                                at /rustc/dfb0accb7f508ae8be965d8629557221c889dd98/library/core/src/panic/unwind_safe.rs:275:9
[INFO] [stdout]   37:     0x5ce642a53432 - std[70759c8f55707aa4]::panicking::catch_unwind::do_call::<core[df12db4294e9bfd3]::panic::unwind_safe::AssertUnwindSafe<std[70759c8f55707aa4]::thread::lifecycle::spawn_unchecked<test[9d35eded1c95d3be]::run_test::{closure#1}, ()>::{closure#1}::{closure#0}>, ()>
[INFO] [stdout]                                at /rustc/dfb0accb7f508ae8be965d8629557221c889dd98/library/std/src/panicking.rs:576:43
[INFO] [stdout]   38:     0x5ce642a53432 - std[70759c8f55707aa4]::panicking::catch_unwind::<(), core[df12db4294e9bfd3]::panic::unwind_safe::AssertUnwindSafe<std[70759c8f55707aa4]::thread::lifecycle::spawn_unchecked<test[9d35eded1c95d3be]::run_test::{closure#1}, ()>::{closure#1}::{closure#0}>>
[INFO] [stdout]                                at /rustc/dfb0accb7f508ae8be965d8629557221c889dd98/library/std/src/panicking.rs:544:19
[INFO] [stdout]   39:     0x5ce642a53432 - std[70759c8f55707aa4]::panic::catch_unwind::<core[df12db4294e9bfd3]::panic::unwind_safe::AssertUnwindSafe<std[70759c8f55707aa4]::thread::lifecycle::spawn_unchecked<test[9d35eded1c95d3be]::run_test::{closure#1}, ()>::{closure#1}::{closure#0}>, ()>
[INFO] [stdout]                                at /rustc/dfb0accb7f508ae8be965d8629557221c889dd98/library/std/src/panic.rs:359:14
[INFO] [stdout]   40:     0x5ce642a53432 - std[70759c8f55707aa4]::thread::lifecycle::spawn_unchecked::<test[9d35eded1c95d3be]::run_test::{closure#1}, ()>::{closure#1}
[INFO] [stdout]                                at /rustc/dfb0accb7f508ae8be965d8629557221c889dd98/library/std/src/thread/lifecycle.rs:68:26
[INFO] [stdout]   41:     0x5ce642a53432 - <std[70759c8f55707aa4]::thread::lifecycle::spawn_unchecked<test[9d35eded1c95d3be]::run_test::{closure#1}, ()>::{closure#1} as core[df12db4294e9bfd3]::ops::function::FnOnce<()>>::call_once::{shim:vtable#0}
[INFO] [stdout]                                at /rustc/dfb0accb7f508ae8be965d8629557221c889dd98/library/core/src/ops/function.rs:250:5
[INFO] [stdout]   42:     0x5ce642e9f969 - <alloc[2182bb758b4b3781]::boxed::Box<dyn core[df12db4294e9bfd3]::ops::function::FnOnce<(), Output = ()> + core[df12db4294e9bfd3]::marker::Send> as core[df12db4294e9bfd3]::ops::function::FnOnce<()>>::call_once
[INFO] [stdout]                                at /rustc/dfb0accb7f508ae8be965d8629557221c889dd98/library/alloc/src/boxed.rs:2320:9
[INFO] [stdout]   43:     0x5ce642e9f969 - <std[70759c8f55707aa4]::sys::thread::unix::Thread>::new::thread_start
[INFO] [stdout]                                at /rustc/dfb0accb7f508ae8be965d8629557221c889dd98/library/std/src/sys/thread/unix.rs:123:17
[INFO] [stdout]   44:     0x70f0627e0dfa - <unknown>
[INFO] [stdout]   45:     0x70f0628743d4 - clone
[INFO] [stdout]   46:                0x0 - <unknown>
[INFO] [stdout] 
[INFO] [stdout] 
[INFO] [stdout] failures:
[INFO] [stdout]     profile::tests::incompressible_payload_prefers_large_chunks_for_cold_install
[INFO] [stdout] 
[INFO] [stdout] test result: FAILED. 73 passed; 1 failed; 0 ignored; 0 measured; 0 filtered out; finished in 3.29s
[INFO] [stdout] 
[INFO] [stderr] error: test failed, to rerun pass `--bin cavs`
[INFO] running `Command { std: "docker" "inspect" "3199629b2402325061904fdb2c8b3d5c38448efac21df1963e8e0c23791bce96", kill_on_drop: false }`
[INFO] running `Command { std: "docker" "rm" "-f" "3199629b2402325061904fdb2c8b3d5c38448efac21df1963e8e0c23791bce96", kill_on_drop: false }`
[INFO] [stdout] 3199629b2402325061904fdb2c8b3d5c38448efac21df1963e8e0c23791bce96
