[INFO] fetching crate athena-udf 0.2.1...
[INFO] testing athena-udf-0.2.1 against 1.99.0-beta.8 for beta-1.100-2
[INFO] extracting crate athena-udf 0.2.1 into /workspace/builds/worker-4-tc1/source
[INFO] started tweaking crates.io crate athena-udf 0.2.1
[INFO] finished tweaking crates.io crate athena-udf 0.2.1
[INFO] tweaked toml for crates.io crate athena-udf 0.2.1 written to /workspace/builds/worker-4-tc1/source/Cargo.toml
[INFO] validating manifest of crates.io crate athena-udf 0.2.1 on toolchain 1.99.0-beta.8
[INFO] running `Command { std: CARGO_HOME="/workspace/cargo-home" RUSTUP_HOME="/workspace/rustup-home" "/workspace/cargo-home/bin/cargo" "+1.99.0-beta.8" "metadata" "--manifest-path" "Cargo.toml" "--no-deps", kill_on_drop: false }`
[INFO] crate crates.io crate athena-udf 0.2.1 already has a lockfile, it will not be regenerated
[INFO] running `Command { std: CARGO_HOME="/workspace/cargo-home" RUSTUP_HOME="/workspace/rustup-home" "/workspace/cargo-home/bin/cargo" "+1.99.0-beta.8" "fetch" "--manifest-path" "Cargo.toml", kill_on_drop: false }`
[INFO] [stderr]     Updating crates.io index
[INFO] [stderr]  Downloading crates ...
[INFO] [stderr]   Downloaded lambda_runtime_api_client v1.0.1
[INFO] [stderr]   Downloaded arrow-string v57.1.0
[INFO] [stderr]   Downloaded http-serde v2.1.1
[INFO] [stderr]   Downloaded arrow v57.1.0
[INFO] [stderr]   Downloaded flatbuffers v25.9.23
[INFO] [stderr]   Downloaded arrow-csv v57.1.0
[INFO] [stderr]   Downloaded lambda_runtime v1.0.1
[INFO] [stderr]   Downloaded arrow-row v57.1.0
[INFO] [stderr]   Downloaded arrow-arith v57.1.0
[INFO] [stderr]   Downloaded arrow-ord v57.1.0
[INFO] [stderr]   Downloaded arrow-data v57.1.0
[INFO] [stderr]   Downloaded arrow-schema v57.1.0
[INFO] [stderr]   Downloaded arrow-json v57.1.0
[INFO] [stderr]   Downloaded arrow-buffer v57.1.0
[INFO] [stderr]   Downloaded arrow-select v57.1.0
[INFO] [stderr]   Downloaded arrow-cast v57.1.0
[INFO] [stderr]   Downloaded arrow-ipc v57.1.0
[INFO] [stderr]   Downloaded arrow-array v57.1.0
[INFO] running `Command { std: "docker" "create" "-v" "/var/lib/crater-agent-workspace/builds/worker-4-tc1/source:/opt/rustwide/workdir:ro,Z" "-v" "/var/lib/crater-agent-workspace/builds/worker-4-tc1/target:/opt/rustwide/target:rw,Z" "-v" "/var/lib/crater-agent-workspace/cargo-home:/opt/rustwide/cargo-home:ro,Z" "-v" "/var/lib/crater-agent-workspace/rustup-home:/opt/rustwide/rustup-home:ro,Z" "-m" "1610612736" "--network" "none" "ghcr.io/rust-lang/crates-build-env/linux@sha256:3111399a4047eeb3a02b7a90e478d715f38a8c6669b5c4b49d30a17385265909" "sleep" "infinity", kill_on_drop: false }`
[INFO] [stdout] b7c1de7d4383f927c45296f624dcfe9b4bcf2411fe84edda12b22bb7dddb83d7
[INFO] running `Command { std: "docker" "start" "b7c1de7d4383f927c45296f624dcfe9b4bcf2411fe84edda12b22bb7dddb83d7", kill_on_drop: false }`
[INFO] running `Command { std: "docker" "inspect" "b7c1de7d4383f927c45296f624dcfe9b4bcf2411fe84edda12b22bb7dddb83d7", kill_on_drop: false }`
[INFO] running `Command { std: "docker" "exec" "-e" "SOURCE_DIR=/opt/rustwide/workdir" "-e" "CARGO_HOME=/opt/rustwide/cargo-home" "-e" "RUSTUP_HOME=/opt/rustwide/rustup-home" "-e" "CARGO_TARGET_DIR=/opt/rustwide/target" "-w" "/opt/rustwide/workdir" "--user" "0:0" "b7c1de7d4383f927c45296f624dcfe9b4bcf2411fe84edda12b22bb7dddb83d7" "/opt/rustwide/cargo-home/bin/cargo" "+1.99.0-beta.8" "metadata" "--no-deps" "--format-version=1", kill_on_drop: false }`
[INFO] running `Command { std: "docker" "inspect" "b7c1de7d4383f927c45296f624dcfe9b4bcf2411fe84edda12b22bb7dddb83d7", kill_on_drop: false }`
[INFO] running `Command { std: "docker" "exec" "-e" "SOURCE_DIR=/opt/rustwide/workdir" "-e" "CARGO_HOME=/opt/rustwide/cargo-home" "-e" "RUSTUP_HOME=/opt/rustwide/rustup-home" "-e" "CARGO_TARGET_DIR=/opt/rustwide/target" "-e" "CARGO_INCREMENTAL=0" "-e" "RUST_BACKTRACE=full" "-e" "RUSTFLAGS=--cap-lints=warn" "-e" "RUSTDOCFLAGS=--cap-lints=warn" "-w" "/opt/rustwide/workdir" "--user" "0:0" "b7c1de7d4383f927c45296f624dcfe9b4bcf2411fe84edda12b22bb7dddb83d7" "/opt/rustwide/cargo-home/bin/cargo" "+1.99.0-beta.8" "build" "--frozen" "--message-format=json", kill_on_drop: false }`
[INFO] [stderr]    Compiling syn v2.0.111
[INFO] [stderr]    Compiling libc v0.2.178
[INFO] [stderr]    Compiling serde_core v1.0.228
[INFO] [stderr]    Compiling num-traits v0.2.19
[INFO] [stderr]    Compiling ahash v0.8.12
[INFO] [stderr]    Compiling iana-time-zone v0.1.64
[INFO] [stderr]    Compiling arrow-schema v57.1.0
[INFO] [stderr]    Compiling aho-corasick v1.1.4
[INFO] [stderr]    Compiling futures-sink v0.3.31
[INFO] [stderr]    Compiling regex-syntax v0.8.8
[INFO] [stderr]    Compiling lexical-util v1.0.7
[INFO] [stderr]    Compiling http v1.4.0
[INFO] [stderr]    Compiling tracing-core v0.1.35
[INFO] [stderr]    Compiling serde_json v1.0.145
[INFO] [stderr]    Compiling futures-io v0.3.31
[INFO] [stderr]    Compiling semver v1.0.27
[INFO] [stderr]    Compiling futures-channel v0.3.31
[INFO] [stderr]    Compiling sharded-slab v0.1.7
[INFO] [stderr]    Compiling thread_local v1.1.9
[INFO] [stderr]    Compiling csv-core v0.1.13
[INFO] [stderr]    Compiling sync_wrapper v1.0.2
[INFO] [stderr]    Compiling bitflags v2.10.0
[INFO] [stderr]    Compiling nu-ansi-term v0.50.3
[INFO] [stderr]    Compiling simdutf8 v0.1.5
[INFO] [stderr]    Compiling lexical-write-integer v1.0.6
[INFO] [stderr]    Compiling lexical-parse-integer v1.0.6
[INFO] [stderr]    Compiling rustc_version v0.4.1
[INFO] [stderr]    Compiling tracing-log v0.2.0
[INFO] [stderr]    Compiling num-integer v0.1.46
[INFO] [stderr]    Compiling num-complex v0.4.6
[INFO] [stderr]    Compiling chrono v0.4.42
[INFO] [stderr]    Compiling lexical-write-float v1.0.6
[INFO] [stderr]    Compiling lexical-parse-float v1.0.6
[INFO] [stderr]    Compiling atoi v2.0.0
[INFO] [stderr]    Compiling flatbuffers v25.9.23
[INFO] [stderr]    Compiling num-bigint v0.4.6
[INFO] [stderr]    Compiling http-body v1.0.1
[INFO] [stderr]    Compiling http-body-util v0.1.3
[INFO] [stderr]    Compiling lexical-core v1.0.6
[INFO] [stderr]    Compiling getrandom v0.3.4
[INFO] [stderr]    Compiling mio v1.1.1
[INFO] [stderr]    Compiling socket2 v0.6.1
[INFO] [stderr]    Compiling regex-automata v0.4.13
[INFO] [stderr]    Compiling csv v1.4.0
[INFO] [stderr]    Compiling serde_path_to_error v0.1.20
[INFO] [stderr]    Compiling zerocopy-derive v0.8.31
[INFO] [stderr]    Compiling futures-macro v0.3.31
[INFO] [stderr]    Compiling serde_derive v1.0.228
[INFO] [stderr]    Compiling tokio-macros v2.6.0
[INFO] [stderr]    Compiling tracing-attributes v0.1.31
[INFO] [stderr]    Compiling pin-project-internal v1.1.10
[INFO] [stderr]    Compiling async-stream-impl v0.3.6
[INFO] [stderr]    Compiling tokio v1.48.0
[INFO] [stderr]    Compiling async-stream v0.3.6
[INFO] [stderr]    Compiling futures-util v0.3.31
[INFO] [stderr]    Compiling tracing v0.1.43
[INFO] [stderr]    Compiling pin-project v1.1.10
[INFO] [stderr]    Compiling regex v1.12.2
[INFO] [stderr]    Compiling matchers v0.2.0
[INFO] [stderr]    Compiling zerocopy v0.8.31
[INFO] [stderr]    Compiling serde v1.0.228
[INFO] [stderr]    Compiling half v2.7.1
[INFO] [stderr]    Compiling futures-executor v0.3.31
[INFO] [stderr]    Compiling tower v0.5.2
[INFO] [stderr]    Compiling tracing-serde v0.2.0
[INFO] [stderr]    Compiling http-serde v2.1.1
[INFO] [stderr]    Compiling arrow-buffer v57.1.0
[INFO] [stderr]    Compiling futures v0.3.31
[INFO] [stderr]    Compiling tracing-subscriber v0.3.22
[INFO] [stderr]    Compiling arrow-data v57.1.0
[INFO] [stderr]    Compiling hyper v1.8.1
[INFO] [stderr]    Compiling tokio-stream v0.1.17
[INFO] [stderr]    Compiling arrow-array v57.1.0
[INFO] [stderr]    Compiling hyper-util v0.1.19
[INFO] [stderr]    Compiling lambda_runtime_api_client v1.0.1
[INFO] [stderr]    Compiling lambda_runtime v1.0.1
[INFO] [stderr]    Compiling arrow-select v57.1.0
[INFO] [stderr]    Compiling arrow-row v57.1.0
[INFO] [stderr]    Compiling arrow-arith v57.1.0
[INFO] [stderr]    Compiling arrow-ord v57.1.0
[INFO] [stderr]    Compiling arrow-string v57.1.0
[INFO] [stderr]    Compiling arrow-ipc v57.1.0
[INFO] [stderr]    Compiling arrow-cast v57.1.0
[INFO] [stderr]    Compiling arrow-json v57.1.0
[INFO] [stderr]    Compiling arrow-csv v57.1.0
[INFO] [stderr]    Compiling arrow v57.1.0
[INFO] [stderr]    Compiling athena-udf v0.2.1 (/opt/rustwide/workdir)
[INFO] [stderr]     Finished `dev` profile [unoptimized + debuginfo] target(s) in 1m 42s
[INFO] running `Command { std: "docker" "inspect" "b7c1de7d4383f927c45296f624dcfe9b4bcf2411fe84edda12b22bb7dddb83d7", kill_on_drop: false }`
[INFO] running `Command { std: "docker" "exec" "-e" "SOURCE_DIR=/opt/rustwide/workdir" "-e" "CARGO_HOME=/opt/rustwide/cargo-home" "-e" "RUSTUP_HOME=/opt/rustwide/rustup-home" "-e" "CARGO_TARGET_DIR=/opt/rustwide/target" "-e" "CARGO_INCREMENTAL=0" "-e" "RUST_BACKTRACE=full" "-e" "RUSTFLAGS=--cap-lints=warn" "-e" "RUSTDOCFLAGS=--cap-lints=warn" "-w" "/opt/rustwide/workdir" "--user" "0:0" "b7c1de7d4383f927c45296f624dcfe9b4bcf2411fe84edda12b22bb7dddb83d7" "/opt/rustwide/cargo-home/bin/cargo" "+1.99.0-beta.8" "test" "--frozen" "--no-run" "--message-format=json", kill_on_drop: false }`
[INFO] [stderr]    Compiling athena-udf v0.2.1 (/opt/rustwide/workdir)
[INFO] [stdout] warning: unused import: `crate::*`
[INFO] [stdout]    --> src/register_macro.rs:178:9
[INFO] [stdout]     |
[INFO] [stdout] 178 |     use crate::*;
[INFO] [stdout]     |         ^^^^^^^^
[INFO] [stdout]     |
[INFO] [stdout]     = note: `#[warn(unused_imports)]` (part of `#[warn(unused)]`) on by default
[INFO] [stdout] 
[INFO] [stdout] 
[INFO] [stdout] warning: unused import: `super::*`
[INFO] [stdout]    --> src/register_macro.rs:327:17
[INFO] [stdout]     |
[INFO] [stdout] 327 |             use super::*;
[INFO] [stdout]     |                 ^^^^^^^^
[INFO] [stdout] 
[INFO] [stdout] 
[INFO] [stderr]     Finished `test` profile [unoptimized + debuginfo] target(s) in 4.12s
[INFO] running `Command { std: "docker" "inspect" "b7c1de7d4383f927c45296f624dcfe9b4bcf2411fe84edda12b22bb7dddb83d7", kill_on_drop: false }`
[INFO] running `Command { std: "docker" "exec" "-e" "SOURCE_DIR=/opt/rustwide/workdir" "-e" "CARGO_HOME=/opt/rustwide/cargo-home" "-e" "RUSTUP_HOME=/opt/rustwide/rustup-home" "-e" "CARGO_TARGET_DIR=/opt/rustwide/target" "-e" "CARGO_INCREMENTAL=0" "-e" "RUST_BACKTRACE=full" "-e" "RUSTFLAGS=--cap-lints=warn" "-e" "RUSTDOCFLAGS=--cap-lints=warn" "-w" "/opt/rustwide/workdir" "--user" "0:0" "b7c1de7d4383f927c45296f624dcfe9b4bcf2411fe84edda12b22bb7dddb83d7" "/opt/rustwide/cargo-home/bin/cargo" "+1.99.0-beta.8" "test" "--frozen", kill_on_drop: false }`
[INFO] [stderr] warning: unused import: `crate::*`
[INFO] [stderr]    --> src/register_macro.rs:178:9
[INFO] [stderr]     |
[INFO] [stderr] 178 |     use crate::*;
[INFO] [stderr]     |         ^^^^^^^^
[INFO] [stderr]     |
[INFO] [stderr]     = note: `#[warn(unused_imports)]` (part of `#[warn(unused)]`) on by default
[INFO] [stderr] 
[INFO] [stderr] warning: unused import: `super::*`
[INFO] [stderr]    --> src/register_macro.rs:327:17
[INFO] [stderr]     |
[INFO] [stderr] 327 |             use super::*;
[INFO] [stderr]     |                 ^^^^^^^^
[INFO] [stderr] 
[INFO] [stderr] warning: `athena-udf` (lib test) generated 2 warnings (run `cargo fix --lib -p athena-udf --tests` to apply 2 suggestions)
[INFO] [stderr]     Finished `test` profile [unoptimized + debuginfo] target(s) in 0.16s
[INFO] [stderr]      Running unittests src/lib.rs (/opt/rustwide/target/debug/deps/athena_udf-62717c778e322b03)
[INFO] [stdout] 
[INFO] [stdout] running 32 tests
[INFO] [stdout] test arrow_conversions::tests::test_bool_to_arrow ... ok
[INFO] [stdout] test arrow_conversions::tests::test_i64_to_arrow ... ok
[INFO] [stdout] test arrow_conversions::tests::test_data_types ... ok
[INFO] [stdout] test arrow_conversions::tests::test_f64_to_arrow ... ok
[INFO] [stdout] test process_macro::tests::test_option_string_with_nulls ... ok
[INFO] [stdout] test process_macro::tests::test_process_ternary_concat ... ok
[INFO] [stdout] test arrow_conversions::tests::test_i64_from_arrow ... ok
[INFO] [stdout] test process_macro::tests::test_process_unary_i64_to_string ... ok
[INFO] [stdout] test process_macro::tests::test_string_to_optional_i64 ... ok
[INFO] [stdout] test arrow_conversions::tests::test_i32_from_arrow ... ok
[INFO] [stdout] test arrow_conversions::tests::test_f64_from_arrow ... ok
[INFO] [stdout] test process_macro::tests::test_process_unary_string ... ok
[INFO] [stdout] test process_macro::tests::test_process_binary_add ... ok
[INFO] [stdout] test arrow_conversions::tests::test_string_to_arrow ... ok
[INFO] [stdout] test register_macro::tests::test_register_udfs_binary ... ok
[INFO] [stdout] test response::tests::test_parse_request_http_wrapped ... ok
[INFO] [stdout] test serialization::tests::test_serialize_schema ... ok
[INFO] [stdout] test serialization::tests::test_serialize_multiple_batches ... ok
[INFO] [stdout] test response::tests::test_wrap_response_http ... ok
[INFO] [stderr]    Doc-tests athena_udf
[INFO] [stdout] test register_macro::tests::test_register_udfs_ternary ... ok
[INFO] [stdout] test serialization::tests::test_serialize_empty_batches ... ok
[INFO] [stdout] test arrow_conversions::tests::test_bool_from_arrow ... ok
[INFO] [stdout] test response::tests::test_udf_response_from_batches ... ok
[INFO] [stdout] test register_macro::tests::test_register_udfs_unknown_function ... ok
[INFO] [stdout] test response::tests::test_wrap_response_direct ... ok
[INFO] [stdout] test arrow_conversions::tests::test_string_from_arrow ... ok
[INFO] [stdout] test response::tests::test_ping_request_handle ... ok
[INFO] [stdout] test register_macro::tests::test_register_udfs_multiple_functions ... ok
[INFO] [stdout] test register_macro::tests::test_register_udfs_unary ... ok
[INFO] [stdout] test serialization::tests::test_serialize_batches ... ok
[INFO] [stdout] test response::tests::test_parse_request_direct ... ok
[INFO] [stdout] test register_macro::tests::test_athena_udf_handler_macro_compiles ... ok
[INFO] [stdout] 
[INFO] [stdout] test result: ok. 32 passed; 0 failed; 0 ignored; 0 measured; 0 filtered out; finished in 0.02s
[INFO] [stdout] 
[INFO] [stdout] 
[INFO] [stdout] running 20 tests
[INFO] [stdout] test src/process_macro.rs - process_macro::impl_process (line 23) ... ignored
[INFO] [stdout] test src/register_macro.rs - register_macro::athena_udf_handler (line 23) ... ignored
[INFO] [stdout] test src/register_macro.rs - register_macro::athena_udf_handler (line 8) ... ignored
[INFO] [stdout] test src/register_macro.rs - register_macro::register_udfs (line 115) ... ignored
[INFO] [stdout] test src/lib.rs - handle_athena_request (line 39) - compile ... ok
[INFO] [stdout] test src/serde_base64.rs - serde_base64::deserialize (line 47) ... ok
[INFO] [stdout] test src/serde_base64.rs - serde_base64::serialize (line 16) ... ok
[INFO] [stdout] test src/arrow_conversions.rs - arrow_conversions::FromArrow (line 16) ... FAILED
[INFO] [stdout] test src/response.rs - response::PingRequest::handle (line 91) ... FAILED
[INFO] [stdout] test src/arrow_conversions.rs - arrow_conversions::Option<T> (line 278) ... FAILED
[INFO] [stdout] test src/arrow_conversions.rs - arrow_conversions::Option<T> (line 311) has been running for over 60 seconds
[INFO] [stdout] test src/arrow_conversions.rs - arrow_conversions::ToArrow (line 40) has been running for over 60 seconds
[INFO] [stdout] test src/process_macro.rs - process_macro::UDFProcessor (line 94) has been running for over 60 seconds
[INFO] [stdout] test src/process_macro.rs - process_macro::UDFProcessor<'a>::new (line 128) has been running for over 60 seconds
[INFO] [stdout] test src/response.rs - response::AthenaResponse::parse_request (line 221) has been running for over 60 seconds
[INFO] [stdout] test src/response.rs - response::AthenaResponse::wrap_response (line 290) has been running for over 60 seconds
[INFO] [stdout] test src/response.rs - response::AthenaUDFResponse::from_batches (line 151) has been running for over 60 seconds
[INFO] [stdout] test src/response.rs - response::PingResponse (line 27) has been running for over 60 seconds
[INFO] [stdout] test src/serialization.rs - serialization::serialize_batches (line 113) has been running for over 60 seconds
[INFO] [stdout] test src/serialization.rs - serialization::serialize_schema (line 63) has been running for over 60 seconds
[ERROR] error running command: no output for 300 seconds
[INFO] running `Command { std: "docker" "inspect" "b7c1de7d4383f927c45296f624dcfe9b4bcf2411fe84edda12b22bb7dddb83d7", kill_on_drop: false }`
[INFO] running `Command { std: "docker" "rm" "-f" "b7c1de7d4383f927c45296f624dcfe9b4bcf2411fe84edda12b22bb7dddb83d7", kill_on_drop: false }`
[INFO] [stdout] b7c1de7d4383f927c45296f624dcfe9b4bcf2411fe84edda12b22bb7dddb83d7
