[INFO] fetching crate asterism 0.5.5...
[INFO] testing asterism-0.5.5 against 1.100.0-beta.1 for beta-1.100-2
[INFO] extracting crate asterism 0.5.5 into /workspace/builds/worker-2-tc2/source
[INFO] started tweaking crates.io crate asterism 0.5.5
[INFO] finished tweaking crates.io crate asterism 0.5.5
[INFO] tweaked toml for crates.io crate asterism 0.5.5 written to /workspace/builds/worker-2-tc2/source/Cargo.toml
[INFO] validating manifest of crates.io crate asterism 0.5.5 on toolchain 1.100.0-beta.1
[INFO] running `Command { std: CARGO_HOME="/workspace/cargo-home" RUSTUP_HOME="/workspace/rustup-home" "/workspace/cargo-home/bin/cargo" "+1.100.0-beta.1" "metadata" "--manifest-path" "Cargo.toml" "--no-deps", kill_on_drop: false }`
[INFO] crate crates.io crate asterism 0.5.5 already has a lockfile, it will not be regenerated
[INFO] running `Command { std: CARGO_HOME="/workspace/cargo-home" RUSTUP_HOME="/workspace/rustup-home" "/workspace/cargo-home/bin/cargo" "+1.100.0-beta.1" "fetch" "--manifest-path" "Cargo.toml", kill_on_drop: false }`
[INFO] [stderr] warning: `package.homepage` is redundant with `package.repository`
[INFO] [stderr]   --> Cargo.toml:74:12
[INFO] [stderr]    |
[INFO] [stderr] 74 | homepage = "https://github.com/lmmx/asterism"
[INFO] [stderr]    |            ^^^^^^^^^^^^^^^^^^^^^^^^^^^^^^^^^^
[INFO] [stderr] ...
[INFO] [stderr] 79 | repository = "https://github.com/lmmx/asterism"
[INFO] [stderr]    |              ----------------------------------
[INFO] [stderr]    |
[INFO] [stderr]    = note: `cargo::redundant_homepage` is set to `warn` by default
[INFO] [stderr] help: consider removing `package.homepage`
[INFO] [stderr] warning: `asterism` (manifest) generated 1 warning
[INFO] running `Command { std: "docker" "create" "-v" "/var/lib/crater-agent-workspace/builds/worker-2-tc2/source:/opt/rustwide/workdir:ro,Z" "-v" "/var/lib/crater-agent-workspace/builds/worker-2-tc2/target:/opt/rustwide/target:rw,Z" "-v" "/var/lib/crater-agent-workspace/cargo-home:/opt/rustwide/cargo-home:ro,Z" "-v" "/var/lib/crater-agent-workspace/rustup-home:/opt/rustwide/rustup-home:ro,Z" "-m" "1610612736" "--network" "none" "ghcr.io/rust-lang/crates-build-env/linux@sha256:3111399a4047eeb3a02b7a90e478d715f38a8c6669b5c4b49d30a17385265909" "sleep" "infinity", kill_on_drop: false }`
[INFO] [stdout] a983dcc45878e5e3e85213b2bf21cd9975ae1a823a5496246b84be26d32107f4
[INFO] running `Command { std: "docker" "start" "a983dcc45878e5e3e85213b2bf21cd9975ae1a823a5496246b84be26d32107f4", kill_on_drop: false }`
[INFO] running `Command { std: "docker" "inspect" "a983dcc45878e5e3e85213b2bf21cd9975ae1a823a5496246b84be26d32107f4", kill_on_drop: false }`
[INFO] running `Command { std: "docker" "exec" "-e" "SOURCE_DIR=/opt/rustwide/workdir" "-e" "CARGO_HOME=/opt/rustwide/cargo-home" "-e" "RUSTUP_HOME=/opt/rustwide/rustup-home" "-e" "CARGO_TARGET_DIR=/opt/rustwide/target" "-w" "/opt/rustwide/workdir" "--user" "0:0" "a983dcc45878e5e3e85213b2bf21cd9975ae1a823a5496246b84be26d32107f4" "/opt/rustwide/cargo-home/bin/cargo" "+1.100.0-beta.1" "metadata" "--no-deps" "--format-version=1", kill_on_drop: false }`
[INFO] running `Command { std: "docker" "inspect" "a983dcc45878e5e3e85213b2bf21cd9975ae1a823a5496246b84be26d32107f4", kill_on_drop: false }`
[INFO] running `Command { std: "docker" "exec" "-e" "SOURCE_DIR=/opt/rustwide/workdir" "-e" "CARGO_HOME=/opt/rustwide/cargo-home" "-e" "RUSTUP_HOME=/opt/rustwide/rustup-home" "-e" "CARGO_TARGET_DIR=/opt/rustwide/target" "-e" "CARGO_INCREMENTAL=0" "-e" "RUST_BACKTRACE=full" "-e" "RUSTFLAGS=--cap-lints=warn" "-e" "RUSTDOCFLAGS=--cap-lints=warn" "-w" "/opt/rustwide/workdir" "--user" "0:0" "a983dcc45878e5e3e85213b2bf21cd9975ae1a823a5496246b84be26d32107f4" "/opt/rustwide/cargo-home/bin/cargo" "+1.100.0-beta.1" "build" "--frozen" "--message-format=json", kill_on_drop: false }`
[INFO] [stderr] warning: `package.homepage` is redundant with `package.repository`
[INFO] [stderr]   --> Cargo.toml:74:12
[INFO] [stderr]    |
[INFO] [stderr] 74 | homepage = "https://github.com/lmmx/asterism"
[INFO] [stderr]    |            ^^^^^^^^^^^^^^^^^^^^^^^^^^^^^^^^^^
[INFO] [stderr] ...
[INFO] [stderr] 79 | repository = "https://github.com/lmmx/asterism"
[INFO] [stderr]    |              ----------------------------------
[INFO] [stderr]    |
[INFO] [stderr]    = note: `cargo::redundant_homepage` is set to `warn` by default
[INFO] [stderr] help: consider removing `package.homepage`
[INFO] [stderr] warning: `asterism` (manifest) generated 1 warning
[INFO] [stderr]    Compiling proc-macro2 v1.0.103
[INFO] [stderr]    Compiling unicode-ident v1.0.22
[INFO] [stderr]    Compiling quote v1.0.42
[INFO] [stderr]    Compiling bitflags v2.10.0
[INFO] [stderr]    Compiling find-msvc-tools v0.1.4
[INFO] [stderr]    Compiling shlex v1.3.0
[INFO] [stderr]    Compiling libc v0.2.177
[INFO] [stderr]    Compiling cfg-if v1.0.4
[INFO] [stderr]    Compiling memchr v2.7.6
[INFO] [stderr]    Compiling autocfg v1.5.0
[INFO] [stderr]    Compiling equivalent v1.0.2
[INFO] [stderr]    Compiling crc32fast v1.5.0
[INFO] [stderr]    Compiling log v0.4.28
[INFO] [stderr]    Compiling smallvec v1.15.1
[INFO] [stderr]    Compiling simd-adler32 v0.3.7
[INFO] [stderr]    Compiling rustversion v1.0.22
[INFO] [stderr]    Compiling serde_core v1.0.228
[INFO] [stderr]    Compiling itoa v1.0.15
[INFO] [stderr]    Compiling adler2 v2.0.1
[INFO] [stderr]    Compiling signal-hook v0.3.18
[INFO] [stderr]    Compiling cc v1.2.45
[INFO] [stderr]    Compiling miniz_oxide v0.8.9
[INFO] [stderr]    Compiling serde v1.0.228
[INFO] [stderr]    Compiling regex-syntax v0.8.8
[INFO] [stderr]    Compiling hashbrown v0.16.0
[INFO] [stderr]    Compiling pkg-config v0.3.32
[INFO] [stderr]    Compiling scopeguard v1.2.0
[INFO] [stderr]    Compiling heck v0.5.0
[INFO] [stderr]    Compiling rustix v1.1.2
[INFO] [stderr]    Compiling strsim v0.11.1
[INFO] [stderr]    Compiling ident_case v1.0.1
[INFO] [stderr]    Compiling aho-corasick v1.1.4
[INFO] [stderr]    Compiling num-traits v0.2.19
[INFO] [stderr]    Compiling lock_api v0.4.14
[INFO] [stderr]    Compiling rustix v0.38.44
[INFO] [stderr]    Compiling serde_json v1.0.145
[INFO] [stderr]    Compiling mutants v0.0.3
[INFO] [stderr]    Compiling unicode-width v0.1.14
[INFO] [stderr]    Compiling linux-raw-sys v0.11.0
[INFO] [stderr]    Compiling flate2 v1.1.5
[INFO] [stderr]    Compiling indexmap v2.12.0
[INFO] [stderr]    Compiling shadow_counted v0.4.0
[INFO] [stderr]    Compiling impls v1.0.3
[INFO] [stderr]    Compiling ryu v1.0.20
[INFO] [stderr]    Compiling powerfmt v0.2.0
[INFO] [stderr]    Compiling facet-core v0.30.0
[INFO] [stderr]    Compiling deranged v0.5.5
[INFO] [stderr]    Compiling fdeflate v0.3.7
[INFO] [stderr]    Compiling signal-hook-registry v1.4.6
[INFO] [stderr]    Compiling parking_lot_core v0.9.12
[INFO] [stderr]    Compiling mio v1.1.0
[INFO] [stderr]    Compiling pxfm v0.1.25
[INFO] [stderr]    Compiling syn v2.0.109
[INFO] [stderr]    Compiling parking_lot v0.12.5
[INFO] [stderr]    Compiling unsynn v0.1.1
[INFO] [stderr]    Compiling static_assertions v1.1.0
[INFO] [stderr]    Compiling onig_sys v69.9.1
[INFO] [stderr]    Compiling linux-raw-sys v0.4.15
[INFO] [stderr]    Compiling foldhash v0.1.5
[INFO] [stderr]    Compiling allocator-api2 v0.2.21
[INFO] [stderr]    Compiling utf8parse v0.2.2
[INFO] [stderr]    Compiling either v1.15.0
[INFO] [stderr]    Compiling instability v0.3.9
[INFO] [stderr]    Compiling bit-vec v0.8.0
[INFO] [stderr]    Compiling time-core v0.1.6
[INFO] [stderr]    Compiling paste v1.0.15
[INFO] [stderr]    Compiling regex-automata v0.4.13
[INFO] [stderr]    Compiling thiserror v2.0.17
[INFO] [stderr]    Compiling num-conv v0.1.0
[INFO] [stderr]    Compiling time v0.3.44
[INFO] [stderr]    Compiling bit-set v0.8.0
[INFO] [stderr]    Compiling facet-macros-parse v0.30.0
[INFO] [stderr]    Compiling itertools v0.13.0
[INFO] [stderr]    Compiling hashbrown v0.15.5
[INFO] [stderr]    Compiling anstyle-parse v0.2.7
[INFO] [stderr]    Compiling signal-hook-mio v0.2.5
[INFO] [stderr]    Compiling png v0.18.0
[INFO] [stderr]    Compiling castaway v0.2.4
[INFO] [stderr]    Compiling quick-xml v0.38.3
[INFO] [stderr]    Compiling same-file v1.0.6
[INFO] [stderr]    Compiling byteorder-lite v0.1.0
[INFO] [stderr]    Compiling moxcms v0.7.9
[INFO] [stderr]    Compiling anstyle v1.0.13
[INFO] [stderr]    Compiling x11rb-protocol v0.13.2
[INFO] [stderr]    Compiling is_terminal_polyfill v1.70.2
[INFO] [stderr]    Compiling bytemuck v1.24.0
[INFO] [stderr]    Compiling indoc v2.0.7
[INFO] [stderr]    Compiling unicode-segmentation v1.12.0
[INFO] [stderr]    Compiling linked-hash-map v0.5.6
[INFO] [stderr]    Compiling colorchoice v1.0.4
[INFO] [stderr]    Compiling base64 v0.22.1
[INFO] [stderr]    Compiling once_cell v1.21.3
[INFO] [stderr]    Compiling anstyle-query v1.1.4
[INFO] [stderr]    Compiling owo-colors v4.2.3
[INFO] [stderr]    Compiling anstream v0.6.21
[INFO] [stderr]    Compiling crossterm v0.28.1
[INFO] [stderr]    Compiling yaml-rust v0.4.5
[INFO] [stderr]    Compiling unicode-truncate v1.1.0
[INFO] [stderr]    Compiling gethostname v1.1.0
[INFO] [stderr]    Compiling walkdir v2.5.0
[INFO] [stderr]    Compiling lru v0.12.5
[INFO] [stderr]    Compiling facet-macros-emit v0.30.0
[INFO] [stderr]    Compiling compact_str v0.8.1
[INFO] [stderr]    Compiling facet-reflect v0.30.0
[INFO] [stderr]    Compiling darling_core v0.20.11
[INFO] [stderr]    Compiling fancy-regex v0.16.2
[INFO] [stderr]    Compiling tree-sitter-md v0.5.1
[INFO] [stderr]    Compiling tree-sitter v0.25.10
[INFO] [stderr]    Compiling toml_datetime v0.6.11
[INFO] [stderr]    Compiling toml_write v0.1.2
[INFO] [stderr]    Compiling unicode-width v0.2.0
[INFO] [stderr]    Compiling winnow v0.7.13
[INFO] [stderr]    Compiling yansi v1.0.1
[INFO] [stderr]    Compiling fnv v1.0.7
[INFO] [stderr]    Compiling str_indices v0.4.4
[INFO] [stderr]    Compiling percent-encoding v2.3.2
[INFO] [stderr]    Compiling cassowary v0.3.0
[INFO] [stderr]    Compiling clap_lex v0.7.6
[INFO] [stderr]    Compiling tree-sitter-language v0.1.5
[INFO] [stderr]    Compiling ropey v1.6.1
[INFO] [stderr]    Compiling facet-macros v0.30.0
[INFO] [stderr]    Compiling ariadne v0.5.1
[INFO] [stderr]    Compiling clap_builder v4.5.51
[INFO] [stderr]    Compiling facet-serialize v0.30.0
[INFO] [stderr]    Compiling regex v1.12.2
[INFO] [stderr]    Compiling serde_derive v1.0.228
[INFO] [stderr]    Compiling thiserror-impl v2.0.17
[INFO] [stderr]    Compiling strum_macros v0.26.4
[INFO] [stderr]    Compiling clap_derive v4.5.49
[INFO] [stderr]    Compiling enum_dispatch v0.3.13
[INFO] [stderr]    Compiling streaming-iterator v0.1.9
[INFO] [stderr]    Compiling x11rb v0.13.2
[INFO] [stderr]    Compiling toml_edit v0.22.27
[INFO] [stderr]    Compiling edtui-jagged v0.1.12
[INFO] [stderr]    Compiling textum v0.1.2
[INFO] [stderr]    Compiling facet v0.30.0
[INFO] [stderr]    Compiling onig v6.5.1
[INFO] [stderr]    Compiling darling_macro v0.20.11
[INFO] [stderr]    Compiling darling v0.20.11
[INFO] [stderr]    Compiling strum v0.26.3
[INFO] [stderr]    Compiling ratatui v0.29.0
[INFO] [stderr]    Compiling clap v4.5.51
[INFO] [stderr]    Compiling image v0.25.8
[INFO] [stderr]    Compiling plist v1.8.0
[INFO] [stderr]    Compiling bincode v1.3.3
[INFO] [stderr]    Compiling facet-toml v0.30.0
[INFO] [stderr]    Compiling syntect v5.3.0
[INFO] [stderr]    Compiling arboard v3.6.1
[INFO] [stderr]    Compiling edtui v0.9.9
[INFO] [stderr]    Compiling asterism v0.5.5 (/opt/rustwide/workdir)
[INFO] [stderr]     Finished `dev` profile [unoptimized] target(s) in 37.59s
[INFO] running `Command { std: "docker" "inspect" "a983dcc45878e5e3e85213b2bf21cd9975ae1a823a5496246b84be26d32107f4", kill_on_drop: false }`
[INFO] running `Command { std: "docker" "exec" "-e" "SOURCE_DIR=/opt/rustwide/workdir" "-e" "CARGO_HOME=/opt/rustwide/cargo-home" "-e" "RUSTUP_HOME=/opt/rustwide/rustup-home" "-e" "CARGO_TARGET_DIR=/opt/rustwide/target" "-e" "CARGO_INCREMENTAL=0" "-e" "RUST_BACKTRACE=full" "-e" "RUSTFLAGS=--cap-lints=warn" "-e" "RUSTDOCFLAGS=--cap-lints=warn" "-w" "/opt/rustwide/workdir" "--user" "0:0" "a983dcc45878e5e3e85213b2bf21cd9975ae1a823a5496246b84be26d32107f4" "/opt/rustwide/cargo-home/bin/cargo" "+1.100.0-beta.1" "test" "--frozen" "--no-run" "--message-format=json", kill_on_drop: false }`
[INFO] [stderr] warning: `package.homepage` is redundant with `package.repository`
[INFO] [stderr]   --> Cargo.toml:74:12
[INFO] [stderr]    |
[INFO] [stderr] 74 | homepage = "https://github.com/lmmx/asterism"
[INFO] [stderr]    |            ^^^^^^^^^^^^^^^^^^^^^^^^^^^^^^^^^^
[INFO] [stderr] ...
[INFO] [stderr] 79 | repository = "https://github.com/lmmx/asterism"
[INFO] [stderr]    |              ----------------------------------
[INFO] [stderr]    |
[INFO] [stderr]    = note: `cargo::redundant_homepage` is set to `warn` by default
[INFO] [stderr] help: consider removing `package.homepage`
[INFO] [stderr] warning: `asterism` (manifest) generated 1 warning
[INFO] [stderr]    Compiling rustix v1.1.2
[INFO] [stderr]    Compiling getrandom v0.3.4
[INFO] [stderr]    Compiling fastrand v2.3.0
[INFO] [stderr]    Compiling gethostname v1.1.0
[INFO] [stderr]    Compiling tempfile v3.23.0
[INFO] [stderr]    Compiling x11rb v0.13.2
[INFO] [stderr]    Compiling arboard v3.6.1
[INFO] [stderr]    Compiling edtui v0.9.9
[INFO] [stderr]    Compiling asterism v0.5.5 (/opt/rustwide/workdir)
[INFO] [stderr]     Finished `test` profile [unoptimized] target(s) in 12.80s
[INFO] running `Command { std: "docker" "inspect" "a983dcc45878e5e3e85213b2bf21cd9975ae1a823a5496246b84be26d32107f4", kill_on_drop: false }`
[INFO] running `Command { std: "docker" "exec" "-e" "SOURCE_DIR=/opt/rustwide/workdir" "-e" "CARGO_HOME=/opt/rustwide/cargo-home" "-e" "RUSTUP_HOME=/opt/rustwide/rustup-home" "-e" "CARGO_TARGET_DIR=/opt/rustwide/target" "-e" "CARGO_INCREMENTAL=0" "-e" "RUST_BACKTRACE=full" "-e" "RUSTFLAGS=--cap-lints=warn" "-e" "RUSTDOCFLAGS=--cap-lints=warn" "-w" "/opt/rustwide/workdir" "--user" "0:0" "a983dcc45878e5e3e85213b2bf21cd9975ae1a823a5496246b84be26d32107f4" "/opt/rustwide/cargo-home/bin/cargo" "+1.100.0-beta.1" "test" "--frozen", kill_on_drop: false }`
[INFO] [stderr] warning: `package.homepage` is redundant with `package.repository`
[INFO] [stderr]   --> Cargo.toml:74:12
[INFO] [stderr]    |
[INFO] [stderr] 74 | homepage = "https://github.com/lmmx/asterism"
[INFO] [stderr]    |            ^^^^^^^^^^^^^^^^^^^^^^^^^^^^^^^^^^
[INFO] [stderr] ...
[INFO] [stderr] 79 | repository = "https://github.com/lmmx/asterism"
[INFO] [stderr]    |              ----------------------------------
[INFO] [stderr]    |
[INFO] [stderr]    = note: `cargo::redundant_homepage` is set to `warn` by default
[INFO] [stderr] help: consider removing `package.homepage`
[INFO] [stderr] warning: `asterism` (manifest) generated 1 warning
[INFO] [stderr]     Finished `test` profile [unoptimized] target(s) in 0.19s
[INFO] [stderr]      Running unittests src/lib.rs (/opt/rustwide/target/debug/build/asterism/9df61fb6a6cdd3fb/out/asterism-9df61fb6a6cdd3fb)
[INFO] [stdout] 
[INFO] [stdout] running 28 tests
[INFO] [stdout] test app_state::tests::test_tree_structure_multi_file ... ok
[INFO] [stdout] test edit_plan::tests::test_single_line_replacement ... ok
[INFO] [stdout] test edit_plan::tests::test_boundary_mode_exclude ... ok
[INFO] [stdout] test app_state::tests::test_tree_structure_single_file ... FAILED
[INFO] [stdout] test formats::difftastic::tests::test_file_path_tracking ... ok
[INFO] [stdout] test formats::difftastic::tests::test_deleted_file_no_chunks ... FAILED
[INFO] [stdout] test formats::difftastic::tests::test_hunk_structure ... ok
[INFO] [stdout] test formats::difftastic::tests::test_parse_ndjson_multi_file ... FAILED
[INFO] [stdout] test formats::difftastic::tests::test_parse_multi_hunk_file ... FAILED
[INFO] [stdout] test formats::difftastic::tests::test_unchanged_file_skipped ... ok
[INFO] [stdout] test formats::difftastic::tests::test_parse_single_file_diff ... FAILED
[INFO] [stdout] test input::tests::test_find_documents_single_file ... ok
[INFO] [stdout] test input::tests::test_tree_sitter_parsing ... ok
[INFO] [stdout] test edit_plan::tests::test_section_replacement_with_empty_lines ... ok
[INFO] [stdout] test edit_plan::tests::test_line_indexing_zero_vs_one ... ok
[INFO] [stdout] test app_state::tests::test_edit_persists_correctly ... ok
[INFO] [stdout] test app_state::tests::test_multiple_edits_correct_offsets ... FAILED
[INFO] [stdout] test formats::difftastic::tests::test_created_file_no_chunks ... FAILED
[INFO] [stdout] test edit_plan::tests::test_line_numbering_off_by_one ... ok
[INFO] [stdout] test edit_plan::tests::test_textum_line_behavior ... ok
[INFO] [stdout] test app_state::tests::test_navigation_skips_files ... FAILED
[INFO] [stdout] test edit_plan::tests::test_app_section_to_textum_conversion ... ok
[INFO] [stdout] test edit_plan::tests::test_extract_sections_line_numbers ... ok
[INFO] [stdout] test input::tests::test_section_hierarchy ... ok
[INFO] [stdout] test input::tests::test_extract_simple_sections ... ok
[INFO] [stdout] test app_state::tests::test_edit_plan_captures_changes ... ok
[INFO] [stdout] test edit_plan::tests::test_exact_scenario ... ok
[INFO] [stdout] test edit_plan::tests::test_diagnose_line_numbers ... ok
[INFO] [stdout] 
[INFO] [stdout] failures:
[INFO] [stdout] 
[INFO] [stdout] ---- app_state::tests::test_tree_structure_single_file stdout ----
[INFO] [stdout] 
[INFO] [stdout] thread 'app_state::tests::test_tree_structure_single_file' (9032) panicked at src/tests/app_state.rs:284:5:
[INFO] [stdout] assertion `left == right` failed
[INFO] [stdout]   left: 3
[INFO] [stdout]  right: 2
[INFO] [stdout] stack backtrace:
[INFO] [stdout]    0:     0x61ccfd2feee1 - <<std[617be2ca0a6fd877]::sys::backtrace::BacktraceLock>::print::DisplayBacktrace as core[a373ad73a504971]::fmt::Display>::fmt
[INFO] [stdout]    1:     0x61ccfd3157ea - core[a373ad73a504971]::fmt::write
[INFO] [stdout]    2:     0x61ccfd30370c - <alloc[2e1b2a31b91974c5]::vec::Vec<u8> as core[a373ad73a504971]::io::write::Write>::write_fmt
[INFO] [stdout]    3:     0x61ccfd2d8f86 - std[617be2ca0a6fd877]::panicking::default_hook::{closure#0}
[INFO] [stdout]    4:     0x61ccfd2f64a9 - std[617be2ca0a6fd877]::panicking::default_hook
[INFO] [stdout]    5:     0x61ccfcf0b030 - test[aada8e7e76ba119b]::test_main_inner::{closure#0}
[INFO] [stdout]    6:     0x61ccfd2f6662 - std[617be2ca0a6fd877]::panicking::panic_with_hook
[INFO] [stdout]    7:     0x61ccfd2d9032 - std[617be2ca0a6fd877]::panicking::panic_handler::{closure#0}
[INFO] [stdout]    8:     0x61ccfd2d1929 - std[617be2ca0a6fd877]::sys::backtrace::__rust_end_short_backtrace::<std[617be2ca0a6fd877]::panicking::panic_handler::{closure#0}, !>
[INFO] [stdout]    9:     0x61ccfd2d9f1d - __rustc[ea4f61d10b84890b]::rust_begin_unwind
[INFO] [stdout]   10:     0x61ccfd31608c - core[a373ad73a504971]::panicking::panic_fmt
[INFO] [stdout]   11:     0x61ccfd315f23 - core[a373ad73a504971]::panicking::assert_failed_inner
[INFO] [stdout]   12:     0x61ccfd310d0d - core[a373ad73a504971]::panicking::assert_failed::<usize, usize>
[INFO] [stdout]   13:     0x61ccfceb0f30 - asterism[7e418223f64f5529]::app_state::tests::test_tree_structure_single_file
[INFO] [stdout]   14:     0x61ccfceabb13 - asterism[7e418223f64f5529]::app_state::tests::test_tree_structure_single_file::{closure#0}
[INFO] [stdout]   15:     0x61ccfceba1a6 - <asterism[7e418223f64f5529]::app_state::tests::test_tree_structure_single_file::{closure#0} as core[a373ad73a504971]::ops::function::FnOnce<()>>::call_once
[INFO] [stdout]   16:     0x61ccfcefe47b - test[aada8e7e76ba119b]::__rust_begin_short_backtrace::<core[a373ad73a504971]::result::Result<(), alloc[2e1b2a31b91974c5]::string::String>, fn() -> core[a373ad73a504971]::result::Result<(), alloc[2e1b2a31b91974c5]::string::String>>
[INFO] [stdout]   17:     0x61ccfcf0b655 - test[aada8e7e76ba119b]::run_test::{closure#0}
[INFO] [stdout]   18:     0x61ccfcf04f44 - std[617be2ca0a6fd877]::sys::backtrace::__rust_begin_short_backtrace::<test[aada8e7e76ba119b]::run_test::{closure#1}, ()>
[INFO] [stdout]   19:     0x61ccfcf0e6e2 - <std[617be2ca0a6fd877]::thread::lifecycle::spawn_unchecked<test[aada8e7e76ba119b]::run_test::{closure#1}, ()>::{closure#1} as core[a373ad73a504971]::ops::function::FnOnce<()>>::call_once::{shim:vtable#0}
[INFO] [stdout]   20:     0x61ccfd2fdcdf - <std[617be2ca0a6fd877]::sys::thread::unix::Thread>::new::thread_start
[INFO] [stdout]   21:     0x79090ec21dfa - <unknown>
[INFO] [stdout]   22:     0x79090ecb53d4 - clone
[INFO] [stdout]   23:                0x0 - <unknown>
[INFO] [stdout] 
[INFO] [stdout] ---- formats::difftastic::tests::test_deleted_file_no_chunks stdout ----
[INFO] [stdout] 
[INFO] [stdout] thread 'formats::difftastic::tests::test_deleted_file_no_chunks' (9044) panicked at src/formats/../tests/difftastic.rs:110:5:
[INFO] [stdout] assertion failed: sections[0].title.contains("deleted") || sections[0].title.contains("File")
[INFO] [stdout] stack backtrace:
[INFO] [stdout]    0:     0x61ccfd2feee1 - <<std[617be2ca0a6fd877]::sys::backtrace::BacktraceLock>::print::DisplayBacktrace as core[a373ad73a504971]::fmt::Display>::fmt
[INFO] [stdout]    1:     0x61ccfd3157ea - core[a373ad73a504971]::fmt::write
[INFO] [stdout]    2:     0x61ccfd30370c - <alloc[2e1b2a31b91974c5]::vec::Vec<u8> as core[a373ad73a504971]::io::write::Write>::write_fmt
[INFO] [stdout]    3:     0x61ccfd2d8f86 - std[617be2ca0a6fd877]::panicking::default_hook::{closure#0}
[INFO] [stdout]    4:     0x61ccfd2f64a9 - std[617be2ca0a6fd877]::panicking::default_hook
[INFO] [stdout]    5:     0x61ccfcf0b030 - test[aada8e7e76ba119b]::test_main_inner::{closure#0}
[INFO] [stdout]    6:     0x61ccfd2f6662 - std[617be2ca0a6fd877]::panicking::panic_with_hook
[INFO] [stdout]    7:     0x61ccfd2d9064 - std[617be2ca0a6fd877]::panicking::panic_handler::{closure#0}
[INFO] [stdout]    8:     0x61ccfd2d1929 - std[617be2ca0a6fd877]::sys::backtrace::__rust_end_short_backtrace::<std[617be2ca0a6fd877]::panicking::panic_handler::{closure#0}, !>
[INFO] [stdout]    9:     0x61ccfd2d9f1d - __rustc[ea4f61d10b84890b]::rust_begin_unwind
[INFO] [stdout]   10:     0x61ccfd31608c - core[a373ad73a504971]::panicking::panic_fmt
[INFO] [stdout]   11:     0x61ccfd316052 - core[a373ad73a504971]::panicking::panic
[INFO] [stdout]   12:     0x61ccfcec7e79 - asterism[7e418223f64f5529]::formats::difftastic::tests::test_deleted_file_no_chunks
[INFO] [stdout]   13:     0x61ccfcec6c33 - asterism[7e418223f64f5529]::formats::difftastic::tests::test_deleted_file_no_chunks::{closure#0}
[INFO] [stdout]   14:     0x61ccfceba3a6 - <asterism[7e418223f64f5529]::formats::difftastic::tests::test_deleted_file_no_chunks::{closure#0} as core[a373ad73a504971]::ops::function::FnOnce<()>>::call_once
[INFO] [stdout]   15:     0x61ccfcefe47b - test[aada8e7e76ba119b]::__rust_begin_short_backtrace::<core[a373ad73a504971]::result::Result<(), alloc[2e1b2a31b91974c5]::string::String>, fn() -> core[a373ad73a504971]::result::Result<(), alloc[2e1b2a31b91974c5]::string::String>>
[INFO] [stdout]   16:     0x61ccfcf0b655 - test[aada8e7e76ba119b]::run_test::{closure#0}
[INFO] [stdout]   17:     0x61ccfcf04f44 - std[617be2ca0a6fd877]::sys::backtrace::__rust_begin_short_backtrace::<test[aada8e7e76ba119b]::run_test::{closure#1}, ()>
[INFO] [stdout]   18:     0x61ccfcf0e6e2 - <std[617be2ca0a6fd877]::thread::lifecycle::spawn_unchecked<test[aada8e7e76ba119b]::run_test::{closure#1}, ()>::{closure#1} as core[a373ad73a504971]::ops::function::FnOnce<()>>::call_once::{shim:vtable#0}
[INFO] [stdout]   19:     0x61ccfd2fdcdf - <std[617be2ca0a6fd877]::sys::thread::unix::Thread>::new::thread_start
[INFO] [stdout]   20:     0x79090ec21dfa - <unknown>
[INFO] [stdout]   21:     0x79090ecb53d4 - clone
[INFO] [stdout]   22:                0x0 - <unknown>
[INFO] [stdout] 
[INFO] [stdout] ---- formats::difftastic::tests::test_parse_ndjson_multi_file stdout ----
[INFO] [stdout] 
[INFO] [stdout] thread 'formats::difftastic::tests::test_parse_ndjson_multi_file' (9048) panicked at src/formats/../tests/difftastic.rs:56:5:
[INFO] [stdout] assertion failed: sections[0].title.contains("created") || sections[0].title.contains("File")
[INFO] [stdout] stack backtrace:
[INFO] [stdout]    0:     0x61ccfd2feee1 - <<std[617be2ca0a6fd877]::sys::backtrace::BacktraceLock>::print::DisplayBacktrace as core[a373ad73a504971]::fmt::Display>::fmt
[INFO] [stdout]    1:     0x61ccfd3157ea - core[a373ad73a504971]::fmt::write
[INFO] [stdout]    2:     0x61ccfd30370c - <alloc[2e1b2a31b91974c5]::vec::Vec<u8> as core[a373ad73a504971]::io::write::Write>::write_fmt
[INFO] [stdout]    3:     0x61ccfd2d8f86 - std[617be2ca0a6fd877]::panicking::default_hook::{closure#0}
[INFO] [stdout]    4:     0x61ccfd2f64a9 - std[617be2ca0a6fd877]::panicking::default_hook
[INFO] [stdout]    5:     0x61ccfcf0b030 - test[aada8e7e76ba119b]::test_main_inner::{closure#0}
[INFO] [stdout]    6:     0x61ccfd2f6662 - std[617be2ca0a6fd877]::panicking::panic_with_hook
[INFO] [stdout]    7:     0x61ccfd2d9064 - std[617be2ca0a6fd877]::panicking::panic_handler::{closure#0}
[INFO] [stdout]    8:     0x61ccfd2d1929 - std[617be2ca0a6fd877]::sys::backtrace::__rust_end_short_backtrace::<std[617be2ca0a6fd877]::panicking::panic_handler::{closure#0}, !>
[INFO] [stdout]    9:     0x61ccfd2d9f1d - __rustc[ea4f61d10b84890b]::rust_begin_unwind
[INFO] [stdout]   10:     0x61ccfd31608c - core[a373ad73a504971]::panicking::panic_fmt
[INFO] [stdout]   11:     0x61ccfd316052 - core[a373ad73a504971]::panicking::panic
[INFO] [stdout]   12:     0x61ccfcec87e3 - asterism[7e418223f64f5529]::formats::difftastic::tests::test_parse_ndjson_multi_file
[INFO] [stdout]   13:     0x61ccfcec6cc3 - asterism[7e418223f64f5529]::formats::difftastic::tests::test_parse_ndjson_multi_file::{closure#0}
[INFO] [stdout]   14:     0x61ccfceba406 - <asterism[7e418223f64f5529]::formats::difftastic::tests::test_parse_ndjson_multi_file::{closure#0} as core[a373ad73a504971]::ops::function::FnOnce<()>>::call_once
[INFO] [stdout]   15:     0x61ccfcefe47b - test[aada8e7e76ba119b]::__rust_begin_short_backtrace::<core[a373ad73a504971]::result::Result<(), alloc[2e1b2a31b91974c5]::string::String>, fn() -> core[a373ad73a504971]::result::Result<(), alloc[2e1b2a31b91974c5]::string::String>>
[INFO] [stdout]   16:     0x61ccfcf0b655 - test[aada8e7e76ba119b]::run_test::{closure#0}
[INFO] [stdout]   17:     0x61ccfcf04f44 - std[617be2ca0a6fd877]::sys::backtrace::__rust_begin_short_backtrace::<test[aada8e7e76ba119b]::run_test::{closure#1}, ()>
[INFO] [stdout]   18:     0x61ccfcf0e6e2 - <std[617be2ca0a6fd877]::thread::lifecycle::spawn_unchecked<test[aada8e7e76ba119b]::run_test::{closure#1}, ()>::{closure#1} as core[a373ad73a504971]::ops::function::FnOnce<()>>::call_once::{shim:vtable#0}
[INFO] [stdout]   19:     0x61ccfd2fdcdf - <std[617be2ca0a6fd877]::sys::thread::unix::Thread>::new::thread_start
[INFO] [stdout]   20:     0x79090ec21dfa - <unknown>
[INFO] [stdout]   21:     0x79090ecb53d4 - clone
[INFO] [stdout]   22:                0x0 - <unknown>
[INFO] [stdout] 
[INFO] [stdout] ---- formats::difftastic::tests::test_parse_multi_hunk_file stdout ----
[INFO] [stdout] 
[INFO] [stdout] thread 'formats::difftastic::tests::test_parse_multi_hunk_file' (9047) panicked at src/formats/../tests/difftastic.rs:29:5:
[INFO] [stdout] assertion `left == right` failed: Should have 2 hunks
[INFO] [stdout]   left: 3
[INFO] [stdout]  right: 2
[INFO] [stdout] stack backtrace:
[INFO] [stdout]    0:     0x61ccfd2feee1 - <<std[617be2ca0a6fd877]::sys::backtrace::BacktraceLock>::print::DisplayBacktrace as core[a373ad73a504971]::fmt::Display>::fmt
[INFO] [stdout]    1:     0x61ccfd3157ea - core[a373ad73a504971]::fmt::write
[INFO] [stdout]    2:     0x61ccfd30370c - <alloc[2e1b2a31b91974c5]::vec::Vec<u8> as core[a373ad73a504971]::io::write::Write>::write_fmt
[INFO] [stdout]    3:     0x61ccfd2d8f86 - std[617be2ca0a6fd877]::panicking::default_hook::{closure#0}
[INFO] [stdout]    4:     0x61ccfd2f64a9 - std[617be2ca0a6fd877]::panicking::default_hook
[INFO] [stdout]    5:     0x61ccfcf0b030 - test[aada8e7e76ba119b]::test_main_inner::{closure#0}
[INFO] [stdout]    6:     0x61ccfd2f6662 - std[617be2ca0a6fd877]::panicking::panic_with_hook
[INFO] [stdout]    7:     0x61ccfd2d9032 - std[617be2ca0a6fd877]::panicking::panic_handler::{closure#0}
[INFO] [stdout]    8:     0x61ccfd2d1929 - std[617be2ca0a6fd877]::sys::backtrace::__rust_end_short_backtrace::<std[617be2ca0a6fd877]::panicking::panic_handler::{closure#0}, !>
[INFO] [stdout]    9:     0x61ccfd2d9f1d - __rustc[ea4f61d10b84890b]::rust_begin_unwind
[INFO] [stdout]   10:     0x61ccfd31608c - core[a373ad73a504971]::panicking::panic_fmt
[INFO] [stdout]   11:     0x61ccfd315f83 - core[a373ad73a504971]::panicking::assert_failed_inner
[INFO] [stdout]   12:     0x61ccfd310d0d - core[a373ad73a504971]::panicking::assert_failed::<usize, usize>
[INFO] [stdout]   13:     0x61ccfcec75b7 - asterism[7e418223f64f5529]::formats::difftastic::tests::test_parse_multi_hunk_file
[INFO] [stdout]   14:     0x61ccfcec6bd3 - asterism[7e418223f64f5529]::formats::difftastic::tests::test_parse_multi_hunk_file::{closure#0}
[INFO] [stdout]   15:     0x61ccfceba366 - <asterism[7e418223f64f5529]::formats::difftastic::tests::test_parse_multi_hunk_file::{closure#0} as core[a373ad73a504971]::ops::function::FnOnce<()>>::call_once
[INFO] [stdout]   16:     0x61ccfcefe47b - test[aada8e7e76ba119b]::__rust_begin_short_backtrace::<core[a373ad73a504971]::result::Result<(), alloc[2e1b2a31b91974c5]::string::String>, fn() -> core[a373ad73a504971]::result::Result<(), alloc[2e1b2a31b91974c5]::string::String>>
[INFO] [stdout]   17:     0x61ccfcf0b655 - test[aada8e7e76ba119b]::run_test::{closure#0}
[INFO] [stdout]   18:     0x61ccfcf04f44 - std[617be2ca0a6fd877]::sys::backtrace::__rust_begin_short_backtrace::<test[aada8e7e76ba119b]::run_test::{closure#1}, ()>
[INFO] [stdout]   19:     0x61ccfcf0e6e2 - <std[617be2ca0a6fd877]::thread::lifecycle::spawn_unchecked<test[aada8e7e76ba119b]::run_test::{closure#1}, ()>::{closure#1} as core[a373ad73a504971]::ops::function::FnOnce<()>>::call_once::{shim:vtable#0}
[INFO] [stdout]   20:     0x61ccfd2fdcdf - <std[617be2ca0a6fd877]::sys::thread::unix::Thread>::new::thread_start
[INFO] [stdout]   21:     0x79090ec21dfa - <unknown>
[INFO] [stdout]   22:     0x79090ecb53d4 - clone
[INFO] [stdout]   23:                0x0 - <unknown>
[INFO] [stdout] 
[INFO] [stdout] ---- formats::difftastic::tests::test_parse_single_file_diff stdout ----
[INFO] [stdout] 
[INFO] [stdout] thread 'formats::difftastic::tests::test_parse_single_file_diff' (9049) panicked at src/formats/../tests/difftastic.rs:14:5:
[INFO] [stdout] Should be a hunk
[INFO] [stdout] stack backtrace:
[INFO] [stdout]    0:     0x61ccfd2feee1 - <<std[617be2ca0a6fd877]::sys::backtrace::BacktraceLock>::print::DisplayBacktrace as core[a373ad73a504971]::fmt::Display>::fmt
[INFO] [stdout]    1:     0x61ccfd3157ea - core[a373ad73a504971]::fmt::write
[INFO] [stdout]    2:     0x61ccfd30370c - <alloc[2e1b2a31b91974c5]::vec::Vec<u8> as core[a373ad73a504971]::io::write::Write>::write_fmt
[INFO] [stdout]    3:     0x61ccfd2d8f86 - std[617be2ca0a6fd877]::panicking::default_hook::{closure#0}
[INFO] [stdout]    4:     0x61ccfd2f64a9 - std[617be2ca0a6fd877]::panicking::default_hook
[INFO] [stdout]    5:     0x61ccfcf0b030 - test[aada8e7e76ba119b]::test_main_inner::{closure#0}
[INFO] [stdout]    6:     0x61ccfd2f6662 - std[617be2ca0a6fd877]::panicking::panic_with_hook
[INFO] [stdout]    7:     0x61ccfd2d9064 - std[617be2ca0a6fd877]::panicking::panic_handler::{closure#0}
[INFO] [stdout]    8:     0x61ccfd2d1929 - std[617be2ca0a6fd877]::sys::backtrace::__rust_end_short_backtrace::<std[617be2ca0a6fd877]::panicking::panic_handler::{closure#0}, !>
[INFO] [stdout]    9:     0x61ccfd2d9f1d - __rustc[ea4f61d10b84890b]::rust_begin_unwind
[INFO] [stdout]   10:     0x61ccfd31608c - core[a373ad73a504971]::panicking::panic_fmt
[INFO] [stdout]   11:     0x61ccfcec823f - asterism[7e418223f64f5529]::formats::difftastic::tests::test_parse_single_file_diff
[INFO] [stdout]   12:     0x61ccfcec6c63 - asterism[7e418223f64f5529]::formats::difftastic::tests::test_parse_single_file_diff::{closure#0}
[INFO] [stdout]   13:     0x61ccfceba3c6 - <asterism[7e418223f64f5529]::formats::difftastic::tests::test_parse_single_file_diff::{closure#0} as core[a373ad73a504971]::ops::function::FnOnce<()>>::call_once
[INFO] [stdout]   14:     0x61ccfcefe47b - test[aada8e7e76ba119b]::__rust_begin_short_backtrace::<core[a373ad73a504971]::result::Result<(), alloc[2e1b2a31b91974c5]::string::String>, fn() -> core[a373ad73a504971]::result::Result<(), alloc[2e1b2a31b91974c5]::string::String>>
[INFO] [stdout]   15:     0x61ccfcf0b655 - test[aada8e7e76ba119b]::run_test::{closure#0}
[INFO] [stdout]   16:     0x61ccfcf04f44 - std[617be2ca0a6fd877]::sys::backtrace::__rust_begin_short_backtrace::<test[aada8e7e76ba119b]::run_test::{closure#1}, ()>
[INFO] [stdout]   17:     0x61ccfcf0e6e2 - <std[617be2ca0a6fd877]::thread::lifecycle::spawn_unchecked<test[aada8e7e76ba119b]::run_test::{closure#1}, ()>::{closure#1} as core[a373ad73a504971]::ops::function::FnOnce<()>>::call_once::{shim:vtable#0}
[INFO] [stdout]   18:     0x61ccfd2fdcdf - <std[617be2ca0a6fd877]::sys::thread::unix::Thread>::new::thread_start
[INFO] [stdout]   19:     0x79090ec21dfa - <unknown>
[INFO] [stdout]   20:     0x79090ecb53d4 - clone
[INFO] [stdout]   21:                0x0 - <unknown>
[INFO] [stdout] 
[INFO] [stdout] ---- app_state::tests::test_multiple_edits_correct_offsets stdout ----
[INFO] [stdout] 
[INFO] [stdout] thread 'app_state::tests::test_multiple_edits_correct_offsets' (9029) panicked at src/tests/app_state.rs:235:5:
[INFO] [stdout] Middle section should remain
[INFO] [stdout] stack backtrace:
[INFO] [stdout]    0:     0x61ccfd2feee1 - <<std[617be2ca0a6fd877]::sys::backtrace::BacktraceLock>::print::DisplayBacktrace as core[a373ad73a504971]::fmt::Display>::fmt
[INFO] [stdout]    1:     0x61ccfd3157ea - core[a373ad73a504971]::fmt::write
[INFO] [stdout]    2:     0x61ccfd30370c - <alloc[2e1b2a31b91974c5]::vec::Vec<u8> as core[a373ad73a504971]::io::write::Write>::write_fmt
[INFO] [stdout]    3:     0x61ccfd2d8f86 - std[617be2ca0a6fd877]::panicking::default_hook::{closure#0}
[INFO] [stdout]    4:     0x61ccfd2f64a9 - std[617be2ca0a6fd877]::panicking::default_hook
[INFO] [stdout]    5:     0x61ccfcf0b030 - test[aada8e7e76ba119b]::test_main_inner::{closure#0}
[INFO] [stdout]    6:     0x61ccfd2f6662 - std[617be2ca0a6fd877]::panicking::panic_with_hook
[INFO] [stdout]    7:     0x61ccfd2d9064 - std[617be2ca0a6fd877]::panicking::panic_handler::{closure#0}
[INFO] [stdout]    8:     0x61ccfd2d1929 - std[617be2ca0a6fd877]::sys::backtrace::__rust_end_short_backtrace::<std[617be2ca0a6fd877]::panicking::panic_handler::{closure#0}, !>
[INFO] [stdout]    9:     0x61ccfd2d9f1d - __rustc[ea4f61d10b84890b]::rust_begin_unwind
[INFO] [stdout]   10:     0x61ccfd31608c - core[a373ad73a504971]::panicking::panic_fmt
[INFO] [stdout]   11:     0x61ccfceb2901 - asterism[7e418223f64f5529]::app_state::tests::test_multiple_edits_correct_offsets
[INFO] [stdout]   12:     0x61ccfceabb43 - asterism[7e418223f64f5529]::app_state::tests::test_multiple_edits_correct_offsets::{closure#0}
[INFO] [stdout]   13:     0x61ccfceba1c6 - <asterism[7e418223f64f5529]::app_state::tests::test_multiple_edits_correct_offsets::{closure#0} as core[a373ad73a504971]::ops::function::FnOnce<()>>::call_once
[INFO] [stdout]   14:     0x61ccfcefe47b - test[aada8e7e76ba119b]::__rust_begin_short_backtrace::<core[a373ad73a504971]::result::Result<(), alloc[2e1b2a31b91974c5]::string::String>, fn() -> core[a373ad73a504971]::result::Result<(), alloc[2e1b2a31b91974c5]::string::String>>
[INFO] [stdout]   15:     0x61ccfcf0b655 - test[aada8e7e76ba119b]::run_test::{closure#0}
[INFO] [stdout]   16:     0x61ccfcf04f44 - std[617be2ca0a6fd877]::sys::backtrace::__rust_begin_short_backtrace::<test[aada8e7e76ba119b]::run_test::{closure#1}, ()>
[INFO] [stdout]   17:     0x61ccfcf0e6e2 - <std[617be2ca0a6fd877]::thread::lifecycle::spawn_unchecked<test[aada8e7e76ba119b]::run_test::{closure#1}, ()>::{closure#1} as core[a373ad73a504971]::ops::function::FnOnce<()>>::call_once::{shim:vtable#0}
[INFO] [stdout]   18:     0x61ccfd2fdcdf - <std[617be2ca0a6fd877]::sys::thread::unix::Thread>::new::thread_start
[INFO] [stdout]   19:     0x79090ec21dfa - <unknown>
[INFO] [stdout]   20:     0x79090ecb53d4 - clone
[INFO] [stdout]   21:                0x0 - <unknown>
[INFO] [stdout] 
[INFO] [stdout] ---- formats::difftastic::tests::test_created_file_no_chunks stdout ----
[INFO] [stdout] 
[INFO] [stdout] thread 'formats::difftastic::tests::test_created_file_no_chunks' (9043) panicked at src/formats/../tests/difftastic.rs:100:5:
[INFO] [stdout] assertion failed: sections[0].title.contains("created") || sections[0].title.contains("File")
[INFO] [stdout] stack backtrace:
[INFO] [stdout]    0:     0x61ccfd2feee1 - <<std[617be2ca0a6fd877]::sys::backtrace::BacktraceLock>::print::DisplayBacktrace as core[a373ad73a504971]::fmt::Display>::fmt
[INFO] [stdout]    1:     0x61ccfd3157ea - core[a373ad73a504971]::fmt::write
[INFO] [stdout]    2:     0x61ccfd30370c - <alloc[2e1b2a31b91974c5]::vec::Vec<u8> as core[a373ad73a504971]::io::write::Write>::write_fmt
[INFO] [stdout]    3:     0x61ccfd2d8f86 - std[617be2ca0a6fd877]::panicking::default_hook::{closure#0}
[INFO] [stdout]    4:     0x61ccfd2f64a9 - std[617be2ca0a6fd877]::panicking::default_hook
[INFO] [stdout]    5:     0x61ccfcf0b030 - test[aada8e7e76ba119b]::test_main_inner::{closure#0}
[INFO] [stdout]    6:     0x61ccfd2f6662 - std[617be2ca0a6fd877]::panicking::panic_with_hook
[INFO] [stdout]    7:     0x61ccfd2d9064 - std[617be2ca0a6fd877]::panicking::panic_handler::{closure#0}
[INFO] [stdout]    8:     0x61ccfd2d1929 - std[617be2ca0a6fd877]::sys::backtrace::__rust_end_short_backtrace::<std[617be2ca0a6fd877]::panicking::panic_handler::{closure#0}, !>
[INFO] [stdout]    9:     0x61ccfd2d9f1d - __rustc[ea4f61d10b84890b]::rust_begin_unwind
[INFO] [stdout]   10:     0x61ccfd31608c - core[a373ad73a504971]::panicking::panic_fmt
[INFO] [stdout]   11:     0x61ccfd316052 - core[a373ad73a504971]::panicking::panic
[INFO] [stdout]   12:     0x61ccfcec7b79 - asterism[7e418223f64f5529]::formats::difftastic::tests::test_created_file_no_chunks
[INFO] [stdout]   13:     0x61ccfcec6c03 - asterism[7e418223f64f5529]::formats::difftastic::tests::test_created_file_no_chunks::{closure#0}
[INFO] [stdout]   14:     0x61ccfceba386 - <asterism[7e418223f64f5529]::formats::difftastic::tests::test_created_file_no_chunks::{closure#0} as core[a373ad73a504971]::ops::function::FnOnce<()>>::call_once
[INFO] [stdout]   15:     0x61ccfcefe47b - test[aada8e7e76ba119b]::__rust_begin_short_backtrace::<core[a373ad73a504971]::result::Result<(), alloc[2e1b2a31b91974c5]::string::String>, fn() -> core[a373ad73a504971]::result::Result<(), alloc[2e1b2a31b91974c5]::string::String>>
[INFO] [stdout]   16:     0x61ccfcf0b655 - test[aada8e7e76ba119b]::run_test::{closure#0}
[INFO] [stdout]   17:     0x61ccfcf04f44 - std[617be2ca0a6fd877]::sys::backtrace::__rust_begin_short_backtrace::<test[aada8e7e76ba119b]::run_test::{closure#1}, ()>
[INFO] [stdout]   18:     0x61ccfcf0e6e2 - <std[617be2ca0a6fd877]::thread::lifecycle::spawn_unchecked<test[aada8e7e76ba119b]::run_test::{closure#1}, ()>::{closure#1} as core[a373ad73a504971]::ops::function::FnOnce<()>>::call_once::{shim:vtable#0}
[INFO] [stdout]   19:     0x61ccfd2fdcdf - <std[617be2ca0a6fd877]::sys::thread::unix::Thread>::new::thread_start
[INFO] [stdout]   20:     0x79090ec21dfa - <unknown>
[INFO] [stdout]   21:     0x79090ecb53d4 - clone
[INFO] [stdout]   22:                0x0 - <unknown>
[INFO] [stdout] 
[INFO] [stdout] ---- app_state::tests::test_navigation_skips_files stdout ----
[INFO] [stdout] 
[INFO] [stdout] thread 'app_state::tests::test_navigation_skips_files' (9030) panicked at src/tests/app_state.rs:441:5:
[INFO] [stdout] assertion `left == right` failed: Should be on 'One' section
[INFO] [stdout]   left: Some("Three")
[INFO] [stdout]  right: Some("One")
[INFO] [stdout] stack backtrace:
[INFO] [stdout]    0:     0x61ccfd2feee1 - <<std[617be2ca0a6fd877]::sys::backtrace::BacktraceLock>::print::DisplayBacktrace as core[a373ad73a504971]::fmt::Display>::fmt
[INFO] [stdout]    1:     0x61ccfd3157ea - core[a373ad73a504971]::fmt::write
[INFO] [stdout]    2:     0x61ccfd30370c - <alloc[2e1b2a31b91974c5]::vec::Vec<u8> as core[a373ad73a504971]::io::write::Write>::write_fmt
[INFO] [stdout]    3:     0x61ccfd2d8f86 - std[617be2ca0a6fd877]::panicking::default_hook::{closure#0}
[INFO] [stdout]    4:     0x61ccfd2f64a9 - std[617be2ca0a6fd877]::panicking::default_hook
[INFO] [stdout]    5:     0x61ccfcf0b030 - test[aada8e7e76ba119b]::test_main_inner::{closure#0}
[INFO] [stdout]    6:     0x61ccfd2f6662 - std[617be2ca0a6fd877]::panicking::panic_with_hook
[INFO] [stdout]    7:     0x61ccfd2d9032 - std[617be2ca0a6fd877]::panicking::panic_handler::{closure#0}
[INFO] [stdout]    8:     0x61ccfd2d1929 - std[617be2ca0a6fd877]::sys::backtrace::__rust_end_short_backtrace::<std[617be2ca0a6fd877]::panicking::panic_handler::{closure#0}, !>
[INFO] [stdout]    9:     0x61ccfd2d9f1d - __rustc[ea4f61d10b84890b]::rust_begin_unwind
[INFO] [stdout]   10:     0x61ccfd31608c - core[a373ad73a504971]::panicking::panic_fmt
[INFO] [stdout]   11:     0x61ccfd315f83 - core[a373ad73a504971]::panicking::assert_failed_inner
[INFO] [stdout]   12:     0x61ccfced716d - core[a373ad73a504971]::panicking::assert_failed::<core[a373ad73a504971]::option::Option<&str>, core[a373ad73a504971]::option::Option<&str>>
[INFO] [stdout]   13:     0x61ccfcead026 - asterism[7e418223f64f5529]::app_state::tests::test_navigation_skips_files
[INFO] [stdout]   14:     0x61ccfceaba53 - asterism[7e418223f64f5529]::app_state::tests::test_navigation_skips_files::{closure#0}
[INFO] [stdout]   15:     0x61ccfceba126 - <asterism[7e418223f64f5529]::app_state::tests::test_navigation_skips_files::{closure#0} as core[a373ad73a504971]::ops::function::FnOnce<()>>::call_once
[INFO] [stdout]   16:     0x61ccfcefe47b - test[aada8e7e76ba119b]::__rust_begin_short_backtrace::<core[a373ad73a504971]::result::Result<(), alloc[2e1b2a31b91974c5]::string::String>, fn() -> core[a373ad73a504971]::result::Result<(), alloc[2e1b2a31b91974c5]::string::String>>
[INFO] [stdout]   17:     0x61ccfcf0b655 - test[aada8e7e76ba119b]::run_test::{closure#0}
[INFO] [stdout]   18:     0x61ccfcf04f44 - std[617be2ca0a6fd877]::sys::backtrace::__rust_begin_short_backtrace::<test[aada8e7e76ba119b]::run_test::{closure#1}, ()>
[INFO] [stdout]   19:     0x61ccfcf0e6e2 - <std[617be2ca0a6fd877]::thread::lifecycle::spawn_unchecked<test[aada8e7e76ba119b]::run_test::{closure#1}, ()>::{closure#1} as core[a373ad73a504971]::ops::function::FnOnce<()>>::call_once::{shim:vtable#0}
[INFO] [stdout]   20:     0x61ccfd2fdcdf - <std[617be2ca0a6fd877]::sys::thread::unix::Thread>::new::thread_start
[INFO] [stdout]   21:     0x79090ec21dfa - <unknown>
[INFO] [stdout]   22:     0x79090ecb53d4 - clone
[INFO] [stdout]   23:                0x0 - <unknown>
[INFO] [stdout] 
[INFO] [stderr] error: test failed, to rerun pass `--lib`
[INFO] [stdout] 
[INFO] [stdout] failures:
[INFO] [stdout]     app_state::tests::test_multiple_edits_correct_offsets
[INFO] [stdout]     app_state::tests::test_navigation_skips_files
[INFO] [stdout]     app_state::tests::test_tree_structure_single_file
[INFO] [stdout]     formats::difftastic::tests::test_created_file_no_chunks
[INFO] [stdout]     formats::difftastic::tests::test_deleted_file_no_chunks
[INFO] [stdout]     formats::difftastic::tests::test_parse_multi_hunk_file
[INFO] [stdout]     formats::difftastic::tests::test_parse_ndjson_multi_file
[INFO] [stdout]     formats::difftastic::tests::test_parse_single_file_diff
[INFO] [stdout] 
[INFO] [stdout] test result: FAILED. 20 passed; 8 failed; 0 ignored; 0 measured; 0 filtered out; finished in 0.09s
[INFO] [stdout] 
[INFO] running `Command { std: "docker" "inspect" "a983dcc45878e5e3e85213b2bf21cd9975ae1a823a5496246b84be26d32107f4", kill_on_drop: false }`
[INFO] running `Command { std: "docker" "rm" "-f" "a983dcc45878e5e3e85213b2bf21cd9975ae1a823a5496246b84be26d32107f4", kill_on_drop: false }`
[INFO] [stdout] a983dcc45878e5e3e85213b2bf21cd9975ae1a823a5496246b84be26d32107f4
