[INFO] fetching crate a3s-flow 1.1.0...
[INFO] testing a3s-flow-1.1.0 against 1.99.0-beta.8 for beta-1.100-2
[INFO] extracting crate a3s-flow 1.1.0 into /workspace/builds/worker-1-tc1/source
[INFO] started tweaking crates.io crate a3s-flow 1.1.0
[INFO] removed 0 missing examples
[INFO] removed 0 missing tests
[INFO] finished tweaking crates.io crate a3s-flow 1.1.0
[INFO] tweaked toml for crates.io crate a3s-flow 1.1.0 written to /workspace/builds/worker-1-tc1/source/Cargo.toml
[INFO] validating manifest of crates.io crate a3s-flow 1.1.0 on toolchain 1.99.0-beta.8
[INFO] running `Command { std: CARGO_HOME="/workspace/cargo-home" RUSTUP_HOME="/workspace/rustup-home" "/workspace/cargo-home/bin/cargo" "+1.99.0-beta.8" "metadata" "--manifest-path" "Cargo.toml" "--no-deps", kill_on_drop: false }`
[INFO] crate crates.io crate a3s-flow 1.1.0 already has a lockfile, it will not be regenerated
[INFO] running `Command { std: CARGO_HOME="/workspace/cargo-home" RUSTUP_HOME="/workspace/rustup-home" "/workspace/cargo-home/bin/cargo" "+1.99.0-beta.8" "fetch" "--manifest-path" "Cargo.toml", kill_on_drop: false }`
[INFO] [stderr]     Updating crates.io index
[INFO] [stderr]  Downloading crates ...
[INFO] [stderr]   Downloaded tls_codec v0.4.2
[INFO] [stderr]   Downloaded tls_codec_derive v0.4.2
[INFO] [stderr]   Downloaded tokio-rusqlite v0.7.0
[INFO] [stderr]   Downloaded a3s-orm v0.3.1
[INFO] [stderr]   Downloaded tokio-postgres-rustls v0.14.0
[INFO] [stderr]   Downloaded libredox v0.1.20
[INFO] [stderr]   Downloaded wasite v1.0.2
[INFO] [stderr]   Downloaded postgres-protocol v0.6.12
[INFO] [stderr]   Downloaded wasi v0.14.7+wasi-0.2.4
[INFO] [stderr]   Downloaded objc2-system-configuration v0.3.2
[INFO] [stderr]   Downloaded whoami v2.1.3
[INFO] [stderr]   Downloaded postgres-types v0.2.14
[INFO] [stderr]   Downloaded tokio-postgres v0.7.18
[INFO] [stderr]   Downloaded deadpool-postgres v0.14.1
[INFO] [stderr]   Downloaded a3s-boot v0.2.0
[INFO] [stderr]   Downloaded a3s-lane v0.5.1
[INFO] [stderr]   Downloaded cron v0.17.0
[INFO] [stderr]   Downloaded a3s-event v0.3.0
[INFO] running `Command { std: "docker" "create" "-v" "/var/lib/crater-agent-workspace/builds/worker-1-tc1/source:/opt/rustwide/workdir:ro,Z" "-v" "/var/lib/crater-agent-workspace/builds/worker-1-tc1/target:/opt/rustwide/target:rw,Z" "-v" "/var/lib/crater-agent-workspace/cargo-home:/opt/rustwide/cargo-home:ro,Z" "-v" "/var/lib/crater-agent-workspace/rustup-home:/opt/rustwide/rustup-home:ro,Z" "-m" "1610612736" "--network" "none" "ghcr.io/rust-lang/crates-build-env/linux@sha256:3111399a4047eeb3a02b7a90e478d715f38a8c6669b5c4b49d30a17385265909" "sleep" "infinity", kill_on_drop: false }`
[INFO] [stdout] d9d16a425c836dacb321f1ab5cd0fd565e6a516badb4173a5aceace2ff038721
[INFO] running `Command { std: "docker" "start" "d9d16a425c836dacb321f1ab5cd0fd565e6a516badb4173a5aceace2ff038721", kill_on_drop: false }`
[INFO] running `Command { std: "docker" "inspect" "d9d16a425c836dacb321f1ab5cd0fd565e6a516badb4173a5aceace2ff038721", kill_on_drop: false }`
[INFO] running `Command { std: "docker" "exec" "-e" "SOURCE_DIR=/opt/rustwide/workdir" "-e" "CARGO_HOME=/opt/rustwide/cargo-home" "-e" "RUSTUP_HOME=/opt/rustwide/rustup-home" "-e" "CARGO_TARGET_DIR=/opt/rustwide/target" "-w" "/opt/rustwide/workdir" "--user" "0:0" "d9d16a425c836dacb321f1ab5cd0fd565e6a516badb4173a5aceace2ff038721" "/opt/rustwide/cargo-home/bin/cargo" "+1.99.0-beta.8" "metadata" "--no-deps" "--format-version=1", kill_on_drop: false }`
[INFO] running `Command { std: "docker" "inspect" "d9d16a425c836dacb321f1ab5cd0fd565e6a516badb4173a5aceace2ff038721", kill_on_drop: false }`
[INFO] running `Command { std: "docker" "exec" "-e" "SOURCE_DIR=/opt/rustwide/workdir" "-e" "CARGO_HOME=/opt/rustwide/cargo-home" "-e" "RUSTUP_HOME=/opt/rustwide/rustup-home" "-e" "CARGO_TARGET_DIR=/opt/rustwide/target" "-e" "CARGO_INCREMENTAL=0" "-e" "RUST_BACKTRACE=full" "-e" "RUSTFLAGS=--cap-lints=warn" "-e" "RUSTDOCFLAGS=--cap-lints=warn" "-w" "/opt/rustwide/workdir" "--user" "0:0" "d9d16a425c836dacb321f1ab5cd0fd565e6a516badb4173a5aceace2ff038721" "/opt/rustwide/cargo-home/bin/cargo" "+1.99.0-beta.8" "build" "--frozen" "--message-format=json", kill_on_drop: false }`
[INFO] [stderr]    Compiling syn v3.0.3
[INFO] [stderr]    Compiling syn v2.0.119
[INFO] [stderr]    Compiling errno v0.3.14
[INFO] [stderr]    Compiling sha2 v0.10.9
[INFO] [stderr]    Compiling signal-hook-registry v1.4.8
[INFO] [stderr]    Compiling serde_derive v1.0.229
[INFO] [stderr]    Compiling tokio-macros v2.7.2
[INFO] [stderr]    Compiling async-trait v0.1.92
[INFO] [stderr]    Compiling tokio v1.53.1
[INFO] [stderr]    Compiling thiserror-impl v1.0.69
[INFO] [stderr]    Compiling tracing-attributes v0.1.31
[INFO] [stderr]    Compiling thiserror v1.0.69
[INFO] [stderr]    Compiling tracing v0.1.44
[INFO] [stderr]    Compiling serde v1.0.229
[INFO] [stderr]    Compiling chrono v0.4.45
[INFO] [stderr]    Compiling serde_yaml_ng v0.10.0
[INFO] [stderr]    Compiling a3s-flow v1.1.0 (/opt/rustwide/workdir)
[INFO] [stderr]     Finished `dev` profile [unoptimized + debuginfo] target(s) in 35.06s
[INFO] running `Command { std: "docker" "inspect" "d9d16a425c836dacb321f1ab5cd0fd565e6a516badb4173a5aceace2ff038721", kill_on_drop: false }`
[INFO] running `Command { std: "docker" "exec" "-e" "SOURCE_DIR=/opt/rustwide/workdir" "-e" "CARGO_HOME=/opt/rustwide/cargo-home" "-e" "RUSTUP_HOME=/opt/rustwide/rustup-home" "-e" "CARGO_TARGET_DIR=/opt/rustwide/target" "-e" "CARGO_INCREMENTAL=0" "-e" "RUST_BACKTRACE=full" "-e" "RUSTFLAGS=--cap-lints=warn" "-e" "RUSTDOCFLAGS=--cap-lints=warn" "-w" "/opt/rustwide/workdir" "--user" "0:0" "d9d16a425c836dacb321f1ab5cd0fd565e6a516badb4173a5aceace2ff038721" "/opt/rustwide/cargo-home/bin/cargo" "+1.99.0-beta.8" "test" "--frozen" "--no-run" "--message-format=json", kill_on_drop: false }`
[INFO] [stderr]    Compiling rustix v1.1.4
[INFO] [stderr]    Compiling tempfile v3.27.0
[INFO] [stderr]    Compiling a3s-flow v1.1.0 (/opt/rustwide/workdir)
[INFO] [stderr]     Finished `test` profile [unoptimized + debuginfo] target(s) in 50.75s
[INFO] running `Command { std: "docker" "inspect" "d9d16a425c836dacb321f1ab5cd0fd565e6a516badb4173a5aceace2ff038721", kill_on_drop: false }`
[INFO] running `Command { std: "docker" "exec" "-e" "SOURCE_DIR=/opt/rustwide/workdir" "-e" "CARGO_HOME=/opt/rustwide/cargo-home" "-e" "RUSTUP_HOME=/opt/rustwide/rustup-home" "-e" "CARGO_TARGET_DIR=/opt/rustwide/target" "-e" "CARGO_INCREMENTAL=0" "-e" "RUST_BACKTRACE=full" "-e" "RUSTFLAGS=--cap-lints=warn" "-e" "RUSTDOCFLAGS=--cap-lints=warn" "-w" "/opt/rustwide/workdir" "--user" "0:0" "d9d16a425c836dacb321f1ab5cd0fd565e6a516badb4173a5aceace2ff038721" "/opt/rustwide/cargo-home/bin/cargo" "+1.99.0-beta.8" "test" "--frozen", kill_on_drop: false }`
[INFO] [stderr]     Finished `test` profile [unoptimized + debuginfo] target(s) in 0.19s
[INFO] [stderr]      Running unittests src/lib.rs (/opt/rustwide/target/debug/deps/a3s_flow-9a8a74c8c72de232)
[INFO] [stdout] 
[INFO] [stdout] running 12 tests
[INFO] [stdout] test model::command::retry_policy_tests::exponential_constructor_clamps_to_a_valid_positive_range ... ok
[INFO] [stdout] test runtime::tests::native_ts_output_reader_accepts_exact_limit_and_rejects_next_byte ... ok
[INFO] [stdout] test model::command::retry_policy_tests::exponential_delay_is_identity_stable_and_capped_per_attempt ... ok
[INFO] [stdout] test runtime::tests::native_ts_runtime_timeouts_are_opt_in_and_configurable ... ok
[INFO] [stdout] test runtime::tests::native_ts_runtime_output_limits_are_configurable ... ok
[INFO] [stdout] test runtime::native_ts::tests::artifact_cache_key_covers_the_compile_environment ... ok
[INFO] [stdout] test runtime::native_ts::source::tests::source_hash_uses_portable_u64_length_prefixes ... ok
[INFO] [stdout] test runtime::tests::native_ts_preflight_future_stays_bounded_for_small_stack_hosts ... ok
[INFO] [stdout] test runtime::tests::native_ts_default_cache_stays_under_a3s_state_root ... ok
[INFO] [stdout] test runtime::native_ts::source::tests::dependency_graph_hash_changes_with_imported_source ... ok
[INFO] [stdout] test runtime::native_ts::dependencies::tests::dependency_manifest_rejects_protocol_order_traversal_and_missing_entrypoint ... ok
[INFO] [stdout] test runtime::native_ts::dependencies::tests::dependency_manifest_accepts_one_sorted_graph_under_the_working_directory ... ok
[INFO] [stdout] 
[INFO] [stdout] test result: ok. 12 passed; 0 failed; 0 ignored; 0 measured; 0 filtered out; finished in 0.02s
[INFO] [stdout] 
[INFO] [stderr]      Running unittests src/bin/a3s-flow-native-compiler/main.rs (/opt/rustwide/target/debug/deps/a3s_flow_native_compiler-3ba3162033068126)
[INFO] [stdout] 
[INFO] [stdout] running 8 tests
[INFO] [stdout] test compiler::tests::module_specifiers_are_absolute_and_use_portable_separators ... ok
[INFO] [stderr]      Running tests/boot.rs (/opt/rustwide/target/debug/deps/boot-f17dd620c648e6f6)
[INFO] [stdout] test tests::parser_rejects_ambiguous_or_extra_arguments ... ok
[INFO] [stdout] test tests::parser_accepts_the_closed_compiler_surface ... ok
[INFO] [stdout] test compiler::tests::bootstrap_binds_the_entrypoint_and_runtime_protocol ... ok
[INFO] [stdout] test compiler::bun::tests::backend_fingerprint_changes_with_executable_contents ... ok
[INFO] [stdout] test compiler::temporary::tests::cleanup_accepts_only_uuid_workspaces_directly_under_system_temp ... ok
[INFO] [stdout] test compiler::bun::tests::supervisor_terminates_and_reaps_bun_when_its_parent_disconnects ... ok
[INFO] [stdout] test compiler::temporary::tests::guard_cleans_on_disconnect_and_preserves_on_disarm ... ok
[INFO] [stdout] 
[INFO] [stdout] test result: ok. 8 passed; 0 failed; 0 ignored; 0 measured; 0 filtered out; finished in 0.01s
[INFO] [stdout] 
[INFO] [stderr]      Running tests/child_workflow_batches.rs (/opt/rustwide/target/debug/deps/child_workflow_batches-6a594c2c5e59649f)
[INFO] [stdout] 
[INFO] [stdout] running 0 tests
[INFO] [stdout] 
[INFO] [stdout] test result: ok. 0 passed; 0 failed; 0 ignored; 0 measured; 0 filtered out; finished in 0.00s
[INFO] [stdout] 
[INFO] [stdout] 
[INFO] [stdout] running 5 tests
[INFO] [stdout] test batch_order_drift_is_rejected_before_a_missing_sibling_is_appended ... ok
[INFO] [stdout] test invalid_batches_fail_before_any_child_request_is_appended ... ok
[INFO] [stdout] test partial_batch_request_persistence_recovers_without_duplicate_children ... ok
[INFO] [stdout] test every_suspending_sibling_starts_and_receives_parent_cancellation ... ok
[INFO] [stdout] test batch_requests_are_durable_before_children_run_concurrently ... ok
[INFO] [stdout] 
[INFO] [stdout] test result: ok. 5 passed; 0 failed; 0 ignored; 0 measured; 0 filtered out; finished in 0.01s
[INFO] [stdout] 
[INFO] [stderr]      Running tests/child_workflow_recovery.rs (/opt/rustwide/target/debug/deps/child_workflow_recovery-0fb7b154f3ff43f6)
[INFO] [stdout] 
[INFO] [stdout] running 5 tests
[INFO] [stdout] test compatible_replacement_recovers_a_child_with_a_different_build_pin ... ok
[INFO] [stdout] test parent_only_replacement_resolves_a_terminal_continued_child ... ok
[INFO] [stdout] test completed_child_is_reconciled_after_parent_resolution_crash ... ok
[INFO] [stdout] test a_parent_can_be_redriven_after_an_external_child_hook_completes ... ok
[INFO] [stdout] test parent_only_replacement_cannot_replay_an_active_continued_child ... ok
[INFO] [stderr]      Running tests/child_workflow_retention.rs (/opt/rustwide/target/debug/deps/child_workflow_retention-1239025329dc032d)
[INFO] [stdout] 
[INFO] [stdout] test result: ok. 5 passed; 0 failed; 0 ignored; 0 measured; 0 filtered out; finished in 0.02s
[INFO] [stdout] 
[INFO] [stdout] 
[INFO] [stdout] running 4 tests
[INFO] [stdout] test dangling_abandoned_child_link_protects_a_terminal_parent ... ok
[INFO] [stdout] test retention_rejects_child_start_drift_from_the_parent_request ... ok
[INFO] [stdout] test retention_rejects_a_first_class_child_ownership_cycle ... ok
[INFO] [stdout] test retention_deletes_only_a_fully_resolved_child_component ... ok
[INFO] [stdout] 
[INFO] [stdout] test result: ok. 4 passed; 0 failed; 0 ignored; 0 measured; 0 filtered out; finished in 0.07s
[INFO] [stdout] 
[INFO] [stderr]      Running tests/child_workflow_validation.rs (/opt/rustwide/target/debug/deps/child_workflow_validation-68292fe01178c76c)
[INFO] [stdout] 
[INFO] [stdout] running 3 tests
[INFO] [stdout] test projection_rejects_unknown_duplicate_and_intermediate_child_resolutions ... ok
[INFO] [stderr]      Running tests/child_workflows.rs (/opt/rustwide/target/debug/deps/child_workflows-37778665af7d2b2f)
[INFO] [stdout] test resolved_child_command_drift_is_reported_as_non_determinism ... ok
[INFO] [stdout] test projection_rejects_parent_completion_with_a_blocking_child ... ok
[INFO] [stdout] 
[INFO] [stdout] test result: ok. 3 passed; 0 failed; 0 ignored; 0 measured; 0 filtered out; finished in 0.00s
[INFO] [stdout] 
[INFO] [stdout] 
[INFO] [stdout] running 12 tests
[INFO] [stdout] test persisted_child_cycle_fails_closed_before_runtime_replay ... ok
[INFO] [stdout] test committed_child_request_recovers_missing_child_idempotently ... ok
[INFO] [stdout] test immediate_parent_cancellation_force_cancels_a_propagated_child ... ok
[INFO] [stdout] test parent_observes_the_terminal_leaf_of_a_continued_child ... ok
[INFO] [stdout] test abandon_policy_leaves_child_running_when_parent_is_cancelled ... ok
[INFO] [stdout] test child_created_during_cancellation_runs_as_cleanup_before_parent_cancels ... ok
[INFO] [stdout] test abandoned_child_is_recovered_before_parent_cancellation_finishes ... ok
[INFO] [stdout] test immediate_parent_termination_recovers_but_does_not_drive_an_abandoned_child ... ok
[INFO] [stdout] test child_workflow_completes_and_replays_parent_with_typed_outcome ... ok
[INFO] [stdout] test incompatible_abandoned_child_does_not_block_parent_cancellation ... ok
[INFO] [stdout] test child_workflow_depth_limit_rejects_the_next_link_before_append ... ok
[INFO] [stdout] test parent_cancellation_propagates_and_waits_for_child_terminal_outcome ... ok
[INFO] [stdout] 
[INFO] [stdout] test result: ok. 12 passed; 0 failed; 0 ignored; 0 measured; 0 filtered out; finished in 0.01s
[INFO] [stdout] 
[INFO] [stderr]      Running tests/context.rs (/opt/rustwide/target/debug/deps/context-dd13adce8b29197b)
[INFO] [stdout] 
[INFO] [stdout] running 3 tests
[INFO] [stdout] test typed_input_helpers_surface_serialization_errors ... ok
[INFO] [stdout] test snapshot_typed_helpers_surface_serialization_errors ... ok
[INFO] [stderr]      Running tests/continue_as_new.rs (/opt/rustwide/target/debug/deps/continue_as_new-a3e6e68eba66c8e5)
[INFO] [stdout] test workflow_context_drives_step_wait_and_hook_flow ... ok
[INFO] [stdout] 
[INFO] [stdout] test result: ok. 3 passed; 0 failed; 0 ignored; 0 measured; 0 filtered out; finished in 0.01s
[INFO] [stdout] 
[INFO] [stdout] 
[INFO] [stdout] running 10 tests
[INFO] [stdout] test cancelling_run_cannot_abandon_cleanup_by_continuing_as_new ... ok
[INFO] [stdout] test continuation_cycle_is_rejected_before_replaying_runtime_code ... ok
[INFO] [stdout] test incompatible_admin_can_force_cancel_the_active_successor_without_replay ... ok
[INFO] [stdout] test continue_as_new_creates_fresh_bounded_histories_with_inherited_spec ... ok
[INFO] [stdout] test committed_continuation_recovers_a_missing_successor_idempotently ... ok
[INFO] [stdout] test root_scoped_host_mutations_follow_the_active_successor ... ok
[INFO] [stdout] test continuation_hop_limit_fails_closed ... ok
[INFO] [stdout] test cancellation_by_root_id_targets_the_active_successor ... ok
[INFO] [stdout] test retention_keeps_a_closed_segment_until_its_successor_is_terminal ... ok
[INFO] [stdout] test retention_rejects_a_successor_that_drifted_from_the_persisted_link ... ok
[INFO] [stdout] 
[INFO] [stdout] test result: ok. 10 passed; 0 failed; 0 ignored; 0 measured; 0 filtered out; finished in 0.05s
[INFO] [stdout] 
[INFO] [stderr]      Running tests/crash_recovery.rs (/opt/rustwide/target/debug/deps/crash_recovery-891af2ee0b049d3a)
[INFO] [stdout] 
[INFO] [stdout] running 5 tests
[INFO] [stdout] test terminal_run_is_not_started_after_run_start_persistence_is_lost ... ok
[INFO] [stdout] test exhausted_step_terminalizes_after_retry_exhaustion_persistence_is_lost ... ok
[INFO] [stdout] test running_step_is_redelivered_after_completion_persistence_is_lost ... ok
[INFO] [stderr]      Running tests/durable_operations.rs (/opt/rustwide/target/debug/deps/durable_operations-d2a691aad283adf0)
[INFO] [stdout] test exhausted_step_failure_wins_over_a_racing_cancellation_after_restart ... ok
[INFO] [stdout] test drive_task_recovers_run_started_before_replaying_a_pending_run ... ok
[INFO] [stdout] 
[INFO] [stdout] test result: ok. 5 passed; 0 failed; 0 ignored; 0 measured; 0 filtered out; finished in 0.02s
[INFO] [stdout] 
[INFO] [stdout] 
[INFO] [stdout] running 8 tests
[INFO] [stdout] test cancellation_request_replays_cleanup_before_one_typed_terminal_outcome ... ok
[INFO] [stdout] test direct_progress_and_child_references_are_restart_safe_and_idempotent ... ok
[INFO] [stdout] test cleanup_aware_timeout_commits_one_typed_terminal_outcome_after_cleanup ... ok
[INFO] [stdout] test cancellation_rejects_reusing_a_pre_request_wait_identity ... ok
[INFO] [stdout] test replacement_engine_resumes_cleanup_with_one_logical_effect ... ok
[INFO] [stdout] test terminal_outcomes_distinguish_retry_timeout_and_host_shutdown ... ok
[INFO] [stdout] test cancellation_request_deactivates_all_pre_request_work ... ok
[INFO] [stderr]      Running tests/engine.rs (/opt/rustwide/target/debug/deps/engine-25317869cc02f82c)
[INFO] [stdout] test concurrent_completion_and_cancellation_commit_exactly_one_terminal_event ... ok
[INFO] [stdout] 
[INFO] [stdout] test result: ok. 8 passed; 0 failed; 0 ignored; 0 measured; 0 filtered out; finished in 0.02s
[INFO] [stdout] 
[INFO] [stdout] 
[INFO] [stdout] running 62 tests
[INFO] [stdout] test batches::schedule_steps_rejects_duplicate_step_ids ... ok
[INFO] [stdout] test batches::schedule_steps_fans_out_multiple_durable_steps ... ok
[INFO] [stdout] test batches::delayed_batch_retries_resume_all_due_siblings_concurrently ... ok
[INFO] [stdout] test batches::due_batch_retry_is_not_blocked_or_joined_by_a_future_sibling ... ok
[INFO] [stdout] test core::drives_steps_until_complete ... ok
[INFO] [stdout] test determinism::dispose_hook_by_token_closes_token_and_rejects_late_callback ... ok
[INFO] [stdout] test determinism::replay_rejects_existing_wait_resume_at_drift ... ok
[INFO] [stdout] test batches::schedule_steps_runs_durable_siblings_concurrently ... ok
[INFO] [stdout] test determinism::dispose_hook_records_disposal_and_drives_workflow ... ok
[INFO] [stdout] test determinism::replay_rejects_existing_hook_metadata_drift ... ok
[INFO] [stdout] test determinism::replay_rejects_existing_step_input_drift ... ok
[INFO] [stdout] test determinism::rejects_duplicate_active_hook_tokens_across_runs ... ok
[INFO] [stdout] test determinism::list_active_hooks_reports_only_open_non_terminal_hooks ... ok
[INFO] [stdout] test determinism::replay_rejects_existing_step_retry_policy_drift ... ok
[INFO] [stdout] test determinism::replay_rejects_existing_hook_token_drift_without_leaking_token_values ... ok
[INFO] [stdout] test observability::observer_receives_committed_events_in_store_order ... ok
[INFO] [stdout] test observability::a3s_event_bridge_maps_committed_events_to_safe_labels ... ok
[INFO] [stdout] test batches::completed_batch_sibling_is_durable_while_another_sibling_is_running ... ok
[INFO] [stdout] test projection::retry_policy_preserves_fixed_history_shape_and_serializes_bounded_exponential_backoff ... ok
[INFO] [stdout] test observability::fanout_observer_forwards_committed_events_to_each_observer ... ok
[INFO] [stdout] test projection::snapshot_rejects_events_after_terminal_run_state ... ok
[INFO] [stdout] test retries::retries_failed_step_before_failing_run ... ok
[INFO] [stdout] test retries::rescheduling_a_terminal_step_fails_without_replay_spam ... ok
[INFO] [stdout] test projection::snapshot_rejects_duplicate_step_created_history ... ok
[INFO] [stdout] test retries::run_summary_counts_statuses_and_actionable_work ... ok
[INFO] [stdout] test retries::exhausted_step_failure_fails_run_by_default ... ok
[INFO] [stdout] test retries::recoverable_step_failure_replays_to_workflow_for_fallback ... ok
[INFO] [stdout] test retries::exponential_retry_suspends_with_capped_jitter_and_exhausts_its_finite_budget ... ok
[INFO] [stdout] test observability::local_file_a3s_event_sink_rejects_terminated_corruption ... ok
[INFO] [stdout] test stores::in_memory_store_rejects_stale_expected_sequence ... ok
[INFO] [stdout] test retries::delayed_step_retry_suspends_until_due ... ok
[INFO] [stdout] test projection::retry_policy_serializes_failure_action_only_when_non_default ... ok
[INFO] [stdout] test stores::lists_run_ids_history_and_snapshots ... ok
[INFO] [stdout] test projection::snapshot_rejects_non_contiguous_event_sequence ... ok
[INFO] [stdout] test retries::stores_spec_with_run_for_runtime_replay ... ok
[INFO] [stdout] test stores::start_with_id_rejects_unsafe_run_ids ... ok
[INFO] [stdout] test stores::start_with_id_rejects_conflicting_input_or_spec ... ok
[INFO] [stdout] test stores::start_with_id_replays_after_run_created_conflict_without_duplicate_event ... ok
[INFO] [stdout] test stores::start_with_id_is_idempotent_for_same_spec_and_input ... ok
[INFO] [stdout] test suspensions::duplicate_active_hook_lookup_redacts_the_corrupt_token ... ok
[INFO] [stdout] test observability::local_file_a3s_event_sink_rejects_interior_corruption ... ok
[INFO] [stdout] test stores::local_file_store_preserves_log_order_for_projection_validation ... ok
[INFO] [stdout] test suspensions::resume_hook_by_token_reports_missing_active_token ... ok
[INFO] [stdout] test observability::local_file_a3s_event_sink_discards_only_an_unterminated_torn_tail ... ok
[INFO] [stdout] test suspensions::resume_due_waits_only_drives_expired_timers ... ok
[INFO] [stdout] test observability::local_file_a3s_event_sink_preserves_an_unterminated_complete_record ... ok
[INFO] [stdout] test stores::local_file_store_rejects_append_to_invalid_log ... ok
[INFO] [stdout] test wait_redelivery::concurrent_due_scans_report_one_wait_resumption ... ok
[INFO] [stdout] test suspensions::suspends_for_wait_and_hook_then_resumes ... ok
[INFO] [stdout] test wait_redelivery::resume_wait_redelivery_is_ignored_after_cancellation ... ok
[INFO] [stdout] test wait_redelivery::resume_wait_redelivery_is_idempotent_after_terminal_completion ... ok
[INFO] [stdout] test stores::local_file_store_discards_only_an_unterminated_torn_tail ... ok
[INFO] [stdout] test stores::local_file_store_repairs_a_missing_final_delimiter_before_append ... ok
[INFO] [stdout] test stores::local_file_store_rejects_stale_expected_sequence ... ok
[INFO] [stdout] test stores::local_file_store_still_rejects_a_terminated_corrupt_tail ... ok
[INFO] [stdout] test observability::local_file_a3s_event_sink_persists_jsonl_audit_events ... ok
[INFO] [stdout] test suspensions::local_file_store_resumes_due_waits_across_engine_instances ... ok
[INFO] [stdout] test suspensions::local_file_store_resumes_wait_and_hook_across_engine_instances ... ok
[INFO] [stdout] test suspensions::local_file_store_resumes_hook_by_token_across_engine_instances ... ok
[INFO] [stdout] test suspensions::local_file_store_start_with_id_is_idempotent_across_engine_instances ... ok
[INFO] [stdout] test stores::local_file_store_prunes_only_old_terminal_runs ... ok
[INFO] [stdout] test suspensions::local_file_store_lists_snapshots_across_engine_instances ... ok
[INFO] [stdout] 
[INFO] [stdout] test result: ok. 62 passed; 0 failed; 0 ignored; 0 measured; 0 filtered out; finished in 0.14s
[INFO] [stdout] 
[INFO] [stderr]      Running tests/hook_idempotency.rs (/opt/rustwide/target/debug/deps/hook_idempotency-d45ae9b047c26d0e)
[INFO] [stdout] 
[INFO] [stdout] running 14 tests
[INFO] [stdout] test identical_disposal_redelivery_is_idempotent_after_completion ... ok
[INFO] [stdout] test resume_redelivery_rejects_payload_drift_without_appending ... ok
[INFO] [stdout] test concurrent_identical_resumes_converge_on_one_resolution ... ok
[INFO] [stdout] test identical_resume_redelivery_is_idempotent_after_terminal_completion ... ok
[INFO] [stdout] test worker_outcomes::resume_redelivery_recovers_a_missing_continuation_successor ... ok
[INFO] [stdout] test opposite_terminal_hook_resolutions_are_rejected ... ok
[INFO] [stdout] test worker_outcomes::disposal_redelivery_recovers_a_missing_continuation_successor ... ok
[INFO] [stdout] test resume_redelivery_recovers_after_receipt_commit_before_drive ... ok
[INFO] [stdout] test queued_disposal_redelivery_reports_only_the_committed_resolution ... ok
[INFO] [stdout] test queued_resume_redelivery_reports_only_the_committed_resolution ... ok
[INFO] [stdout] test worker_outcomes::concurrent_token_resumes_report_only_the_committed_resolution ... ok
[INFO] [stdout] test conflicting_resumes_commit_exactly_one_payload ... ok
[INFO] [stdout] test terminal_hook_redelivery_does_not_require_runtime_build_admission ... ok
[INFO] [stdout] test worker_outcomes::concurrent_token_disposals_report_only_the_committed_resolution ... ok
[INFO] [stdout] 
[INFO] [stdout] test result: ok. 14 passed; 0 failed; 0 ignored; 0 measured; 0 filtered out; finished in 0.02s
[INFO] [stdout] 
[INFO] [stderr]      Running tests/native_ts_bun_smoke.rs (/opt/rustwide/target/debug/deps/native_ts_bun_smoke-18a805a17e23bba8)
[INFO] [stdout] 
[INFO] [stdout] running 1 test
[INFO] [stdout] test native_ts_compiler_executes_real_bun_workflow ... ignored, requires A3S_FLOW_NATIVE_TS_COMPILER and Bun
[INFO] [stdout] 
[INFO] [stdout] test result: ok. 0 passed; 0 failed; 1 ignored; 0 measured; 0 filtered out; finished in 0.00s
[INFO] [stdout] 
[INFO] [stderr]      Running tests/native_ts_cache_identity.rs (/opt/rustwide/target/debug/deps/native_ts_cache_identity-20690f1f01485230)
[INFO] [stdout] 
[INFO] [stdout] running 2 tests
[INFO] [stdout] test native_ts_cache_identity::replacing_compiler_at_same_path_invalidates_cached_artifact ... ok
[INFO] [stdout] test native_ts_cache_identity::external_compiler_inputs_require_workflow_version_bumps ... ok
[INFO] [stderr]      Running tests/native_ts_cache_integrity.rs (/opt/rustwide/target/debug/deps/native_ts_cache_integrity-ea394356c32c1181)
[INFO] [stdout] 
[INFO] [stdout] test result: ok. 2 passed; 0 failed; 0 ignored; 0 measured; 0 filtered out; finished in 0.19s
[INFO] [stdout] 
[INFO] [stdout] 
[INFO] [stdout] running 6 tests
[INFO] [stdout] test native_ts_cache_integrity::successful_compiler_must_produce_an_executable_artifact ... ok
[INFO] [stdout] test native_ts_cache_integrity::source_changed_during_compilation_is_not_published_under_the_old_hash ... ok
[INFO] [stdout] test native_ts_cache_integrity::concurrent_repair_converges_on_one_valid_cache_entry ... ok
[INFO] [stdout] test native_ts_cache_integrity::non_executable_cached_artifact_is_recompiled_before_reuse ... ok
[INFO] [stdout] test native_ts_cache_integrity::corrupt_integrity_manifest_is_recompiled_before_reuse ... ok
[INFO] [stdout] test native_ts_cache_integrity::corrupt_cached_artifact_is_recompiled_before_reuse ... ok
[INFO] [stdout] 
[INFO] [stdout] test result: ok. 6 passed; 0 failed; 0 ignored; 0 measured; 0 filtered out; finished in 0.22s
[INFO] [stdout] 
[INFO] [stderr]      Running tests/native_ts_dependency_manifest.rs (/opt/rustwide/target/debug/deps/native_ts_dependency_manifest-a8dba2aba1e18072)
[INFO] [stdout] 
[INFO] [stdout] running 4 tests
[INFO] [stdout] test native_ts_dependency_manifest::manifest_mode_rejects_dependency_graph_drift_during_compile ... ok
[INFO] [stdout] test native_ts_dependency_manifest::manifest_mode_rejects_compiler_identity_drift_during_compile ... ok
[INFO] [stdout] test native_ts_dependency_manifest::manifest_mode_rejects_dependency_content_drift_during_compile ... ok
[INFO] [stderr]      Running tests/native_ts_runtime.rs (/opt/rustwide/target/debug/deps/native_ts_runtime-f50ded7699c4bfe9)
[INFO] [stdout] test native_ts_dependency_manifest::manifest_mode_invalidates_imported_source_changes ... ok
[INFO] [stdout] 
[INFO] [stdout] test result: ok. 4 passed; 0 failed; 0 ignored; 0 measured; 0 filtered out; finished in 0.12s
[INFO] [stdout] 
[INFO] [stdout] 
[INFO] [stdout] running 15 tests
[INFO] [stdout] test native_ts_runtime::native_runtime_preflight_rejects_non_native_ts_spec ... ok
[INFO] [stdout] test native_ts_runtime::native_runtime_preflight_surfaces_compile_stderr ... ok
[INFO] [stdout] test native_ts_runtime::native_runtime_preflight_compiles_and_reports_artifact ... ok
[INFO] [stdout] test native_ts_runtime::native_runtime_preflight_bounds_compiler_output_streams ... ok
[INFO] [stdout] test native_ts_runtime::native_runtime_rejects_invalid_protocol_envelope ... ok
[INFO] [stdout] test native_ts_runtime::native_runtime_invocation_abort_stops_the_artifact_process ... ok
[INFO] [stdout] test native_ts_runtime::native_runtime_preflight_abort_stops_the_compiler_process ... ok
[INFO] [stdout] test native_ts_runtime::native_runtime_resolves_relative_working_and_cache_paths_once ... FAILED
[INFO] [stdout] test native_ts_runtime::native_runtime_invokes_step_with_same_protocol_and_source_hash ... ok
[INFO] [stdout] test native_ts_runtime::native_runtime_invocation_bounds_runtime_output_streams ... ok
[INFO] [stdout] test native_ts_runtime::native_runtime_surfaces_error_envelope ... ok
[INFO] [stdout] test native_ts_runtime::native_runtime_rejects_response_kind_mismatch ... ok
[INFO] [stdout] test native_ts_runtime::native_runtime_cache_is_isolated_by_compiler_identity ... ok
[INFO] [stdout] test native_ts_runtime::native_runtime_compiles_by_source_hash_and_reuses_cached_artifact ... ok
[INFO] [stdout] test native_ts_runtime::native_runtime_does_not_cache_a_partial_concurrent_compile ... ok
[INFO] [stdout] 
[INFO] [stdout] failures:
[INFO] [stdout] 
[INFO] [stdout] ---- native_ts_runtime::native_runtime_resolves_relative_working_and_cache_paths_once stdout ----
[INFO] [stdout] 
[INFO] [stdout] thread 'native_ts_runtime::native_runtime_resolves_relative_working_and_cache_paths_once' (3152) panicked at tests/native_ts_runtime.rs:410:54:
[INFO] [stdout] called `Result::unwrap()` on an `Err` value: Custom { kind: ReadOnlyFilesystem, error: PathError { path: "/opt/rustwide/workdir/.tmpaEQyFJ", err: Os { code: 30, kind: ReadOnlyFilesystem, message: "Read-only file system" } } }
[INFO] [stdout] stack backtrace:
[INFO] [stdout]    0:     0x56e02d3737f1 - std[70759c8f55707aa4]::backtrace_rs::backtrace::libunwind::trace
[INFO] [stdout]                                at /rustc/dfb0accb7f508ae8be965d8629557221c889dd98/library/std/src/../../backtrace/src/backtrace/libunwind.rs:117:9
[INFO] [stdout]    1:     0x56e02d3737f1 - std[70759c8f55707aa4]::backtrace_rs::backtrace::trace_unsynchronized::<std[70759c8f55707aa4]::sys::backtrace::_print_fmt::{closure#1}>
[INFO] [stdout]                                at /rustc/dfb0accb7f508ae8be965d8629557221c889dd98/library/std/src/../../backtrace/src/backtrace/mod.rs:66:14
[INFO] [stdout]    2:     0x56e02d3737f1 - std[70759c8f55707aa4]::sys::backtrace::_print_fmt
[INFO] [stdout]                                at /rustc/dfb0accb7f508ae8be965d8629557221c889dd98/library/std/src/sys/backtrace.rs:74:9
[INFO] [stdout]    3:     0x56e02d3737f1 - <<std[70759c8f55707aa4]::sys::backtrace::BacktraceLock>::print::DisplayBacktrace as core[df12db4294e9bfd3]::fmt::Display>::fmt
[INFO] [stdout]                                at /rustc/dfb0accb7f508ae8be965d8629557221c889dd98/library/std/src/sys/backtrace.rs:44:26
[INFO] [stdout]    4:     0x56e02d3890da - <core[df12db4294e9bfd3]::fmt::rt::Argument>::fmt
[INFO] [stdout]                                at /rustc/dfb0accb7f508ae8be965d8629557221c889dd98/library/core/src/fmt/rt.rs:152:76
[INFO] [stdout]    5:     0x56e02d3890da - core[df12db4294e9bfd3]::fmt::write
[INFO] [stdout]    6:     0x56e02d3781dc - core[df12db4294e9bfd3]::io::write::default_write_fmt::<alloc[2182bb758b4b3781]::vec::Vec<u8>>
[INFO] [stdout]                                at /rustc/dfb0accb7f508ae8be965d8629557221c889dd98/library/core/src/io/write.rs:402:11
[INFO] [stdout]    7:     0x56e02d3781dc - <alloc[2182bb758b4b3781]::vec::Vec<u8> as core[df12db4294e9bfd3]::io::write::Write>::write_fmt
[INFO] [stdout]                                at /rustc/dfb0accb7f508ae8be965d8629557221c889dd98/library/core/src/io/write.rs:335:13
[INFO] [stdout]    8:     0x56e02d34c6d6 - <std[70759c8f55707aa4]::sys::backtrace::BacktraceLock>::print
[INFO] [stdout]                                at /rustc/dfb0accb7f508ae8be965d8629557221c889dd98/library/std/src/sys/backtrace.rs:47:9
[INFO] [stdout]    9:     0x56e02d34c6d6 - std[70759c8f55707aa4]::panicking::default_hook::{closure#0}
[INFO] [stdout]                                at /rustc/dfb0accb7f508ae8be965d8629557221c889dd98/library/std/src/panicking.rs:292:27
[INFO] [stdout]   10:     0x56e02d36a499 - std[70759c8f55707aa4]::panicking::default_hook
[INFO] [stdout]                                at /rustc/dfb0accb7f508ae8be965d8629557221c889dd98/library/std/src/panicking.rs:316:9
[INFO] [stdout]   11:     0x56e02d018c00 - <alloc[2182bb758b4b3781]::boxed::Box<dyn for<'a, 'b> core[df12db4294e9bfd3]::ops::function::Fn<(&'a std[70759c8f55707aa4]::panic::PanicHookInfo<'b>,), Output = ()> + core[df12db4294e9bfd3]::marker::Send + core[df12db4294e9bfd3]::marker::Sync> as core[df12db4294e9bfd3]::ops::function::Fn<(&std[70759c8f55707aa4]::panic::PanicHookInfo,)>>::call
[INFO] [stdout]                                at /rustc/dfb0accb7f508ae8be965d8629557221c889dd98/library/alloc/src/boxed.rs:2334:9
[INFO] [stdout]   12:     0x56e02d018c00 - test[9d35eded1c95d3be]::test_main_inner::<test[9d35eded1c95d3be]::test_main_static::{closure#0}>::{closure#0}
[INFO] [stdout]                                at /rustc/dfb0accb7f508ae8be965d8629557221c889dd98/library/test/src/lib.rs:155:21
[INFO] [stdout]   13:     0x56e02d36a7c2 - <alloc[2182bb758b4b3781]::boxed::Box<dyn for<'a, 'b> core[df12db4294e9bfd3]::ops::function::Fn<(&'a std[70759c8f55707aa4]::panic::PanicHookInfo<'b>,), Output = ()> + core[df12db4294e9bfd3]::marker::Send + core[df12db4294e9bfd3]::marker::Sync> as core[df12db4294e9bfd3]::ops::function::Fn<(&std[70759c8f55707aa4]::panic::PanicHookInfo,)>>::call
[INFO] [stdout]                                at /rustc/dfb0accb7f508ae8be965d8629557221c889dd98/library/alloc/src/boxed.rs:2334:9
[INFO] [stdout]   14:     0x56e02d36a7c2 - std[70759c8f55707aa4]::panicking::panic_with_hook
[INFO] [stdout]                                at /rustc/dfb0accb7f508ae8be965d8629557221c889dd98/library/std/src/panicking.rs:823:13
[INFO] [stdout]   15:     0x56e02d34c782 - std[70759c8f55707aa4]::panicking::panic_handler::{closure#0}
[INFO] [stdout]                                at /rustc/dfb0accb7f508ae8be965d8629557221c889dd98/library/std/src/panicking.rs:688:13
[INFO] [stdout]   16:     0x56e02d345159 - std[70759c8f55707aa4]::sys::backtrace::__rust_end_short_backtrace::<std[70759c8f55707aa4]::panicking::panic_handler::{closure#0}, !>
[INFO] [stdout]                                at /rustc/dfb0accb7f508ae8be965d8629557221c889dd98/library/std/src/sys/backtrace.rs:182:18
[INFO] [stdout]   17:     0x56e02d34d52d - __rustc[8fa7c3cbc660c2b3]::rust_begin_unwind
[INFO] [stdout]                                at /rustc/dfb0accb7f508ae8be965d8629557221c889dd98/library/std/src/panicking.rs:679:5
[INFO] [stdout]   18:     0x56e02d3898fc - core[df12db4294e9bfd3]::panicking::panic_fmt
[INFO] [stdout]                                at /rustc/dfb0accb7f508ae8be965d8629557221c889dd98/library/core/src/panicking.rs:80:14
[INFO] [stdout]   19:     0x56e02d389652 - core[df12db4294e9bfd3]::result::unwrap_failed
[INFO] [stdout]                                at /rustc/dfb0accb7f508ae8be965d8629557221c889dd98/library/core/src/result.rs:1871:5
[INFO] [stdout]   20:     0x56e02cfc9400 - <core[df12db4294e9bfd3]::result::Result<tempfile[8680e5cb57651644]::dir::TempDir, core[df12db4294e9bfd3]::io::error::Error>>::unwrap
[INFO] [stdout]                                at /rustc/dfb0accb7f508ae8be965d8629557221c889dd98/library/core/src/result.rs:1232:23
[INFO] [stdout]   21:     0x56e02cfc9400 - native_ts_runtime[9e5bd12aa23e4a4d]::native_ts_runtime::native_runtime_resolves_relative_working_and_cache_paths_once::{closure#0}
[INFO] [stdout]                                at /opt/rustwide/workdir/tests/native_ts_runtime.rs:410:54
[INFO] [stdout]   22:     0x56e02cfe7722 - <core[df12db4294e9bfd3]::pin::Pin<&mut dyn core[df12db4294e9bfd3]::future::future::Future<Output = ()>> as core[df12db4294e9bfd3]::future::future::Future>::poll
[INFO] [stdout]                                at /rustc/dfb0accb7f508ae8be965d8629557221c889dd98/library/core/src/future/future.rs:133:9
[INFO] [stdout]   23:     0x56e02cfe779d - <core[df12db4294e9bfd3]::pin::Pin<&mut core[df12db4294e9bfd3]::pin::Pin<&mut dyn core[df12db4294e9bfd3]::future::future::Future<Output = ()>>> as core[df12db4294e9bfd3]::future::future::Future>::poll
[INFO] [stdout]                                at /rustc/dfb0accb7f508ae8be965d8629557221c889dd98/library/core/src/future/future.rs:133:9
[INFO] [stdout]   24:     0x56e02cffcf2d - <tokio[a59ef63ed16bf1f6]::runtime::scheduler::current_thread::CoreGuard>::block_on::<core[df12db4294e9bfd3]::pin::Pin<&mut core[df12db4294e9bfd3]::pin::Pin<&mut dyn core[df12db4294e9bfd3]::future::future::Future<Output = ()>>>>::{closure#0}::{closure#0}::{closure#0}
[INFO] [stdout]                                at /opt/rustwide/cargo-home/registry/src/index.crates.io-1949cf8c6b5b557f/tokio-1.53.1/src/runtime/scheduler/current_thread/mod.rs:830:70
[INFO] [stdout]   25:     0x56e02cffce65 - tokio[a59ef63ed16bf1f6]::task::coop::with_budget::<core[df12db4294e9bfd3]::task::poll::Poll<()>, <tokio[a59ef63ed16bf1f6]::runtime::scheduler::current_thread::CoreGuard>::block_on<core[df12db4294e9bfd3]::pin::Pin<&mut core[df12db4294e9bfd3]::pin::Pin<&mut dyn core[df12db4294e9bfd3]::future::future::Future<Output = ()>>>>::{closure#0}::{closure#0}::{closure#0}>
[INFO] [stdout]                                at /opt/rustwide/cargo-home/registry/src/index.crates.io-1949cf8c6b5b557f/tokio-1.53.1/src/task/coop/mod.rs:167:5
[INFO] [stdout]   26:     0x56e02cffce65 - tokio[a59ef63ed16bf1f6]::task::coop::budget::<core[df12db4294e9bfd3]::task::poll::Poll<()>, <tokio[a59ef63ed16bf1f6]::runtime::scheduler::current_thread::CoreGuard>::block_on<core[df12db4294e9bfd3]::pin::Pin<&mut core[df12db4294e9bfd3]::pin::Pin<&mut dyn core[df12db4294e9bfd3]::future::future::Future<Output = ()>>>>::{closure#0}::{closure#0}::{closure#0}>
[INFO] [stdout]                                at /opt/rustwide/cargo-home/registry/src/index.crates.io-1949cf8c6b5b557f/tokio-1.53.1/src/task/coop/mod.rs:133:5
[INFO] [stdout]   27:     0x56e02cffce65 - <tokio[a59ef63ed16bf1f6]::runtime::scheduler::current_thread::CoreGuard>::block_on::<core[df12db4294e9bfd3]::pin::Pin<&mut core[df12db4294e9bfd3]::pin::Pin<&mut dyn core[df12db4294e9bfd3]::future::future::Future<Output = ()>>>>::{closure#0}::{closure#0}
[INFO] [stdout]                                at /opt/rustwide/cargo-home/registry/src/index.crates.io-1949cf8c6b5b557f/tokio-1.53.1/src/runtime/scheduler/current_thread/mod.rs:830:25
[INFO] [stdout]   28:     0x56e02cff7382 - <tokio[a59ef63ed16bf1f6]::runtime::scheduler::current_thread::Context>::enter::<core[df12db4294e9bfd3]::task::poll::Poll<()>, <tokio[a59ef63ed16bf1f6]::runtime::scheduler::current_thread::CoreGuard>::block_on<core[df12db4294e9bfd3]::pin::Pin<&mut core[df12db4294e9bfd3]::pin::Pin<&mut dyn core[df12db4294e9bfd3]::future::future::Future<Output = ()>>>>::{closure#0}::{closure#0}>
[INFO] [stdout]                                at /opt/rustwide/cargo-home/registry/src/index.crates.io-1949cf8c6b5b557f/tokio-1.53.1/src/runtime/scheduler/current_thread/mod.rs:488:19
[INFO] [stdout]   29:     0x56e02cffbdcd - <tokio[a59ef63ed16bf1f6]::runtime::scheduler::current_thread::CoreGuard>::block_on::<core[df12db4294e9bfd3]::pin::Pin<&mut core[df12db4294e9bfd3]::pin::Pin<&mut dyn core[df12db4294e9bfd3]::future::future::Future<Output = ()>>>>::{closure#0}
[INFO] [stdout]                                at /opt/rustwide/cargo-home/registry/src/index.crates.io-1949cf8c6b5b557f/tokio-1.53.1/src/runtime/scheduler/current_thread/mod.rs:829:44
[INFO] [stdout]   30:     0x56e02cffb064 - <tokio[a59ef63ed16bf1f6]::runtime::scheduler::current_thread::CoreGuard>::enter::<<tokio[a59ef63ed16bf1f6]::runtime::scheduler::current_thread::CoreGuard>::block_on<core[df12db4294e9bfd3]::pin::Pin<&mut core[df12db4294e9bfd3]::pin::Pin<&mut dyn core[df12db4294e9bfd3]::future::future::Future<Output = ()>>>>::{closure#0}, core[df12db4294e9bfd3]::option::Option<()>>::{closure#0}
[INFO] [stdout]                                at /opt/rustwide/cargo-home/registry/src/index.crates.io-1949cf8c6b5b557f/tokio-1.53.1/src/runtime/scheduler/current_thread/mod.rs:906:68
[INFO] [stdout]   31:     0x56e02cff6abb - <tokio[a59ef63ed16bf1f6]::runtime::context::scoped::Scoped<tokio[a59ef63ed16bf1f6]::runtime::scheduler::Context>>::set::<<tokio[a59ef63ed16bf1f6]::runtime::scheduler::current_thread::CoreGuard>::enter<<tokio[a59ef63ed16bf1f6]::runtime::scheduler::current_thread::CoreGuard>::block_on<core[df12db4294e9bfd3]::pin::Pin<&mut core[df12db4294e9bfd3]::pin::Pin<&mut dyn core[df12db4294e9bfd3]::future::future::Future<Output = ()>>>>::{closure#0}, core[df12db4294e9bfd3]::option::Option<()>>::{closure#0}, (alloc[2182bb758b4b3781]::boxed::Box<tokio[a59ef63ed16bf1f6]::runtime::scheduler::current_thread::Core>, core[df12db4294e9bfd3]::option::Option<()>)>
[INFO] [stdout]                                at /opt/rustwide/cargo-home/registry/src/index.crates.io-1949cf8c6b5b557f/tokio-1.53.1/src/runtime/context/scoped.rs:40:9
[INFO] [stdout]   32:     0x56e02cfecc29 - tokio[a59ef63ed16bf1f6]::runtime::context::set_scheduler::<(alloc[2182bb758b4b3781]::boxed::Box<tokio[a59ef63ed16bf1f6]::runtime::scheduler::current_thread::Core>, core[df12db4294e9bfd3]::option::Option<()>), <tokio[a59ef63ed16bf1f6]::runtime::scheduler::current_thread::CoreGuard>::enter<<tokio[a59ef63ed16bf1f6]::runtime::scheduler::current_thread::CoreGuard>::block_on<core[df12db4294e9bfd3]::pin::Pin<&mut core[df12db4294e9bfd3]::pin::Pin<&mut dyn core[df12db4294e9bfd3]::future::future::Future<Output = ()>>>>::{closure#0}, core[df12db4294e9bfd3]::option::Option<()>>::{closure#0}>::{closure#0}
[INFO] [stdout]                                at /opt/rustwide/cargo-home/registry/src/index.crates.io-1949cf8c6b5b557f/tokio-1.53.1/src/runtime/context.rs:187:38
[INFO] [stdout]   33:     0x56e02cfe947f - <std[70759c8f55707aa4]::thread::local::LocalKey<tokio[a59ef63ed16bf1f6]::runtime::context::Context>>::try_with::<tokio[a59ef63ed16bf1f6]::runtime::context::set_scheduler<(alloc[2182bb758b4b3781]::boxed::Box<tokio[a59ef63ed16bf1f6]::runtime::scheduler::current_thread::Core>, core[df12db4294e9bfd3]::option::Option<()>), <tokio[a59ef63ed16bf1f6]::runtime::scheduler::current_thread::CoreGuard>::enter<<tokio[a59ef63ed16bf1f6]::runtime::scheduler::current_thread::CoreGuard>::block_on<core[df12db4294e9bfd3]::pin::Pin<&mut core[df12db4294e9bfd3]::pin::Pin<&mut dyn core[df12db4294e9bfd3]::future::future::Future<Output = ()>>>>::{closure#0}, core[df12db4294e9bfd3]::option::Option<()>>::{closure#0}>::{closure#0}, (alloc[2182bb758b4b3781]::boxed::Box<tokio[a59ef63ed16bf1f6]::runtime::scheduler::current_thread::Core>, core[df12db4294e9bfd3]::option::Option<()>)>
[INFO] [stdout]                                at /rustc/dfb0accb7f508ae8be965d8629557221c889dd98/library/std/src/thread/local.rs:463:12
[INFO] [stdout]   34:     0x56e02cfe912e - <std[70759c8f55707aa4]::thread::local::LocalKey<tokio[a59ef63ed16bf1f6]::runtime::context::Context>>::with::<tokio[a59ef63ed16bf1f6]::runtime::context::set_scheduler<(alloc[2182bb758b4b3781]::boxed::Box<tokio[a59ef63ed16bf1f6]::runtime::scheduler::current_thread::Core>, core[df12db4294e9bfd3]::option::Option<()>), <tokio[a59ef63ed16bf1f6]::runtime::scheduler::current_thread::CoreGuard>::enter<<tokio[a59ef63ed16bf1f6]::runtime::scheduler::current_thread::CoreGuard>::block_on<core[df12db4294e9bfd3]::pin::Pin<&mut core[df12db4294e9bfd3]::pin::Pin<&mut dyn core[df12db4294e9bfd3]::future::future::Future<Output = ()>>>>::{closure#0}, core[df12db4294e9bfd3]::option::Option<()>>::{closure#0}>::{closure#0}, (alloc[2182bb758b4b3781]::boxed::Box<tokio[a59ef63ed16bf1f6]::runtime::scheduler::current_thread::Core>, core[df12db4294e9bfd3]::option::Option<()>)>
[INFO] [stdout]                                at /rustc/dfb0accb7f508ae8be965d8629557221c889dd98/library/std/src/thread/local.rs:427:20
[INFO] [stdout]   35:     0x56e02cfebd9d - tokio[a59ef63ed16bf1f6]::runtime::context::set_scheduler::<(alloc[2182bb758b4b3781]::boxed::Box<tokio[a59ef63ed16bf1f6]::runtime::scheduler::current_thread::Core>, core[df12db4294e9bfd3]::option::Option<()>), <tokio[a59ef63ed16bf1f6]::runtime::scheduler::current_thread::CoreGuard>::enter<<tokio[a59ef63ed16bf1f6]::runtime::scheduler::current_thread::CoreGuard>::block_on<core[df12db4294e9bfd3]::pin::Pin<&mut core[df12db4294e9bfd3]::pin::Pin<&mut dyn core[df12db4294e9bfd3]::future::future::Future<Output = ()>>>>::{closure#0}, core[df12db4294e9bfd3]::option::Option<()>>::{closure#0}>
[INFO] [stdout]                                at /opt/rustwide/cargo-home/registry/src/index.crates.io-1949cf8c6b5b557f/tokio-1.53.1/src/runtime/context.rs:187:17
[INFO] [stdout]   36:     0x56e02cff9130 - <tokio[a59ef63ed16bf1f6]::runtime::scheduler::current_thread::CoreGuard>::enter::<<tokio[a59ef63ed16bf1f6]::runtime::scheduler::current_thread::CoreGuard>::block_on<core[df12db4294e9bfd3]::pin::Pin<&mut core[df12db4294e9bfd3]::pin::Pin<&mut dyn core[df12db4294e9bfd3]::future::future::Future<Output = ()>>>>::{closure#0}, core[df12db4294e9bfd3]::option::Option<()>>
[INFO] [stdout]                                at /opt/rustwide/cargo-home/registry/src/index.crates.io-1949cf8c6b5b557f/tokio-1.53.1/src/runtime/scheduler/current_thread/mod.rs:906:27
[INFO] [stdout]   37:     0x56e02cff9427 - <tokio[a59ef63ed16bf1f6]::runtime::scheduler::current_thread::CoreGuard>::block_on::<core[df12db4294e9bfd3]::pin::Pin<&mut core[df12db4294e9bfd3]::pin::Pin<&mut dyn core[df12db4294e9bfd3]::future::future::Future<Output = ()>>>>
[INFO] [stdout]                                at /opt/rustwide/cargo-home/registry/src/index.crates.io-1949cf8c6b5b557f/tokio-1.53.1/src/runtime/scheduler/current_thread/mod.rs:817:24
[INFO] [stdout]   38:     0x56e02cffae96 - <tokio[a59ef63ed16bf1f6]::runtime::scheduler::current_thread::CurrentThread>::block_on::<core[df12db4294e9bfd3]::pin::Pin<&mut dyn core[df12db4294e9bfd3]::future::future::Future<Output = ()>>>::{closure#0}
[INFO] [stdout]                                at /opt/rustwide/cargo-home/registry/src/index.crates.io-1949cf8c6b5b557f/tokio-1.53.1/src/runtime/scheduler/current_thread/mod.rs:218:33
[INFO] [stdout]   39:     0x56e02cffa8ba - tokio[a59ef63ed16bf1f6]::runtime::context::runtime::enter_runtime::<<tokio[a59ef63ed16bf1f6]::runtime::scheduler::current_thread::CurrentThread>::block_on<core[df12db4294e9bfd3]::pin::Pin<&mut dyn core[df12db4294e9bfd3]::future::future::Future<Output = ()>>>::{closure#0}, ()>
[INFO] [stdout]                                at /opt/rustwide/cargo-home/registry/src/index.crates.io-1949cf8c6b5b557f/tokio-1.53.1/src/runtime/context/runtime.rs:65:16
[INFO] [stdout]   40:     0x56e02cff6c74 - <tokio[a59ef63ed16bf1f6]::runtime::scheduler::current_thread::CurrentThread>::block_on::<core[df12db4294e9bfd3]::pin::Pin<&mut dyn core[df12db4294e9bfd3]::future::future::Future<Output = ()>>>
[INFO] [stdout]                                at /opt/rustwide/cargo-home/registry/src/index.crates.io-1949cf8c6b5b557f/tokio-1.53.1/src/runtime/scheduler/current_thread/mod.rs:206:9
[INFO] [stdout]   41:     0x56e02cfe866b - <tokio[a59ef63ed16bf1f6]::runtime::runtime::Runtime>::block_on_inner::<core[df12db4294e9bfd3]::pin::Pin<&mut dyn core[df12db4294e9bfd3]::future::future::Future<Output = ()>>>
[INFO] [stdout]                                at /opt/rustwide/cargo-home/registry/src/index.crates.io-1949cf8c6b5b557f/tokio-1.53.1/src/runtime/runtime.rs:374:52
[INFO] [stdout]   42:     0x56e02cfe87ab - <tokio[a59ef63ed16bf1f6]::runtime::runtime::Runtime>::block_on::<core[df12db4294e9bfd3]::pin::Pin<&mut dyn core[df12db4294e9bfd3]::future::future::Future<Output = ()>>>
[INFO] [stdout]                                at /opt/rustwide/cargo-home/registry/src/index.crates.io-1949cf8c6b5b557f/tokio-1.53.1/src/runtime/runtime.rs:343:18
[INFO] [stdout]   43:     0x56e02cfd50df - native_ts_runtime[9e5bd12aa23e4a4d]::native_ts_runtime::native_runtime_resolves_relative_working_and_cache_paths_once
[INFO] [stdout]                                at /opt/rustwide/workdir/tests/native_ts_runtime.rs:444:51
[INFO] [stdout]   44:     0x56e02cfb97f7 - native_ts_runtime[9e5bd12aa23e4a4d]::native_ts_runtime::native_runtime_resolves_relative_working_and_cache_paths_once::{closure#0}
[INFO] [stdout]                                at /opt/rustwide/workdir/tests/native_ts_runtime.rs:408:77
[INFO] [stdout]   45:     0x56e02cff6706 - <native_ts_runtime[9e5bd12aa23e4a4d]::native_ts_runtime::native_runtime_resolves_relative_working_and_cache_paths_once::{closure#0} as core[df12db4294e9bfd3]::ops::function::FnOnce<()>>::call_once
[INFO] [stdout]                                at /rustc/dfb0accb7f508ae8be965d8629557221c889dd98/library/core/src/ops/function.rs:250:5
[INFO] [stdout]   46:     0x56e02d00beeb - <fn() -> core[df12db4294e9bfd3]::result::Result<(), alloc[2182bb758b4b3781]::string::String> as core[df12db4294e9bfd3]::ops::function::FnOnce<()>>::call_once
[INFO] [stdout]                                at /rustc/dfb0accb7f508ae8be965d8629557221c889dd98/library/core/src/ops/function.rs:250:5
[INFO] [stdout]   47:     0x56e02d00beeb - test[9d35eded1c95d3be]::__rust_begin_short_backtrace::<core[df12db4294e9bfd3]::result::Result<(), alloc[2182bb758b4b3781]::string::String>, fn() -> core[df12db4294e9bfd3]::result::Result<(), alloc[2182bb758b4b3781]::string::String>>
[INFO] [stdout]                                at /rustc/dfb0accb7f508ae8be965d8629557221c889dd98/library/test/src/lib.rs:733:18
[INFO] [stdout]   48:     0x56e02d019555 - test[9d35eded1c95d3be]::run_test_in_process::{closure#0}
[INFO] [stdout]                                at /rustc/dfb0accb7f508ae8be965d8629557221c889dd98/library/test/src/lib.rs:756:74
[INFO] [stdout]   49:     0x56e02d019555 - <core[df12db4294e9bfd3]::panic::unwind_safe::AssertUnwindSafe<test[9d35eded1c95d3be]::run_test_in_process::{closure#0}> as core[df12db4294e9bfd3]::ops::function::FnOnce<()>>::call_once
[INFO] [stdout]                                at /rustc/dfb0accb7f508ae8be965d8629557221c889dd98/library/core/src/panic/unwind_safe.rs:275:9
[INFO] [stdout]   50:     0x56e02d019555 - std[70759c8f55707aa4]::panicking::catch_unwind::do_call::<core[df12db4294e9bfd3]::panic::unwind_safe::AssertUnwindSafe<test[9d35eded1c95d3be]::run_test_in_process::{closure#0}>, core[df12db4294e9bfd3]::result::Result<(), alloc[2182bb758b4b3781]::string::String>>
[INFO] [stdout]                                at /rustc/dfb0accb7f508ae8be965d8629557221c889dd98/library/std/src/panicking.rs:576:43
[INFO] [stdout]   51:     0x56e02d019555 - std[70759c8f55707aa4]::panicking::catch_unwind::<core[df12db4294e9bfd3]::result::Result<(), alloc[2182bb758b4b3781]::string::String>, core[df12db4294e9bfd3]::panic::unwind_safe::AssertUnwindSafe<test[9d35eded1c95d3be]::run_test_in_process::{closure#0}>>
[INFO] [stdout]                                at /rustc/dfb0accb7f508ae8be965d8629557221c889dd98/library/std/src/panicking.rs:544:19
[INFO] [stdout]   52:     0x56e02d019555 - std[70759c8f55707aa4]::panic::catch_unwind::<core[df12db4294e9bfd3]::panic::unwind_safe::AssertUnwindSafe<test[9d35eded1c95d3be]::run_test_in_process::{closure#0}>, core[df12db4294e9bfd3]::result::Result<(), alloc[2182bb758b4b3781]::string::String>>
[INFO] [stdout]                                at /rustc/dfb0accb7f508ae8be965d8629557221c889dd98/library/std/src/panic.rs:359:14
[INFO] [stdout]   53:     0x56e02d019555 - test[9d35eded1c95d3be]::run_test_in_process
[INFO] [stdout]                                at /rustc/dfb0accb7f508ae8be965d8629557221c889dd98/library/test/src/lib.rs:756:27
[INFO] [stdout]   54:     0x56e02d019555 - test[9d35eded1c95d3be]::run_test::{closure#0}
[INFO] [stdout]                                at /rustc/dfb0accb7f508ae8be965d8629557221c889dd98/library/test/src/lib.rs:677:43
[INFO] [stdout]   55:     0x56e02d012e14 - test[9d35eded1c95d3be]::run_test::{closure#1}
[INFO] [stdout]                                at /rustc/dfb0accb7f508ae8be965d8629557221c889dd98/library/test/src/lib.rs:707:41
[INFO] [stdout]   56:     0x56e02d012e14 - std[70759c8f55707aa4]::sys::backtrace::__rust_begin_short_backtrace::<test[9d35eded1c95d3be]::run_test::{closure#1}, ()>
[INFO] [stdout]                                at /rustc/dfb0accb7f508ae8be965d8629557221c889dd98/library/std/src/sys/backtrace.rs:166:18
[INFO] [stdout]   57:     0x56e02d01c6b2 - std[70759c8f55707aa4]::thread::lifecycle::spawn_unchecked::<test[9d35eded1c95d3be]::run_test::{closure#1}, ()>::{closure#1}::{closure#0}
[INFO] [stdout]                                at /rustc/dfb0accb7f508ae8be965d8629557221c889dd98/library/std/src/thread/lifecycle.rs:70:13
[INFO] [stdout]   58:     0x56e02d01c6b2 - <core[df12db4294e9bfd3]::panic::unwind_safe::AssertUnwindSafe<std[70759c8f55707aa4]::thread::lifecycle::spawn_unchecked<test[9d35eded1c95d3be]::run_test::{closure#1}, ()>::{closure#1}::{closure#0}> as core[df12db4294e9bfd3]::ops::function::FnOnce<()>>::call_once
[INFO] [stdout]                                at /rustc/dfb0accb7f508ae8be965d8629557221c889dd98/library/core/src/panic/unwind_safe.rs:275:9
[INFO] [stdout]   59:     0x56e02d01c6b2 - std[70759c8f55707aa4]::panicking::catch_unwind::do_call::<core[df12db4294e9bfd3]::panic::unwind_safe::AssertUnwindSafe<std[70759c8f55707aa4]::thread::lifecycle::spawn_unchecked<test[9d35eded1c95d3be]::run_test::{closure#1}, ()>::{closure#1}::{closure#0}>, ()>
[INFO] [stdout]                                at /rustc/dfb0accb7f508ae8be965d8629557221c889dd98/library/std/src/panicking.rs:576:43
[INFO] [stdout]   60:     0x56e02d01c6b2 - std[70759c8f55707aa4]::panicking::catch_unwind::<(), core[df12db4294e9bfd3]::panic::unwind_safe::AssertUnwindSafe<std[70759c8f55707aa4]::thread::lifecycle::spawn_unchecked<test[9d35eded1c95d3be]::run_test::{closure#1}, ()>::{closure#1}::{closure#0}>>
[INFO] [stdout]                                at /rustc/dfb0accb7f508ae8be965d8629557221c889dd98/library/std/src/panicking.rs:544:19
[INFO] [stdout]   61:     0x56e02d01c6b2 - std[70759c8f55707aa4]::panic::catch_unwind::<core[df12db4294e9bfd3]::panic::unwind_safe::AssertUnwindSafe<std[70759c8f55707aa4]::thread::lifecycle::spawn_unchecked<test[9d35eded1c95d3be]::run_test::{closure#1}, ()>::{closure#1}::{closure#0}>, ()>
[INFO] [stdout]                                at /rustc/dfb0accb7f508ae8be965d8629557221c889dd98/library/std/src/panic.rs:359:14
[INFO] [stdout]   62:     0x56e02d01c6b2 - std[70759c8f55707aa4]::thread::lifecycle::spawn_unchecked::<test[9d35eded1c95d3be]::run_test::{closure#1}, ()>::{closure#1}
[INFO] [stdout]                                at /rustc/dfb0accb7f508ae8be965d8629557221c889dd98/library/std/src/thread/lifecycle.rs:68:26
[INFO] [stdout]   63:     0x56e02d01c6b2 - <std[70759c8f55707aa4]::thread::lifecycle::spawn_unchecked<test[9d35eded1c95d3be]::run_test::{closure#1}, ()>::{closure#1} as core[df12db4294e9bfd3]::ops::function::FnOnce<()>>::call_once::{shim:vtable#0}
[INFO] [stdout]                                at /rustc/dfb0accb7f508ae8be965d8629557221c889dd98/library/core/src/ops/function.rs:250:5
[INFO] [stdout]   64:     0x56e02d372809 - <alloc[2182bb758b4b3781]::boxed::Box<dyn core[df12db4294e9bfd3]::ops::function::FnOnce<(), Output = ()> + core[df12db4294e9bfd3]::marker::Send> as core[df12db4294e9bfd3]::ops::function::FnOnce<()>>::call_once
[INFO] [stdout]                                at /rustc/dfb0accb7f508ae8be965d8629557221c889dd98/library/alloc/src/boxed.rs:2320:9
[INFO] [stdout]   65:     0x56e02d372809 - <std[70759c8f55707aa4]::sys::thread::unix::Thread>::new::thread_start
[INFO] [stdout]                                at /rustc/dfb0accb7f508ae8be965d8629557221c889dd98/library/std/src/sys/thread/unix.rs:123:17
[INFO] [stdout]   66:     0x7bc02fb9adfa - <unknown>
[INFO] [stdout]   67:     0x7bc02fc2e3d4 - clone
[INFO] [stdout]   68:                0x0 - <unknown>
[INFO] [stdout] 
[INFO] [stdout] 
[INFO] [stdout] failures:
[INFO] [stdout]     native_ts_runtime::native_runtime_resolves_relative_working_and_cache_paths_once
[INFO] [stdout] 
[INFO] [stdout] test result: FAILED. 14 passed; 1 failed; 0 ignored; 0 measured; 0 filtered out; finished in 1.14s
[INFO] [stdout] 
[INFO] [stderr] error: test failed, to rerun pass `--test native_ts_runtime`
[INFO] running `Command { std: "docker" "inspect" "d9d16a425c836dacb321f1ab5cd0fd565e6a516badb4173a5aceace2ff038721", kill_on_drop: false }`
[INFO] running `Command { std: "docker" "rm" "-f" "d9d16a425c836dacb321f1ab5cd0fd565e6a516badb4173a5aceace2ff038721", kill_on_drop: false }`
[INFO] [stdout] d9d16a425c836dacb321f1ab5cd0fd565e6a516badb4173a5aceace2ff038721
