[INFO] cloning repository https://github.com/xSAR-research/warm-drive-cache
[INFO] running `Command { std: "git" "-c" "credential.helper=" "-c" "credential.helper=/workspace/cargo-home/bin/git-credential-null" "clone" "--bare" "https://github.com/xSAR-research/warm-drive-cache" "/workspace/cache/git-repos/https%3A%2F%2Fgithub.com%2FxSAR-research%2Fwarm-drive-cache", kill_on_drop: false }`
[INFO] [stderr] Cloning into bare repository '/workspace/cache/git-repos/https%3A%2F%2Fgithub.com%2FxSAR-research%2Fwarm-drive-cache'...
[INFO] running `Command { std: "git" "rev-parse" "HEAD", kill_on_drop: false }`
[INFO] [stdout] 4826b5b878afe2e824372cd35c7e44c12a3e8d59
[INFO] testing xSAR-research/warm-drive-cache against 1.100.0-beta.1 for beta-1.100-2
[INFO] running `Command { std: "git" "clone" "/workspace/cache/git-repos/https%3A%2F%2Fgithub.com%2FxSAR-research%2Fwarm-drive-cache" "/workspace/builds/worker-1-tc2/source", kill_on_drop: false }`
[INFO] [stderr] Cloning into '/workspace/builds/worker-1-tc2/source'...
[INFO] [stderr] done.
[INFO] started tweaking git repo https://github.com/xSAR-research/warm-drive-cache
[INFO] finished tweaking git repo https://github.com/xSAR-research/warm-drive-cache
[INFO] tweaked toml for git repo https://github.com/xSAR-research/warm-drive-cache written to /workspace/builds/worker-1-tc2/source/Cargo.toml
[INFO] validating manifest of git repo https://github.com/xSAR-research/warm-drive-cache on toolchain 1.100.0-beta.1
[INFO] running `Command { std: CARGO_HOME="/workspace/cargo-home" RUSTUP_HOME="/workspace/rustup-home" "/workspace/cargo-home/bin/cargo" "+1.100.0-beta.1" "metadata" "--manifest-path" "Cargo.toml" "--no-deps", kill_on_drop: false }`
[INFO] crate git repo https://github.com/xSAR-research/warm-drive-cache already has a lockfile, it will not be regenerated
[INFO] running `Command { std: CARGO_HOME="/workspace/cargo-home" RUSTUP_HOME="/workspace/rustup-home" "/workspace/cargo-home/bin/cargo" "+1.100.0-beta.1" "fetch" "--manifest-path" "Cargo.toml", kill_on_drop: false }`
[INFO] running `Command { std: "docker" "create" "-v" "/var/lib/crater-agent-workspace/builds/worker-1-tc2/source:/opt/rustwide/workdir:ro,Z" "-v" "/var/lib/crater-agent-workspace/builds/worker-1-tc2/target:/opt/rustwide/target:rw,Z" "-v" "/var/lib/crater-agent-workspace/cargo-home:/opt/rustwide/cargo-home:ro,Z" "-v" "/var/lib/crater-agent-workspace/rustup-home:/opt/rustwide/rustup-home:ro,Z" "-m" "1610612736" "--network" "none" "ghcr.io/rust-lang/crates-build-env/linux@sha256:3111399a4047eeb3a02b7a90e478d715f38a8c6669b5c4b49d30a17385265909" "sleep" "infinity", kill_on_drop: false }`
[INFO] [stdout] e81bc5426d0fe0ca72a87171dfdcfe4431a24ea311d72f6f68a2b565e3e0c0b5
[INFO] running `Command { std: "docker" "start" "e81bc5426d0fe0ca72a87171dfdcfe4431a24ea311d72f6f68a2b565e3e0c0b5", kill_on_drop: false }`
[INFO] running `Command { std: "docker" "inspect" "e81bc5426d0fe0ca72a87171dfdcfe4431a24ea311d72f6f68a2b565e3e0c0b5", kill_on_drop: false }`
[INFO] running `Command { std: "docker" "exec" "-e" "SOURCE_DIR=/opt/rustwide/workdir" "-e" "CARGO_HOME=/opt/rustwide/cargo-home" "-e" "RUSTUP_HOME=/opt/rustwide/rustup-home" "-e" "CARGO_TARGET_DIR=/opt/rustwide/target" "-w" "/opt/rustwide/workdir" "--user" "0:0" "e81bc5426d0fe0ca72a87171dfdcfe4431a24ea311d72f6f68a2b565e3e0c0b5" "/opt/rustwide/cargo-home/bin/cargo" "+1.100.0-beta.1" "metadata" "--no-deps" "--format-version=1", kill_on_drop: false }`
[INFO] running `Command { std: "docker" "inspect" "e81bc5426d0fe0ca72a87171dfdcfe4431a24ea311d72f6f68a2b565e3e0c0b5", kill_on_drop: false }`
[INFO] running `Command { std: "docker" "exec" "-e" "SOURCE_DIR=/opt/rustwide/workdir" "-e" "CARGO_HOME=/opt/rustwide/cargo-home" "-e" "RUSTUP_HOME=/opt/rustwide/rustup-home" "-e" "CARGO_TARGET_DIR=/opt/rustwide/target" "-e" "CARGO_INCREMENTAL=0" "-e" "RUST_BACKTRACE=full" "-e" "RUSTFLAGS=--cap-lints=warn" "-e" "RUSTDOCFLAGS=--cap-lints=warn" "-w" "/opt/rustwide/workdir" "--user" "0:0" "e81bc5426d0fe0ca72a87171dfdcfe4431a24ea311d72f6f68a2b565e3e0c0b5" "/opt/rustwide/cargo-home/bin/cargo" "+1.100.0-beta.1" "build" "--frozen" "--message-format=json", kill_on_drop: false }`
[INFO] [stderr]    Compiling proc-macro2 v1.0.106
[INFO] [stderr]    Compiling libc v0.2.186
[INFO] [stderr]    Compiling quote v1.0.45
[INFO] [stderr]    Compiling find-msvc-tools v0.1.10
[INFO] [stderr]    Compiling serde_core v1.0.228
[INFO] [stderr]    Compiling cfg_aliases v0.2.2
[INFO] [stderr]    Compiling bitflags v2.13.0
[INFO] [stderr]    Compiling serde_json v1.0.150
[INFO] [stderr]    Compiling cpufeatures v0.3.0
[INFO] [stderr]    Compiling warm-drive-cache v0.2.0 (/opt/rustwide/workdir)
[INFO] [stderr]    Compiling memchr v2.8.2
[INFO] [stderr]    Compiling nix v0.31.3
[INFO] [stderr]    Compiling cc v1.4.2
[INFO] [stderr] warning: warm-drive-cache@0.2.0: Sample config pushed to /opt/rustwide/target/debug/warm-drive-cache-example.json
[INFO] [stderr]    Compiling syn v2.0.118
[INFO] [stderr]    Compiling blake3 v1.8.6
[INFO] [stderr]    Compiling dirs-sys v0.4.1
[INFO] [stderr]    Compiling directories v5.0.1
[INFO] [stderr]    Compiling serde_derive v1.0.228
[INFO] [stderr]    Compiling ctrlc v3.5.2
[INFO] [stderr]    Compiling serde v1.0.228
[INFO] [stderr]     Finished `dev` profile [unoptimized + debuginfo] target(s) in 13.65s
[INFO] running `Command { std: "docker" "inspect" "e81bc5426d0fe0ca72a87171dfdcfe4431a24ea311d72f6f68a2b565e3e0c0b5", kill_on_drop: false }`
[INFO] running `Command { std: "docker" "exec" "-e" "SOURCE_DIR=/opt/rustwide/workdir" "-e" "CARGO_HOME=/opt/rustwide/cargo-home" "-e" "RUSTUP_HOME=/opt/rustwide/rustup-home" "-e" "CARGO_TARGET_DIR=/opt/rustwide/target" "-e" "CARGO_INCREMENTAL=0" "-e" "RUST_BACKTRACE=full" "-e" "RUSTFLAGS=--cap-lints=warn" "-e" "RUSTDOCFLAGS=--cap-lints=warn" "-w" "/opt/rustwide/workdir" "--user" "0:0" "e81bc5426d0fe0ca72a87171dfdcfe4431a24ea311d72f6f68a2b565e3e0c0b5" "/opt/rustwide/cargo-home/bin/cargo" "+1.100.0-beta.1" "test" "--frozen" "--no-run" "--message-format=json", kill_on_drop: false }`
[INFO] [stderr]    Compiling bitflags v2.13.0
[INFO] [stderr]    Compiling getrandom v0.4.3
[INFO] [stderr]    Compiling once_cell v1.21.4
[INFO] [stderr] warning: warm-drive-cache@0.2.0: Sample config pushed to /opt/rustwide/target/debug/warm-drive-cache-example.json
[INFO] [stderr]    Compiling nix v0.31.3
[INFO] [stderr]    Compiling rustix v1.1.4
[INFO] [stderr]    Compiling ctrlc v3.5.2
[INFO] [stderr]    Compiling warm-drive-cache v0.2.0 (/opt/rustwide/workdir)
[INFO] [stderr]    Compiling tempfile v3.27.0
[INFO] [stderr]     Finished `test` profile [unoptimized + debuginfo] target(s) in 8.33s
[INFO] running `Command { std: "docker" "inspect" "e81bc5426d0fe0ca72a87171dfdcfe4431a24ea311d72f6f68a2b565e3e0c0b5", kill_on_drop: false }`
[INFO] running `Command { std: "docker" "exec" "-e" "SOURCE_DIR=/opt/rustwide/workdir" "-e" "CARGO_HOME=/opt/rustwide/cargo-home" "-e" "RUSTUP_HOME=/opt/rustwide/rustup-home" "-e" "CARGO_TARGET_DIR=/opt/rustwide/target" "-e" "CARGO_INCREMENTAL=0" "-e" "RUST_BACKTRACE=full" "-e" "RUSTFLAGS=--cap-lints=warn" "-e" "RUSTDOCFLAGS=--cap-lints=warn" "-w" "/opt/rustwide/workdir" "--user" "0:0" "e81bc5426d0fe0ca72a87171dfdcfe4431a24ea311d72f6f68a2b565e3e0c0b5" "/opt/rustwide/cargo-home/bin/cargo" "+1.100.0-beta.1" "test" "--frozen", kill_on_drop: false }`
[INFO] [stderr] warning: warm-drive-cache@0.2.0: Sample config pushed to /opt/rustwide/target/debug/warm-drive-cache-example.json
[INFO] [stderr]     Finished `test` profile [unoptimized + debuginfo] target(s) in 0.06s
[INFO] [stderr]      Running unittests src/lib.rs (/opt/rustwide/target/debug/build/warm-drive-cache/a31f672998a57fd3/out/warm_drive_cache-a31f672998a57fd3)
[INFO] [stdout] 
[INFO] [stdout] running 54 tests
[INFO] [stdout] test cache_ops::tests::format_bytes_gib_and_tib ... ok
[INFO] [stdout] test cache_ops::tests::format_max_file_size_specials ... ok
[INFO] [stdout] test config::tests::config_accepts_string_minus_one ... ok
[INFO] [stdout] test cache_ops::tests::format_bytes_under_1_kib_is_bytes_only ... ok
[INFO] [stdout] test cache_ops::tests::format_bytes_fractional_kib_and_mib ... ok
[INFO] [stdout] test cache_ops::tests::format_bytes_exact_kib ... ok
[INFO] [stdout] test config::tests::config_rejects_bare_fractional_max_file_size ... ok
[INFO] [stdout] test config::tests::config_accepts_max_file_size_specials ... ok
[INFO] [stdout] test config::tests::config_missing_file_returns_defaults_but_empty_paths ... ok
[INFO] [stdout] test config::tests::config_accepts_string_size_units ... ok
[INFO] [stdout] test config::tests::config_rejects_other_negative_max_file_size ... ok
[INFO] [stdout] test config::tests::config_rejects_invalid_max_threads ... ok
[INFO] [stdout] test config::tests::config_rejects_empty_retry_delays ... ok
[INFO] [stdout] test config::tests::display_width_defaults_and_clamps ... ok
[INFO] [stdout] test config::tests::config_deserialize_in_memory_minimal_and_full ... ok
[INFO] [stdout] test config::tests::config_rejects_min_greater_than_max_file_size ... ok
[INFO] [stdout] test config::tests::parse_size_expr_units_and_shorthand ... ok
[INFO] [stdout] test config::tests::config_load_from_tempfile_and_validation ... ok
[INFO] [stdout] test warm_log::tests::csv_escape_neutralises_spreadsheet_formulas ... ok
[INFO] [stdout] test worker::tests::box_table_lines_is_continuous_and_fixed_width ... ok
[INFO] [stdout] test worker::tests::compose_status_clear_returns_to_block_origin ... ok
[INFO] [stdout] test warm_log::tests::csv_escape_quotes_specials ... ok
[INFO] [stdout] test worker::tests::clip_to_columns_ascii_and_unicode ... ok
[INFO] [stdout] test worker::tests::format_progress_bar_tenths ... ok
[INFO] [stdout] test worker::tests::printable_columns_leaves_last_cell_empty ... ok
[INFO] [stdout] test worker::tests::should_read_file_contents_max_only ... ok
[INFO] [stdout] test worker::tests::shorten_path_strips_root_and_respects_max_chars ... ok
[INFO] [stdout] test worker::tests::should_read_file_contents_minus_one_is_metadata_only ... ok
[INFO] [stdout] test worker::tests::should_read_file_contents_min_and_max ... ok
[INFO] [stdout] test worker::tests::should_read_file_contents_zero_means_all ... ok
[INFO] [stdout] test worker::tests::compose_status_redraw_repositions_by_previous_physical_rows ... ok
[INFO] [stdout] test worker::tests::format_thread_slot_line_modes ... ok
[INFO] [stdout] [2KRunning:
[INFO] [stdout] [2K⣾  Directories:      0  Files:      0  Threads: 0/8  Errors: 0  Elapsed: 0s
[INFO] [stdout] [2K    Local target: ~/mounts/project
[INFO] [stdout] [2K
[INFO] [stdout] [2KRunning threads:
[INFO] [stdout] [2K
[INFO] [stdout] [2K┌─────────────────────────────────────────────────────────────────────────────┐
[INFO] [stdout] [2K│ Count      Size  Action  Progress    Source filename                        │
[INFO] [stdout] [2K│ 1             —  idle    □□□□□□□□□□  —                                      │
[INFO] [stdout] [2K│ 2             —  idle    □□□□□□□□□□  —                                      │
[INFO] [stdout] [2K│ 3             —  idle    □□□□□□□□□□  —                                      │
[INFO] [stdout] [2K│ 4             —  idle    □□□□□□□□□□  —                                      │
[INFO] [stdout] [2K│ 5             —  idle    □□□□□□□□□□  —                                      │
[INFO] [stdout] [2K│ 6             —  idle    □□□□□□□□□□  —                                      │
[INFO] [stdout] [2K│ 7             —  idle    □□□□□□□□□□  —                                      │
[INFO] [stdout] [2K│ 8             —  idle    □□□□□□□□□□  —                                      │
[INFO] [stdout] [2K└─────────────────────────────────────────────────────────────────────────────┘
[INFO] [stdout] [Jtest warm_log::tests::create_log_writes_private_file_with_expanded_header ... ok
[INFO] [stdout] test worker::tests::walkstatus_render_rate_and_frame_advances ... ok
[INFO] [stdout] [2KRunning:
[INFO] [stdout] [2K⣾  Directories:      3  Files:      7  Threads: 0/8  Errors: 1  Elapsed: 0s
[INFO] [stdout] [2K    Local target: ~/Documents/Gdrive/AccessIT
[INFO] [stdout] [2K
[INFO] [stdout] [2KRunning threads:
[INFO] [stdout] [2K
[INFO] [stdout] [2K┌─────────────────────────────────────────────────────────────────────────────┐
[INFO] [stdout] [2K│ Count      Size  Action  Progress    Source filename                        │
[INFO] [stdout] [2K│ 1             —  idle    □□□□□□□□□□  —                                      │
[INFO] [stdout] [2K│ 2             —  idle    □□□□□□□□□□  —                                      │
[INFO] [stdout] [2K│ 3             —  idle    □□□□□□□□□□  —                                      │
[INFO] [stdout] [2K│ 4             —  idle    □□□□□□□□□□  —                                      │
[INFO] [stdout] [2K│ 5             —  idle    □□□□□□□□□□  —                                      │
[INFO] [stdout] [2K│ 6             —  idle    □□□□□□□□□□  —                                      │
[INFO] [stdout] [2K│ 7             —  idle    □□□□□□□□□□  —                                      │
[INFO] [stdout] [2K│ 8             —  idle    □□□□□□□□□□  —                                      │
[INFO] [stdout] [2K└─────────────────────────────────────────────────────────────────────────────┘
[INFO] [stdout] [Jtest warm_log::tests::error_details_are_rfc4180_escaped ... ok
[INFO] [stdout] test worker::tests::truncate_display_unicode_truncation ... ok
[INFO] [stdout] test worker::tests::walkstatus_new_initializes_counters ... ok
[INFO] [stdout] test worker::tests::source_filename_grows_only_with_extra_width ... ok
[INFO] [stdout] test worker::tests::warm_file_error_retains_source_metadata_detail ... ok
[INFO] [stdout] test worker::tests::compose_status_redraw_first_frame_does_not_move_cursor ... ok
[INFO] [stdout] test worker::tests::truncate_display_ascii_truncation_with_ellipsis ... ok
[INFO] [stdout] test worker::tests::compose_status_redraw_caps_block_to_terminal_height ... ok
[INFO] [stdout] test worker::tests::truncate_display_max_one_boundary ... ok
[INFO] [stdout] test worker::tests::compose_status_redraw_clips_so_no_row_can_wrap ... ok
[INFO] [stdout] [2KRunning:
[INFO] [stdout] [2K⣾  Directories:     11  Files:     20  Threads: 0/4  Errors: 3  Elapsed: 0s
[INFO] [stdout] [2K    Local target: /tmp/mount
[INFO] [stdout] [2K
[INFO] [stdout] [2KRunning threads:
[INFO] [stdout] [2K
[INFO] [stdout] [2K┌─────────────────────────────────────────────────────────────────────────────┐
[INFO] [stdout] [2K│ Count      Size  Action  Progress    Source filename                        │
[INFO] [stdout] [2K│ 1             —  idle    □□□□□□□□□□  —                                      │
[INFO] [stdout] [2K│ 2             —  idle    □□□□□□□□□□  —                                      │
[INFO] [stdout] [2K│ 3             —  idle    □□□□□□□□□□  —                                      │
[INFO] [stdout] [2K│ 4             —  idle    □□□□□□□□□□  —                                      │
[INFO] [stdout] [2K└─────────────────────────────────────────────────────────────────────────────┘
[INFO] [stdout] [Jtest warm_log::tests::error_rows_support_known_and_unknown_sizes ... ok
[INFO] [stdout] test worker::tests::compose_status_redraw_realistic_table_stays_one_row_per_line ... ok
[INFO] [stdout] test worker::tests::walkstatus_record_methods_increment_correctly ... ok
[INFO] [stdout] test warm_log::tests::row_write_failure_is_retained_until_final_flush ... ok
[INFO] [stdout] test worker::tests::truncate_display_no_truncation ... ok
[INFO] [stdout] [2KRunning:
[INFO] [stdout] [2K⣾  Directories:      1  Files:      0  Threads: 0/2  Errors: 0  Elapsed: 0s
[INFO] [stdout] [2K    Local target: /tmp/.tmpgptOkG/sync
[INFO] [stdout] [2K
[INFO] [stdout] [2KRunning threads:
[INFO] [stdout] [2K
[INFO] [stdout] [2K┌─────────────────────────────────────────────────────────────────────────────┐
[INFO] [stdout] [2K│ Count      Size  Action  Progress    Source filename                        │
[INFO] [stdout] [2K│ 1             —  idle    □□□□□□□□□□  —                                      │
[INFO] [stdout] [2K│ 2             —  idle    □□□□□□□□□□  —                                      │
[INFO] [stdout] [2K└─────────────────────────────────────────────────────────────────────────────┘
[INFO] [stdout] [J[11F[2KRunning:
[INFO] [stdout] [2K⣽  Directories:      2  Files:      2  Threads: 2/2  Errors: 0  Elapsed: 0s
[INFO] [stdout] [2K    Local target: /tmp/.tmpgptOkG/sync
[INFO] [stdout] [2K
[INFO] [stdout] [2KRunning threads:
[INFO] [stdout] [2K
[INFO] [stdout] [2K┌─────────────────────────────────────────────────────────────────────────────┐
[INFO] [stdout] [2K│ Count      Size  Action  Progress    Source filename                        │
[INFO] [stdout] [2K│ 1             —  idle    □□□□□□□□□□  —                                      │
[INFO] [stdout] [2K│ 2             —  idle    □□□□□□□□□□  —                                      │
[INFO] [stdout] [2K└─────────────────────────────────────────────────────────────────────────────┘
[INFO] [stdout] [Jtest worker::tests::warm_file_size_gate_on_tempdir ... ok
[INFO] [stdout] [2KRunning:
[INFO] [stdout] [2K⣾  Directories:      1  Files:      0  Threads: 0/1  Errors: 0  Elapsed: 0s
[INFO] [stdout] [2K    Local target: /tmp/.tmpbvd1Wm/sync
[INFO] [stdout] [2K
[INFO] [stdout] [2KRunning threads:
[INFO] [stdout] [2K
[INFO] [stdout] [2K┌─────────────────────────────────────────────────────────────────────────────┐
[INFO] [stdout] [2K│ Count      Size  Action  Progress    Source filename                        │
[INFO] [stdout] [2K│ 1             —  idle    □□□□□□□□□□  —                                      │
[INFO] [stdout] [2K└─────────────────────────────────────────────────────────────────────────────┘
[INFO] [stdout] [J[10F[2KRunning:
[INFO] [stdout] [2K⣽  Directories:      1  Files:      0  Threads: 0/1  Errors: 0  Elapsed: 0s
[INFO] [stdout] [2K    Local target: /tmp/.tmpbvd1Wm/sync
[INFO] [stdout] [2K
[INFO] [stdout] [2KRunning threads:
[INFO] [stdout] [2K
[INFO] [stdout] [2K┌─────────────────────────────────────────────────────────────────────────────┐
[INFO] [stdout] [2K│ Count      Size  Action  Progress    Source filename                        │
[INFO] [stdout] [2K│ 1             —  idle    □□□□□□□□□□  —                                      │
[INFO] [stdout] [2K└─────────────────────────────────────────────────────────────────────────────┘
[INFO] [stdout] [J[2KRunning:
[INFO] [stdout] [2K⣾  Directories:      0  Files:      0  Threads: 0/1  Errors: 1  Elapsed: 0s
[INFO] [stdout] [2K    Local target: /tmp/.tmpZMcgVD/missing-sync-root
[INFO] [stdout] [2K
[INFO] [stdout] [2KRunning threads:
[INFO] [stdout] [2K
[INFO] [stdout] [2K┌─────────────────────────────────────────────────────────────────────────────┐
[INFO] [stdout] [2K│ Count      Size  Action  Progress    Source filename                        │
[INFO] [stdout] [2K│ 1             —  idle    □□□□□□□□□□  —                                      │
[INFO] [stdout] [2K└─────────────────────────────────────────────────────────────────────────────┘
[INFO] [stdout] [J[10F[2KRunning:
[INFO] [stdout] [2K⣽  Directories:      0  Files:      0  Threads: 0/1  Errors: 1  Elapsed: 0s
[INFO] [stdout] [2K    Local target: /tmp/.tmpZMcgVD/missing-sync-root
[INFO] [stdout] [2K
[INFO] [stdout] [2KRunning threads:
[INFO] [stdout] [2K
[INFO] [stdout] [2K┌─────────────────────────────────────────────────────────────────────────────┐
[INFO] [stdout] [2K│ Count      Size  Action  Progress    Source filename                        │
[INFO] [stdout] [2K│ 1             —  idle    □□□□□□□□□□  —                                      │
[INFO] [stdout] [2K└─────────────────────────────────────────────────────────────────────────────┘
[INFO] [stdout] [J[10F[Jtest worker::tests::warm_tree_retains_and_logs_traversal_error_count ... ok
[INFO] [stdout] [10F[2KRunning:
[INFO] [stdout] [2K⣻  Directories:      1  Files:      1  Threads: 0/1  Errors: 1  Elapsed: 0s
[INFO] [stdout] [2K    Local target: /tmp/.tmpbvd1Wm/sync
[INFO] [stdout] [2K
[INFO] [stdout] [2KRunning threads:
[INFO] [stdout] [2K
[INFO] [stdout] [2K┌─────────────────────────────────────────────────────────────────────────────┐
[INFO] [stdout] [2K│ Count      Size  Action  Progress    Source filename                        │
[INFO] [stdout] [2K│ 1             —  idle    □□□□□□□□□□  —                                      │
[INFO] [stdout] [2K└─────────────────────────────────────────────────────────────────────────────┘
[INFO] [stdout] [J[10F[Jtest worker::tests::warm_tree_logs_resolver_error_with_known_size ... ok
[INFO] [stdout] [11F[2KRunning:
[INFO] [stdout] [2K⣻  Directories:      2  Files:      2  Threads: 1/2  Errors: 0  Elapsed: 0s
[INFO] [stdout] [2K    Local target: /tmp/.tmpgptOkG/sync
[INFO] [stdout] [2K
[INFO] [stdout] [2KRunning threads:
[INFO] [stdout] [2K
[INFO] [stdout] [2K┌─────────────────────────────────────────────────────────────────────────────┐
[INFO] [stdout] [2K│ Count      Size  Action  Progress    Source filename                        │
[INFO] [stdout] [2K│ 1            2B  READ    ■■■■■■■■■■  a.txt                                  │
[INFO] [stdout] [2K│ 2             —  idle    □□□□□□□□□□  —                                      │
[INFO] [stdout] [2K└─────────────────────────────────────────────────────────────────────────────┘
[INFO] [stdout] [J[11F[2KRunning:
[INFO] [stdout] [2K⢿  Directories:      2  Files:      2  Threads: 1/2  Errors: 0  Elapsed: 0s
[INFO] [stdout] [2K    Local target: /tmp/.tmpgptOkG/sync
[INFO] [stdout] [2K
[INFO] [stdout] [2KRunning threads:
[INFO] [stdout] [2K
[INFO] [stdout] [2K┌─────────────────────────────────────────────────────────────────────────────┐
[INFO] [stdout] [2K│ Count      Size  Action  Progress    Source filename                        │
[INFO] [stdout] [2K│ 1            2B  READ    ■■■■■■■■■■  a.txt                                  │
[INFO] [stdout] [2K│ 2             —  idle    □□□□□□□□□□  —                                      │
[INFO] [stdout] [2K└─────────────────────────────────────────────────────────────────────────────┘
[INFO] [stdout] [J[11F[2KRunning:
[INFO] [stdout] [2K⡿  Directories:      2  Files:      2  Threads: 1/2  Errors: 0  Elapsed: 0s
[INFO] [stdout] [2K    Local target: /tmp/.tmpgptOkG/sync
[INFO] [stdout] [2K
[INFO] [stdout] [2KRunning threads:
[INFO] [stdout] [2K
[INFO] [stdout] [2K┌─────────────────────────────────────────────────────────────────────────────┐
[INFO] [stdout] [2K│ Count      Size  Action  Progress    Source filename                        │
[INFO] [stdout] [2K│ 1            2B  READ    ■■■■■■■■■■  a.txt                                  │
[INFO] [stdout] [2K│ 2             —  idle    □□□□□□□□□□  —                                      │
[INFO] [stdout] [2K└─────────────────────────────────────────────────────────────────────────────┘
[INFO] [stdout] [J[11F[2KRunning:
[INFO] [stdout] [2K⣟  Directories:      2  Files:      2  Threads: 1/2  Errors: 0  Elapsed: 0s
[INFO] [stdout] [2K    Local target: /tmp/.tmpgptOkG/sync
[INFO] [stdout] [2K
[INFO] [stdout] [2KRunning threads:
[INFO] [stdout] [2K
[INFO] [stdout] [2K┌─────────────────────────────────────────────────────────────────────────────┐
[INFO] [stdout] [2K│ Count      Size  Action  Progress    Source filename                        │
[INFO] [stdout] [2K│ 1            2B  READ    ■■■■■■■■■■  a.txt                                  │
[INFO] [stdout] [2K│ 2             —  idle    □□□□□□□□□□  —                                      │
[INFO] [stdout] [2K└─────────────────────────────────────────────────────────────────────────────┘
[INFO] [stdout] [J[11F[2KRunning:
[INFO] [stdout] [2K⣯  Directories:      2  Files:      2  Threads: 1/2  Errors: 0  Elapsed: 0s
[INFO] [stdout] [2K    Local target: /tmp/.tmpgptOkG/sync
[INFO] [stdout] [2K
[INFO] [stdout] [2KRunning threads:
[INFO] [stdout] [2K
[INFO] [stdout] [2K┌─────────────────────────────────────────────────────────────────────────────┐
[INFO] [stdout] [2K│ Count      Size  Action  Progress    Source filename                        │
[INFO] [stdout] [2K│ 1            2B  READ    ■■■■■■■■■■  a.txt                                  │
[INFO] [stdout] [2K│ 2             —  idle    □□□□□□□□□□  —                                      │
[INFO] [stdout] [2K└─────────────────────────────────────────────────────────────────────────────┘
[INFO] [stdout] [J[11F[2KRunning:
[INFO] [stdout] [2K⣷  Directories:      2  Files:      2  Threads: 1/2  Errors: 0  Elapsed: 0s
[INFO] [stdout] [2K    Local target: /tmp/.tmpgptOkG/sync
[INFO] [stdout] [2K
[INFO] [stdout] [2KRunning threads:
[INFO] [stdout] [2K
[INFO] [stdout] [2K┌─────────────────────────────────────────────────────────────────────────────┐
[INFO] [stdout] [2K│ Count      Size  Action  Progress    Source filename                        │
[INFO] [stdout] [2K│ 1            2B  READ    ■■■■■■■■■■  a.txt                                  │
[INFO] [stdout] [2K│ 2             —  idle    □□□□□□□□□□  —                                      │
[INFO] [stdout] [2K└─────────────────────────────────────────────────────────────────────────────┘
[INFO] [stdout] [J[11F[2KRunning:
[INFO] [stdout] [2K⣾  Directories:      2  Files:      2  Threads: 0/2  Errors: 0  Elapsed: 0s
[INFO] [stdout] [2K    Local target: /tmp/.tmpgptOkG/sync
[INFO] [stdout] [2K
[INFO] [stdout] [2KRunning threads:
[INFO] [stdout] [2K
[INFO] [stdout] [2K┌─────────────────────────────────────────────────────────────────────────────┐
[INFO] [stdout] [2K│ Count      Size  Action  Progress    Source filename                        │
[INFO] [stdout] [2K│ 1             —  idle    □□□□□□□□□□  —                                      │
[INFO] [stdout] [2K│ 2             —  idle    □□□□□□□□□□  —                                      │
[INFO] [stdout] [2K└─────────────────────────────────────────────────────────────────────────────┘
[INFO] [stdout] [J[11F[Jtest worker::tests::warm_tree_processes_mixed_files ... ok
[INFO] [stderr]      Running unittests src/main.rs (/opt/rustwide/target/debug/build/warm-drive-cache/7662db65bd0c7815/out/warm_drive_cache-7662db65bd0c7815)
[INFO] [stdout] test worker::tests::warm_file_honours_checksum_flag ... ok
[INFO] [stdout] 
[INFO] [stdout] test result: ok. 54 passed; 0 failed; 0 ignored; 0 measured; 0 filtered out; finished in 1.53s
[INFO] [stdout] 
[INFO] [stdout] 
[INFO] [stdout] running 64 tests
[INFO] [stdout] test cache_check::tests::check_sync_missing_errors ... ok
[INFO] [stdout] test cache_check::tests::check_sync_readable_on_tempdir ... ok
[INFO] [stdout] test config::tests::config_accepts_string_minus_one ... ok
[INFO] [stdout] test cache_check::tests::parse_cache_dir_flag_variants ... ok
[INFO] [stdout] test cache_ops::tests::format_bytes_exact_kib ... ok
[INFO] [stdout] test config::tests::config_accepts_string_size_units ... ok
[INFO] [stdout] test cache_ops::tests::format_bytes_fractional_kib_and_mib ... ok
[INFO] [stdout] test config::tests::config_deserialize_in_memory_minimal_and_full ... ok
[INFO] [stdout] test config::tests::parse_size_expr_units_and_shorthand ... ok
[INFO] [stdout] test config::tests::config_missing_file_returns_defaults_but_empty_paths ... ok
[INFO] [stdout] test mount_wait::tests::directory_has_content_error_cases_false ... ok
[INFO] [stdout] test cache_ops::tests::format_bytes_gib_and_tib ... ok
[INFO] [stdout] test config::tests::config_accepts_max_file_size_specials ... ok
[INFO] [stdout] test cache_ops::tests::format_bytes_under_1_kib_is_bytes_only ... ok
[INFO] [stdout] test cache_check::tests::parse_rclone_remote_from_execstart ... ok
[INFO] [stdout] test cache_ops::tests::format_max_file_size_specials ... ok
[INFO] [stdout] test mount_wait::tests::sleep_capped_within_budget_zero_request_true ... ok
[INFO] [stdout] test warm_log::tests::csv_escape_neutralises_spreadsheet_formulas ... ok
[INFO] [stdout] test mount_wait::tests::sleep_capped_budget_exhausted_immediate_false ... ok
[INFO] [stdout] test worker::tests::box_table_lines_is_continuous_and_fixed_width ... ok
[INFO] [stdout] test warm_log::tests::csv_escape_quotes_specials ... ok
[INFO] [stdout] test mount_wait::tests::directory_has_content_empty_dir_false ... ok
[INFO] [stdout] test worker::tests::clip_to_columns_ascii_and_unicode ... ok
[INFO] [stdout] test cache_check::tests::check_cache_permissions_probe_cycle ... ok
[INFO] [stdout] test warm_log::tests::create_log_writes_private_file_with_expanded_header ... ok
[INFO] [stdout] test config::tests::config_rejects_invalid_max_threads ... ok
[INFO] [stdout] test config::tests::config_rejects_empty_retry_delays ... ok
[INFO] [stdout] test worker::tests::compose_status_redraw_first_frame_does_not_move_cursor ... ok
[INFO] [stdout] test worker::tests::format_progress_bar_tenths ... ok
[INFO] [stdout] test worker::tests::format_thread_slot_line_modes ... ok
[INFO] [stdout] test worker::tests::printable_columns_leaves_last_cell_empty ... ok
[INFO] [stdout] test worker::tests::shorten_path_strips_root_and_respects_max_chars ... ok
[INFO] [stdout] test worker::tests::compose_status_redraw_realistic_table_stays_one_row_per_line ... ok
[INFO] [stdout] test worker::tests::compose_status_redraw_repositions_by_previous_physical_rows ... ok
[INFO] [stdout] test config::tests::config_rejects_other_negative_max_file_size ... ok
[INFO] [stdout] test worker::tests::should_read_file_contents_zero_means_all ... ok
[INFO] [stdout] test worker::tests::compose_status_clear_returns_to_block_origin ... ok
[INFO] [stdout] test worker::tests::compose_status_redraw_clips_so_no_row_can_wrap ... ok
[INFO] [stdout] test worker::tests::compose_status_redraw_caps_block_to_terminal_height ... ok
[INFO] [stdout] test config::tests::config_rejects_min_greater_than_max_file_size ... ok
[INFO] [stdout] test warm_log::tests::error_details_are_rfc4180_escaped ... ok
[INFO] [stdout] test warm_log::tests::row_write_failure_is_retained_until_final_flush ... ok
[INFO] [stdout] test worker::tests::truncate_display_max_one_boundary ... ok
[INFO] [stdout] [2KRunning:
[INFO] [stdout] [2K⣾  Directories:      0  Files:      0  Threads: 0/8  Errors: 0  Elapsed: 0s
[INFO] [stdout] [2K    Local target: ~/mounts/project
[INFO] [stdout] [2K
[INFO] [stdout] [2KRunning threads:
[INFO] [stdout] [2K
[INFO] [stdout] [2K┌─────────────────────────────────────────────────────────────────────────────┐
[INFO] [stdout] [2K│ Count      Size  Action  Progress    Source filename                        │
[INFO] [stdout] [2K│ 1             —  idle    □□□□□□□□□□  —                                      │
[INFO] [stdout] [2K│ 2             —  idle    □□□□□□□□□□  —                                      │
[INFO] [stdout] [2K│ 3             —  idle    □□□□□□□□□□  —                                      │
[INFO] [stdout] [2K│ 4             —  idle    □□□□□□□□□□  —                                      │
[INFO] [stdout] [2K│ 5             —  idle    □□□□□□□□□□  —                                      │
[INFO] [stdout] [2K│ 6             —  idle    □□□□□□□□□□  —                                      │
[INFO] [stdout] [2K│ 7             —  idle    □□□□□□□□□□  —                                      │
[INFO] [stdout] [2K│ 8             —  idle    □□□□□□□□□□  —                                      │
[INFO] [stdout] [2K└─────────────────────────────────────────────────────────────────────────────┘
[INFO] [stdout] [Jtest worker::tests::truncate_display_no_truncation ... ok
[INFO] [stdout] test worker::tests::walkstatus_render_rate_and_frame_advances ... ok
[INFO] [stdout] test warm_log::tests::error_rows_support_known_and_unknown_sizes ... ok
[INFO] [stdout] [2KRunning:
[INFO] [stdout] [2K⣾  Directories:      3  Files:      7  Threads: 0/8  Errors: 1  Elapsed: 0s
[INFO] [stdout] [2K    Local target: ~/Documents/Gdrive/AccessIT
[INFO] [stdout] [2K
[INFO] [stdout] [2KRunning threads:
[INFO] [stdout] [2K
[INFO] [stdout] [2K┌─────────────────────────────────────────────────────────────────────────────┐
[INFO] [stdout] [2K│ Count      Size  Action  Progress    Source filename                        │
[INFO] [stdout] [2K│ 1             —  idle    □□□□□□□□□□  —                                      │
[INFO] [stdout] [2K│ 2             —  idle    □□□□□□□□□□  —                                      │
[INFO] [stdout] [2K│ 3             —  idle    □□□□□□□□□□  —                                      │
[INFO] [stdout] [2K│ 4             —  idle    □□□□□□□□□□  —                                      │
[INFO] [stdout] [2K│ 5             —  idle    □□□□□□□□□□  —                                      │
[INFO] [stdout] [2K│ 6             —  idle    □□□□□□□□□□  —                                      │
[INFO] [stdout] [2K│ 7             —  idle    □□□□□□□□□□  —                                      │
[INFO] [stdout] [2K│ 8             —  idle    □□□□□□□□□□  —                                      │
[INFO] [stdout] [2K└─────────────────────────────────────────────────────────────────────────────┘
[INFO] [stdout] [Jtest worker::tests::warm_file_error_retains_source_metadata_detail ... ok
[INFO] [stdout] test worker::tests::walkstatus_new_initializes_counters ... ok
[INFO] [stdout] [2KRunning:
[INFO] [stdout] [2K⣾  Directories:     11  Files:     20  Threads: 0/4  Errors: 3  Elapsed: 0s
[INFO] [stdout] [2K    Local target: /tmp/mount
[INFO] [stdout] [2K
[INFO] [stdout] [2KRunning threads:
[INFO] [stdout] [2K
[INFO] [stdout] [2K┌─────────────────────────────────────────────────────────────────────────────┐
[INFO] [stdout] [2K│ Count      Size  Action  Progress    Source filename                        │
[INFO] [stdout] [2K│ 1             —  idle    □□□□□□□□□□  —                                      │
[INFO] [stdout] [2K│ 2             —  idle    □□□□□□□□□□  —                                      │
[INFO] [stdout] [2K│ 3             —  idle    □□□□□□□□□□  —                                      │
[INFO] [stdout] [2K│ 4             —  idle    □□□□□□□□□□  —                                      │
[INFO] [stdout] [2K└─────────────────────────────────────────────────────────────────────────────┘
[INFO] [stdout] [Jtest mount_wait::tests::directory_has_content_populated_dir_true ... ok
[INFO] [stdout] test worker::tests::walkstatus_record_methods_increment_correctly ... ok
[INFO] [stdout] test worker::tests::should_read_file_contents_min_and_max ... ok
[INFO] [stdout] test worker::tests::should_read_file_contents_minus_one_is_metadata_only ... ok
[INFO] [stdout] test worker::tests::source_filename_grows_only_with_extra_width ... ok
[INFO] [stdout] test worker::tests::truncate_display_ascii_truncation_with_ellipsis ... ok
[INFO] [stdout] test config::tests::config_load_from_tempfile_and_validation ... ok
[INFO] [stdout] [2KRunning:
[INFO] [stdout] [2K⣾  Directories:      1  Files:      0  Threads: 0/1  Errors: 0  Elapsed: 0s
[INFO] [stdout] [2K    Local target: /tmp/.tmptJbi1S/sync
[INFO] [stdout] [2K
[INFO] [stdout] [2KRunning threads:
[INFO] [stdout] [2K
[INFO] [stdout] [2K┌─────────────────────────────────────────────────────────────────────────────┐
[INFO] [stdout] [2K│ Count      Size  Action  Progress    Source filename                        │
[INFO] [stdout] [2K│ 1             —  idle    □□□□□□□□□□  —                                      │
[INFO] [stdout] [2K└─────────────────────────────────────────────────────────────────────────────┘
[INFO] [stdout] [J[10F[2KRunning:
[INFO] [stdout] [2K⣽  Directories:      1  Files:      0  Threads: 0/1  Errors: 0  Elapsed: 0s
[INFO] [stdout] [2K    Local target: /tmp/.tmptJbi1S/sync
[INFO] [stdout] [2K
[INFO] [stdout] [2KRunning threads:
[INFO] [stdout] [2K
[INFO] [stdout] [2K┌─────────────────────────────────────────────────────────────────────────────┐
[INFO] [stdout] [2K│ Count      Size  Action  Progress    Source filename                        │
[INFO] [stdout] [2K│ 1             —  idle    □□□□□□□□□□  —                                      │
[INFO] [stdout] [2K└─────────────────────────────────────────────────────────────────────────────┘
[INFO] [stdout] [Jtest worker::tests::truncate_display_unicode_truncation ... ok
[INFO] [stdout] test worker::tests::warm_file_size_gate_on_tempdir ... ok
[INFO] [stdout] [2KRunning:
[INFO] [stdout] [2K⣾  Directories:      1  Files:      0  Threads: 0/2  Errors: 0  Elapsed: 0s
[INFO] [stdout] [2K    Local target: /tmp/.tmpbDeCaE/sync
[INFO] [stdout] [2K
[INFO] [stdout] [2KRunning threads:
[INFO] [stdout] [2K
[INFO] [stdout] [2K┌─────────────────────────────────────────────────────────────────────────────┐
[INFO] [stdout] [2K│ Count      Size  Action  Progress    Source filename                        │
[INFO] [stdout] [2K│ 1             —  idle    □□□□□□□□□□  —                                      │
[INFO] [stdout] [2K│ 2             —  idle    □□□□□□□□□□  —                                      │
[INFO] [stdout] [2K└─────────────────────────────────────────────────────────────────────────────┘
[INFO] [stdout] [J[11F[2KRunning:
[INFO] [stdout] [2K⣽  Directories:      2  Files:      0  Threads: 0/2  Errors: 0  Elapsed: 0s
[INFO] [stdout] [2K    Local target: /tmp/.tmpbDeCaE/sync
[INFO] [stdout] [2K
[INFO] [stdout] [2KRunning threads:
[INFO] [stdout] [2K
[INFO] [stdout] [2K┌─────────────────────────────────────────────────────────────────────────────┐
[INFO] [stdout] [2K│ Count      Size  Action  Progress    Source filename                        │
[INFO] [stdout] [2K│ 1             —  idle    □□□□□□□□□□  —                                      │
[INFO] [stdout] [2K│ 2             —  idle    □□□□□□□□□□  —                                      │
[INFO] [stdout] [2K└─────────────────────────────────────────────────────────────────────────────┘
[INFO] [stdout] [J[2KRunning:
[INFO] [stdout] [2K⣾  Directories:      0  Files:      0  Threads: 0/1  Errors: 1  Elapsed: 0s
[INFO] [stdout] [2K    Local target: /tmp/.tmpOyGC35/missing-sync-root
[INFO] [stdout] [2K
[INFO] [stdout] [2KRunning threads:
[INFO] [stdout] [2K
[INFO] [stdout] [2K┌─────────────────────────────────────────────────────────────────────────────┐
[INFO] [stdout] [2K│ Count      Size  Action  Progress    Source filename                        │
[INFO] [stdout] [2K│ 1             —  idle    □□□□□□□□□□  —                                      │
[INFO] [stdout] [2K└─────────────────────────────────────────────────────────────────────────────┘
[INFO] [stdout] [J[10F[2KRunning:
[INFO] [stdout] [2K⣽  Directories:      0  Files:      0  Threads: 0/1  Errors: 1  Elapsed: 0s
[INFO] [stdout] [2K    Local target: /tmp/.tmpOyGC35/missing-sync-root
[INFO] [stdout] [2K
[INFO] [stdout] [2KRunning threads:
[INFO] [stdout] [2K
[INFO] [stdout] [2K┌─────────────────────────────────────────────────────────────────────────────┐
[INFO] [stdout] [2K│ Count      Size  Action  Progress    Source filename                        │
[INFO] [stdout] [2K│ 1             —  idle    □□□□□□□□□□  —                                      │
[INFO] [stdout] [2K└─────────────────────────────────────────────────────────────────────────────┘
[INFO] [stdout] [J[10F[Jtest worker::tests::warm_tree_retains_and_logs_traversal_error_count ... ok
[INFO] [stdout] test config::tests::display_width_defaults_and_clamps ... ok
[INFO] [stdout] test config::tests::config_rejects_bare_fractional_max_file_size ... ok
[INFO] [stdout] test worker::tests::should_read_file_contents_max_only ... ok
[INFO] [stdout] [10F[2KRunning:
[INFO] [stdout] [2K⣻  Directories:      1  Files:      1  Threads: 0/1  Errors: 1  Elapsed: 0s
[INFO] [stdout] [2K    Local target: /tmp/.tmptJbi1S/sync
[INFO] [stdout] [2K
[INFO] [stdout] [2KRunning threads:
[INFO] [stdout] [2K
[INFO] [stdout] [2K┌─────────────────────────────────────────────────────────────────────────────┐
[INFO] [stdout] [2K│ Count      Size  Action  Progress    Source filename                        │
[INFO] [stdout] [2K│ 1             —  idle    □□□□□□□□□□  —                                      │
[INFO] [stdout] [2K└─────────────────────────────────────────────────────────────────────────────┘
[INFO] [stdout] [J[10F[Jtest worker::tests::warm_tree_logs_resolver_error_with_known_size ... ok
[INFO] [stdout] [11F[2KRunning:
[INFO] [stdout] [2K⣻  Directories:      2  Files:      2  Threads: 1/2  Errors: 0  Elapsed: 0s
[INFO] [stdout] [2K    Local target: /tmp/.tmpbDeCaE/sync
[INFO] [stdout] [2K
[INFO] [stdout] [2KRunning threads:
[INFO] [stdout] [2K
[INFO] [stdout] [2K┌─────────────────────────────────────────────────────────────────────────────┐
[INFO] [stdout] [2K│ Count      Size  Action  Progress    Source filename                        │
[INFO] [stdout] [2K│ 1             —  idle    □□□□□□□□□□  —                                      │
[INFO] [stdout] [2K│ 2            2B  READ    ■■■■■■■■■■  a.txt                                  │
[INFO] [stdout] [2K└─────────────────────────────────────────────────────────────────────────────┘
[INFO] [stdout] [J[11F[2KRunning:
[INFO] [stdout] [2K⢿  Directories:      2  Files:      2  Threads: 1/2  Errors: 0  Elapsed: 0s
[INFO] [stdout] [2K    Local target: /tmp/.tmpbDeCaE/sync
[INFO] [stdout] [2K
[INFO] [stdout] [2KRunning threads:
[INFO] [stdout] [2K
[INFO] [stdout] [2K┌─────────────────────────────────────────────────────────────────────────────┐
[INFO] [stdout] [2K│ Count      Size  Action  Progress    Source filename                        │
[INFO] [stdout] [2K│ 1             —  idle    □□□□□□□□□□  —                                      │
[INFO] [stdout] [2K│ 2            2B  READ    ■■■■■■■■■■  a.txt                                  │
[INFO] [stdout] [2K└─────────────────────────────────────────────────────────────────────────────┘
[INFO] [stdout] [J[11F[2KRunning:
[INFO] [stdout] [2K⡿  Directories:      2  Files:      2  Threads: 1/2  Errors: 0  Elapsed: 0s
[INFO] [stdout] [2K    Local target: /tmp/.tmpbDeCaE/sync
[INFO] [stdout] [2K
[INFO] [stdout] [2KRunning threads:
[INFO] [stdout] [2K
[INFO] [stdout] [2K┌─────────────────────────────────────────────────────────────────────────────┐
[INFO] [stdout] [2K│ Count      Size  Action  Progress    Source filename                        │
[INFO] [stdout] [2K│ 1             —  idle    □□□□□□□□□□  —                                      │
[INFO] [stdout] [2K│ 2            2B  READ    ■■■■■■■■■■  a.txt                                  │
[INFO] [stdout] [2K└─────────────────────────────────────────────────────────────────────────────┘
[INFO] [stdout] [J[11F[2KRunning:
[INFO] [stdout] [2K⣟  Directories:      2  Files:      2  Threads: 1/2  Errors: 0  Elapsed: 0s
[INFO] [stdout] [2K    Local target: /tmp/.tmpbDeCaE/sync
[INFO] [stdout] [2K
[INFO] [stdout] [2KRunning threads:
[INFO] [stdout] [2K
[INFO] [stdout] [2K┌─────────────────────────────────────────────────────────────────────────────┐
[INFO] [stdout] [2K│ Count      Size  Action  Progress    Source filename                        │
[INFO] [stdout] [2K│ 1             —  idle    □□□□□□□□□□  —                                      │
[INFO] [stdout] [2K│ 2            2B  READ    ■■■■■■■■■■  a.txt                                  │
[INFO] [stdout] [2K└─────────────────────────────────────────────────────────────────────────────┘
[INFO] [stdout] [J[11F[2KRunning:
[INFO] [stdout] [2K⣯  Directories:      2  Files:      2  Threads: 1/2  Errors: 0  Elapsed: 0s
[INFO] [stdout] [2K    Local target: /tmp/.tmpbDeCaE/sync
[INFO] [stdout] [2K
[INFO] [stdout] [2KRunning threads:
[INFO] [stdout] [2K
[INFO] [stdout] [2K┌─────────────────────────────────────────────────────────────────────────────┐
[INFO] [stdout] [2K│ Count      Size  Action  Progress    Source filename                        │
[INFO] [stdout] [2K│ 1             —  idle    □□□□□□□□□□  —                                      │
[INFO] [stdout] [2K│ 2            2B  READ    ■■■■■■■■■■  a.txt                                  │
[INFO] [stdout] [2K└─────────────────────────────────────────────────────────────────────────────┘
[INFO] [stdout] [J[11F[2KRunning:
[INFO] [stdout] [2K⣷  Directories:      2  Files:      2  Threads: 1/2  Errors: 0  Elapsed: 0s
[INFO] [stdout] [2K    Local target: /tmp/.tmpbDeCaE/sync
[INFO] [stdout] [2K
[INFO] [stdout] [2KRunning threads:
[INFO] [stdout] [2K
[INFO] [stdout] [2K┌─────────────────────────────────────────────────────────────────────────────┐
[INFO] [stdout] [2K│ Count      Size  Action  Progress    Source filename                        │
[INFO] [stdout] [2K│ 1             —  idle    □□□□□□□□□□  —                                      │
[INFO] [stdout] [2K│ 2            2B  READ    ■■■■■■■■■■  a.txt                                  │
[INFO] [stdout] [2K└─────────────────────────────────────────────────────────────────────────────┘
[INFO] [stdout] [J[11F[2KRunning:
[INFO] [stdout] [2K⣾  Directories:      2  Files:      2  Threads: 0/2  Errors: 0  Elapsed: 0s
[INFO] [stdout] [2K    Local target: /tmp/.tmpbDeCaE/sync
[INFO] [stdout] [2K
[INFO] [stdout] [2KRunning threads:
[INFO] [stdout] [2K
[INFO] [stdout] [2K┌─────────────────────────────────────────────────────────────────────────────┐
[INFO] [stdout] [2K│ Count      Size  Action  Progress    Source filename                        │
[INFO] [stdout] [2K│ 1             —  idle    □□□□□□□□□□  —                                      │
[INFO] [stdout] [2K│ 2             —  idle    □□□□□□□□□□  —                                      │
[INFO] [stdout] [2K└─────────────────────────────────────────────────────────────────────────────┘
[INFO] [stdout] [J[11F[Jtest worker::tests::warm_tree_processes_mixed_files ... ok
[INFO] [stdout] test worker::tests::warm_file_honours_checksum_flag ... ok
[INFO] [stdout] 
[INFO] [stdout] test result: ok. 64 passed; 0 failed; 0 ignored; 0 measured; 0 filtered out; finished in 1.51s
[INFO] [stdout] 
[INFO] [stderr]      Running tests/unit-test.rs (/opt/rustwide/target/debug/build/warm-drive-cache/5749ee860e4c67cf/out/unit_test-5749ee860e4c67cf)
[INFO] [stdout] 
[INFO] [stdout] running 18 tests
[INFO] [stdout] test parse_rclone_remote_name_from_unit_text ... ok
[INFO] [stdout] test every_runtime_option_accepts_short_and_long_forms ... ok
[INFO] [stdout] test rate_limit_is_narrow ... ok
[INFO] [stdout] test sample_schema_and_checksum_default ... ok
[INFO] [stdout] test sizes ... ok
[INFO] [stdout] test verbosity_flags_increment_and_saturate_at_full_detail ... ok
[INFO] [stdout] test verbosity_rejects_json_but_preserves_help_and_information_precedence ... ok
[INFO] [stdout] test resolver_uses_vfs_remote_layout ... ok
[INFO] [stdout] test delete_remote_trees_leaves_other_remotes ... ok
[INFO] [stdout] test dirty_metadata_is_case_insensitive_and_scans_all_services ... ok
[INFO] [stdout] test booleans_all_cases ... ok
[INFO] [stdout] test cli_validation_and_precedence ... ok
[INFO] [stdout] test projection_boundary ... ok
[INFO] [stdout] test cache_lock_is_empty_and_removed_on_drop ... ok
[INFO] [stdout] test verify_empty_stream_does_not_wait_for_missing_cache_file ... ok
[INFO] [stdout] test cache_cleanup_preserves_the_active_lock ... ok
[INFO] [stdout] test verify_match_mismatch_disabled_and_attributes ... ok
[INFO] [stdout] test dirty_wait_reopens_and_observes_atomic_rclone_update ... ok
[INFO] [stderr]      Running tests/verbosity-cli.rs (/opt/rustwide/target/debug/build/warm-drive-cache/914dde05f9ace55d/out/verbosity_cli-914dde05f9ace55d)
[INFO] [stdout] 
[INFO] [stdout] test result: ok. 18 passed; 0 failed; 0 ignored; 0 measured; 0 filtered out; finished in 0.05s
[INFO] [stdout] 
[INFO] [stdout] 
[INFO] [stdout] running 11 tests
[INFO] [stdout] test help_documents_both_verbosity_levels ... ok
[INFO] [stdout] test failed_path_checks_remain_visible_without_a_success_tick ... ok
[INFO] [stdout] test single_verbose_shows_section_headings_without_introductory_detail ... ok
[INFO] [stdout] test very_verbose_forms_preserve_full_detail_and_agree ... ok
[INFO] [stdout] test empty_mount_warning_prevents_a_success_tick_but_keeps_the_dry_run ... ok
[INFO] [stdout] test logging_places_the_actual_log_path_on_verbose_configuration_headings ... ok
[INFO] [stdout] test unavailable_service_warning_prevents_a_success_tick ... FAILED
[INFO] [stdout] test normal_output_keeps_existing_sync_details_and_standalone_log_path ... FAILED
[INFO] [stdout] test mount_timeout_prevents_a_success_tick_even_when_sync_has_content ... FAILED
[INFO] [stdout] test maintenance_hides_routine_preamble_only_at_single_verbose ... ok
[INFO] [stdout] test single_verbose_keeps_dirty_wait_warning_and_purge_failure_visible ... ok
[INFO] [stdout] 
[INFO] [stdout] failures:
[INFO] [stdout] 
[INFO] [stdout] ---- unavailable_service_warning_prevents_a_success_tick stdout ----
[INFO] [stdout] 
[INFO] [stdout] thread 'unavailable_service_warning_prevents_a_success_tick' (1095) panicked at tests/verbosity-cli.rs:89:14:
[INFO] [stdout] called `Result::unwrap()` on an `Err` value: Os { code: 26, kind: ExecutableFileBusy, message: "Text file busy" }
[INFO] [stdout] stack backtrace:
[INFO] [stdout]    0:     0x5618f45e1011 - std[617be2ca0a6fd877]::backtrace_rs::backtrace::libunwind::trace
[INFO] [stdout]                                at /rustc/e3feeb59cd1bdd011a2bfcc0747b55125d9b8527/library/std/src/../../backtrace/src/backtrace/libunwind.rs:117:9
[INFO] [stdout]    1:     0x5618f45e1011 - std[617be2ca0a6fd877]::backtrace_rs::backtrace::trace_unsynchronized::<std[617be2ca0a6fd877]::sys::backtrace::_print_fmt::{closure#1}>
[INFO] [stdout]                                at /rustc/e3feeb59cd1bdd011a2bfcc0747b55125d9b8527/library/std/src/../../backtrace/src/backtrace/mod.rs:66:14
[INFO] [stdout]    2:     0x5618f45e1011 - std[617be2ca0a6fd877]::sys::backtrace::_print_fmt
[INFO] [stdout]                                at /rustc/e3feeb59cd1bdd011a2bfcc0747b55125d9b8527/library/std/src/sys/backtrace.rs:74:9
[INFO] [stdout]    3:     0x5618f45e1011 - <<std[617be2ca0a6fd877]::sys::backtrace::BacktraceLock>::print::DisplayBacktrace as core[a373ad73a504971]::fmt::Display>::fmt
[INFO] [stdout]                                at /rustc/e3feeb59cd1bdd011a2bfcc0747b55125d9b8527/library/std/src/sys/backtrace.rs:44:26
[INFO] [stdout]    4:     0x5618f45f5d3a - <core[a373ad73a504971]::fmt::rt::Argument>::fmt
[INFO] [stdout]                                at /rustc/e3feeb59cd1bdd011a2bfcc0747b55125d9b8527/library/core/src/fmt/rt.rs:152:76
[INFO] [stdout]    5:     0x5618f45f5d3a - core[a373ad73a504971]::fmt::write
[INFO] [stdout]    6:     0x5618f45e569c - core[a373ad73a504971]::io::write::default_write_fmt::<alloc[2e1b2a31b91974c5]::vec::Vec<u8>>
[INFO] [stdout]                                at /rustc/e3feeb59cd1bdd011a2bfcc0747b55125d9b8527/library/core/src/io/write.rs:402:11
[INFO] [stdout]    7:     0x5618f45e569c - <alloc[2e1b2a31b91974c5]::vec::Vec<u8> as core[a373ad73a504971]::io::write::Write>::write_fmt
[INFO] [stdout]                                at /rustc/e3feeb59cd1bdd011a2bfcc0747b55125d9b8527/library/core/src/io/write.rs:335:13
[INFO] [stdout]    8:     0x5618f45ba206 - <std[617be2ca0a6fd877]::sys::backtrace::BacktraceLock>::print
[INFO] [stdout]                                at /rustc/e3feeb59cd1bdd011a2bfcc0747b55125d9b8527/library/std/src/sys/backtrace.rs:47:9
[INFO] [stdout]    9:     0x5618f45ba206 - std[617be2ca0a6fd877]::panicking::default_hook::{closure#0}
[INFO] [stdout]                                at /rustc/e3feeb59cd1bdd011a2bfcc0747b55125d9b8527/library/std/src/panicking.rs:289:27
[INFO] [stdout]   10:     0x5618f45d7609 - std[617be2ca0a6fd877]::panicking::default_hook
[INFO] [stdout]                                at /rustc/e3feeb59cd1bdd011a2bfcc0747b55125d9b8527/library/std/src/panicking.rs:313:9
[INFO] [stderr] error: test failed, to rerun pass `--test verbosity-cli`
[INFO] [stdout]   11:     0x5618f453c990 - <alloc[2e1b2a31b91974c5]::boxed::Box<dyn for<'a, 'b> core[a373ad73a504971]::ops::function::Fn<(&'a std[617be2ca0a6fd877]::panic::PanicHookInfo<'b>,), Output = ()> + core[a373ad73a504971]::marker::Sync + core[a373ad73a504971]::marker::Send> as core[a373ad73a504971]::ops::function::Fn<(&std[617be2ca0a6fd877]::panic::PanicHookInfo,)>>::call
[INFO] [stdout]                                at /rustc/e3feeb59cd1bdd011a2bfcc0747b55125d9b8527/library/alloc/src/boxed.rs:2328:9
[INFO] [stdout]   12:     0x5618f453c990 - test[aada8e7e76ba119b]::test_main_inner::{closure#0}
[INFO] [stdout]                                at /rustc/e3feeb59cd1bdd011a2bfcc0747b55125d9b8527/library/test/src/lib.rs:137:21
[INFO] [stdout]   13:     0x5618f45d77c2 - <alloc[2e1b2a31b91974c5]::boxed::Box<dyn for<'a, 'b> core[a373ad73a504971]::ops::function::Fn<(&'a std[617be2ca0a6fd877]::panic::PanicHookInfo<'b>,), Output = ()> + core[a373ad73a504971]::marker::Sync + core[a373ad73a504971]::marker::Send> as core[a373ad73a504971]::ops::function::Fn<(&std[617be2ca0a6fd877]::panic::PanicHookInfo,)>>::call
[INFO] [stdout]                                at /rustc/e3feeb59cd1bdd011a2bfcc0747b55125d9b8527/library/alloc/src/boxed.rs:2328:9
[INFO] [stdout]   14:     0x5618f45d77c2 - std[617be2ca0a6fd877]::panicking::panic_with_hook
[INFO] [stdout]                                at /rustc/e3feeb59cd1bdd011a2bfcc0747b55125d9b8527/library/std/src/panicking.rs:819:13
[INFO] [stdout]   15:     0x5618f45ba2b2 - std[617be2ca0a6fd877]::panicking::panic_handler::{closure#0}
[INFO] [stdout]                                at /rustc/e3feeb59cd1bdd011a2bfcc0747b55125d9b8527/library/std/src/panicking.rs:685:13
[INFO] [stdout]   16:     0x5618f45b2cb9 - std[617be2ca0a6fd877]::sys::backtrace::__rust_end_short_backtrace::<std[617be2ca0a6fd877]::panicking::panic_handler::{closure#0}, !>
[INFO] [stdout]                                at /rustc/e3feeb59cd1bdd011a2bfcc0747b55125d9b8527/library/std/src/sys/backtrace.rs:182:18
[INFO] [stdout]   17:     0x5618f45bb06d - __rustc[ea4f61d10b84890b]::rust_begin_unwind
[INFO] [stdout]                                at /rustc/e3feeb59cd1bdd011a2bfcc0747b55125d9b8527/library/std/src/panicking.rs:676:5
[INFO] [stdout]   18:     0x5618f45f652c - core[a373ad73a504971]::panicking::panic_fmt
[INFO] [stdout]                                at /rustc/e3feeb59cd1bdd011a2bfcc0747b55125d9b8527/library/core/src/panicking.rs:80:14
[INFO] [stdout]   19:     0x5618f45f6282 - core[a373ad73a504971]::result::unwrap_failed
[INFO] [stdout]                                at /rustc/e3feeb59cd1bdd011a2bfcc0747b55125d9b8527/library/core/src/result.rs:1870:5
[INFO] [stdout]   20:     0x5618f451d481 - <core[a373ad73a504971]::result::Result<std[617be2ca0a6fd877]::process::Output, core[a373ad73a504971]::io::error::Error>>::unwrap
[INFO] [stdout]                                at /rustc/e3feeb59cd1bdd011a2bfcc0747b55125d9b8527/library/core/src/result.rs:1232:23
[INFO] [stdout]   21:     0x5618f451d481 - <verbosity_cli[d14186ef586d9383]::Fixture>::run_with_cache_expectation
[INFO] [stdout]                                at /opt/rustwide/workdir/tests/verbosity-cli.rs:89:14
[INFO] [stdout]   22:     0x5618f45206a3 - <verbosity_cli[d14186ef586d9383]::Fixture>::run
[INFO] [stdout]                                at /opt/rustwide/workdir/tests/verbosity-cli.rs:68:14
[INFO] [stdout]   23:     0x5618f4516f4a - verbosity_cli[d14186ef586d9383]::unavailable_service_warning_prevents_a_success_tick
[INFO] [stdout]                                at /opt/rustwide/workdir/tests/verbosity-cli.rs:426:27
[INFO] [stdout]   24:     0x5618f45159c7 - verbosity_cli[d14186ef586d9383]::unavailable_service_warning_prevents_a_success_tick::{closure#0}
[INFO] [stdout]                                at /opt/rustwide/workdir/tests/verbosity-cli.rs:423:57
[INFO] [stdout]   25:     0x5618f452fc66 - <verbosity_cli[d14186ef586d9383]::unavailable_service_warning_prevents_a_success_tick::{closure#0} as core[a373ad73a504971]::ops::function::FnOnce<()>>::call_once
[INFO] [stdout]                                at /rustc/e3feeb59cd1bdd011a2bfcc0747b55125d9b8527/library/core/src/ops/function.rs:250:5
[INFO] [stdout]   26:     0x5618f452fddb - <fn() -> core[a373ad73a504971]::result::Result<(), alloc[2e1b2a31b91974c5]::string::String> as core[a373ad73a504971]::ops::function::FnOnce<()>>::call_once
[INFO] [stdout]                                at /rustc/e3feeb59cd1bdd011a2bfcc0747b55125d9b8527/library/core/src/ops/function.rs:250:5
[INFO] [stdout]   27:     0x5618f452fddb - test[aada8e7e76ba119b]::__rust_begin_short_backtrace::<core[a373ad73a504971]::result::Result<(), alloc[2e1b2a31b91974c5]::string::String>, fn() -> core[a373ad73a504971]::result::Result<(), alloc[2e1b2a31b91974c5]::string::String>>
[INFO] [stdout]                                at /rustc/e3feeb59cd1bdd011a2bfcc0747b55125d9b8527/library/test/src/lib.rs:701:18
[INFO] [stdout]   28:     0x5618f453cfb5 - test[aada8e7e76ba119b]::run_test_in_process::{closure#0}
[INFO] [stdout]                                at /rustc/e3feeb59cd1bdd011a2bfcc0747b55125d9b8527/library/test/src/lib.rs:724:74
[INFO] [stdout]   29:     0x5618f453cfb5 - <core[a373ad73a504971]::panic::unwind_safe::AssertUnwindSafe<test[aada8e7e76ba119b]::run_test_in_process::{closure#0}> as core[a373ad73a504971]::ops::function::FnOnce<()>>::call_once
[INFO] [stdout]                                at /rustc/e3feeb59cd1bdd011a2bfcc0747b55125d9b8527/library/core/src/panic/unwind_safe.rs:275:9
[INFO] [stdout]   30:     0x5618f453cfb5 - std[617be2ca0a6fd877]::panicking::catch_unwind::do_call::<core[a373ad73a504971]::panic::unwind_safe::AssertUnwindSafe<test[aada8e7e76ba119b]::run_test_in_process::{closure#0}>, core[a373ad73a504971]::result::Result<(), alloc[2e1b2a31b91974c5]::string::String>>
[INFO] [stdout]                                at /rustc/e3feeb59cd1bdd011a2bfcc0747b55125d9b8527/library/std/src/panicking.rs:573:43
[INFO] [stdout]   31:     0x5618f453cfb5 - std[617be2ca0a6fd877]::panicking::catch_unwind::<core[a373ad73a504971]::result::Result<(), alloc[2e1b2a31b91974c5]::string::String>, core[a373ad73a504971]::panic::unwind_safe::AssertUnwindSafe<test[aada8e7e76ba119b]::run_test_in_process::{closure#0}>>
[INFO] [stdout]                                at /rustc/e3feeb59cd1bdd011a2bfcc0747b55125d9b8527/library/std/src/panicking.rs:541:19
[INFO] [stdout]   32:     0x5618f453cfb5 - std[617be2ca0a6fd877]::panic::catch_unwind::<core[a373ad73a504971]::panic::unwind_safe::AssertUnwindSafe<test[aada8e7e76ba119b]::run_test_in_process::{closure#0}>, core[a373ad73a504971]::result::Result<(), alloc[2e1b2a31b91974c5]::string::String>>
[INFO] [stdout]                                at /rustc/e3feeb59cd1bdd011a2bfcc0747b55125d9b8527/library/std/src/panic.rs:359:14
[INFO] [stdout]   33:     0x5618f453cfb5 - test[aada8e7e76ba119b]::run_test_in_process
[INFO] [stdout]                                at /rustc/e3feeb59cd1bdd011a2bfcc0747b55125d9b8527/library/test/src/lib.rs:724:27
[INFO] [stdout]   34:     0x5618f453cfb5 - test[aada8e7e76ba119b]::run_test::{closure#0}
[INFO] [stdout]                                at /rustc/e3feeb59cd1bdd011a2bfcc0747b55125d9b8527/library/test/src/lib.rs:645:43
[INFO] [stdout]   35:     0x5618f45368a4 - test[aada8e7e76ba119b]::run_test::{closure#1}
[INFO] [stdout]                                at /rustc/e3feeb59cd1bdd011a2bfcc0747b55125d9b8527/library/test/src/lib.rs:675:41
[INFO] [stdout]   36:     0x5618f45368a4 - std[617be2ca0a6fd877]::sys::backtrace::__rust_begin_short_backtrace::<test[aada8e7e76ba119b]::run_test::{closure#1}, ()>
[INFO] [stdout]                                at /rustc/e3feeb59cd1bdd011a2bfcc0747b55125d9b8527/library/std/src/sys/backtrace.rs:166:18
[INFO] [stdout]   37:     0x5618f4540042 - std[617be2ca0a6fd877]::thread::lifecycle::spawn_unchecked::<test[aada8e7e76ba119b]::run_test::{closure#1}, ()>::{closure#1}::{closure#0}
[INFO] [stdout]                                at /rustc/e3feeb59cd1bdd011a2bfcc0747b55125d9b8527/library/std/src/thread/lifecycle.rs:70:13
[INFO] [stdout]   38:     0x5618f4540042 - <core[a373ad73a504971]::panic::unwind_safe::AssertUnwindSafe<std[617be2ca0a6fd877]::thread::lifecycle::spawn_unchecked<test[aada8e7e76ba119b]::run_test::{closure#1}, ()>::{closure#1}::{closure#0}> as core[a373ad73a504971]::ops::function::FnOnce<()>>::call_once
[INFO] [stdout]                                at /rustc/e3feeb59cd1bdd011a2bfcc0747b55125d9b8527/library/core/src/panic/unwind_safe.rs:275:9
[INFO] [stdout]   39:     0x5618f4540042 - std[617be2ca0a6fd877]::panicking::catch_unwind::do_call::<core[a373ad73a504971]::panic::unwind_safe::AssertUnwindSafe<std[617be2ca0a6fd877]::thread::lifecycle::spawn_unchecked<test[aada8e7e76ba119b]::run_test::{closure#1}, ()>::{closure#1}::{closure#0}>, ()>
[INFO] [stdout]                                at /rustc/e3feeb59cd1bdd011a2bfcc0747b55125d9b8527/library/std/src/panicking.rs:573:43
[INFO] [stdout]   40:     0x5618f4540042 - std[617be2ca0a6fd877]::panicking::catch_unwind::<(), core[a373ad73a504971]::panic::unwind_safe::AssertUnwindSafe<std[617be2ca0a6fd877]::thread::lifecycle::spawn_unchecked<test[aada8e7e76ba119b]::run_test::{closure#1}, ()>::{closure#1}::{closure#0}>>
[INFO] [stdout]                                at /rustc/e3feeb59cd1bdd011a2bfcc0747b55125d9b8527/library/std/src/panicking.rs:541:19
[INFO] [stdout]   41:     0x5618f4540042 - std[617be2ca0a6fd877]::panic::catch_unwind::<core[a373ad73a504971]::panic::unwind_safe::AssertUnwindSafe<std[617be2ca0a6fd877]::thread::lifecycle::spawn_unchecked<test[aada8e7e76ba119b]::run_test::{closure#1}, ()>::{closure#1}::{closure#0}>, ()>
[INFO] [stdout]                                at /rustc/e3feeb59cd1bdd011a2bfcc0747b55125d9b8527/library/std/src/panic.rs:359:14
[INFO] [stdout]   42:     0x5618f4540042 - std[617be2ca0a6fd877]::thread::lifecycle::spawn_unchecked::<test[aada8e7e76ba119b]::run_test::{closure#1}, ()>::{closure#1}
[INFO] [stdout]                                at /rustc/e3feeb59cd1bdd011a2bfcc0747b55125d9b8527/library/std/src/thread/lifecycle.rs:68:26
[INFO] [stdout]   43:     0x5618f4540042 - <std[617be2ca0a6fd877]::thread::lifecycle::spawn_unchecked<test[aada8e7e76ba119b]::run_test::{closure#1}, ()>::{closure#1} as core[a373ad73a504971]::ops::function::FnOnce<()>>::call_once::{shim:vtable#0}
[INFO] [stdout]                                at /rustc/e3feeb59cd1bdd011a2bfcc0747b55125d9b8527/library/core/src/ops/function.rs:250:5
[INFO] [stdout]   44:     0x5618f45dff5f - <alloc[2e1b2a31b91974c5]::boxed::Box<dyn core[a373ad73a504971]::ops::function::FnOnce<(), Output = ()> + core[a373ad73a504971]::marker::Send> as core[a373ad73a504971]::ops::function::FnOnce<()>>::call_once
[INFO] [stdout]                                at /rustc/e3feeb59cd1bdd011a2bfcc0747b55125d9b8527/library/alloc/src/boxed.rs:2314:9
[INFO] [stdout]   45:     0x5618f45dff5f - <std[617be2ca0a6fd877]::sys::thread::unix::Thread>::new::thread_start
[INFO] [stdout]                                at /rustc/e3feeb59cd1bdd011a2bfcc0747b55125d9b8527/library/std/src/sys/thread/unix.rs:127:17
[INFO] [stdout]   46:     0x7ddfe710cdfa - <unknown>
[INFO] [stdout]   47:     0x7ddfe71a03d4 - clone
[INFO] [stdout]   48:                0x0 - <unknown>
[INFO] [stdout] 
[INFO] [stdout] ---- normal_output_keeps_existing_sync_details_and_standalone_log_path stdout ----
[INFO] [stdout] 
[INFO] [stdout] thread 'normal_output_keeps_existing_sync_details_and_standalone_log_path' (1092) panicked at tests/verbosity-cli.rs:89:14:
[INFO] [stdout] called `Result::unwrap()` on an `Err` value: Os { code: 26, kind: ExecutableFileBusy, message: "Text file busy" }
[INFO] [stdout] stack backtrace:
[INFO] [stdout]    0:     0x5618f45e1011 - std[617be2ca0a6fd877]::backtrace_rs::backtrace::libunwind::trace
[INFO] [stdout]                                at /rustc/e3feeb59cd1bdd011a2bfcc0747b55125d9b8527/library/std/src/../../backtrace/src/backtrace/libunwind.rs:117:9
[INFO] [stdout]    1:     0x5618f45e1011 - std[617be2ca0a6fd877]::backtrace_rs::backtrace::trace_unsynchronized::<std[617be2ca0a6fd877]::sys::backtrace::_print_fmt::{closure#1}>
[INFO] [stdout]                                at /rustc/e3feeb59cd1bdd011a2bfcc0747b55125d9b8527/library/std/src/../../backtrace/src/backtrace/mod.rs:66:14
[INFO] [stdout]    2:     0x5618f45e1011 - std[617be2ca0a6fd877]::sys::backtrace::_print_fmt
[INFO] [stdout]                                at /rustc/e3feeb59cd1bdd011a2bfcc0747b55125d9b8527/library/std/src/sys/backtrace.rs:74:9
[INFO] [stdout]    3:     0x5618f45e1011 - <<std[617be2ca0a6fd877]::sys::backtrace::BacktraceLock>::print::DisplayBacktrace as core[a373ad73a504971]::fmt::Display>::fmt
[INFO] [stdout]                                at /rustc/e3feeb59cd1bdd011a2bfcc0747b55125d9b8527/library/std/src/sys/backtrace.rs:44:26
[INFO] [stdout]    4:     0x5618f45f5d3a - <core[a373ad73a504971]::fmt::rt::Argument>::fmt
[INFO] [stdout]                                at /rustc/e3feeb59cd1bdd011a2bfcc0747b55125d9b8527/library/core/src/fmt/rt.rs:152:76
[INFO] [stdout]    5:     0x5618f45f5d3a - core[a373ad73a504971]::fmt::write
[INFO] [stdout]    6:     0x5618f45e569c - core[a373ad73a504971]::io::write::default_write_fmt::<alloc[2e1b2a31b91974c5]::vec::Vec<u8>>
[INFO] [stdout]                                at /rustc/e3feeb59cd1bdd011a2bfcc0747b55125d9b8527/library/core/src/io/write.rs:402:11
[INFO] [stdout]    7:     0x5618f45e569c - <alloc[2e1b2a31b91974c5]::vec::Vec<u8> as core[a373ad73a504971]::io::write::Write>::write_fmt
[INFO] [stdout]                                at /rustc/e3feeb59cd1bdd011a2bfcc0747b55125d9b8527/library/core/src/io/write.rs:335:13
[INFO] [stdout]    8:     0x5618f45ba206 - <std[617be2ca0a6fd877]::sys::backtrace::BacktraceLock>::print
[INFO] [stdout]                                at /rustc/e3feeb59cd1bdd011a2bfcc0747b55125d9b8527/library/std/src/sys/backtrace.rs:47:9
[INFO] [stdout]    9:     0x5618f45ba206 - std[617be2ca0a6fd877]::panicking::default_hook::{closure#0}
[INFO] [stdout]                                at /rustc/e3feeb59cd1bdd011a2bfcc0747b55125d9b8527/library/std/src/panicking.rs:289:27
[INFO] [stdout]   10:     0x5618f45d7609 - std[617be2ca0a6fd877]::panicking::default_hook
[INFO] [stdout]                                at /rustc/e3feeb59cd1bdd011a2bfcc0747b55125d9b8527/library/std/src/panicking.rs:313:9
[INFO] [stdout]   11:     0x5618f453c990 - <alloc[2e1b2a31b91974c5]::boxed::Box<dyn for<'a, 'b> core[a373ad73a504971]::ops::function::Fn<(&'a std[617be2ca0a6fd877]::panic::PanicHookInfo<'b>,), Output = ()> + core[a373ad73a504971]::marker::Sync + core[a373ad73a504971]::marker::Send> as core[a373ad73a504971]::ops::function::Fn<(&std[617be2ca0a6fd877]::panic::PanicHookInfo,)>>::call
[INFO] [stdout]                                at /rustc/e3feeb59cd1bdd011a2bfcc0747b55125d9b8527/library/alloc/src/boxed.rs:2328:9
[INFO] [stdout]   12:     0x5618f453c990 - test[aada8e7e76ba119b]::test_main_inner::{closure#0}
[INFO] [stdout]                                at /rustc/e3feeb59cd1bdd011a2bfcc0747b55125d9b8527/library/test/src/lib.rs:137:21
[INFO] [stdout]   13:     0x5618f45d77c2 - <alloc[2e1b2a31b91974c5]::boxed::Box<dyn for<'a, 'b> core[a373ad73a504971]::ops::function::Fn<(&'a std[617be2ca0a6fd877]::panic::PanicHookInfo<'b>,), Output = ()> + core[a373ad73a504971]::marker::Sync + core[a373ad73a504971]::marker::Send> as core[a373ad73a504971]::ops::function::Fn<(&std[617be2ca0a6fd877]::panic::PanicHookInfo,)>>::call
[INFO] [stdout]                                at /rustc/e3feeb59cd1bdd011a2bfcc0747b55125d9b8527/library/alloc/src/boxed.rs:2328:9
[INFO] [stdout]   14:     0x5618f45d77c2 - std[617be2ca0a6fd877]::panicking::panic_with_hook
[INFO] [stdout]                                at /rustc/e3feeb59cd1bdd011a2bfcc0747b55125d9b8527/library/std/src/panicking.rs:819:13
[INFO] [stdout]   15:     0x5618f45ba2b2 - std[617be2ca0a6fd877]::panicking::panic_handler::{closure#0}
[INFO] [stdout]                                at /rustc/e3feeb59cd1bdd011a2bfcc0747b55125d9b8527/library/std/src/panicking.rs:685:13
[INFO] [stdout]   16:     0x5618f45b2cb9 - std[617be2ca0a6fd877]::sys::backtrace::__rust_end_short_backtrace::<std[617be2ca0a6fd877]::panicking::panic_handler::{closure#0}, !>
[INFO] [stdout]                                at /rustc/e3feeb59cd1bdd011a2bfcc0747b55125d9b8527/library/std/src/sys/backtrace.rs:182:18
[INFO] [stdout]   17:     0x5618f45bb06d - __rustc[ea4f61d10b84890b]::rust_begin_unwind
[INFO] [stdout]                                at /rustc/e3feeb59cd1bdd011a2bfcc0747b55125d9b8527/library/std/src/panicking.rs:676:5
[INFO] [stdout]   18:     0x5618f45f652c - core[a373ad73a504971]::panicking::panic_fmt
[INFO] [stdout]                                at /rustc/e3feeb59cd1bdd011a2bfcc0747b55125d9b8527/library/core/src/panicking.rs:80:14
[INFO] [stdout]   19:     0x5618f45f6282 - core[a373ad73a504971]::result::unwrap_failed
[INFO] [stdout]                                at /rustc/e3feeb59cd1bdd011a2bfcc0747b55125d9b8527/library/core/src/result.rs:1870:5
[INFO] [stdout]   20:     0x5618f451d481 - <core[a373ad73a504971]::result::Result<std[617be2ca0a6fd877]::process::Output, core[a373ad73a504971]::io::error::Error>>::unwrap
[INFO] [stdout]                                at /rustc/e3feeb59cd1bdd011a2bfcc0747b55125d9b8527/library/core/src/result.rs:1232:23
[INFO] [stdout]   21:     0x5618f451d481 - <verbosity_cli[d14186ef586d9383]::Fixture>::run_with_cache_expectation
[INFO] [stdout]                                at /opt/rustwide/workdir/tests/verbosity-cli.rs:89:14
[INFO] [stdout]   22:     0x5618f45206a3 - <verbosity_cli[d14186ef586d9383]::Fixture>::run
[INFO] [stdout]                                at /opt/rustwide/workdir/tests/verbosity-cli.rs:68:14
[INFO] [stdout]   23:     0x5618f4519f5f - verbosity_cli[d14186ef586d9383]::normal_output_keeps_existing_sync_details_and_standalone_log_path
[INFO] [stdout]                                at /opt/rustwide/workdir/tests/verbosity-cli.rs:352:27
[INFO] [stdout]   24:     0x5618f4515ab7 - verbosity_cli[d14186ef586d9383]::normal_output_keeps_existing_sync_details_and_standalone_log_path::{closure#0}
[INFO] [stdout]                                at /opt/rustwide/workdir/tests/verbosity-cli.rs:349:71
[INFO] [stdout]   25:     0x5618f452fd06 - <verbosity_cli[d14186ef586d9383]::normal_output_keeps_existing_sync_details_and_standalone_log_path::{closure#0} as core[a373ad73a504971]::ops::function::FnOnce<()>>::call_once
[INFO] [stdout]                                at /rustc/e3feeb59cd1bdd011a2bfcc0747b55125d9b8527/library/core/src/ops/function.rs:250:5
[INFO] [stdout]   26:     0x5618f452fddb - <fn() -> core[a373ad73a504971]::result::Result<(), alloc[2e1b2a31b91974c5]::string::String> as core[a373ad73a504971]::ops::function::FnOnce<()>>::call_once
[INFO] [stdout]                                at /rustc/e3feeb59cd1bdd011a2bfcc0747b55125d9b8527/library/core/src/ops/function.rs:250:5
[INFO] [stdout]   27:     0x5618f452fddb - test[aada8e7e76ba119b]::__rust_begin_short_backtrace::<core[a373ad73a504971]::result::Result<(), alloc[2e1b2a31b91974c5]::string::String>, fn() -> core[a373ad73a504971]::result::Result<(), alloc[2e1b2a31b91974c5]::string::String>>
[INFO] [stdout]                                at /rustc/e3feeb59cd1bdd011a2bfcc0747b55125d9b8527/library/test/src/lib.rs:701:18
[INFO] [stdout]   28:     0x5618f453cfb5 - test[aada8e7e76ba119b]::run_test_in_process::{closure#0}
[INFO] [stdout]                                at /rustc/e3feeb59cd1bdd011a2bfcc0747b55125d9b8527/library/test/src/lib.rs:724:74
[INFO] [stdout]   29:     0x5618f453cfb5 - <core[a373ad73a504971]::panic::unwind_safe::AssertUnwindSafe<test[aada8e7e76ba119b]::run_test_in_process::{closure#0}> as core[a373ad73a504971]::ops::function::FnOnce<()>>::call_once
[INFO] [stdout]                                at /rustc/e3feeb59cd1bdd011a2bfcc0747b55125d9b8527/library/core/src/panic/unwind_safe.rs:275:9
[INFO] [stdout]   30:     0x5618f453cfb5 - std[617be2ca0a6fd877]::panicking::catch_unwind::do_call::<core[a373ad73a504971]::panic::unwind_safe::AssertUnwindSafe<test[aada8e7e76ba119b]::run_test_in_process::{closure#0}>, core[a373ad73a504971]::result::Result<(), alloc[2e1b2a31b91974c5]::string::String>>
[INFO] [stdout]                                at /rustc/e3feeb59cd1bdd011a2bfcc0747b55125d9b8527/library/std/src/panicking.rs:573:43
[INFO] [stdout]   31:     0x5618f453cfb5 - std[617be2ca0a6fd877]::panicking::catch_unwind::<core[a373ad73a504971]::result::Result<(), alloc[2e1b2a31b91974c5]::string::String>, core[a373ad73a504971]::panic::unwind_safe::AssertUnwindSafe<test[aada8e7e76ba119b]::run_test_in_process::{closure#0}>>
[INFO] [stdout]                                at /rustc/e3feeb59cd1bdd011a2bfcc0747b55125d9b8527/library/std/src/panicking.rs:541:19
[INFO] [stdout]   32:     0x5618f453cfb5 - std[617be2ca0a6fd877]::panic::catch_unwind::<core[a373ad73a504971]::panic::unwind_safe::AssertUnwindSafe<test[aada8e7e76ba119b]::run_test_in_process::{closure#0}>, core[a373ad73a504971]::result::Result<(), alloc[2e1b2a31b91974c5]::string::String>>
[INFO] [stdout]                                at /rustc/e3feeb59cd1bdd011a2bfcc0747b55125d9b8527/library/std/src/panic.rs:359:14
[INFO] [stdout]   33:     0x5618f453cfb5 - test[aada8e7e76ba119b]::run_test_in_process
[INFO] [stdout]                                at /rustc/e3feeb59cd1bdd011a2bfcc0747b55125d9b8527/library/test/src/lib.rs:724:27
[INFO] [stdout]   34:     0x5618f453cfb5 - test[aada8e7e76ba119b]::run_test::{closure#0}
[INFO] [stdout]                                at /rustc/e3feeb59cd1bdd011a2bfcc0747b55125d9b8527/library/test/src/lib.rs:645:43
[INFO] [stdout]   35:     0x5618f45368a4 - test[aada8e7e76ba119b]::run_test::{closure#1}
[INFO] [stdout]                                at /rustc/e3feeb59cd1bdd011a2bfcc0747b55125d9b8527/library/test/src/lib.rs:675:41
[INFO] [stdout]   36:     0x5618f45368a4 - std[617be2ca0a6fd877]::sys::backtrace::__rust_begin_short_backtrace::<test[aada8e7e76ba119b]::run_test::{closure#1}, ()>
[INFO] [stdout]                                at /rustc/e3feeb59cd1bdd011a2bfcc0747b55125d9b8527/library/std/src/sys/backtrace.rs:166:18
[INFO] [stdout]   37:     0x5618f4540042 - std[617be2ca0a6fd877]::thread::lifecycle::spawn_unchecked::<test[aada8e7e76ba119b]::run_test::{closure#1}, ()>::{closure#1}::{closure#0}
[INFO] [stdout]                                at /rustc/e3feeb59cd1bdd011a2bfcc0747b55125d9b8527/library/std/src/thread/lifecycle.rs:70:13
[INFO] [stdout]   38:     0x5618f4540042 - <core[a373ad73a504971]::panic::unwind_safe::AssertUnwindSafe<std[617be2ca0a6fd877]::thread::lifecycle::spawn_unchecked<test[aada8e7e76ba119b]::run_test::{closure#1}, ()>::{closure#1}::{closure#0}> as core[a373ad73a504971]::ops::function::FnOnce<()>>::call_once
[INFO] [stdout]                                at /rustc/e3feeb59cd1bdd011a2bfcc0747b55125d9b8527/library/core/src/panic/unwind_safe.rs:275:9
[INFO] [stdout]   39:     0x5618f4540042 - std[617be2ca0a6fd877]::panicking::catch_unwind::do_call::<core[a373ad73a504971]::panic::unwind_safe::AssertUnwindSafe<std[617be2ca0a6fd877]::thread::lifecycle::spawn_unchecked<test[aada8e7e76ba119b]::run_test::{closure#1}, ()>::{closure#1}::{closure#0}>, ()>
[INFO] [stdout]                                at /rustc/e3feeb59cd1bdd011a2bfcc0747b55125d9b8527/library/std/src/panicking.rs:573:43
[INFO] [stdout]   40:     0x5618f4540042 - std[617be2ca0a6fd877]::panicking::catch_unwind::<(), core[a373ad73a504971]::panic::unwind_safe::AssertUnwindSafe<std[617be2ca0a6fd877]::thread::lifecycle::spawn_unchecked<test[aada8e7e76ba119b]::run_test::{closure#1}, ()>::{closure#1}::{closure#0}>>
[INFO] [stdout]                                at /rustc/e3feeb59cd1bdd011a2bfcc0747b55125d9b8527/library/std/src/panicking.rs:541:19
[INFO] [stdout]   41:     0x5618f4540042 - std[617be2ca0a6fd877]::panic::catch_unwind::<core[a373ad73a504971]::panic::unwind_safe::AssertUnwindSafe<std[617be2ca0a6fd877]::thread::lifecycle::spawn_unchecked<test[aada8e7e76ba119b]::run_test::{closure#1}, ()>::{closure#1}::{closure#0}>, ()>
[INFO] [stdout]                                at /rustc/e3feeb59cd1bdd011a2bfcc0747b55125d9b8527/library/std/src/panic.rs:359:14
[INFO] [stdout]   42:     0x5618f4540042 - std[617be2ca0a6fd877]::thread::lifecycle::spawn_unchecked::<test[aada8e7e76ba119b]::run_test::{closure#1}, ()>::{closure#1}
[INFO] [stdout]                                at /rustc/e3feeb59cd1bdd011a2bfcc0747b55125d9b8527/library/std/src/thread/lifecycle.rs:68:26
[INFO] [stdout]   43:     0x5618f4540042 - <std[617be2ca0a6fd877]::thread::lifecycle::spawn_unchecked<test[aada8e7e76ba119b]::run_test::{closure#1}, ()>::{closure#1} as core[a373ad73a504971]::ops::function::FnOnce<()>>::call_once::{shim:vtable#0}
[INFO] [stdout]                                at /rustc/e3feeb59cd1bdd011a2bfcc0747b55125d9b8527/library/core/src/ops/function.rs:250:5
[INFO] [stdout]   44:     0x5618f45dff5f - <alloc[2e1b2a31b91974c5]::boxed::Box<dyn core[a373ad73a504971]::ops::function::FnOnce<(), Output = ()> + core[a373ad73a504971]::marker::Send> as core[a373ad73a504971]::ops::function::FnOnce<()>>::call_once
[INFO] [stdout]                                at /rustc/e3feeb59cd1bdd011a2bfcc0747b55125d9b8527/library/alloc/src/boxed.rs:2314:9
[INFO] [stdout]   45:     0x5618f45dff5f - <std[617be2ca0a6fd877]::sys::thread::unix::Thread>::new::thread_start
[INFO] [stdout]                                at /rustc/e3feeb59cd1bdd011a2bfcc0747b55125d9b8527/library/std/src/sys/thread/unix.rs:127:17
[INFO] [stdout]   46:     0x7ddfe710cdfa - <unknown>
[INFO] [stdout]   47:     0x7ddfe71a03d4 - clone
[INFO] [stdout]   48:                0x0 - <unknown>
[INFO] [stdout] 
[INFO] [stdout] ---- mount_timeout_prevents_a_success_tick_even_when_sync_has_content stdout ----
[INFO] [stdout] 
[INFO] [stdout] thread 'mount_timeout_prevents_a_success_tick_even_when_sync_has_content' (1091) panicked at tests/verbosity-cli.rs:89:14:
[INFO] [stdout] called `Result::unwrap()` on an `Err` value: Os { code: 26, kind: ExecutableFileBusy, message: "Text file busy" }
[INFO] [stdout] stack backtrace:
[INFO] [stdout]    0:     0x5618f45e1011 - std[617be2ca0a6fd877]::backtrace_rs::backtrace::libunwind::trace
[INFO] [stdout]                                at /rustc/e3feeb59cd1bdd011a2bfcc0747b55125d9b8527/library/std/src/../../backtrace/src/backtrace/libunwind.rs:117:9
[INFO] [stdout]    1:     0x5618f45e1011 - std[617be2ca0a6fd877]::backtrace_rs::backtrace::trace_unsynchronized::<std[617be2ca0a6fd877]::sys::backtrace::_print_fmt::{closure#1}>
[INFO] [stdout]                                at /rustc/e3feeb59cd1bdd011a2bfcc0747b55125d9b8527/library/std/src/../../backtrace/src/backtrace/mod.rs:66:14
[INFO] [stdout]    2:     0x5618f45e1011 - std[617be2ca0a6fd877]::sys::backtrace::_print_fmt
[INFO] [stdout]                                at /rustc/e3feeb59cd1bdd011a2bfcc0747b55125d9b8527/library/std/src/sys/backtrace.rs:74:9
[INFO] [stdout]    3:     0x5618f45e1011 - <<std[617be2ca0a6fd877]::sys::backtrace::BacktraceLock>::print::DisplayBacktrace as core[a373ad73a504971]::fmt::Display>::fmt
[INFO] [stdout]                                at /rustc/e3feeb59cd1bdd011a2bfcc0747b55125d9b8527/library/std/src/sys/backtrace.rs:44:26
[INFO] [stdout]    4:     0x5618f45f5d3a - <core[a373ad73a504971]::fmt::rt::Argument>::fmt
[INFO] [stdout]                                at /rustc/e3feeb59cd1bdd011a2bfcc0747b55125d9b8527/library/core/src/fmt/rt.rs:152:76
[INFO] [stdout]    5:     0x5618f45f5d3a - core[a373ad73a504971]::fmt::write
[INFO] [stdout]    6:     0x5618f45e569c - core[a373ad73a504971]::io::write::default_write_fmt::<alloc[2e1b2a31b91974c5]::vec::Vec<u8>>
[INFO] [stdout]                                at /rustc/e3feeb59cd1bdd011a2bfcc0747b55125d9b8527/library/core/src/io/write.rs:402:11
[INFO] [stdout]    7:     0x5618f45e569c - <alloc[2e1b2a31b91974c5]::vec::Vec<u8> as core[a373ad73a504971]::io::write::Write>::write_fmt
[INFO] [stdout]                                at /rustc/e3feeb59cd1bdd011a2bfcc0747b55125d9b8527/library/core/src/io/write.rs:335:13
[INFO] [stdout]    8:     0x5618f45ba206 - <std[617be2ca0a6fd877]::sys::backtrace::BacktraceLock>::print
[INFO] [stdout]                                at /rustc/e3feeb59cd1bdd011a2bfcc0747b55125d9b8527/library/std/src/sys/backtrace.rs:47:9
[INFO] [stdout]    9:     0x5618f45ba206 - std[617be2ca0a6fd877]::panicking::default_hook::{closure#0}
[INFO] [stdout]                                at /rustc/e3feeb59cd1bdd011a2bfcc0747b55125d9b8527/library/std/src/panicking.rs:289:27
[INFO] [stdout]   10:     0x5618f45d7609 - std[617be2ca0a6fd877]::panicking::default_hook
[INFO] [stdout]                                at /rustc/e3feeb59cd1bdd011a2bfcc0747b55125d9b8527/library/std/src/panicking.rs:313:9
[INFO] [stdout]   11:     0x5618f453c990 - <alloc[2e1b2a31b91974c5]::boxed::Box<dyn for<'a, 'b> core[a373ad73a504971]::ops::function::Fn<(&'a std[617be2ca0a6fd877]::panic::PanicHookInfo<'b>,), Output = ()> + core[a373ad73a504971]::marker::Sync + core[a373ad73a504971]::marker::Send> as core[a373ad73a504971]::ops::function::Fn<(&std[617be2ca0a6fd877]::panic::PanicHookInfo,)>>::call
[INFO] [stdout]                                at /rustc/e3feeb59cd1bdd011a2bfcc0747b55125d9b8527/library/alloc/src/boxed.rs:2328:9
[INFO] [stdout]   12:     0x5618f453c990 - test[aada8e7e76ba119b]::test_main_inner::{closure#0}
[INFO] [stdout]                                at /rustc/e3feeb59cd1bdd011a2bfcc0747b55125d9b8527/library/test/src/lib.rs:137:21
[INFO] [stdout]   13:     0x5618f45d77c2 - <alloc[2e1b2a31b91974c5]::boxed::Box<dyn for<'a, 'b> core[a373ad73a504971]::ops::function::Fn<(&'a std[617be2ca0a6fd877]::panic::PanicHookInfo<'b>,), Output = ()> + core[a373ad73a504971]::marker::Sync + core[a373ad73a504971]::marker::Send> as core[a373ad73a504971]::ops::function::Fn<(&std[617be2ca0a6fd877]::panic::PanicHookInfo,)>>::call
[INFO] [stdout]                                at /rustc/e3feeb59cd1bdd011a2bfcc0747b55125d9b8527/library/alloc/src/boxed.rs:2328:9
[INFO] [stdout]   14:     0x5618f45d77c2 - std[617be2ca0a6fd877]::panicking::panic_with_hook
[INFO] [stdout]                                at /rustc/e3feeb59cd1bdd011a2bfcc0747b55125d9b8527/library/std/src/panicking.rs:819:13
[INFO] [stdout]   15:     0x5618f45ba2b2 - std[617be2ca0a6fd877]::panicking::panic_handler::{closure#0}
[INFO] [stdout]                                at /rustc/e3feeb59cd1bdd011a2bfcc0747b55125d9b8527/library/std/src/panicking.rs:685:13
[INFO] [stdout]   16:     0x5618f45b2cb9 - std[617be2ca0a6fd877]::sys::backtrace::__rust_end_short_backtrace::<std[617be2ca0a6fd877]::panicking::panic_handler::{closure#0}, !>
[INFO] [stdout]                                at /rustc/e3feeb59cd1bdd011a2bfcc0747b55125d9b8527/library/std/src/sys/backtrace.rs:182:18
[INFO] [stdout]   17:     0x5618f45bb06d - __rustc[ea4f61d10b84890b]::rust_begin_unwind
[INFO] [stdout]                                at /rustc/e3feeb59cd1bdd011a2bfcc0747b55125d9b8527/library/std/src/panicking.rs:676:5
[INFO] [stdout]   18:     0x5618f45f652c - core[a373ad73a504971]::panicking::panic_fmt
[INFO] [stdout]                                at /rustc/e3feeb59cd1bdd011a2bfcc0747b55125d9b8527/library/core/src/panicking.rs:80:14
[INFO] [stdout]   19:     0x5618f45f6282 - core[a373ad73a504971]::result::unwrap_failed
[INFO] [stdout]                                at /rustc/e3feeb59cd1bdd011a2bfcc0747b55125d9b8527/library/core/src/result.rs:1870:5
[INFO] [stdout]   20:     0x5618f451d481 - <core[a373ad73a504971]::result::Result<std[617be2ca0a6fd877]::process::Output, core[a373ad73a504971]::io::error::Error>>::unwrap
[INFO] [stdout]                                at /rustc/e3feeb59cd1bdd011a2bfcc0747b55125d9b8527/library/core/src/result.rs:1232:23
[INFO] [stdout]   21:     0x5618f451d481 - <verbosity_cli[d14186ef586d9383]::Fixture>::run_with_cache_expectation
[INFO] [stdout]                                at /opt/rustwide/workdir/tests/verbosity-cli.rs:89:14
[INFO] [stdout]   22:     0x5618f45206a3 - <verbosity_cli[d14186ef586d9383]::Fixture>::run
[INFO] [stdout]                                at /opt/rustwide/workdir/tests/verbosity-cli.rs:68:14
[INFO] [stdout]   23:     0x5618f45191a5 - verbosity_cli[d14186ef586d9383]::mount_timeout_prevents_a_success_tick_even_when_sync_has_content
[INFO] [stdout]                                at /opt/rustwide/workdir/tests/verbosity-cli.rs:409:27
[INFO] [stdout]   24:     0x5618f4515a57 - verbosity_cli[d14186ef586d9383]::mount_timeout_prevents_a_success_tick_even_when_sync_has_content::{closure#0}
[INFO] [stdout]                                at /opt/rustwide/workdir/tests/verbosity-cli.rs:401:70
[INFO] [stdout]   25:     0x5618f452fcc6 - <verbosity_cli[d14186ef586d9383]::mount_timeout_prevents_a_success_tick_even_when_sync_has_content::{closure#0} as core[a373ad73a504971]::ops::function::FnOnce<()>>::call_once
[INFO] [stdout]                                at /rustc/e3feeb59cd1bdd011a2bfcc0747b55125d9b8527/library/core/src/ops/function.rs:250:5
[INFO] [stdout]   26:     0x5618f452fddb - <fn() -> core[a373ad73a504971]::result::Result<(), alloc[2e1b2a31b91974c5]::string::String> as core[a373ad73a504971]::ops::function::FnOnce<()>>::call_once
[INFO] [stdout]                                at /rustc/e3feeb59cd1bdd011a2bfcc0747b55125d9b8527/library/core/src/ops/function.rs:250:5
[INFO] [stdout]   27:     0x5618f452fddb - test[aada8e7e76ba119b]::__rust_begin_short_backtrace::<core[a373ad73a504971]::result::Result<(), alloc[2e1b2a31b91974c5]::string::String>, fn() -> core[a373ad73a504971]::result::Result<(), alloc[2e1b2a31b91974c5]::string::String>>
[INFO] [stdout]                                at /rustc/e3feeb59cd1bdd011a2bfcc0747b55125d9b8527/library/test/src/lib.rs:701:18
[INFO] [stdout]   28:     0x5618f453cfb5 - test[aada8e7e76ba119b]::run_test_in_process::{closure#0}
[INFO] [stdout]                                at /rustc/e3feeb59cd1bdd011a2bfcc0747b55125d9b8527/library/test/src/lib.rs:724:74
[INFO] [stdout]   29:     0x5618f453cfb5 - <core[a373ad73a504971]::panic::unwind_safe::AssertUnwindSafe<test[aada8e7e76ba119b]::run_test_in_process::{closure#0}> as core[a373ad73a504971]::ops::function::FnOnce<()>>::call_once
[INFO] [stdout]                                at /rustc/e3feeb59cd1bdd011a2bfcc0747b55125d9b8527/library/core/src/panic/unwind_safe.rs:275:9
[INFO] [stdout]   30:     0x5618f453cfb5 - std[617be2ca0a6fd877]::panicking::catch_unwind::do_call::<core[a373ad73a504971]::panic::unwind_safe::AssertUnwindSafe<test[aada8e7e76ba119b]::run_test_in_process::{closure#0}>, core[a373ad73a504971]::result::Result<(), alloc[2e1b2a31b91974c5]::string::String>>
[INFO] [stdout]                                at /rustc/e3feeb59cd1bdd011a2bfcc0747b55125d9b8527/library/std/src/panicking.rs:573:43
[INFO] [stdout]   31:     0x5618f453cfb5 - std[617be2ca0a6fd877]::panicking::catch_unwind::<core[a373ad73a504971]::result::Result<(), alloc[2e1b2a31b91974c5]::string::String>, core[a373ad73a504971]::panic::unwind_safe::AssertUnwindSafe<test[aada8e7e76ba119b]::run_test_in_process::{closure#0}>>
[INFO] [stdout]                                at /rustc/e3feeb59cd1bdd011a2bfcc0747b55125d9b8527/library/std/src/panicking.rs:541:19
[INFO] [stdout]   32:     0x5618f453cfb5 - std[617be2ca0a6fd877]::panic::catch_unwind::<core[a373ad73a504971]::panic::unwind_safe::AssertUnwindSafe<test[aada8e7e76ba119b]::run_test_in_process::{closure#0}>, core[a373ad73a504971]::result::Result<(), alloc[2e1b2a31b91974c5]::string::String>>
[INFO] [stdout]                                at /rustc/e3feeb59cd1bdd011a2bfcc0747b55125d9b8527/library/std/src/panic.rs:359:14
[INFO] [stdout]   33:     0x5618f453cfb5 - test[aada8e7e76ba119b]::run_test_in_process
[INFO] [stdout]                                at /rustc/e3feeb59cd1bdd011a2bfcc0747b55125d9b8527/library/test/src/lib.rs:724:27
[INFO] [stdout]   34:     0x5618f453cfb5 - test[aada8e7e76ba119b]::run_test::{closure#0}
[INFO] [stdout]                                at /rustc/e3feeb59cd1bdd011a2bfcc0747b55125d9b8527/library/test/src/lib.rs:645:43
[INFO] [stdout]   35:     0x5618f45368a4 - test[aada8e7e76ba119b]::run_test::{closure#1}
[INFO] [stdout]                                at /rustc/e3feeb59cd1bdd011a2bfcc0747b55125d9b8527/library/test/src/lib.rs:675:41
[INFO] [stdout]   36:     0x5618f45368a4 - std[617be2ca0a6fd877]::sys::backtrace::__rust_begin_short_backtrace::<test[aada8e7e76ba119b]::run_test::{closure#1}, ()>
[INFO] [stdout]                                at /rustc/e3feeb59cd1bdd011a2bfcc0747b55125d9b8527/library/std/src/sys/backtrace.rs:166:18
[INFO] [stdout]   37:     0x5618f4540042 - std[617be2ca0a6fd877]::thread::lifecycle::spawn_unchecked::<test[aada8e7e76ba119b]::run_test::{closure#1}, ()>::{closure#1}::{closure#0}
[INFO] [stdout]                                at /rustc/e3feeb59cd1bdd011a2bfcc0747b55125d9b8527/library/std/src/thread/lifecycle.rs:70:13
[INFO] [stdout]   38:     0x5618f4540042 - <core[a373ad73a504971]::panic::unwind_safe::AssertUnwindSafe<std[617be2ca0a6fd877]::thread::lifecycle::spawn_unchecked<test[aada8e7e76ba119b]::run_test::{closure#1}, ()>::{closure#1}::{closure#0}> as core[a373ad73a504971]::ops::function::FnOnce<()>>::call_once
[INFO] [stdout]                                at /rustc/e3feeb59cd1bdd011a2bfcc0747b55125d9b8527/library/core/src/panic/unwind_safe.rs:275:9
[INFO] [stdout]   39:     0x5618f4540042 - std[617be2ca0a6fd877]::panicking::catch_unwind::do_call::<core[a373ad73a504971]::panic::unwind_safe::AssertUnwindSafe<std[617be2ca0a6fd877]::thread::lifecycle::spawn_unchecked<test[aada8e7e76ba119b]::run_test::{closure#1}, ()>::{closure#1}::{closure#0}>, ()>
[INFO] [stdout]                                at /rustc/e3feeb59cd1bdd011a2bfcc0747b55125d9b8527/library/std/src/panicking.rs:573:43
[INFO] [stdout]   40:     0x5618f4540042 - std[617be2ca0a6fd877]::panicking::catch_unwind::<(), core[a373ad73a504971]::panic::unwind_safe::AssertUnwindSafe<std[617be2ca0a6fd877]::thread::lifecycle::spawn_unchecked<test[aada8e7e76ba119b]::run_test::{closure#1}, ()>::{closure#1}::{closure#0}>>
[INFO] [stdout]                                at /rustc/e3feeb59cd1bdd011a2bfcc0747b55125d9b8527/library/std/src/panicking.rs:541:19
[INFO] [stdout]   41:     0x5618f4540042 - std[617be2ca0a6fd877]::panic::catch_unwind::<core[a373ad73a504971]::panic::unwind_safe::AssertUnwindSafe<std[617be2ca0a6fd877]::thread::lifecycle::spawn_unchecked<test[aada8e7e76ba119b]::run_test::{closure#1}, ()>::{closure#1}::{closure#0}>, ()>
[INFO] [stdout]                                at /rustc/e3feeb59cd1bdd011a2bfcc0747b55125d9b8527/library/std/src/panic.rs:359:14
[INFO] [stdout]   42:     0x5618f4540042 - std[617be2ca0a6fd877]::thread::lifecycle::spawn_unchecked::<test[aada8e7e76ba119b]::run_test::{closure#1}, ()>::{closure#1}
[INFO] [stdout]                                at /rustc/e3feeb59cd1bdd011a2bfcc0747b55125d9b8527/library/std/src/thread/lifecycle.rs:68:26
[INFO] [stdout]   43:     0x5618f4540042 - <std[617be2ca0a6fd877]::thread::lifecycle::spawn_unchecked<test[aada8e7e76ba119b]::run_test::{closure#1}, ()>::{closure#1} as core[a373ad73a504971]::ops::function::FnOnce<()>>::call_once::{shim:vtable#0}
[INFO] [stdout]                                at /rustc/e3feeb59cd1bdd011a2bfcc0747b55125d9b8527/library/core/src/ops/function.rs:250:5
[INFO] [stdout]   44:     0x5618f45dff5f - <alloc[2e1b2a31b91974c5]::boxed::Box<dyn core[a373ad73a504971]::ops::function::FnOnce<(), Output = ()> + core[a373ad73a504971]::marker::Send> as core[a373ad73a504971]::ops::function::FnOnce<()>>::call_once
[INFO] [stdout]                                at /rustc/e3feeb59cd1bdd011a2bfcc0747b55125d9b8527/library/alloc/src/boxed.rs:2314:9
[INFO] [stdout]   45:     0x5618f45dff5f - <std[617be2ca0a6fd877]::sys::thread::unix::Thread>::new::thread_start
[INFO] [stdout]                                at /rustc/e3feeb59cd1bdd011a2bfcc0747b55125d9b8527/library/std/src/sys/thread/unix.rs:127:17
[INFO] [stdout]   46:     0x7ddfe710cdfa - <unknown>
[INFO] [stdout]   47:     0x7ddfe71a03d4 - clone
[INFO] [stdout]   48:                0x0 - <unknown>
[INFO] [stdout] 
[INFO] [stdout] 
[INFO] [stdout] failures:
[INFO] [stdout]     mount_timeout_prevents_a_success_tick_even_when_sync_has_content
[INFO] [stdout]     normal_output_keeps_existing_sync_details_and_standalone_log_path
[INFO] [stdout]     unavailable_service_warning_prevents_a_success_tick
[INFO] [stdout] 
[INFO] [stdout] test result: FAILED. 8 passed; 3 failed; 0 ignored; 0 measured; 0 filtered out; finished in 1.05s
[INFO] [stdout] 
[INFO] running `Command { std: "docker" "inspect" "e81bc5426d0fe0ca72a87171dfdcfe4431a24ea311d72f6f68a2b565e3e0c0b5", kill_on_drop: false }`
[INFO] running `Command { std: "docker" "rm" "-f" "e81bc5426d0fe0ca72a87171dfdcfe4431a24ea311d72f6f68a2b565e3e0c0b5", kill_on_drop: false }`
[INFO] [stdout] e81bc5426d0fe0ca72a87171dfdcfe4431a24ea311d72f6f68a2b565e3e0c0b5
