[INFO] cloning repository https://github.com/waterlens/hsalc
[INFO] running `Command { std: "git" "-c" "credential.helper=" "-c" "credential.helper=/workspace/cargo-home/bin/git-credential-null" "clone" "--bare" "https://github.com/waterlens/hsalc" "/workspace/cache/git-repos/https%3A%2F%2Fgithub.com%2Fwaterlens%2Fhsalc", kill_on_drop: false }`
[INFO] [stderr] Cloning into bare repository '/workspace/cache/git-repos/https%3A%2F%2Fgithub.com%2Fwaterlens%2Fhsalc'...
[INFO] running `Command { std: "git" "rev-parse" "HEAD", kill_on_drop: false }`
[INFO] [stdout] 76276912d9fd2ed1ffb690da0bb514125949e0f8
[INFO] testing waterlens/hsalc against 1.100.0-beta.1 for beta-1.100-2
[INFO] running `Command { std: "git" "clone" "/workspace/cache/git-repos/https%3A%2F%2Fgithub.com%2Fwaterlens%2Fhsalc" "/workspace/builds/worker-3-tc2/source", kill_on_drop: false }`
[INFO] [stderr] Cloning into '/workspace/builds/worker-3-tc2/source'...
[INFO] [stderr] done.
[INFO] removed /workspace/builds/worker-3-tc2/source/rust-toolchain.toml
[INFO] started tweaking git repo https://github.com/waterlens/hsalc
[INFO] finished tweaking git repo https://github.com/waterlens/hsalc
[INFO] tweaked toml for git repo https://github.com/waterlens/hsalc written to /workspace/builds/worker-3-tc2/source/Cargo.toml
[INFO] validating manifest of git repo https://github.com/waterlens/hsalc on toolchain 1.100.0-beta.1
[INFO] running `Command { std: CARGO_HOME="/workspace/cargo-home" RUSTUP_HOME="/workspace/rustup-home" "/workspace/cargo-home/bin/cargo" "+1.100.0-beta.1" "metadata" "--manifest-path" "Cargo.toml" "--no-deps", kill_on_drop: false }`
[INFO] crate git repo https://github.com/waterlens/hsalc already has a lockfile, it will not be regenerated
[INFO] running `Command { std: CARGO_HOME="/workspace/cargo-home" RUSTUP_HOME="/workspace/rustup-home" "/workspace/cargo-home/bin/cargo" "+1.100.0-beta.1" "fetch" "--manifest-path" "Cargo.toml", kill_on_drop: false }`
[INFO] [stderr] warning: `package.homepage` is redundant with `package.repository`
[INFO] [stderr]   --> Cargo.toml:81:12
[INFO] [stderr]    |
[INFO] [stderr] 81 | homepage = "https://github.com/waterlens/hsalc"
[INFO] [stderr]    |            ^^^^^^^^^^^^^^^^^^^^^^^^^^^^^^^^^^^^
[INFO] [stderr] ...
[INFO] [stderr] 88 | repository = "https://github.com/waterlens/hsalc"
[INFO] [stderr]    |              ------------------------------------
[INFO] [stderr]    |
[INFO] [stderr]    = note: `cargo::redundant_homepage` is set to `warn` by default
[INFO] [stderr] help: consider removing `package.homepage`
[INFO] [stderr] warning: `hsalc` (manifest) generated 1 warning
[INFO] running `Command { std: "docker" "create" "-v" "/var/lib/crater-agent-workspace/builds/worker-3-tc2/source:/opt/rustwide/workdir:ro,Z" "-v" "/var/lib/crater-agent-workspace/builds/worker-3-tc2/target:/opt/rustwide/target:rw,Z" "-v" "/var/lib/crater-agent-workspace/cargo-home:/opt/rustwide/cargo-home:ro,Z" "-v" "/var/lib/crater-agent-workspace/rustup-home:/opt/rustwide/rustup-home:ro,Z" "-m" "1610612736" "--network" "none" "ghcr.io/rust-lang/crates-build-env/linux@sha256:3111399a4047eeb3a02b7a90e478d715f38a8c6669b5c4b49d30a17385265909" "sleep" "infinity", kill_on_drop: false }`
[INFO] [stdout] 8d80152789591e5f89287534d16a81c610a73deaeb4917cfa1cf3fff7b60895f
[INFO] running `Command { std: "docker" "start" "8d80152789591e5f89287534d16a81c610a73deaeb4917cfa1cf3fff7b60895f", kill_on_drop: false }`
[INFO] running `Command { std: "docker" "inspect" "8d80152789591e5f89287534d16a81c610a73deaeb4917cfa1cf3fff7b60895f", kill_on_drop: false }`
[INFO] running `Command { std: "docker" "exec" "-e" "SOURCE_DIR=/opt/rustwide/workdir" "-e" "CARGO_HOME=/opt/rustwide/cargo-home" "-e" "RUSTUP_HOME=/opt/rustwide/rustup-home" "-e" "CARGO_TARGET_DIR=/opt/rustwide/target" "-w" "/opt/rustwide/workdir" "--user" "0:0" "8d80152789591e5f89287534d16a81c610a73deaeb4917cfa1cf3fff7b60895f" "/opt/rustwide/cargo-home/bin/cargo" "+1.100.0-beta.1" "metadata" "--no-deps" "--format-version=1", kill_on_drop: false }`
[INFO] running `Command { std: "docker" "inspect" "8d80152789591e5f89287534d16a81c610a73deaeb4917cfa1cf3fff7b60895f", kill_on_drop: false }`
[INFO] running `Command { std: "docker" "exec" "-e" "SOURCE_DIR=/opt/rustwide/workdir" "-e" "CARGO_HOME=/opt/rustwide/cargo-home" "-e" "RUSTUP_HOME=/opt/rustwide/rustup-home" "-e" "CARGO_TARGET_DIR=/opt/rustwide/target" "-e" "CARGO_INCREMENTAL=0" "-e" "RUST_BACKTRACE=full" "-e" "RUSTFLAGS=--cap-lints=warn" "-e" "RUSTDOCFLAGS=--cap-lints=warn" "-w" "/opt/rustwide/workdir" "--user" "0:0" "8d80152789591e5f89287534d16a81c610a73deaeb4917cfa1cf3fff7b60895f" "/opt/rustwide/cargo-home/bin/cargo" "+1.100.0-beta.1" "build" "--frozen" "--message-format=json", kill_on_drop: false }`
[INFO] [stderr] warning: `package.homepage` is redundant with `package.repository`
[INFO] [stderr]   --> Cargo.toml:81:12
[INFO] [stderr]    |
[INFO] [stderr] 81 | homepage = "https://github.com/waterlens/hsalc"
[INFO] [stderr]    |            ^^^^^^^^^^^^^^^^^^^^^^^^^^^^^^^^^^^^
[INFO] [stderr] ...
[INFO] [stderr] 88 | repository = "https://github.com/waterlens/hsalc"
[INFO] [stderr]    |              ------------------------------------
[INFO] [stderr]    |
[INFO] [stderr]    = note: `cargo::redundant_homepage` is set to `warn` by default
[INFO] [stderr] help: consider removing `package.homepage`
[INFO] [stderr] warning: `hsalc` (manifest) generated 1 warning
[INFO] [stderr]    Compiling quote v1.0.46
[INFO] [stderr]    Compiling libc v0.2.186
[INFO] [stderr]    Compiling stable_deref_trait v1.2.1
[INFO] [stderr]    Compiling shlex v2.0.1
[INFO] [stderr]    Compiling pin-project-lite v0.2.17
[INFO] [stderr]    Compiling bytes v1.12.1
[INFO] [stderr]    Compiling futures-core v0.3.32
[INFO] [stderr]    Compiling pkg-config v0.3.33
[INFO] [stderr]    Compiling fs_extra v1.3.0
[INFO] [stderr]    Compiling dunce v1.0.5
[INFO] [stderr]    Compiling itoa v1.0.18
[INFO] [stderr]    Compiling once_cell v1.21.4
[INFO] [stderr]    Compiling zeroize v1.9.0
[INFO] [stderr]    Compiling writeable v0.6.3
[INFO] [stderr]    Compiling smallvec v1.15.2
[INFO] [stderr]    Compiling bitflags v2.13.0
[INFO] [stderr]    Compiling memchr v2.8.3
[INFO] [stderr]    Compiling aws-lc-rs v1.17.1
[INFO] [stderr]    Compiling litemap v0.8.2
[INFO] [stderr]    Compiling hashbrown v0.17.1
[INFO] [stderr]    Compiling icu_normalizer_data v2.2.0
[INFO] [stderr]    Compiling slab v0.4.12
[INFO] [stderr]    Compiling icu_properties_data v2.2.0
[INFO] [stderr]    Compiling utf8_iter v1.0.4
[INFO] [stderr]    Compiling equivalent v1.0.2
[INFO] [stderr]    Compiling rustls-pki-types v1.15.0
[INFO] [stderr]    Compiling fnv v1.0.7
[INFO] [stderr]    Compiling version_check v0.9.5
[INFO] [stderr]    Compiling tracing-core v0.1.36
[INFO] [stderr]    Compiling futures-sink v0.3.32
[INFO] [stderr]    Compiling getrandom v0.3.4
[INFO] [stderr]    Compiling rustix v1.1.4
[INFO] [stderr]    Compiling rustls v0.23.41
[INFO] [stderr]    Compiling zerocopy v0.8.54
[INFO] [stderr]    Compiling generic-array v0.14.7
[INFO] [stderr]    Compiling syn v2.0.118
[INFO] [stderr]    Compiling untrusted v0.9.0
[INFO] [stderr]    Compiling futures-task v0.3.32
[INFO] [stderr]    Compiling serde_core v1.0.228
[INFO] [stderr]    Compiling httparse v1.10.1
[INFO] [stderr]    Compiling minimal-lexical v0.2.1
[INFO] [stderr]    Compiling arrayvec v0.7.8
[INFO] [stderr]    Compiling subtle v2.6.1
[INFO] [stderr]    Compiling tower-service v0.3.3
[INFO] [stderr]    Compiling atomic-waker v1.1.2
[INFO] [stderr]    Compiling typenum v1.20.1
[INFO] [stderr]    Compiling try-lock v0.2.5
[INFO] [stderr]    Compiling linux-raw-sys v0.12.1
[INFO] [stderr]    Compiling utf8parse v0.2.2
[INFO] [stderr]    Compiling vte v0.14.1
[INFO] [stderr]    Compiling anstyle-parse v1.0.0
[INFO] [stderr]    Compiling want v0.3.1
[INFO] [stderr]    Compiling http v1.4.2
[INFO] [stderr]    Compiling tracing v0.1.44
[INFO] [stderr]    Compiling nom v7.1.3
[INFO] [stderr]    Compiling indexmap v2.14.0
[INFO] [stderr]    Compiling futures-channel v0.3.32
[INFO] [stderr]    Compiling simd-adler32 v0.3.9
[INFO] [stderr]    Compiling anstyle v1.0.14
[INFO] [stderr]    Compiling colorchoice v1.0.5
[INFO] [stderr]    Compiling is_terminal_polyfill v1.70.2
[INFO] [stderr]    Compiling anstyle-query v1.1.5
[INFO] [stderr]    Compiling serde v1.0.228
[INFO] [stderr]    Compiling zmij v1.0.21
[INFO] [stderr]    Compiling cfg_aliases v0.2.1
[INFO] [stderr]    Compiling log v0.4.33
[INFO] [stderr]    Compiling anstream v1.0.0
[INFO] [stderr]    Compiling form_urlencoded v1.2.2
[INFO] [stderr]    Compiling nix v0.30.1
[INFO] [stderr]    Compiling sync_wrapper v1.0.2
[INFO] [stderr]    Compiling heck v0.5.0
[INFO] [stderr]    Compiling serde_json v1.0.150
[INFO] [stderr]    Compiling thiserror v2.0.18
[INFO] [stderr]    Compiling ipnet v2.12.0
[INFO] [stderr]    Compiling base64 v0.22.1
[INFO] [stderr]    Compiling jobserver v0.1.35
[INFO] [stderr]    Compiling openssl-probe v0.2.1
[INFO] [stderr]    Compiling clap_lex v1.1.0
[INFO] [stderr]    Compiling strsim v0.11.1
[INFO] [stderr]    Compiling tower-layer v0.3.3
[INFO] [stderr]    Compiling rustls-native-certs v0.8.4
[INFO] [stderr]    Compiling miniz_oxide v0.8.9
[INFO] [stderr]    Compiling cc v1.2.67
[INFO] [stderr]    Compiling terminal_size v0.4.4
[INFO] [stderr]    Compiling clap_builder v4.6.0
[INFO] [stderr]    Compiling anyhow v1.0.103
[INFO] [stderr]    Compiling unicode-width v0.2.2
[INFO] [stderr]    Compiling http-body v1.0.1
[INFO] [stderr]    Compiling zip v2.4.2
[INFO] [stderr]    Compiling bytecount v0.6.9
[INFO] [stderr]    Compiling bumpalo v3.20.3
[INFO] [stderr]    Compiling flate2 v1.1.9
[INFO] [stderr]    Compiling http-body-util v0.1.3
[INFO] [stderr]    Compiling encoding_rs v0.8.35
[INFO] [stderr]    Compiling mime v0.3.17
[INFO] [stderr]    Compiling zopfli v0.8.3
[INFO] [stderr]    Compiling unsafe-libyaml v0.2.11
[INFO] [stderr]    Compiling ryu v1.0.23
[INFO] [stderr]    Compiling cpufeatures v0.2.17
[INFO] [stderr]    Compiling semver v1.0.28
[INFO] [stderr]    Compiling urlencoding v2.1.3
[INFO] [stderr]    Compiling errno v0.3.14
[INFO] [stderr]    Compiling socket2 v0.6.4
[INFO] [stderr]    Compiling mio v1.2.1
[INFO] [stderr]    Compiling signal-hook-registry v1.4.8
[INFO] [stderr]    Compiling crypto-common v0.1.7
[INFO] [stderr]    Compiling ansitok v0.3.0
[INFO] [stderr]    Compiling rand_core v0.9.5
[INFO] [stderr]    Compiling cmake v0.1.58
[INFO] [stderr]    Compiling block-buffer v0.10.4
[INFO] [stderr]    Compiling wait-timeout v0.2.1
[INFO] [stderr]    Compiling digest v0.10.7
[INFO] [stderr]    Compiling fs2 v0.4.3
[INFO] [stderr]    Compiling sha2 v0.10.9
[INFO] [stderr]    Compiling aws-lc-sys v0.42.0
[INFO] [stderr]    Compiling ansi-str v0.9.0
[INFO] [stderr]    Compiling papergrid v0.14.0
[INFO] [stderr]    Compiling ppv-lite86 v0.2.21
[INFO] [stderr]    Compiling rand_chacha v0.9.0
[INFO] [stderr]    Compiling tabled v0.18.0
[INFO] [stderr]    Compiling rand v0.9.5
[INFO] [stderr]    Compiling synstructure v0.13.2
[INFO] [stderr]    Compiling atomic-write-file v0.3.0
[INFO] [stderr]    Compiling zerofrom-derive v0.1.7
[INFO] [stderr]    Compiling yoke-derive v0.8.2
[INFO] [stderr]    Compiling displaydoc v0.2.6
[INFO] [stderr]    Compiling zerovec-derive v0.11.3
[INFO] [stderr]    Compiling tokio-macros v2.7.0
[INFO] [stderr]    Compiling futures-macro v0.3.32
[INFO] [stderr]    Compiling serde_derive v1.0.228
[INFO] [stderr]    Compiling clap_derive v4.6.1
[INFO] [stderr]    Compiling thiserror-impl v2.0.18
[INFO] [stderr]    Compiling tokio v1.52.3
[INFO] [stderr]    Compiling futures-util v0.3.32
[INFO] [stderr]    Compiling zerofrom v0.1.8
[INFO] [stderr]    Compiling yoke v0.8.3
[INFO] [stderr]    Compiling zerovec v0.11.6
[INFO] [stderr]    Compiling zerotrie v0.2.4
[INFO] [stderr]    Compiling tinystr v0.8.3
[INFO] [stderr]    Compiling potential_utf v0.1.5
[INFO] [stderr]    Compiling icu_locale_core v2.2.0
[INFO] [stderr]    Compiling icu_collections v2.2.0
[INFO] [stderr]    Compiling clap v4.6.1
[INFO] [stderr]    Compiling clap_complete v4.6.7
[INFO] [stderr]    Compiling serde_yaml v0.9.34+deprecated
[INFO] [stderr]    Compiling icu_provider v2.2.0
[INFO] [stderr]    Compiling icu_normalizer v2.2.0
[INFO] [stderr]    Compiling icu_properties v2.2.0
[INFO] [stderr]    Compiling idna_adapter v1.2.2
[INFO] [stderr]    Compiling idna v1.1.0
[INFO] [stderr]    Compiling url v2.5.8
[INFO] [stderr]    Compiling tokio-util v0.7.18
[INFO] [stderr]    Compiling tower v0.5.3
[INFO] [stderr]    Compiling h2 v0.4.15
[INFO] [stderr]    Compiling tower-http v0.6.11
[INFO] [stderr]    Compiling hyper v1.10.1
[INFO] [stderr]    Compiling rustls-webpki v0.103.13
[INFO] [stderr]    Compiling hyper-util v0.1.20
[INFO] [stderr]    Compiling tokio-rustls v0.26.4
[INFO] [stderr]    Compiling rustls-platform-verifier v0.7.0
[INFO] [stderr]    Compiling hyper-rustls v0.27.9
[INFO] [stderr]    Compiling reqwest v0.13.4
[INFO] [stderr]    Compiling hsalc v0.1.4 (/opt/rustwide/workdir)
[INFO] [stderr]     Finished `dev` profile [unoptimized + debuginfo] target(s) in 2m 02s
[INFO] [stderr] warning: the following packages contain code that will be rejected by a future version of Rust: nix v0.30.1
[INFO] [stderr] note: to see what the problems were, use the option `--future-incompat-report`, or run `cargo report future-incompatibilities --id 1`
[INFO] running `Command { std: "docker" "inspect" "8d80152789591e5f89287534d16a81c610a73deaeb4917cfa1cf3fff7b60895f", kill_on_drop: false }`
[INFO] running `Command { std: "docker" "exec" "-e" "SOURCE_DIR=/opt/rustwide/workdir" "-e" "CARGO_HOME=/opt/rustwide/cargo-home" "-e" "RUSTUP_HOME=/opt/rustwide/rustup-home" "-e" "CARGO_TARGET_DIR=/opt/rustwide/target" "-e" "CARGO_INCREMENTAL=0" "-e" "RUST_BACKTRACE=full" "-e" "RUSTFLAGS=--cap-lints=warn" "-e" "RUSTDOCFLAGS=--cap-lints=warn" "-w" "/opt/rustwide/workdir" "--user" "0:0" "8d80152789591e5f89287534d16a81c610a73deaeb4917cfa1cf3fff7b60895f" "/opt/rustwide/cargo-home/bin/cargo" "+1.100.0-beta.1" "test" "--frozen" "--no-run" "--message-format=json", kill_on_drop: false }`
[INFO] [stderr] warning: `package.homepage` is redundant with `package.repository`
[INFO] [stderr]   --> Cargo.toml:81:12
[INFO] [stderr]    |
[INFO] [stderr] 81 | homepage = "https://github.com/waterlens/hsalc"
[INFO] [stderr]    |            ^^^^^^^^^^^^^^^^^^^^^^^^^^^^^^^^^^^^
[INFO] [stderr] ...
[INFO] [stderr] 88 | repository = "https://github.com/waterlens/hsalc"
[INFO] [stderr]    |              ------------------------------------
[INFO] [stderr]    |
[INFO] [stderr]    = note: `cargo::redundant_homepage` is set to `warn` by default
[INFO] [stderr] help: consider removing `package.homepage`
[INFO] [stderr] warning: `hsalc` (manifest) generated 1 warning
[INFO] [stderr]    Compiling futures-channel v0.3.32
[INFO] [stderr]    Compiling futures-io v0.3.32
[INFO] [stderr]    Compiling rustix v1.1.4
[INFO] [stderr]    Compiling aho-corasick v1.1.4
[INFO] [stderr]    Compiling regex-syntax v0.8.11
[INFO] [stderr]    Compiling httpdate v1.0.3
[INFO] [stderr]    Compiling autocfg v1.5.1
[INFO] [stderr]    Compiling predicates-core v1.0.10
[INFO] [stderr]    Compiling getrandom v0.4.3
[INFO] [stderr]    Compiling num_cpus v1.17.0
[INFO] [stderr]    Compiling assert_cmd v2.2.2
[INFO] [stderr]    Compiling normalize-line-endings v0.3.0
[INFO] [stderr]    Compiling termtree v0.5.1
[INFO] [stderr]    Compiling deadpool-runtime v0.1.4
[INFO] [stderr]    Compiling difflib v0.4.0
[INFO] [stderr]    Compiling assert-json-diff v2.0.2
[INFO] [stderr]    Compiling fastrand v2.4.1
[INFO] [stderr]    Compiling futures-util v0.3.32
[INFO] [stderr]    Compiling hyper v1.10.1
[INFO] [stderr]    Compiling deadpool v0.12.3
[INFO] [stderr]    Compiling predicates-tree v1.0.13
[INFO] [stderr]    Compiling num-traits v0.2.19
[INFO] [stderr]    Compiling float-cmp v0.10.0
[INFO] [stderr]    Compiling regex-automata v0.4.15
[INFO] [stderr]    Compiling terminal_size v0.4.4
[INFO] [stderr]    Compiling tempfile v3.27.0
[INFO] [stderr]    Compiling hyper-util v0.1.20
[INFO] [stderr]    Compiling tower v0.5.3
[INFO] [stderr]    Compiling futures-executor v0.3.32
[INFO] [stderr]    Compiling clap_builder v4.6.0
[INFO] [stderr]    Compiling futures v0.3.32
[INFO] [stderr]    Compiling tower-http v0.6.11
[INFO] [stderr]    Compiling clap v4.6.1
[INFO] [stderr]    Compiling clap_complete v4.6.7
[INFO] [stderr]    Compiling hyper-rustls v0.27.9
[INFO] [stderr]    Compiling reqwest v0.13.4
[INFO] [stderr]    Compiling regex v1.13.0
[INFO] [stderr]    Compiling bstr v1.12.3
[INFO] [stderr]    Compiling predicates v3.1.4
[INFO] [stderr]    Compiling wiremock v0.6.5
[INFO] [stderr]    Compiling hsalc v0.1.4 (/opt/rustwide/workdir)
[INFO] [stderr]     Finished `test` profile [unoptimized + debuginfo] target(s) in 53.31s
[INFO] [stderr] warning: the following packages contain code that will be rejected by a future version of Rust: nix v0.30.1
[INFO] [stderr] note: to see what the problems were, use the option `--future-incompat-report`, or run `cargo report future-incompatibilities --id 1`
[INFO] running `Command { std: "docker" "inspect" "8d80152789591e5f89287534d16a81c610a73deaeb4917cfa1cf3fff7b60895f", kill_on_drop: false }`
[INFO] running `Command { std: "docker" "exec" "-e" "SOURCE_DIR=/opt/rustwide/workdir" "-e" "CARGO_HOME=/opt/rustwide/cargo-home" "-e" "RUSTUP_HOME=/opt/rustwide/rustup-home" "-e" "CARGO_TARGET_DIR=/opt/rustwide/target" "-e" "CARGO_INCREMENTAL=0" "-e" "RUST_BACKTRACE=full" "-e" "RUSTFLAGS=--cap-lints=warn" "-e" "RUSTDOCFLAGS=--cap-lints=warn" "-w" "/opt/rustwide/workdir" "--user" "0:0" "8d80152789591e5f89287534d16a81c610a73deaeb4917cfa1cf3fff7b60895f" "/opt/rustwide/cargo-home/bin/cargo" "+1.100.0-beta.1" "test" "--frozen", kill_on_drop: false }`
[INFO] [stderr] warning: `package.homepage` is redundant with `package.repository`
[INFO] [stderr]   --> Cargo.toml:81:12
[INFO] [stderr]    |
[INFO] [stderr] 81 | homepage = "https://github.com/waterlens/hsalc"
[INFO] [stderr]    |            ^^^^^^^^^^^^^^^^^^^^^^^^^^^^^^^^^^^^
[INFO] [stderr] ...
[INFO] [stderr] 88 | repository = "https://github.com/waterlens/hsalc"
[INFO] [stderr]    |              ------------------------------------
[INFO] [stderr]    |
[INFO] [stderr]    = note: `cargo::redundant_homepage` is set to `warn` by default
[INFO] [stderr] help: consider removing `package.homepage`
[INFO] [stderr] warning: `hsalc` (manifest) generated 1 warning
[INFO] [stderr]     Finished `test` profile [unoptimized + debuginfo] target(s) in 0.46s
[INFO] [stderr] warning: the following packages contain code that will be rejected by a future version of Rust: nix v0.30.1
[INFO] [stderr] note: to see what the problems were, use the option `--future-incompat-report`, or run `cargo report future-incompatibilities --id 1`
[INFO] [stderr]      Running unittests src/main.rs (/opt/rustwide/target/debug/build/hsalc/94096ee468dafeb4/out/hsalc-94096ee468dafeb4)
[INFO] [stdout] 
[INFO] [stdout] running 84 tests
[INFO] [stdout] test commands::network::tests::bash_proxy_environment_is_sourceable_and_complete ... ok
[INFO] [stdout] test commands::network::tests::proxy_bypass_is_rendered_for_each_consumer ... ok
[INFO] [stdout] test commands::managed::tests::cleanup_failure_preserves_both_error_chains ... ok
[INFO] [stdout] test commands::network::tests::fish_unset_removes_every_proxy_variable ... ok
[INFO] [stdout] test commands::network::tests::gsettings_target_preserves_unrelated_values ... ok
[INFO] [stdout] test client::tests::segment_escapes_slashes_and_spaces ... ok
[INFO] [stdout] test commands::config::tests::config_secrets_are_redacted_recursively ... ok
[INFO] [stdout] test commands::network::tests::recovery_state_round_trips_with_backend_tag ... ok
[INFO] [stdout] test commands::managed::tests::health_version_matching_uses_complete_tokens ... ok
[INFO] [stdout] test commands::policy::tests::named_filter_matches_names_keys_and_nested_values_without_case ... ok
[INFO] [stdout] test commands::network::tests::listener_port_selection_prefers_mixed_port ... ok
[INFO] [stdout] test client::tests::useful_json_error_is_extracted ... ok
[INFO] [stdout] test commands::policy::tests::rule_filters_are_case_insensitive_and_combine ... ok
[INFO] [stdout] test encoding::tests::lower_hex_preserves_leading_zeroes ... ok
[INFO] [stdout] test commands::profile::tests::source_output_redacts_credentials_and_queries ... ok
[INFO] [stdout] test failure::tests::aggregate_keeps_primary_and_related_chains ... ok
[INFO] [stdout] test commands::profile::tests::index_validation_rejects_document_path_traversal ... ok
[INFO] [stdout] test commands::streams::tests::record_buffer_enforces_its_limit_before_allocating ... ok
[INFO] [stdout] test input::tests::assignments_reject_scalar_object_conflicts ... ok
[INFO] [stdout] test input::tests::dotted_assignments_create_nested_objects_and_scalars ... ok
[INFO] [stdout] test input::tests::yaml_documents_are_accepted ... ok
[INFO] [stdout] test managed::core::tests::alpha_asset_selection_rejects_tuned_and_toolchain_variants ... ok
[INFO] [stdout] test commands::profile::tests::ids_are_safe_and_stable ... ok
[INFO] [stdout] test commands::profile::tests::profile_validation_requires_a_mapping ... ok
[INFO] [stdout] test managed::core::tests::gzip_extraction_enforces_the_decompressed_limit ... ok
[INFO] [stdout] test managed::core::tests::metadata_validation_rejects_path_traversal ... ok
[INFO] [stdout] test commands::network::tests::proxy_commands_share_one_default_bypass_policy ... ok
[INFO] [stdout] test managed::core::tests::release_asset_without_authoritative_digest_is_rejected ... ok
[INFO] [stdout] test managed::core::tests::version_matching_compares_complete_version_tokens ... ok
[INFO] [stdout] test managed::paths::tests::explicit_home_wins ... ok
[INFO] [stdout] test managed::operation::tests::lifecycle_operations_are_exclusive ... ok
[INFO] [stdout] test managed::paths::tests::empty_directory_is_claimed_once ... ok
[INFO] [stdout] test managed::core::tests::zip_extraction_reads_only_the_exact_top_level_binary ... ok
[INFO] [stdout] test managed::paths::tests::existing_unrelated_directory_is_not_repurposed ... ok
[INFO] [stdout] test managed::paths::tests::marked_home_can_be_removed_safely ... ok
[INFO] [stdout] test managed::core::tests::version_check_rejects_a_longer_version_with_the_same_prefix ... ok
[INFO] [stdout] test managed::process::tests::bounded_log_never_exceeds_its_limit ... ok
[INFO] [stdout] test managed::process::tests::orphan_helper_process ... ok
[INFO] [stdout] test managed::paths::tests::invalid_marker_prevents_recursive_removal ... ok
[INFO] [stdout] test managed::process::tests::lock_status_does_not_trust_a_stale_state_file ... ok
[INFO] [stdout] test managed::process::tests::restart_backoff_is_exponential_and_capped ... ok
[INFO] [stdout] test managed::paths::tests::interrupted_removal_directory_is_cleaned_on_retry ... ok
[INFO] [stdout] test managed::process::tests::state_round_trip_and_log_tail_are_bounded ... ok
[INFO] [stdout] test managed::core::tests::stable_asset_selection_uses_exact_reference_stems ... ok
[INFO] [stdout] test managed::process::tests::trailing_line_selection_handles_final_newline ... ok
[INFO] [stdout] test managed::runtime::tests::compilation_injects_private_control_settings ... ok
[INFO] [stdout] test managed::runtime::tests::compilation_injects_unix_tun_routing_defaults ... ok
[INFO] [stdout] test client::tests::endpoint_preserves_prefix_and_encodes_query ... ok
[INFO] [stdout] test managed::runtime::tests::compilation_persists_managed_tun_state_without_discarding_profile_options ... ok
[INFO] [stdout] test client::tests::endpoint_rejects_path_traversal_and_embedded_queries ... ok
[INFO] [stdout] test managed::core::tests::network_errors_do_not_expose_request_urls ... ok
[INFO] [stdout] test managed::runtime::tests::controller_listen_requires_a_nonzero_loopback_socket_address ... ok
[INFO] [stdout] test managed::runtime::tests::compilation_rejects_non_mapping_documents ... ok
[INFO] [stdout] test managed::runtime::tests::compilation_rejects_non_loopback_control_address ... ok
[INFO] [stdout] test managed::service::tests::launchd_bootstrap_errors_reject_the_root_suggestion ... ok
[INFO] [stdout] test managed::service::tests::manager_commands_are_terminated_at_their_deadline ... ok
[INFO] [stdout] test managed::service::tests::service_manager_exit_messages_are_classified_conservatively ... ok
[INFO] [stdout] test managed::service::tests::task_definition_keeps_running_and_restarts_failures ... ok
[INFO] [stdout] test managed::tun::tests::linux_capability_parser_requires_effective_and_permitted_net_admin ... ok
[INFO] [stdout] test output::tests::byte_units_are_readable ... ok
[INFO] [stdout] test output::tests::connection_ids_are_not_truncated ... ok
[INFO] [stdout] test output::tests::generic_documents_render_nested_values_as_sections ... ok
[INFO] [stdout] test output::tests::human_streams_escape_terminal_controls ... ok
[INFO] [stdout] test output::tests::human_styling_colors_sections_and_states ... ok
[INFO] [stdout] test output::tests::json_keys_are_recursively_stable ... ok
[INFO] [stdout] test output::tests::pretty_json_uses_multiline_serde_output ... ok
[INFO] [stdout] test output::tests::proxy_table_extracts_latest_delay ... ok
[INFO] [stdout] test output::tests::rule_table_preserves_controller_indices ... ok
[INFO] [stdout] test progress::tests::terminal_passthrough_start_is_a_stable_complete_line ... ok
[INFO] [stdout] test managed::process::tests::validation_helper_runs_checker_with_managed_paths ... ok
[INFO] [stdout] test commands::network::tests::system_proxy_transactions_are_serialized ... ok
[INFO] [stdout] test commands::shell::tests::supported_shells_generate_nonempty_scripts ... ok
[INFO] [stdout] test managed::service::tests::service_identity_is_scoped_to_the_managed_home ... ok
[INFO] [stdout] test managed::process::tests::stale_state_reconciles_a_matching_orphaned_process_group ... ok
[INFO] [stdout] test managed::process::tests::orphan_reconciliation_rejects_a_different_process_instance ... ok
[INFO] [stdout] test managed::process::tests::stop_reconciles_a_verified_orphan_without_a_supervisor ... ok
[INFO] [stdout] test managed::runtime::tests::initialization_rechecks_defaults_after_waiting_for_the_lock ... ok
[INFO] [stdout] test managed::core::tests::import_repairs_an_incomplete_final_installation_and_stale_staging ... ok
[INFO] [stdout] test managed::process::tests::invalid_materialization_is_retried_and_remains_stoppable ... ok
[INFO] [stdout] test managed::core::tests::offline_import_is_verified_immutable_and_digest_idempotent ... ok
[INFO] [stdout] test managed::core::tests::github_install_checks_digest_and_skips_only_without_force ... ok
[INFO] [stdout] test managed::runtime::tests::materialization_uses_immutable_content_addressed_snapshots ... ok
[INFO] [stdout] test managed::process::tests::foreground_supervisor_stops_through_its_private_marker ... ok
[INFO] [stdout] test managed::process::tests::invalid_native_validation_is_retried_and_remains_stoppable ... ok
[INFO] [stdout] 
[INFO] [stdout] test result: ok. 84 passed; 0 failed; 0 ignored; 0 measured; 0 filtered out; finished in 2.27s
[INFO] [stdout] 
[INFO] [stderr]      Running tests/cli_contract.rs (/opt/rustwide/target/debug/build/hsalc/180a0bb1f8a49f62/out/cli_contract-180a0bb1f8a49f62)
[INFO] [stdout] 
[INFO] [stdout] running 19 tests
[INFO] [stdout] test rule_disable_sends_an_index_map ... ok
[INFO] [stdout] test secret_is_sent_as_bearer_authorization ... ok
[INFO] [stdout] test controller_errors_include_status_endpoint_and_json_detail ... ok
[INFO] [stdout] test binary_diagnostic_output_is_not_reformatted ... ok
[INFO] [stdout] test storage_set_accepts_yaml_scalars_and_encodes_the_key ... ok
[INFO] [stdout] test core_update_sends_channel_force_and_reload_body ... ok
[INFO] [stdout] test flushing_all_caches_calls_both_controller_routes ... ok
[INFO] [stdout] test config_patch_expands_dotted_assignments ... ok
[INFO] [stdout] test provider_node_delay_encodes_segments_and_sends_healthcheck_query ... ok
[INFO] [stdout] test transport_errors_do_not_echo_query_secrets ... ok
[INFO] [stdout] test proxy_selection_encodes_the_group_and_formats_a_204_response ... ok
[INFO] [stdout] test config_reload_does_not_echo_an_inline_secret ... ok
[INFO] [stdout] test dns_query_sends_name_and_normalized_record_type ... ok
[INFO] [stdout] test diagnostic_file_replaces_its_destination_after_a_complete_download ... ok
[INFO] [stdout] test fragmented_stream_records_honor_count ... ok
[INFO] [stdout] test profile_download_errors_redact_the_source_url ... ok
[INFO] [stdout] test proxy_environment_commands_do_not_require_a_desktop_backend ... ok
[INFO] [stdout] test profiles_can_be_added_listed_and_activated_from_hsalc_home ... ok
[INFO] [stdout] test tun_enable_verifies_runtime_state_and_restores_the_previous_value ... ok
[INFO] [stdout] 
[INFO] [stdout] test result: ok. 19 passed; 0 failed; 0 ignored; 0 measured; 0 filtered out; finished in 3.56s
[INFO] [stdout] 
[INFO] [stderr]      Running tests/managed_lifecycle.rs (/opt/rustwide/target/debug/build/hsalc/2d6136098f71ba8a/out/managed_lifecycle-2d6136098f71ba8a)
[INFO] [stdout] 
[INFO] [stdout] running 13 tests
[INFO] [stdout] test autostart_requires_an_existing_service_without_installing_one ... ok
[INFO] [stdout] test local_lifecycle_repair_does_not_require_controller_configuration ... ok
[INFO] [stdout] test current_user_service_commands_reject_sudo_before_writing_files ... ok
[INFO] [stdout] test service_status_uses_compact_sections_in_human_output ... ok
[INFO] [stdout] test interrupt_reports_state_and_releases_the_lifecycle_lock ... FAILED
[INFO] [stdout] test setup_generates_private_runtime_files_without_starting_or_installing_a_service ... ok
[INFO] [stdout] test deinit_removes_the_complete_managed_home ... ok
[INFO] [stdout] test command_guards_reject_unsafe_or_conflicting_requests_without_network_access ... ok
[INFO] [stdout] test setup_guards_and_completion_generation_work ... ok
[INFO] [stdout] test imported_core_supports_verify_version_path_and_info ... ok
[INFO] [stdout] test stopped_profile_activation_is_validated_by_doctor_without_controller_access ... ok
[INFO] [stdout] test stopped_core_removal_preserves_configuration_profiles_and_secret ... ok
[INFO] [stdout] test failed_setup_rerun_restores_the_previous_core_selection ... ok
[INFO] [stdout] 
[INFO] [stdout] failures:
[INFO] [stdout] 
[INFO] [stdout] ---- interrupt_reports_state_and_releases_the_lifecycle_lock stdout ----
[INFO] [stdout] 
[INFO] [stdout] thread 'interrupt_reports_state_and_releases_the_lifecycle_lock' (4974) panicked at tests/managed_lifecycle.rs:644:5:
[INFO] [stdout] assertion `left == right` failed
[INFO] [stdout]   left: None
[INFO] [stdout]  right: Some(130)
[INFO] [stdout] stack backtrace:
[INFO] [stdout]    0:     0x5f08a589f0d1 - std[617be2ca0a6fd877]::backtrace_rs::backtrace::libunwind::trace
[INFO] [stdout]                                at /rustc/e3feeb59cd1bdd011a2bfcc0747b55125d9b8527/library/std/src/../../backtrace/src/backtrace/libunwind.rs:117:9
[INFO] [stdout]    1:     0x5f08a589f0d1 - std[617be2ca0a6fd877]::backtrace_rs::backtrace::trace_unsynchronized::<std[617be2ca0a6fd877]::sys::backtrace::_print_fmt::{closure#1}>
[INFO] [stdout]                                at /rustc/e3feeb59cd1bdd011a2bfcc0747b55125d9b8527/library/std/src/../../backtrace/src/backtrace/mod.rs:66:14
[INFO] [stdout]    2:     0x5f08a589f0d1 - std[617be2ca0a6fd877]::sys::backtrace::_print_fmt
[INFO] [stdout]                                at /rustc/e3feeb59cd1bdd011a2bfcc0747b55125d9b8527/library/std/src/sys/backtrace.rs:74:9
[INFO] [stdout]    3:     0x5f08a589f0d1 - <<std[617be2ca0a6fd877]::sys::backtrace::BacktraceLock>::print::DisplayBacktrace as core[a373ad73a504971]::fmt::Display>::fmt
[INFO] [stdout]                                at /rustc/e3feeb59cd1bdd011a2bfcc0747b55125d9b8527/library/std/src/sys/backtrace.rs:44:26
[INFO] [stdout]    4:     0x5f08a58b61ba - <core[a373ad73a504971]::fmt::rt::Argument>::fmt
[INFO] [stdout]                                at /rustc/e3feeb59cd1bdd011a2bfcc0747b55125d9b8527/library/core/src/fmt/rt.rs:152:76
[INFO] [stdout]    5:     0x5f08a58b61ba - core[a373ad73a504971]::fmt::write
[INFO] [stdout]    6:     0x5f08a58a495c - core[a373ad73a504971]::io::write::default_write_fmt::<alloc[2e1b2a31b91974c5]::vec::Vec<u8>>
[INFO] [stdout]                                at /rustc/e3feeb59cd1bdd011a2bfcc0747b55125d9b8527/library/core/src/io/write.rs:402:11
[INFO] [stdout]    7:     0x5f08a58a495c - <alloc[2e1b2a31b91974c5]::vec::Vec<u8> as core[a373ad73a504971]::io::write::Write>::write_fmt
[INFO] [stdout]                                at /rustc/e3feeb59cd1bdd011a2bfcc0747b55125d9b8527/library/core/src/io/write.rs:335:13
[INFO] [stdout]    8:     0x5f08a5878626 - <std[617be2ca0a6fd877]::sys::backtrace::BacktraceLock>::print
[INFO] [stdout]                                at /rustc/e3feeb59cd1bdd011a2bfcc0747b55125d9b8527/library/std/src/sys/backtrace.rs:47:9
[INFO] [stdout]    9:     0x5f08a5878626 - std[617be2ca0a6fd877]::panicking::default_hook::{closure#0}
[INFO] [stdout]                                at /rustc/e3feeb59cd1bdd011a2bfcc0747b55125d9b8527/library/std/src/panicking.rs:289:27
[INFO] [stdout]   10:     0x5f08a5896579 - std[617be2ca0a6fd877]::panicking::default_hook
[INFO] [stdout]                                at /rustc/e3feeb59cd1bdd011a2bfcc0747b55125d9b8527/library/std/src/panicking.rs:313:9
[INFO] [stdout]   11:     0x5f08a57c0e60 - <alloc[2e1b2a31b91974c5]::boxed::Box<dyn for<'a, 'b> core[a373ad73a504971]::ops::function::Fn<(&'a std[617be2ca0a6fd877]::panic::PanicHookInfo<'b>,), Output = ()> + core[a373ad73a504971]::marker::Sync + core[a373ad73a504971]::marker::Send> as core[a373ad73a504971]::ops::function::Fn<(&std[617be2ca0a6fd877]::panic::PanicHookInfo,)>>::call
[INFO] [stdout]                                at /rustc/e3feeb59cd1bdd011a2bfcc0747b55125d9b8527/library/alloc/src/boxed.rs:2328:9
[INFO] [stdout]   12:     0x5f08a57c0e60 - test[aada8e7e76ba119b]::test_main_inner::{closure#0}
[INFO] [stdout]                                at /rustc/e3feeb59cd1bdd011a2bfcc0747b55125d9b8527/library/test/src/lib.rs:137:21
[INFO] [stdout]   13:     0x5f08a5896732 - <alloc[2e1b2a31b91974c5]::boxed::Box<dyn for<'a, 'b> core[a373ad73a504971]::ops::function::Fn<(&'a std[617be2ca0a6fd877]::panic::PanicHookInfo<'b>,), Output = ()> + core[a373ad73a504971]::marker::Sync + core[a373ad73a504971]::marker::Send> as core[a373ad73a504971]::ops::function::Fn<(&std[617be2ca0a6fd877]::panic::PanicHookInfo,)>>::call
[INFO] [stdout]                                at /rustc/e3feeb59cd1bdd011a2bfcc0747b55125d9b8527/library/alloc/src/boxed.rs:2328:9
[INFO] [stdout]   14:     0x5f08a5896732 - std[617be2ca0a6fd877]::panicking::panic_with_hook
[INFO] [stdout]                                at /rustc/e3feeb59cd1bdd011a2bfcc0747b55125d9b8527/library/std/src/panicking.rs:819:13
[INFO] [stdout]   15:     0x5f08a58786d2 - std[617be2ca0a6fd877]::panicking::panic_handler::{closure#0}
[INFO] [stdout]                                at /rustc/e3feeb59cd1bdd011a2bfcc0747b55125d9b8527/library/std/src/panicking.rs:685:13
[INFO] [stdout]   16:     0x5f08a5871139 - std[617be2ca0a6fd877]::sys::backtrace::__rust_end_short_backtrace::<std[617be2ca0a6fd877]::panicking::panic_handler::{closure#0}, !>
[INFO] [stdout]                                at /rustc/e3feeb59cd1bdd011a2bfcc0747b55125d9b8527/library/std/src/sys/backtrace.rs:182:18
[INFO] [stdout]   17:     0x5f08a587939d - __rustc[ea4f61d10b84890b]::rust_begin_unwind
[INFO] [stdout]                                at /rustc/e3feeb59cd1bdd011a2bfcc0747b55125d9b8527/library/std/src/panicking.rs:676:5
[INFO] [stdout]   18:     0x5f08a58b6a2c - core[a373ad73a504971]::panicking::panic_fmt
[INFO] [stdout]                                at /rustc/e3feeb59cd1bdd011a2bfcc0747b55125d9b8527/library/core/src/panicking.rs:80:14
[INFO] [stdout]   19:     0x5f08a58b68c3 - core[a373ad73a504971]::panicking::assert_failed_inner
[INFO] [stdout]                                at /rustc/e3feeb59cd1bdd011a2bfcc0747b55125d9b8527/library/core/src/panicking.rs:452:17
[INFO] [stdout]   20:     0x5f08a5752292 - core[a373ad73a504971]::panicking::assert_failed::<core[a373ad73a504971]::option::Option<i32>, core[a373ad73a504971]::option::Option<i32>>
[INFO] [stdout]                                at /rustc/e3feeb59cd1bdd011a2bfcc0747b55125d9b8527/library/core/src/panicking.rs:407:5
[INFO] [stdout]   21:     0x5f08a574971d - managed_lifecycle[57d888793234b938]::interrupt_reports_state_and_releases_the_lifecycle_lock
[INFO] [stdout]                                at /opt/rustwide/workdir/tests/managed_lifecycle.rs:644:5
[INFO] [stdout]   22:     0x5f08a57450d7 - managed_lifecycle[57d888793234b938]::interrupt_reports_state_and_releases_the_lifecycle_lock::{closure#0}
[INFO] [stdout]                                at /opt/rustwide/workdir/tests/managed_lifecycle.rs:599:61
[INFO] [stdout]   23:     0x5f08a57612e6 - <managed_lifecycle[57d888793234b938]::interrupt_reports_state_and_releases_the_lifecycle_lock::{closure#0} as core[a373ad73a504971]::ops::function::FnOnce<()>>::call_once
[INFO] [stdout]                                at /rustc/e3feeb59cd1bdd011a2bfcc0747b55125d9b8527/library/core/src/ops/function.rs:250:5
[INFO] [stdout]   24:     0x5f08a57b42ab - <fn() -> core[a373ad73a504971]::result::Result<(), alloc[2e1b2a31b91974c5]::string::String> as core[a373ad73a504971]::ops::function::FnOnce<()>>::call_once
[INFO] [stdout]                                at /rustc/e3feeb59cd1bdd011a2bfcc0747b55125d9b8527/library/core/src/ops/function.rs:250:5
[INFO] [stdout]   25:     0x5f08a57b42ab - test[aada8e7e76ba119b]::__rust_begin_short_backtrace::<core[a373ad73a504971]::result::Result<(), alloc[2e1b2a31b91974c5]::string::String>, fn() -> core[a373ad73a504971]::result::Result<(), alloc[2e1b2a31b91974c5]::string::String>>
[INFO] [stdout]                                at /rustc/e3feeb59cd1bdd011a2bfcc0747b55125d9b8527/library/test/src/lib.rs:701:18
[INFO] [stdout]   26:     0x5f08a57c1485 - test[aada8e7e76ba119b]::run_test_in_process::{closure#0}
[INFO] [stdout]                                at /rustc/e3feeb59cd1bdd011a2bfcc0747b55125d9b8527/library/test/src/lib.rs:724:74
[INFO] [stdout]   27:     0x5f08a57c1485 - <core[a373ad73a504971]::panic::unwind_safe::AssertUnwindSafe<test[aada8e7e76ba119b]::run_test_in_process::{closure#0}> as core[a373ad73a504971]::ops::function::FnOnce<()>>::call_once
[INFO] [stdout]                                at /rustc/e3feeb59cd1bdd011a2bfcc0747b55125d9b8527/library/core/src/panic/unwind_safe.rs:275:9
[INFO] [stdout]   28:     0x5f08a57c1485 - std[617be2ca0a6fd877]::panicking::catch_unwind::do_call::<core[a373ad73a504971]::panic::unwind_safe::AssertUnwindSafe<test[aada8e7e76ba119b]::run_test_in_process::{closure#0}>, core[a373ad73a504971]::result::Result<(), alloc[2e1b2a31b91974c5]::string::String>>
[INFO] [stdout]                                at /rustc/e3feeb59cd1bdd011a2bfcc0747b55125d9b8527/library/std/src/panicking.rs:573:43
[INFO] [stdout]   29:     0x5f08a57c1485 - std[617be2ca0a6fd877]::panicking::catch_unwind::<core[a373ad73a504971]::result::Result<(), alloc[2e1b2a31b91974c5]::string::String>, core[a373ad73a504971]::panic::unwind_safe::AssertUnwindSafe<test[aada8e7e76ba119b]::run_test_in_process::{closure#0}>>
[INFO] [stdout]                                at /rustc/e3feeb59cd1bdd011a2bfcc0747b55125d9b8527/library/std/src/panicking.rs:541:19
[INFO] [stdout]   30:     0x5f08a57c1485 - std[617be2ca0a6fd877]::panic::catch_unwind::<core[a373ad73a504971]::panic::unwind_safe::AssertUnwindSafe<test[aada8e7e76ba119b]::run_test_in_process::{closure#0}>, core[a373ad73a504971]::result::Result<(), alloc[2e1b2a31b91974c5]::string::String>>
[INFO] [stdout]                                at /rustc/e3feeb59cd1bdd011a2bfcc0747b55125d9b8527/library/std/src/panic.rs:359:14
[INFO] [stdout]   31:     0x5f08a57c1485 - test[aada8e7e76ba119b]::run_test_in_process
[INFO] [stdout]                                at /rustc/e3feeb59cd1bdd011a2bfcc0747b55125d9b8527/library/test/src/lib.rs:724:27
[INFO] [stdout]   32:     0x5f08a57c1485 - test[aada8e7e76ba119b]::run_test::{closure#0}
[INFO] [stdout]                                at /rustc/e3feeb59cd1bdd011a2bfcc0747b55125d9b8527/library/test/src/lib.rs:645:43
[INFO] [stdout]   33:     0x5f08a57bad74 - test[aada8e7e76ba119b]::run_test::{closure#1}
[INFO] [stdout]                                at /rustc/e3feeb59cd1bdd011a2bfcc0747b55125d9b8527/library/test/src/lib.rs:675:41
[INFO] [stdout]   34:     0x5f08a57bad74 - std[617be2ca0a6fd877]::sys::backtrace::__rust_begin_short_backtrace::<test[aada8e7e76ba119b]::run_test::{closure#1}, ()>
[INFO] [stdout]                                at /rustc/e3feeb59cd1bdd011a2bfcc0747b55125d9b8527/library/std/src/sys/backtrace.rs:166:18
[INFO] [stdout]   35:     0x5f08a57c4512 - std[617be2ca0a6fd877]::thread::lifecycle::spawn_unchecked::<test[aada8e7e76ba119b]::run_test::{closure#1}, ()>::{closure#1}::{closure#0}
[INFO] [stdout]                                at /rustc/e3feeb59cd1bdd011a2bfcc0747b55125d9b8527/library/std/src/thread/lifecycle.rs:70:13
[INFO] [stdout]   36:     0x5f08a57c4512 - <core[a373ad73a504971]::panic::unwind_safe::AssertUnwindSafe<std[617be2ca0a6fd877]::thread::lifecycle::spawn_unchecked<test[aada8e7e76ba119b]::run_test::{closure#1}, ()>::{closure#1}::{closure#0}> as core[a373ad73a504971]::ops::function::FnOnce<()>>::call_once
[INFO] [stdout]                                at /rustc/e3feeb59cd1bdd011a2bfcc0747b55125d9b8527/library/core/src/panic/unwind_safe.rs:275:9
[INFO] [stdout]   37:     0x5f08a57c4512 - std[617be2ca0a6fd877]::panicking::catch_unwind::do_call::<core[a373ad73a504971]::panic::unwind_safe::AssertUnwindSafe<std[617be2ca0a6fd877]::thread::lifecycle::spawn_unchecked<test[aada8e7e76ba119b]::run_test::{closure#1}, ()>::{closure#1}::{closure#0}>, ()>
[INFO] [stdout]                                at /rustc/e3feeb59cd1bdd011a2bfcc0747b55125d9b8527/library/std/src/panicking.rs:573:43
[INFO] [stdout]   38:     0x5f08a57c4512 - std[617be2ca0a6fd877]::panicking::catch_unwind::<(), core[a373ad73a504971]::panic::unwind_safe::AssertUnwindSafe<std[617be2ca0a6fd877]::thread::lifecycle::spawn_unchecked<test[aada8e7e76ba119b]::run_test::{closure#1}, ()>::{closure#1}::{closure#0}>>
[INFO] [stdout]                                at /rustc/e3feeb59cd1bdd011a2bfcc0747b55125d9b8527/library/std/src/panicking.rs:541:19
[INFO] [stdout]   39:     0x5f08a57c4512 - std[617be2ca0a6fd877]::panic::catch_unwind::<core[a373ad73a504971]::panic::unwind_safe::AssertUnwindSafe<std[617be2ca0a6fd877]::thread::lifecycle::spawn_unchecked<test[aada8e7e76ba119b]::run_test::{closure#1}, ()>::{closure#1}::{closure#0}>, ()>
[INFO] [stdout]                                at /rustc/e3feeb59cd1bdd011a2bfcc0747b55125d9b8527/library/std/src/panic.rs:359:14
[INFO] [stdout]   40:     0x5f08a57c4512 - std[617be2ca0a6fd877]::thread::lifecycle::spawn_unchecked::<test[aada8e7e76ba119b]::run_test::{closure#1}, ()>::{closure#1}
[INFO] [stdout]                                at /rustc/e3feeb59cd1bdd011a2bfcc0747b55125d9b8527/library/std/src/thread/lifecycle.rs:68:26
[INFO] [stdout]   41:     0x5f08a57c4512 - <std[617be2ca0a6fd877]::thread::lifecycle::spawn_unchecked<test[aada8e7e76ba119b]::run_test::{closure#1}, ()>::{closure#1} as core[a373ad73a504971]::ops::function::FnOnce<()>>::call_once::{shim:vtable#0}
[INFO] [stdout]                                at /rustc/e3feeb59cd1bdd011a2bfcc0747b55125d9b8527/library/core/src/ops/function.rs:250:5
[INFO] [stdout]   42:     0x5f08a589e05f - <alloc[2e1b2a31b91974c5]::boxed::Box<dyn core[a373ad73a504971]::ops::function::FnOnce<(), Output = ()> + core[a373ad73a504971]::marker::Send> as core[a373ad73a504971]::ops::function::FnOnce<()>>::call_once
[INFO] [stdout]                                at /rustc/e3feeb59cd1bdd011a2bfcc0747b55125d9b8527/library/alloc/src/boxed.rs:2314:9
[INFO] [stdout]   43:     0x5f08a589e05f - <std[617be2ca0a6fd877]::sys::thread::unix::Thread>::new::thread_start
[INFO] [stdout]                                at /rustc/e3feeb59cd1bdd011a2bfcc0747b55125d9b8527/library/std/src/sys/thread/unix.rs:127:17
[INFO] [stdout]   44:     0x71252dd4cdfa - <unknown>
[INFO] [stdout]   45:     0x71252dde03d4 - clone
[INFO] [stdout]   46:                0x0 - <unknown>
[INFO] [stdout] 
[INFO] [stdout] 
[INFO] [stdout] failures:
[INFO] [stdout]     interrupt_reports_state_and_releases_the_lifecycle_lock
[INFO] [stdout] 
[INFO] [stdout] test result: FAILED. 12 passed; 1 failed; 0 ignored; 0 measured; 0 filtered out; finished in 2.83s
[INFO] [stdout] 
[INFO] [stderr] error: test failed, to rerun pass `--test managed_lifecycle`
[INFO] running `Command { std: "docker" "inspect" "8d80152789591e5f89287534d16a81c610a73deaeb4917cfa1cf3fff7b60895f", kill_on_drop: false }`
[INFO] running `Command { std: "docker" "rm" "-f" "8d80152789591e5f89287534d16a81c610a73deaeb4917cfa1cf3fff7b60895f", kill_on_drop: false }`
[INFO] [stdout] 8d80152789591e5f89287534d16a81c610a73deaeb4917cfa1cf3fff7b60895f
