[INFO] cloning repository https://github.com/waterbustech/waterbus-axi
[INFO] running `Command { std: "git" "-c" "credential.helper=" "-c" "credential.helper=/workspace/cargo-home/bin/git-credential-null" "clone" "--bare" "https://github.com/waterbustech/waterbus-axi" "/workspace/cache/git-repos/https%3A%2F%2Fgithub.com%2Fwaterbustech%2Fwaterbus-axi", kill_on_drop: false }`
[INFO] [stderr] Cloning into bare repository '/workspace/cache/git-repos/https%3A%2F%2Fgithub.com%2Fwaterbustech%2Fwaterbus-axi'...
[INFO] running `Command { std: "git" "rev-parse" "HEAD", kill_on_drop: false }`
[INFO] [stdout] e77b43e853a294a6169aabd0907d8b74b5d8f63c
[INFO] testing waterbustech/waterbus-axi against 1.99.0-beta.8 for beta-1.100-2
[INFO] running `Command { std: "git" "clone" "/workspace/cache/git-repos/https%3A%2F%2Fgithub.com%2Fwaterbustech%2Fwaterbus-axi" "/workspace/builds/worker-6-tc1/source", kill_on_drop: false }`
[INFO] [stderr] Cloning into '/workspace/builds/worker-6-tc1/source'...
[INFO] [stderr] done.
[INFO] started tweaking git repo https://github.com/waterbustech/waterbus-axi
[INFO] finished tweaking git repo https://github.com/waterbustech/waterbus-axi
[INFO] tweaked toml for git repo https://github.com/waterbustech/waterbus-axi written to /workspace/builds/worker-6-tc1/source/Cargo.toml
[INFO] validating manifest of git repo https://github.com/waterbustech/waterbus-axi on toolchain 1.99.0-beta.8
[INFO] running `Command { std: CARGO_HOME="/workspace/cargo-home" RUSTUP_HOME="/workspace/rustup-home" "/workspace/cargo-home/bin/cargo" "+1.99.0-beta.8" "metadata" "--manifest-path" "Cargo.toml" "--no-deps", kill_on_drop: false }`
[INFO] crate git repo https://github.com/waterbustech/waterbus-axi already has a lockfile, it will not be regenerated
[INFO] running `Command { std: CARGO_HOME="/workspace/cargo-home" RUSTUP_HOME="/workspace/rustup-home" "/workspace/cargo-home/bin/cargo" "+1.99.0-beta.8" "fetch" "--manifest-path" "Cargo.toml", kill_on_drop: false }`
[INFO] [stderr]     Updating crates.io index
[INFO] [stderr]  Downloading crates ...
[INFO] [stderr]   Downloaded utf8-zero v0.8.1
[INFO] [stderr]   Downloaded ureq-proto v0.6.1
[INFO] [stderr]   Downloaded strum v0.26.3
[INFO] [stderr]   Downloaded instability v0.3.13
[INFO] [stderr]   Downloaded darling_macro v0.24.0
[INFO] [stderr]   Downloaded adler2 v2.0.1
[INFO] [stderr]   Downloaded linked-hash-map v0.5.6
[INFO] [stderr]   Downloaded sha1 v0.11.0
[INFO] [stderr]   Downloaded unicode-truncate v1.1.0
[INFO] [stderr]   Downloaded cpufeatures v0.3.0
[INFO] [stderr]   Downloaded strum_macros v0.26.4
[INFO] [stderr]   Downloaded bincode v1.3.3
[INFO] [stderr]   Downloaded data-encoding v2.11.1
[INFO] [stderr]   Downloaded simd-adler32 v0.3.10
[INFO] [stderr]   Downloaded objc2-io-surface v0.3.2
[INFO] [stderr]   Downloaded either v1.17.0
[INFO] [stderr]   Downloaded chacha20 v0.10.1
[INFO] [stderr]   Downloaded gethostname v1.1.0
[INFO] [stderr]   Downloaded hybrid-array v0.4.14
[INFO] [stderr]   Downloaded yaml-rust v0.4.5
[INFO] [stderr]   Downloaded quick-error v2.0.1
[INFO] [stderr]   Downloaded error-code v3.4.0
[INFO] [stderr]   Downloaded rustls-webpki v0.103.14
[INFO] [stderr]   Downloaded crc32fast v1.5.0
[INFO] [stderr]   Downloaded cookie_store v0.22.0
[INFO] [stderr]   Downloaded base64 v0.23.1
[INFO] [stderr]   Downloaded cookie v0.18.2
[INFO] [stderr]   Downloaded plist v1.10.0
[INFO] [stderr]   Downloaded zune-core v0.5.3
[INFO] [stderr]   Downloaded fax v0.2.7
[INFO] [stderr]   Downloaded fdeflate v0.3.7
[INFO] [stderr]   Downloaded byteorder-lite v0.1.0
[INFO] [stderr]   Downloaded clipboard-win v5.4.1
[INFO] [stderr]   Downloaded ureq v3.4.0
[INFO] [stderr]   Downloaded zerovec-derive v0.11.5
[INFO] [stderr]   Downloaded darling v0.24.0
[INFO] [stderr]   Downloaded objc2-encode v4.1.0
[INFO] [stderr]   Downloaded weezl v0.1.12
[INFO] [stderr]   Downloaded miniz_oxide v0.8.9
[INFO] [stderr]   Downloaded tungstenite v0.30.0
[INFO] [stderr]   Downloaded tui-textarea v0.7.0
[INFO] [stderr]   Downloaded arboard v3.6.1
[INFO] [stderr]   Downloaded dispatch2 v0.3.1
[INFO] [stderr]   Downloaded flate2 v1.1.9
[INFO] [stderr]   Downloaded darling_core v0.24.0
[INFO] [stderr]   Downloaded compact_str v0.8.2
[INFO] [stderr]   Downloaded fancy-regex v0.13.0
[INFO] [stderr]   Downloaded comfy-table v7.2.2
[INFO] [stderr]   Downloaded toon-format v0.5.0
[INFO] [stderr]   Downloaded crossterm v0.28.1
[INFO] [stderr]   Downloaded mio v1.2.2
[INFO] [stderr]   Downloaded objc2-core-graphics v0.3.2
[INFO] [stderr]   Downloaded tiff v0.11.3
[INFO] [stderr]   Downloaded zune-jpeg v0.5.15
[INFO] [stderr]   Downloaded zerovec v0.11.7
[INFO] [stderr]   Downloaded png v0.18.1
[INFO] [stderr]   Downloaded objc2-core-foundation v0.3.2
[INFO] [stderr]   Downloaded moxcms v0.8.1
[INFO] [stderr]   Downloaded x11rb v0.13.2
[INFO] [stderr]   Downloaded unicode-width v0.2.0
[INFO] [stderr]   Downloaded objc2 v0.6.4
[INFO] [stderr]   Downloaded image v0.25.10
[INFO] [stderr]   Downloaded objc2-foundation v0.3.2
[INFO] [stderr]   Downloaded rustix v0.38.44
[INFO] [stderr]   Downloaded bstr v1.13.1
[INFO] [stderr]   Downloaded x11rb-protocol v0.13.2
[INFO] [stderr]   Downloaded ratatui v0.29.0
[INFO] [stderr]   Downloaded objc2-app-kit v0.3.2
[INFO] [stderr]   Downloaded syntect v5.3.0
[INFO] [stderr]   Downloaded pxfm v0.1.30
[INFO] [stderr]   Downloaded tiktoken-rs v0.9.1
[INFO] running `Command { std: "docker" "create" "-v" "/var/lib/crater-agent-workspace/builds/worker-6-tc1/source:/opt/rustwide/workdir:ro,Z" "-v" "/var/lib/crater-agent-workspace/builds/worker-6-tc1/target:/opt/rustwide/target:rw,Z" "-v" "/var/lib/crater-agent-workspace/cargo-home:/opt/rustwide/cargo-home:ro,Z" "-v" "/var/lib/crater-agent-workspace/rustup-home:/opt/rustwide/rustup-home:ro,Z" "-m" "1610612736" "--network" "none" "ghcr.io/rust-lang/crates-build-env/linux@sha256:3111399a4047eeb3a02b7a90e478d715f38a8c6669b5c4b49d30a17385265909" "sleep" "infinity", kill_on_drop: false }`
[INFO] [stdout] 47759aa77737a8a04c0d4ea1db2dac6666adf1ed5b84e024656208b56a0b5e73
[INFO] running `Command { std: "docker" "start" "47759aa77737a8a04c0d4ea1db2dac6666adf1ed5b84e024656208b56a0b5e73", kill_on_drop: false }`
[INFO] running `Command { std: "docker" "inspect" "47759aa77737a8a04c0d4ea1db2dac6666adf1ed5b84e024656208b56a0b5e73", kill_on_drop: false }`
[INFO] running `Command { std: "docker" "exec" "-e" "SOURCE_DIR=/opt/rustwide/workdir" "-e" "CARGO_HOME=/opt/rustwide/cargo-home" "-e" "RUSTUP_HOME=/opt/rustwide/rustup-home" "-e" "CARGO_TARGET_DIR=/opt/rustwide/target" "-w" "/opt/rustwide/workdir" "--user" "0:0" "47759aa77737a8a04c0d4ea1db2dac6666adf1ed5b84e024656208b56a0b5e73" "/opt/rustwide/cargo-home/bin/cargo" "+1.99.0-beta.8" "metadata" "--no-deps" "--format-version=1", kill_on_drop: false }`
[INFO] running `Command { std: "docker" "inspect" "47759aa77737a8a04c0d4ea1db2dac6666adf1ed5b84e024656208b56a0b5e73", kill_on_drop: false }`
[INFO] running `Command { std: "docker" "exec" "-e" "SOURCE_DIR=/opt/rustwide/workdir" "-e" "CARGO_HOME=/opt/rustwide/cargo-home" "-e" "RUSTUP_HOME=/opt/rustwide/rustup-home" "-e" "CARGO_TARGET_DIR=/opt/rustwide/target" "-e" "CARGO_INCREMENTAL=0" "-e" "RUST_BACKTRACE=full" "-e" "RUSTFLAGS=--cap-lints=warn" "-e" "RUSTDOCFLAGS=--cap-lints=warn" "-w" "/opt/rustwide/workdir" "--user" "0:0" "47759aa77737a8a04c0d4ea1db2dac6666adf1ed5b84e024656208b56a0b5e73" "/opt/rustwide/cargo-home/bin/cargo" "+1.99.0-beta.8" "build" "--frozen" "--message-format=json", kill_on_drop: false }`
[INFO] [stderr]    Compiling proc-macro2 v1.0.107
[INFO] [stderr]    Compiling quote v1.0.47
[INFO] [stderr]    Compiling libc v0.2.189
[INFO] [stderr]    Compiling find-msvc-tools v0.1.11
[INFO] [stderr]    Compiling bitflags v2.13.1
[INFO] [stderr]    Compiling memchr v2.8.3
[INFO] [stderr]    Compiling log v0.4.33
[INFO] [stderr]    Compiling serde_core v1.0.229
[INFO] [stderr]    Compiling simd-adler32 v0.3.10
[INFO] [stderr]    Compiling cc v1.4.3
[INFO] [stderr]    Compiling crc32fast v1.5.0
[INFO] [stderr]    Compiling rustversion v1.0.23
[INFO] [stderr]    Compiling smallvec v1.15.2
[INFO] [stderr]    Compiling adler2 v2.0.1
[INFO] [stderr]    Compiling rustix v1.1.4
[INFO] [stderr]    Compiling miniz_oxide v0.8.9
[INFO] [stderr]    Compiling num-traits v0.2.19
[INFO] [stderr]    Compiling ident_case v1.0.1
[INFO] [stderr]    Compiling signal-hook v0.3.18
[INFO] [stderr]    Compiling serde v1.0.229
[INFO] [stderr]    Compiling linux-raw-sys v0.12.1
[INFO] [stderr]    Compiling zeroize v1.9.0
[INFO] [stderr]    Compiling syn v3.0.3
[INFO] [stderr]    Compiling regex-syntax v0.8.11
[INFO] [stderr]    Compiling rustls-pki-types v1.15.1
[INFO] [stderr]    Compiling flate2 v1.1.9
[INFO] [stderr]    Compiling parking_lot_core v0.9.12
[INFO] [stderr]    Compiling errno v0.3.14
[INFO] [stderr]    Compiling ring v0.17.14
[INFO] [stderr]    Compiling parking_lot v0.12.5
[INFO] [stderr]    Compiling signal-hook-registry v1.4.8
[INFO] [stderr]    Compiling aho-corasick v1.1.5
[INFO] [stderr]    Compiling pkg-config v0.3.34
[INFO] [stderr]    Compiling zmij v1.0.23
[INFO] [stderr]    Compiling rustix v0.38.44
[INFO] [stderr]    Compiling typenum v1.20.1
[INFO] [stderr]    Compiling onig_sys v69.9.3
[INFO] [stderr]    Compiling regex-automata v0.4.18
[INFO] [stderr]    Compiling hybrid-array v0.4.14
[INFO] [stderr]    Compiling mio v1.2.2
[INFO] [stderr]    Compiling getrandom v0.2.17
[INFO] [stderr]    Compiling syn v2.0.119
[INFO] [stderr]    Compiling unicode-segmentation v1.13.3
[INFO] [stderr]    Compiling serde_json v1.0.151
[INFO] [stderr]    Compiling linux-raw-sys v0.4.15
[INFO] [stderr]    Compiling instability v0.3.13
[INFO] [stderr]    Compiling either v1.17.0
[INFO] [stderr]    Compiling thiserror v2.0.20
[INFO] [stderr]    Compiling foldhash v0.1.5
[INFO] [stderr]    Compiling allocator-api2 v0.2.21
[INFO] [stderr]    Compiling darling_core v0.24.0
[INFO] [stderr]    Compiling itertools v0.13.0
[INFO] [stderr]    Compiling hashbrown v0.15.5
[INFO] [stderr]    Compiling signal-hook-mio v0.2.5
[INFO] [stderr]    Compiling castaway v0.2.4
[INFO] [stderr]    Compiling serde_derive v1.0.229
[INFO] [stderr]    Compiling thiserror-impl v2.0.20
[INFO] [stderr]    Compiling fdeflate v0.3.7
[INFO] [stderr]    Compiling deranged v0.5.8
[INFO] [stderr]    Compiling strum_macros v0.26.4
[INFO] [stderr]    Compiling anyhow v1.0.104
[INFO] [stderr]    Compiling getrandom v0.4.3
[INFO] [stderr]    Compiling unicode-width v0.2.0
[INFO] [stderr]    Compiling darling_macro v0.24.0
[INFO] [stderr]    Compiling pxfm v0.1.30
[INFO] [stderr]    Compiling indoc v2.0.7
[INFO] [stderr]    Compiling darling v0.24.0
[INFO] [stderr]    Compiling unicode-width v0.1.14
[INFO] [stderr]    Compiling bytes v1.12.1
[INFO] [stderr]    Compiling bit-vec v0.6.3
[INFO] [stderr]    Compiling rustls v0.23.43
[INFO] [stderr]    Compiling time-core v0.1.9
[INFO] [stderr]    Compiling rand_core v0.10.1
[INFO] [stderr]    Compiling cpufeatures v0.3.0
[INFO] [stderr]    Compiling litrs v1.0.0
[INFO] [stderr]    Compiling time v0.3.55
[INFO] [stderr]    Compiling http v1.5.0
[INFO] [stderr]    Compiling document-features v0.2.12
[INFO] [stderr]    Compiling strum v0.26.3
[INFO] [stderr]    Compiling bit-set v0.5.3
[INFO] [stderr]    Compiling unicode-truncate v1.1.0
[INFO] [stderr]    Compiling rustls-webpki v0.103.14
[INFO] [stderr]    Compiling compact_str v0.8.2
[INFO] [stderr]    Compiling png v0.18.1
[INFO] [stderr]    Compiling crossterm v0.28.1
[INFO] [stderr]    Compiling gethostname v1.1.0
[INFO] [stderr]    Compiling lru v0.12.5
[INFO] [stderr]    Compiling crypto-common v0.2.2
[INFO] [stderr]    Compiling block-buffer v0.12.1
[INFO] [stderr]    Compiling webpki-roots v1.0.9
[INFO] [stderr]    Compiling quick-xml v0.41.0
[INFO] [stderr]    Compiling byteorder-lite v0.1.0
[INFO] [stderr]    Compiling moxcms v0.8.1
[INFO] [stderr]    Compiling subtle v2.6.1
[INFO] [stderr]    Compiling x11rb-protocol v0.13.2
[INFO] [stderr]    Compiling linked-hash-map v0.5.6
[INFO] [stderr]    Compiling bytemuck v1.25.2
[INFO] [stderr]    Compiling same-file v1.0.6
[INFO] [stderr]    Compiling cassowary v0.3.0
[INFO] [stderr]    Compiling const-oid v0.10.2
[INFO] [stderr]    Compiling ratatui v0.29.0
[INFO] [stderr]    Compiling walkdir v2.5.0
[INFO] [stderr]    Compiling digest v0.11.3
[INFO] [stderr]    Compiling plist v1.10.0
[INFO] [stderr]    Compiling yaml-rust v0.4.5
[INFO] [stderr]    Compiling clap_builder v4.6.6
[INFO] [stderr]    Compiling onig v6.5.3
[INFO] [stderr]    Compiling bincode v1.3.3
[INFO] [stderr]    Compiling fancy-regex v0.13.0
[INFO] [stderr]    Compiling crossterm v0.29.0
[INFO] [stderr]    Compiling chacha20 v0.10.1
[INFO] [stderr]    Compiling clap_derive v4.6.4
[INFO] [stderr]    Compiling bstr v1.13.1
[INFO] [stderr]    Compiling regex v1.13.1
[INFO] [stderr]    Compiling base64 v0.23.1
[INFO] [stderr]    Compiling rustc-hash v1.1.0
[INFO] [stderr]    Compiling lazy_static v1.5.0
[INFO] [stderr]    Compiling ureq-proto v0.6.1
[INFO] [stderr]    Compiling tiktoken-rs v0.9.1
[INFO] [stderr]    Compiling image v0.25.10
[INFO] [stderr]    Compiling x11rb v0.13.2
[INFO] [stderr]    Compiling clap v4.6.6
[INFO] [stderr]    Compiling syntect v5.3.0
[INFO] [stderr]    Compiling chrono v0.4.45
[INFO] [stderr]    Compiling tui-textarea v0.7.0
[INFO] [stderr]    Compiling rand v0.10.2
[INFO] [stderr]    Compiling comfy-table v7.2.2
[INFO] [stderr]    Compiling sha1 v0.11.0
[INFO] [stderr]    Compiling webpki-roots v0.26.11
[INFO] [stderr]    Compiling utf8-zero v0.8.1
[INFO] [stderr]    Compiling data-encoding v2.11.1
[INFO] [stderr]    Compiling ureq v3.4.0
[INFO] [stderr]    Compiling arboard v3.6.1
[INFO] [stderr]    Compiling tungstenite v0.30.0
[INFO] [stderr]    Compiling toon-format v0.5.0
[INFO] [stderr]    Compiling waterbus-axi v0.1.2 (/opt/rustwide/workdir)
[INFO] [stderr]     Finished `dev` profile [unoptimized + debuginfo] target(s) in 2m 52s
[INFO] running `Command { std: "docker" "inspect" "47759aa77737a8a04c0d4ea1db2dac6666adf1ed5b84e024656208b56a0b5e73", kill_on_drop: false }`
[INFO] running `Command { std: "docker" "exec" "-e" "SOURCE_DIR=/opt/rustwide/workdir" "-e" "CARGO_HOME=/opt/rustwide/cargo-home" "-e" "RUSTUP_HOME=/opt/rustwide/rustup-home" "-e" "CARGO_TARGET_DIR=/opt/rustwide/target" "-e" "CARGO_INCREMENTAL=0" "-e" "RUST_BACKTRACE=full" "-e" "RUSTFLAGS=--cap-lints=warn" "-e" "RUSTDOCFLAGS=--cap-lints=warn" "-w" "/opt/rustwide/workdir" "--user" "0:0" "47759aa77737a8a04c0d4ea1db2dac6666adf1ed5b84e024656208b56a0b5e73" "/opt/rustwide/cargo-home/bin/cargo" "+1.99.0-beta.8" "test" "--frozen" "--no-run" "--message-format=json", kill_on_drop: false }`
[INFO] [stderr]    Compiling rustix v1.1.4
[INFO] [stderr]    Compiling fastrand v2.5.0
[INFO] [stderr]    Compiling gethostname v1.1.0
[INFO] [stderr]    Compiling crossterm v0.29.0
[INFO] [stderr]    Compiling tempfile v3.27.0
[INFO] [stderr]    Compiling x11rb v0.13.2
[INFO] [stderr]    Compiling comfy-table v7.2.2
[INFO] [stderr]    Compiling arboard v3.6.1
[INFO] [stderr]    Compiling toon-format v0.5.0
[INFO] [stderr]    Compiling waterbus-axi v0.1.2 (/opt/rustwide/workdir)
[INFO] [stderr]     Finished `test` profile [unoptimized + debuginfo] target(s) in 18.74s
[INFO] running `Command { std: "docker" "inspect" "47759aa77737a8a04c0d4ea1db2dac6666adf1ed5b84e024656208b56a0b5e73", kill_on_drop: false }`
[INFO] running `Command { std: "docker" "exec" "-e" "SOURCE_DIR=/opt/rustwide/workdir" "-e" "CARGO_HOME=/opt/rustwide/cargo-home" "-e" "RUSTUP_HOME=/opt/rustwide/rustup-home" "-e" "CARGO_TARGET_DIR=/opt/rustwide/target" "-e" "CARGO_INCREMENTAL=0" "-e" "RUST_BACKTRACE=full" "-e" "RUSTFLAGS=--cap-lints=warn" "-e" "RUSTDOCFLAGS=--cap-lints=warn" "-w" "/opt/rustwide/workdir" "--user" "0:0" "47759aa77737a8a04c0d4ea1db2dac6666adf1ed5b84e024656208b56a0b5e73" "/opt/rustwide/cargo-home/bin/cargo" "+1.99.0-beta.8" "test" "--frozen", kill_on_drop: false }`
[INFO] [stderr]     Finished `test` profile [unoptimized + debuginfo] target(s) in 0.40s
[INFO] [stderr]      Running unittests src/main.rs (/opt/rustwide/target/debug/deps/waterbus_axi-d1aa3faf47c88a1e)
[INFO] [stdout] 
[INFO] [stdout] running 128 tests
[INFO] [stdout] test cdp::tests::keeps_page_targets_and_drops_the_rest ... ok
[INFO] [stdout] test chrome::tests::capture_width_follows_the_requested_height_at_16_by_9 ... ok
[INFO] [stdout] test chrome::tests::init_script_pins_capture_above_chromes_two_layer_threshold ... ok
[INFO] [stdout] test chrome::tests::resize_script_targets_the_requested_tile_and_height ... ok
[INFO] [stdout] test chrome::tests::init_script_registers_peer_connections_before_the_app_creates_them ... ok
[INFO] [stdout] test cdp::tests::an_empty_target_list_parses_to_empty_rather_than_erroring ... ok
[INFO] [stdout] test chrome::tests::tile_helpers_address_remote_videos_not_the_local_preview ... ok
[INFO] [stdout] test chrome::tests::toggle_script_sets_display_none_when_hiding_and_clears_it_when_showing ... ok
[INFO] [stdout] test cmd::build::tests::a_binary_newer_than_its_sources_is_fresh ... ok
[INFO] [stdout] test cmd::build::tests::a_binary_older_than_its_sources_is_stale_with_the_gap ... ok
[INFO] [stdout] test cmd::build::tests::a_missing_binary_is_reported_as_never_built ... ok
[INFO] [stdout] test cmd::build::tests::a_workspace_without_sources_leaves_the_binary_fresh ... ok
[INFO] [stdout] test cmd::build::tests::an_unknown_target_resolves_to_nothing_so_the_caller_can_list_options ... ok
[INFO] [stdout] test cmd::build::tests::human_secs_scales_its_unit ... ok
[INFO] [stdout] test cmd::build::tests::service_aliases_resolve_to_the_bin_package_not_the_library_name ... ok
[INFO] [stdout] test cmd::build::tests::the_binary_name_also_resolves_directly ... ok
[INFO] [stdout] test chrome::tests::init_script_quotes_the_identity_safely ... ok
[INFO] [stdout] test chrome::tests::stats_script_collects_both_directions ... ok
[INFO] [stdout] test cmd::media::tests::a_media_check_needs_at_least_two_participants ... ok
[INFO] [stdout] test cmd::observe::tests::an_unknown_topic_is_none_so_the_caller_can_list_the_known_ones ... ok
[INFO] [stdout] test cmd::observe::tests::every_advertised_topic_resolves ... ok
[INFO] [stdout] test cmd::observe::tests::every_topic_has_patterns_so_an_existing_log_can_be_filtered ... ok
[INFO] [stdout] test cmd::build::tests::walk_rs_finds_nested_sources_and_skips_target_and_git ... ok
[INFO] [stdout] test cmd::peer::tests::a_base_url_without_a_placeholder_gets_the_room_path_appended ... ok
[INFO] [stdout] test cmd::peer::tests::a_gap_in_handles_is_reused ... ok
[INFO] [stdout] test cmd::observe::tests::topic_filters_name_the_modules_that_actually_emit_the_lines ... ok
[INFO] [stdout] test cmd::peer::tests::extra_fields_read_from_the_raw_track ... ok
[INFO] [stdout] test cmd::build::tests::walking_a_missing_directory_is_not_an_error ... ok
[INFO] [stdout] test cmd::peer::tests::a_track_without_a_rid_renders_a_placeholder_rather_than_null ... ok
[INFO] [stdout] test cmd::peer::tests::an_unknown_field_is_refused_with_the_available_list ... ok
[INFO] [stdout] test cmd::peer::tests::handles_do_not_collide_with_peers_already_running ... ok
[INFO] [stdout] test cmd::peer::tests::joining_below_720p_is_refused_with_the_reason ... ok
[INFO] [stdout] test cmd::peer::tests::joining_zero_peers_is_refused ... ok
[INFO] [stdout] test cdp::tests::malformed_target_json_is_a_typed_error ... ok
[INFO] [stdout] test cmd::peer::tests::profiles_are_namespaced_per_peer ... ok
[INFO] [stdout] test cmd::peer::tests::free_port_skips_a_bound_one ... ok
[INFO] [stdout] test cmd::peer::tests::selecting_an_unknown_peer_names_the_listing_command ... ok
[INFO] [stdout] test cmd::peer::tests::the_url_template_substitutes_the_room ... ok
[INFO] [stdout] test cmd::room::tests::omitting_with_token_mints_none ... ok
[INFO] [stdout] test cmd::room::tests::an_explicit_capacity_is_passed_through_untouched ... ok
[INFO] [stdout] test cmd::room::tests::an_absent_capacity_is_replaced_rather_than_sent_as_nothing ... ok
[INFO] [stdout] test cmd::setup::tests::a_non_object_settings_file_is_replaced_rather_than_corrupted ... ok
[INFO] [stdout] test cmd::setup::tests::adds_the_session_start_key_when_other_hook_kinds_exist ... ok
[INFO] [stdout] test cmd::setup::tests::installing_twice_changes_nothing_the_second_time ... ok
[INFO] [stdout] test cmd::room::tests::the_default_capacity_exceeds_the_peer_counts_these_flows_use ... ok
[INFO] [stdout] test cmd::room::tests::token_lifetime_has_a_usable_default ... ok
[INFO] [stdout] test cmd::setup::tests::installs_into_an_empty_settings_document ... ok
[INFO] [stdout] test cmd::setup::tests::preserves_hooks_other_tools_installed ... ok
[INFO] [stdout] test cmd::room::tests::with_token_defaults_to_one_and_accepts_a_count ... ok
[INFO] [stdout] test cmd::setup::tests::the_skill_is_compiled_into_the_binary ... ok
[INFO] [stdout] test cmd::stack::tests::dashboard_is_opt_in_so_a_bare_up_stays_minimal ... ok
[INFO] [stdout] test cmd::stack::tests::restarting_one_service_selects_only_that_service ... ok
[INFO] [stdout] test cmd::tests::bare_invocation_has_no_subcommand_so_it_renders_the_home_view ... ok
[INFO] [stdout] test cmd::stack::tests::logs_are_namespaced_per_checkout_so_two_repos_do_not_collide ... ok
[INFO] [stdout] test cmd::stack::tests::an_unowned_listener_reads_as_foreign ... ok
[INFO] [stdout] test cmd::stack::tests::nats_launches_from_path_while_services_launch_from_target_release ... ok
[INFO] [stdout] test cmd::stack::tests::a_free_port_reads_as_down ... ok
[INFO] [stdout] test cmd::stack::tests::restart_rejects_an_unknown_service_with_the_known_list ... ok
[INFO] [stdout] test cmd::tests::cli_definition_is_valid ... ok
[INFO] [stdout] test cmd::tests::unknown_flags_are_rejected ... ok
[INFO] [stdout] test cmd::verify::tests::load_argv_carries_the_scenario_and_omits_absent_options ... ok
[INFO] [stdout] test cmd::tests::global_flags_are_accepted_after_a_subcommand ... ok
[INFO] [stdout] test cmd::verify::tests::mean_and_peak_handle_the_empty_case ... ok
[INFO] [stdout] test cmd::verify::tests::fast_drops_the_slow_gates ... ok
[INFO] [stdout] test cmd::verify::tests::bench_without_a_built_relay_says_what_to_build ... ok
[INFO] [stdout] test cmd::tests::query_and_repo_are_global ... ok
[INFO] [stdout] test cmd::verify::tests::the_gate_chain_follows_the_documented_order ... ok
[INFO] [stdout] test layer::tests::a_stalled_byte_counter_reads_as_paused ... ok
[INFO] [stdout] test cmd::verify::tests::load_argv_passes_quality_and_simulcast_when_asked ... ok
[INFO] [stdout] test cmd::verify::tests::summarise_returns_nothing_when_there_is_no_total ... ok
[INFO] [stdout] test cmd::stack::tests::stack_rows_share_one_key_shape_so_toon_stays_tabular ... ok
[INFO] [stdout] test layer::tests::boundaries_are_stable_either_side ... ok
[INFO] [stdout] test layer::tests::a_track_receiving_no_bytes_is_paused_whatever_its_last_width ... ok
[INFO] [stdout] test layer::tests::classifies_the_nominal_720p_tiers ... ok
[INFO] [stdout] test layer::tests::an_inactive_encoding_reads_as_paused_even_while_bytes_grow ... ok
[INFO] [stdout] test layer::tests::classifies_chromes_intermediate_widths_to_the_nearest_tier ... ok
[INFO] [stdout] test cmd::verify::tests::client_gates_appear_only_when_the_client_does ... ok
[INFO] [stdout] test layer::tests::derives_the_source_width_from_the_widest_video_not_an_assumption ... ok
[INFO] [stdout] test manifest::tests::a_corrupt_manifest_loads_empty_rather_than_failing ... ok
[INFO] [stdout] test layer::tests::classify_all_on_an_empty_set_is_empty_not_a_panic ... ok
[INFO] [stdout] test layer::tests::layers_order_from_paused_up_to_high ... ok
[INFO] [stdout] test layer::tests::zero_dimensions_are_paused_rather_than_a_divide_by_zero ... ok
[INFO] [stdout] test layer::tests::parses_the_page_scripts_compact_stats_array ... ok
[INFO] [stdout] test manifest::tests::an_unoccupied_port_is_free ... ok
[INFO] [stdout] test manifest::tests::entries_are_scoped_per_checkout ... ok
[INFO] [stdout] test manifest::tests::our_pid_on_a_different_port_is_foreign_there ... ok
[INFO] [stdout] test manifest::tests::peers_carry_their_handle_and_room_and_survive_a_round_trip ... ok
[INFO] [stdout] test manifest::tests::reap_drops_dead_entries_only ... ok
[INFO] [stdout] test manifest::tests::a_port_held_by_someone_else_is_never_ours ... ok
[INFO] [stdout] test manifest::tests::a_port_we_started_is_ours ... ok
[INFO] [stdout] test manifest::tests::service_entries_omit_peer_fields_from_disk ... ok
[INFO] [stdout] test out::tests::clip_truncates_with_a_size_hint_unless_full ... ok
[INFO] [stdout] test manifest::tests::round_trips_through_disk ... ok
[INFO] [stdout] test out::tests::help_block_is_appended_for_toon_only ... ok
[INFO] [stdout] test out::tests::short_text_is_untouched ... ok
[INFO] [stdout] test manifest::tests::a_recycled_pid_on_our_port_is_foreign ... ok
[INFO] [stdout] test manifest::tests::add_replaces_an_entry_with_the_same_pid ... ok
[INFO] [stdout] test out::tests::toon_is_smaller_than_json ... ok
[INFO] [stdout] test proc::tests::a_free_port_has_no_occupant_and_is_not_listening ... ok
[INFO] [stdout] test cmd::verify::tests::summarise_picks_the_total_line ... ok
[INFO] [stdout] test layer::tests::rids_match_the_names_used_on_the_wire_and_in_relay_logs ... ok
[INFO] [stdout] test out::tests::query_keeps_matching_lines_and_reports_definitively_when_none_match ... ok
[INFO] [stdout] test proc::tests::shell_quoting_survives_embedded_quotes_and_spaces ... ok
[INFO] [stdout] test proc::tests::have_finds_sh_but_not_a_made_up_program ... ok
[INFO] [stdout] test proc::tests::leaves_clean_text_untouched ... ok
[INFO] [stdout] test proc::tests::tail_returns_the_last_lines_without_ansi ... ok
[INFO] [stdout] test proc::tests::strips_ansi_colour_codes_from_tracing_output ... ok
[INFO] [stdout] test proc::tests::wait_ready_returns_immediately_for_an_open_port ... ok
[INFO] [stdout] test out::tests::toon_renders_tabular_arrays_and_keeps_authored_key_order ... ok
[INFO] [stdout] test repo::tests::a_dependency_cycle_terminates ... ok
[INFO] [stdout] test proc::tests::a_bound_port_is_detected_as_listening ... ok
[INFO] [stdout] test repo::tests::bin_targets_map_binary_names_to_their_real_packages ... ok
[INFO] [stdout] test repo::tests::bin_targets_tolerate_metadata_without_packages ... ok
[INFO] [stdout] test repo::tests::an_unknown_package_yields_no_directories ... ok
[INFO] [stdout] test repo::tests::env_example_is_used_when_env_is_absent ... ok
[INFO] [stdout] test proc::tests::run_captures_status_and_streams ... ok
[INFO] [stdout] test repo::tests::discover_walks_up_to_the_marker_and_fails_definitively_otherwise ... ok
[INFO] [stdout] test repo::tests::nats_is_first_so_dependents_start_after_it ... ok
[INFO] [stdout] test repo::tests::extracts_port_from_a_url ... ok
[INFO] [stdout] test repo::tests::parses_env_ignoring_comments_blanks_quotes_and_export ... ok
[INFO] [stdout] test repo::tests::source_dirs_follow_the_dependency_closure_not_the_whole_workspace ... ok
[INFO] [stdout] test wb::tests::field_accepts_either_spelling ... ok
[INFO] [stdout] test repo::tests::services_take_ports_from_the_checkout_not_from_constants ... ok
[INFO] [stdout] test wb::tests::field_on_a_non_object_is_none_rather_than_a_panic ... ok
[INFO] [stdout] test proc::tests::our_own_pid_is_alive_and_a_bogus_one_is_not ... ok
[INFO] [stdout] test cdp::tests::targets_reports_the_port_when_no_browser_answers ... ok
[INFO] [stdout] test proc::tests::wait_ready_reports_the_service_and_port_on_timeout ... ok
[INFO] [stdout] test proc::tests::spawn_detached_survives_and_can_be_stopped ... FAILED
[INFO] [stdout] 
[INFO] [stdout] failures:
[INFO] [stdout] 
[INFO] [stdout] ---- proc::tests::spawn_detached_survives_and_can_be_stopped stdout ----
[INFO] [stdout] 
[INFO] [stdout] thread 'proc::tests::spawn_detached_survives_and_can_be_stopped' (2682) panicked at src/proc.rs:343:9:
[INFO] [stdout] should stop cleanly
[INFO] [stdout] stack backtrace:
[INFO] [stdout]    0:     0x5dc009e5d1f1 - std[70759c8f55707aa4]::backtrace_rs::backtrace::libunwind::trace
[INFO] [stdout]                                at /rustc/dfb0accb7f508ae8be965d8629557221c889dd98/library/std/src/../../backtrace/src/backtrace/libunwind.rs:117:9
[INFO] [stdout]    1:     0x5dc009e5d1f1 - std[70759c8f55707aa4]::backtrace_rs::backtrace::trace_unsynchronized::<std[70759c8f55707aa4]::sys::backtrace::_print_fmt::{closure#1}>
[INFO] [stdout]                                at /rustc/dfb0accb7f508ae8be965d8629557221c889dd98/library/std/src/../../backtrace/src/backtrace/mod.rs:66:14
[INFO] [stdout]    2:     0x5dc009e5d1f1 - std[70759c8f55707aa4]::sys::backtrace::_print_fmt
[INFO] [stdout]                                at /rustc/dfb0accb7f508ae8be965d8629557221c889dd98/library/std/src/sys/backtrace.rs:74:9
[INFO] [stdout]    3:     0x5dc009e5d1f1 - <<std[70759c8f55707aa4]::sys::backtrace::BacktraceLock>::print::DisplayBacktrace as core[df12db4294e9bfd3]::fmt::Display>::fmt
[INFO] [stdout]                                at /rustc/dfb0accb7f508ae8be965d8629557221c889dd98/library/std/src/sys/backtrace.rs:44:26
[INFO] [stdout]    4:     0x5dc009e74faa - <core[df12db4294e9bfd3]::fmt::rt::Argument>::fmt
[INFO] [stdout]                                at /rustc/dfb0accb7f508ae8be965d8629557221c889dd98/library/core/src/fmt/rt.rs:152:76
[INFO] [stdout]    5:     0x5dc009e74faa - core[df12db4294e9bfd3]::fmt::write
[INFO] [stdout]    6:     0x5dc009e6215c - core[df12db4294e9bfd3]::io::write::default_write_fmt::<alloc[2182bb758b4b3781]::vec::Vec<u8>>
[INFO] [stdout]                                at /rustc/dfb0accb7f508ae8be965d8629557221c889dd98/library/core/src/io/write.rs:402:11
[INFO] [stdout]    7:     0x5dc009e6215c - <alloc[2182bb758b4b3781]::vec::Vec<u8> as core[df12db4294e9bfd3]::io::write::Write>::write_fmt
[INFO] [stdout]                                at /rustc/dfb0accb7f508ae8be965d8629557221c889dd98/library/core/src/io/write.rs:335:13
[INFO] [stdout]    8:     0x5dc009e35836 - <std[70759c8f55707aa4]::sys::backtrace::BacktraceLock>::print
[INFO] [stdout]                                at /rustc/dfb0accb7f508ae8be965d8629557221c889dd98/library/std/src/sys/backtrace.rs:47:9
[INFO] [stdout]    9:     0x5dc009e35836 - std[70759c8f55707aa4]::panicking::default_hook::{closure#0}
[INFO] [stdout]                                at /rustc/dfb0accb7f508ae8be965d8629557221c889dd98/library/std/src/panicking.rs:292:27
[INFO] [stdout]   10:     0x5dc009e541d9 - std[70759c8f55707aa4]::panicking::default_hook
[INFO] [stdout]                                at /rustc/dfb0accb7f508ae8be965d8629557221c889dd98/library/std/src/panicking.rs:316:9
[INFO] [stdout]   11:     0x5dc009a326b0 - <alloc[2182bb758b4b3781]::boxed::Box<dyn for<'a, 'b> core[df12db4294e9bfd3]::ops::function::Fn<(&'a std[70759c8f55707aa4]::panic::PanicHookInfo<'b>,), Output = ()> + core[df12db4294e9bfd3]::marker::Send + core[df12db4294e9bfd3]::marker::Sync> as core[df12db4294e9bfd3]::ops::function::Fn<(&std[70759c8f55707aa4]::panic::PanicHookInfo,)>>::call
[INFO] [stdout]                                at /rustc/dfb0accb7f508ae8be965d8629557221c889dd98/library/alloc/src/boxed.rs:2334:9
[INFO] [stdout]   12:     0x5dc009a326b0 - test[9d35eded1c95d3be]::test_main_inner::<test[9d35eded1c95d3be]::test_main_static::{closure#0}>::{closure#0}
[INFO] [stdout]                                at /rustc/dfb0accb7f508ae8be965d8629557221c889dd98/library/test/src/lib.rs:155:21
[INFO] [stdout]   13:     0x5dc009e54392 - <alloc[2182bb758b4b3781]::boxed::Box<dyn for<'a, 'b> core[df12db4294e9bfd3]::ops::function::Fn<(&'a std[70759c8f55707aa4]::panic::PanicHookInfo<'b>,), Output = ()> + core[df12db4294e9bfd3]::marker::Send + core[df12db4294e9bfd3]::marker::Sync> as core[df12db4294e9bfd3]::ops::function::Fn<(&std[70759c8f55707aa4]::panic::PanicHookInfo,)>>::call
[INFO] [stdout]                                at /rustc/dfb0accb7f508ae8be965d8629557221c889dd98/library/alloc/src/boxed.rs:2334:9
[INFO] [stdout]   14:     0x5dc009e54392 - std[70759c8f55707aa4]::panicking::panic_with_hook
[INFO] [stdout]                                at /rustc/dfb0accb7f508ae8be965d8629557221c889dd98/library/std/src/panicking.rs:823:13
[INFO] [stdout]   15:     0x5dc009e35914 - std[70759c8f55707aa4]::panicking::panic_handler::{closure#0}
[INFO] [stdout]                                at /rustc/dfb0accb7f508ae8be965d8629557221c889dd98/library/std/src/panicking.rs:681:13
[INFO] [stdout]   16:     0x5dc009e2e239 - std[70759c8f55707aa4]::sys::backtrace::__rust_end_short_backtrace::<std[70759c8f55707aa4]::panicking::panic_handler::{closure#0}, !>
[INFO] [stdout]                                at /rustc/dfb0accb7f508ae8be965d8629557221c889dd98/library/std/src/sys/backtrace.rs:182:18
[INFO] [stdout]   17:     0x5dc009e366cd - __rustc[8fa7c3cbc660c2b3]::rust_begin_unwind
[INFO] [stdout]                                at /rustc/dfb0accb7f508ae8be965d8629557221c889dd98/library/std/src/panicking.rs:679:5
[INFO] [stdout]   18:     0x5dc009e7579c - core[df12db4294e9bfd3]::panicking::panic_fmt
[INFO] [stdout]                                at /rustc/dfb0accb7f508ae8be965d8629557221c889dd98/library/core/src/panicking.rs:80:14
[INFO] [stdout]   19:     0x5dc00983b103 - waterbus_axi[2d051227e8ce151a]::proc::tests::spawn_detached_survives_and_can_be_stopped
[INFO] [stdout]                                at /opt/rustwide/workdir/src/proc.rs:343:9
[INFO] [stdout]   20:     0x5dc0098387c7 - waterbus_axi[2d051227e8ce151a]::proc::tests::spawn_detached_survives_and_can_be_stopped::{closure#0}
[INFO] [stdout]                                at /opt/rustwide/workdir/src/proc.rs:330:52
[INFO] [stdout]   21:     0x5dc009850e36 - <waterbus_axi[2d051227e8ce151a]::proc::tests::spawn_detached_survives_and_can_be_stopped::{closure#0} as core[df12db4294e9bfd3]::ops::function::FnOnce<()>>::call_once
[INFO] [stdout]                                at /rustc/dfb0accb7f508ae8be965d8629557221c889dd98/library/core/src/ops/function.rs:250:5
[INFO] [stdout]   22:     0x5dc009a2599b - <fn() -> core[df12db4294e9bfd3]::result::Result<(), alloc[2182bb758b4b3781]::string::String> as core[df12db4294e9bfd3]::ops::function::FnOnce<()>>::call_once
[INFO] [stdout]                                at /rustc/dfb0accb7f508ae8be965d8629557221c889dd98/library/core/src/ops/function.rs:250:5
[INFO] [stdout]   23:     0x5dc009a2599b - test[9d35eded1c95d3be]::__rust_begin_short_backtrace::<core[df12db4294e9bfd3]::result::Result<(), alloc[2182bb758b4b3781]::string::String>, fn() -> core[df12db4294e9bfd3]::result::Result<(), alloc[2182bb758b4b3781]::string::String>>
[INFO] [stdout]                                at /rustc/dfb0accb7f508ae8be965d8629557221c889dd98/library/test/src/lib.rs:733:18
[INFO] [stdout]   24:     0x5dc009a33005 - test[9d35eded1c95d3be]::run_test_in_process::{closure#0}
[INFO] [stdout]                                at /rustc/dfb0accb7f508ae8be965d8629557221c889dd98/library/test/src/lib.rs:756:74
[INFO] [stdout]   25:     0x5dc009a33005 - <core[df12db4294e9bfd3]::panic::unwind_safe::AssertUnwindSafe<test[9d35eded1c95d3be]::run_test_in_process::{closure#0}> as core[df12db4294e9bfd3]::ops::function::FnOnce<()>>::call_once
[INFO] [stdout]                                at /rustc/dfb0accb7f508ae8be965d8629557221c889dd98/library/core/src/panic/unwind_safe.rs:275:9
[INFO] [stdout]   26:     0x5dc009a33005 - std[70759c8f55707aa4]::panicking::catch_unwind::do_call::<core[df12db4294e9bfd3]::panic::unwind_safe::AssertUnwindSafe<test[9d35eded1c95d3be]::run_test_in_process::{closure#0}>, core[df12db4294e9bfd3]::result::Result<(), alloc[2182bb758b4b3781]::string::String>>
[INFO] [stdout]                                at /rustc/dfb0accb7f508ae8be965d8629557221c889dd98/library/std/src/panicking.rs:576:43
[INFO] [stdout]   27:     0x5dc009a33005 - std[70759c8f55707aa4]::panicking::catch_unwind::<core[df12db4294e9bfd3]::result::Result<(), alloc[2182bb758b4b3781]::string::String>, core[df12db4294e9bfd3]::panic::unwind_safe::AssertUnwindSafe<test[9d35eded1c95d3be]::run_test_in_process::{closure#0}>>
[INFO] [stdout]                                at /rustc/dfb0accb7f508ae8be965d8629557221c889dd98/library/std/src/panicking.rs:544:19
[INFO] [stdout]   28:     0x5dc009a33005 - std[70759c8f55707aa4]::panic::catch_unwind::<core[df12db4294e9bfd3]::panic::unwind_safe::AssertUnwindSafe<test[9d35eded1c95d3be]::run_test_in_process::{closure#0}>, core[df12db4294e9bfd3]::result::Result<(), alloc[2182bb758b4b3781]::string::String>>
[INFO] [stdout]                                at /rustc/dfb0accb7f508ae8be965d8629557221c889dd98/library/std/src/panic.rs:359:14
[INFO] [stdout]   29:     0x5dc009a33005 - test[9d35eded1c95d3be]::run_test_in_process
[INFO] [stdout]                                at /rustc/dfb0accb7f508ae8be965d8629557221c889dd98/library/test/src/lib.rs:756:27
[INFO] [stdout]   30:     0x5dc009a33005 - test[9d35eded1c95d3be]::run_test::{closure#0}
[INFO] [stdout]                                at /rustc/dfb0accb7f508ae8be965d8629557221c889dd98/library/test/src/lib.rs:677:43
[INFO] [stdout]   31:     0x5dc009a2c8c4 - test[9d35eded1c95d3be]::run_test::{closure#1}
[INFO] [stdout]                                at /rustc/dfb0accb7f508ae8be965d8629557221c889dd98/library/test/src/lib.rs:707:41
[INFO] [stdout]   32:     0x5dc009a2c8c4 - std[70759c8f55707aa4]::sys::backtrace::__rust_begin_short_backtrace::<test[9d35eded1c95d3be]::run_test::{closure#1}, ()>
[INFO] [stdout]                                at /rustc/dfb0accb7f508ae8be965d8629557221c889dd98/library/std/src/sys/backtrace.rs:166:18
[INFO] [stdout]   33:     0x5dc009a36162 - std[70759c8f55707aa4]::thread::lifecycle::spawn_unchecked::<test[9d35eded1c95d3be]::run_test::{closure#1}, ()>::{closure#1}::{closure#0}
[INFO] [stdout]                                at /rustc/dfb0accb7f508ae8be965d8629557221c889dd98/library/std/src/thread/lifecycle.rs:70:13
[INFO] [stdout]   34:     0x5dc009a36162 - <core[df12db4294e9bfd3]::panic::unwind_safe::AssertUnwindSafe<std[70759c8f55707aa4]::thread::lifecycle::spawn_unchecked<test[9d35eded1c95d3be]::run_test::{closure#1}, ()>::{closure#1}::{closure#0}> as core[df12db4294e9bfd3]::ops::function::FnOnce<()>>::call_once
[INFO] [stdout]                                at /rustc/dfb0accb7f508ae8be965d8629557221c889dd98/library/core/src/panic/unwind_safe.rs:275:9
[INFO] [stdout]   35:     0x5dc009a36162 - std[70759c8f55707aa4]::panicking::catch_unwind::do_call::<core[df12db4294e9bfd3]::panic::unwind_safe::AssertUnwindSafe<std[70759c8f55707aa4]::thread::lifecycle::spawn_unchecked<test[9d35eded1c95d3be]::run_test::{closure#1}, ()>::{closure#1}::{closure#0}>, ()>
[INFO] [stdout]                                at /rustc/dfb0accb7f508ae8be965d8629557221c889dd98/library/std/src/panicking.rs:576:43
[INFO] [stdout]   36:     0x5dc009a36162 - std[70759c8f55707aa4]::panicking::catch_unwind::<(), core[df12db4294e9bfd3]::panic::unwind_safe::AssertUnwindSafe<std[70759c8f55707aa4]::thread::lifecycle::spawn_unchecked<test[9d35eded1c95d3be]::run_test::{closure#1}, ()>::{closure#1}::{closure#0}>>
[INFO] [stdout]                                at /rustc/dfb0accb7f508ae8be965d8629557221c889dd98/library/std/src/panicking.rs:544:19
[INFO] [stdout]   37:     0x5dc009a36162 - std[70759c8f55707aa4]::panic::catch_unwind::<core[df12db4294e9bfd3]::panic::unwind_safe::AssertUnwindSafe<std[70759c8f55707aa4]::thread::lifecycle::spawn_unchecked<test[9d35eded1c95d3be]::run_test::{closure#1}, ()>::{closure#1}::{closure#0}>, ()>
[INFO] [stdout]                                at /rustc/dfb0accb7f508ae8be965d8629557221c889dd98/library/std/src/panic.rs:359:14
[INFO] [stdout]   38:     0x5dc009a36162 - std[70759c8f55707aa4]::thread::lifecycle::spawn_unchecked::<test[9d35eded1c95d3be]::run_test::{closure#1}, ()>::{closure#1}
[INFO] [stdout]                                at /rustc/dfb0accb7f508ae8be965d8629557221c889dd98/library/std/src/thread/lifecycle.rs:68:26
[INFO] [stdout]   39:     0x5dc009a36162 - <std[70759c8f55707aa4]::thread::lifecycle::spawn_unchecked<test[9d35eded1c95d3be]::run_test::{closure#1}, ()>::{closure#1} as core[df12db4294e9bfd3]::ops::function::FnOnce<()>>::call_once::{shim:vtable#0}
[INFO] [stdout]                                at /rustc/dfb0accb7f508ae8be965d8629557221c889dd98/library/core/src/ops/function.rs:250:5
[INFO] [stdout]   40:     0x5dc009e5bdf9 - <alloc[2182bb758b4b3781]::boxed::Box<dyn core[df12db4294e9bfd3]::ops::function::FnOnce<(), Output = ()> + core[df12db4294e9bfd3]::marker::Send> as core[df12db4294e9bfd3]::ops::function::FnOnce<()>>::call_once
[INFO] [stdout]                                at /rustc/dfb0accb7f508ae8be965d8629557221c889dd98/library/alloc/src/boxed.rs:2320:9
[INFO] [stdout]   41:     0x5dc009e5bdf9 - <std[70759c8f55707aa4]::sys::thread::unix::Thread>::new::thread_start
[INFO] [stdout]                                at /rustc/dfb0accb7f508ae8be965d8629557221c889dd98/library/std/src/sys/thread/unix.rs:123:17
[INFO] [stdout]   42:     0x731a3ebbedfa - <unknown>
[INFO] [stdout]   43:     0x731a3ec523d4 - clone
[INFO] [stdout]   44:                0x0 - <unknown>
[INFO] [stdout] 
[INFO] [stdout] 
[INFO] [stdout] failures:
[INFO] [stdout]     proc::tests::spawn_detached_survives_and_can_be_stopped
[INFO] [stdout] 
[INFO] [stdout] test result: FAILED. 127 passed; 1 failed; 0 ignored; 0 measured; 0 filtered out; finished in 2.25s
[INFO] [stdout] 
[INFO] [stderr] error: test failed, to rerun pass `--bin waterbus-axi`
[INFO] running `Command { std: "docker" "inspect" "47759aa77737a8a04c0d4ea1db2dac6666adf1ed5b84e024656208b56a0b5e73", kill_on_drop: false }`
[INFO] running `Command { std: "docker" "rm" "-f" "47759aa77737a8a04c0d4ea1db2dac6666adf1ed5b84e024656208b56a0b5e73", kill_on_drop: false }`
[INFO] [stdout] 47759aa77737a8a04c0d4ea1db2dac6666adf1ed5b84e024656208b56a0b5e73
