[INFO] cloning repository https://github.com/triesap/eqm
[INFO] running `Command { std: "git" "-c" "credential.helper=" "-c" "credential.helper=/workspace/cargo-home/bin/git-credential-null" "clone" "--bare" "https://github.com/triesap/eqm" "/workspace/cache/git-repos/https%3A%2F%2Fgithub.com%2Ftriesap%2Feqm", kill_on_drop: false }`
[INFO] [stderr] Cloning into bare repository '/workspace/cache/git-repos/https%3A%2F%2Fgithub.com%2Ftriesap%2Feqm'...
[INFO] running `Command { std: "git" "rev-parse" "HEAD", kill_on_drop: false }`
[INFO] [stdout] 7c8293837c09c627489cdf244a2fbd97b60aa8ed
[INFO] testing triesap/eqm against 1.99.0-beta.8 for beta-1.100-2
[INFO] running `Command { std: "git" "clone" "/workspace/cache/git-repos/https%3A%2F%2Fgithub.com%2Ftriesap%2Feqm" "/workspace/builds/worker-0-tc1/source", kill_on_drop: false }`
[INFO] [stderr] Cloning into '/workspace/builds/worker-0-tc1/source'...
[INFO] [stderr] done.
[INFO] removed /workspace/builds/worker-0-tc1/source/.cargo/config.toml
[INFO] removed /workspace/builds/worker-0-tc1/source/rust-toolchain.toml
[INFO] started tweaking git repo https://github.com/triesap/eqm
[INFO] finished tweaking git repo https://github.com/triesap/eqm
[INFO] tweaked toml for git repo https://github.com/triesap/eqm written to /workspace/builds/worker-0-tc1/source/Cargo.toml
[INFO] validating manifest of git repo https://github.com/triesap/eqm on toolchain 1.99.0-beta.8
[INFO] running `Command { std: CARGO_HOME="/workspace/cargo-home" RUSTUP_HOME="/workspace/rustup-home" "/workspace/cargo-home/bin/cargo" "+1.99.0-beta.8" "metadata" "--manifest-path" "Cargo.toml" "--no-deps", kill_on_drop: false }`
[INFO] crate git repo https://github.com/triesap/eqm already has a lockfile, it will not be regenerated
[INFO] running `Command { std: CARGO_HOME="/workspace/cargo-home" RUSTUP_HOME="/workspace/rustup-home" "/workspace/cargo-home/bin/cargo" "+1.99.0-beta.8" "fetch" "--manifest-path" "Cargo.toml", kill_on_drop: false }`
[INFO] [stderr]     Updating crates.io index
[INFO] [stderr]  Downloading crates ...
[INFO] [stderr]   Downloaded tar v0.4.46
[INFO] [stderr]   Downloaded serde_json_canonicalizer v0.3.2
[INFO] [stderr]   Downloaded ref-cast v1.0.26
[INFO] [stderr]   Downloaded ref-cast-impl v1.0.26
[INFO] [stderr]   Downloaded schemars_derive v1.2.2
[INFO] [stderr]   Downloaded ryu-js v1.0.3
[INFO] [stderr]   Downloaded serde_derive_internals v0.30.0
[INFO] [stderr]   Downloaded globset v0.4.19
[INFO] [stderr]   Downloaded schemars v1.2.2
[INFO] [stderr]   Downloaded flate2 v1.1.5
[INFO] [stderr]   Downloaded toml v1.1.4+spec-1.1.0
[INFO] [stderr]   Downloaded bstr v1.13.0
[INFO] running `Command { std: "docker" "create" "-v" "/var/lib/crater-agent-workspace/builds/worker-0-tc1/source:/opt/rustwide/workdir:ro,Z" "-v" "/var/lib/crater-agent-workspace/builds/worker-0-tc1/target:/opt/rustwide/target:rw,Z" "-v" "/var/lib/crater-agent-workspace/cargo-home:/opt/rustwide/cargo-home:ro,Z" "-v" "/var/lib/crater-agent-workspace/rustup-home:/opt/rustwide/rustup-home:ro,Z" "-m" "1610612736" "--network" "none" "ghcr.io/rust-lang/crates-build-env/linux@sha256:3111399a4047eeb3a02b7a90e478d715f38a8c6669b5c4b49d30a17385265909" "sleep" "infinity", kill_on_drop: false }`
[INFO] [stdout] 94d593f0917547d459a1e134963da033109e32dbb36464a1c08b9082406df4cb
[INFO] running `Command { std: "docker" "start" "94d593f0917547d459a1e134963da033109e32dbb36464a1c08b9082406df4cb", kill_on_drop: false }`
[INFO] running `Command { std: "docker" "inspect" "94d593f0917547d459a1e134963da033109e32dbb36464a1c08b9082406df4cb", kill_on_drop: false }`
[INFO] running `Command { std: "docker" "exec" "-e" "SOURCE_DIR=/opt/rustwide/workdir" "-e" "CARGO_HOME=/opt/rustwide/cargo-home" "-e" "RUSTUP_HOME=/opt/rustwide/rustup-home" "-e" "CARGO_TARGET_DIR=/opt/rustwide/target" "-w" "/opt/rustwide/workdir" "--user" "0:0" "94d593f0917547d459a1e134963da033109e32dbb36464a1c08b9082406df4cb" "/opt/rustwide/cargo-home/bin/cargo" "+1.99.0-beta.8" "metadata" "--no-deps" "--format-version=1", kill_on_drop: false }`
[INFO] running `Command { std: "docker" "inspect" "94d593f0917547d459a1e134963da033109e32dbb36464a1c08b9082406df4cb", kill_on_drop: false }`
[INFO] running `Command { std: "docker" "exec" "-e" "SOURCE_DIR=/opt/rustwide/workdir" "-e" "CARGO_HOME=/opt/rustwide/cargo-home" "-e" "RUSTUP_HOME=/opt/rustwide/rustup-home" "-e" "CARGO_TARGET_DIR=/opt/rustwide/target" "-e" "CARGO_INCREMENTAL=0" "-e" "RUST_BACKTRACE=full" "-e" "RUSTFLAGS=--cap-lints=warn" "-e" "RUSTDOCFLAGS=--cap-lints=warn" "-w" "/opt/rustwide/workdir" "--user" "0:0" "94d593f0917547d459a1e134963da033109e32dbb36464a1c08b9082406df4cb" "/opt/rustwide/cargo-home/bin/cargo" "+1.99.0-beta.8" "build" "--frozen" "--message-format=json", kill_on_drop: false }`
[INFO] [stderr]    Compiling proc-macro2 v1.0.107
[INFO] [stderr]    Compiling serde_core v1.0.228
[INFO] [stderr]    Compiling serde_json v1.0.145
[INFO] [stderr]    Compiling libc v0.2.189
[INFO] [stderr]    Compiling serde v1.0.228
[INFO] [stderr]    Compiling bitflags v2.13.1
[INFO] [stderr]    Compiling num-traits v0.2.19
[INFO] [stderr]    Compiling tinyvec v1.12.0
[INFO] [stderr]    Compiling ref-cast v1.0.26
[INFO] [stderr]    Compiling getrandom v0.4.3
[INFO] [stderr]    Compiling ryu-js v1.0.3
[INFO] [stderr]    Compiling dyn-clone v1.0.20
[INFO] [stderr]    Compiling once_cell v1.21.4
[INFO] [stderr]    Compiling fastrand v2.5.0
[INFO] [stderr]    Compiling winnow v1.0.4
[INFO] [stderr]    Compiling digest v0.10.7
[INFO] [stderr]    Compiling aho-corasick v1.1.5
[INFO] [stderr]    Compiling toml_writer v1.1.2+spec-1.1.0
[INFO] [stderr]    Compiling regex-syntax v0.8.11
[INFO] [stderr]    Compiling bstr v1.13.0
[INFO] [stderr]    Compiling log v0.4.33
[INFO] [stderr]    Compiling simd-adler32 v0.3.10
[INFO] [stderr]    Compiling rustix v1.1.4
[INFO] [stderr]    Compiling sha2 v0.10.9
[INFO] [stderr]    Compiling unicode-normalization v0.1.24
[INFO] [stderr]    Compiling miniz_oxide v0.8.9
[INFO] [stderr]    Compiling quote v1.0.47
[INFO] [stderr]    Compiling syn v3.0.3
[INFO] [stderr]    Compiling syn v2.0.119
[INFO] [stderr]    Compiling flate2 v1.1.5
[INFO] [stderr]    Compiling chrono v0.4.42
[INFO] [stderr]    Compiling toml_parser v1.1.3+spec-1.1.0
[INFO] [stderr]    Compiling regex-automata v0.4.18
[INFO] [stderr]    Compiling filetime v0.2.29
[INFO] [stderr]    Compiling tempfile v3.27.0
[INFO] [stderr]    Compiling xattr v1.6.1
[INFO] [stderr]    Compiling tar v0.4.46
[INFO] [stderr]    Compiling serde_derive_internals v0.30.0
[INFO] [stderr]    Compiling eqm_domain v0.1.0 (/opt/rustwide/workdir/crates/eqm_domain)
[INFO] [stderr]    Compiling ref-cast-impl v1.0.26
[INFO] [stderr]    Compiling schemars_derive v1.2.2
[INFO] [stderr]    Compiling serde_derive v1.0.228
[INFO] [stderr]    Compiling toml_datetime v1.1.1+spec-1.1.0
[INFO] [stderr]    Compiling serde_spanned v1.1.1
[INFO] [stderr]    Compiling toml_edit v0.25.13+spec-1.1.0
[INFO] [stderr]    Compiling toml v1.1.4+spec-1.1.0
[INFO] [stderr]    Compiling globset v0.4.19
[INFO] [stderr]    Compiling eqm_engine v0.1.0 (/opt/rustwide/workdir/crates/eqm_engine)
[INFO] [stderr]    Compiling xtask v0.0.0 (/opt/rustwide/workdir/tools/xtask)
[INFO] [stderr]    Compiling schemars v1.2.2
[INFO] [stderr]    Compiling serde_json_canonicalizer v0.3.2
[INFO] [stderr]    Compiling eqm_protocol v0.1.0 (/opt/rustwide/workdir/crates/eqm_protocol)
[INFO] [stderr]    Compiling eqm_manifest v0.1.0 (/opt/rustwide/workdir/crates/eqm_manifest)
[INFO] [stderr]    Compiling eqm_runner v0.1.0 (/opt/rustwide/workdir/crates/eqm_runner)
[INFO] [stderr]    Compiling eqm_mcp v0.1.0 (/opt/rustwide/workdir/crates/eqm_mcp)
[INFO] [stderr]    Compiling eqm_test_support v0.1.0 (/opt/rustwide/workdir/crates/eqm_test_support)
[INFO] [stderr]    Compiling eqm-benchmarks v0.0.0 (/opt/rustwide/workdir/tools/benchmarks)
[INFO] [stderr]    Compiling eqm v0.1.0 (/opt/rustwide/workdir/crates/eqm_cli)
[INFO] [stderr]     Finished `dev` profile [unoptimized + debuginfo] target(s) in 49.79s
[INFO] running `Command { std: "docker" "inspect" "94d593f0917547d459a1e134963da033109e32dbb36464a1c08b9082406df4cb", kill_on_drop: false }`
[INFO] running `Command { std: "docker" "exec" "-e" "SOURCE_DIR=/opt/rustwide/workdir" "-e" "CARGO_HOME=/opt/rustwide/cargo-home" "-e" "RUSTUP_HOME=/opt/rustwide/rustup-home" "-e" "CARGO_TARGET_DIR=/opt/rustwide/target" "-e" "CARGO_INCREMENTAL=0" "-e" "RUST_BACKTRACE=full" "-e" "RUSTFLAGS=--cap-lints=warn" "-e" "RUSTDOCFLAGS=--cap-lints=warn" "-w" "/opt/rustwide/workdir" "--user" "0:0" "94d593f0917547d459a1e134963da033109e32dbb36464a1c08b9082406df4cb" "/opt/rustwide/cargo-home/bin/cargo" "+1.99.0-beta.8" "test" "--frozen" "--no-run" "--message-format=json", kill_on_drop: false }`
[INFO] [stderr]    Compiling xtask v0.0.0 (/opt/rustwide/workdir/tools/xtask)
[INFO] [stderr]    Compiling eqm_domain v0.1.0 (/opt/rustwide/workdir/crates/eqm_domain)
[INFO] [stderr]    Compiling eqm_manifest v0.1.0 (/opt/rustwide/workdir/crates/eqm_manifest)
[INFO] [stderr]    Compiling eqm_protocol v0.1.0 (/opt/rustwide/workdir/crates/eqm_protocol)
[INFO] [stderr]    Compiling eqm_runner v0.1.0 (/opt/rustwide/workdir/crates/eqm_runner)
[INFO] [stderr]    Compiling eqm_engine v0.1.0 (/opt/rustwide/workdir/crates/eqm_engine)
[INFO] [stderr]    Compiling eqm-benchmarks v0.0.0 (/opt/rustwide/workdir/tools/benchmarks)
[INFO] [stderr]    Compiling eqm v0.1.0 (/opt/rustwide/workdir/crates/eqm_cli)
[INFO] [stderr]    Compiling eqm_mcp v0.1.0 (/opt/rustwide/workdir/crates/eqm_mcp)
[INFO] [stderr]    Compiling eqm_test_support v0.1.0 (/opt/rustwide/workdir/crates/eqm_test_support)
[INFO] [stderr]     Finished `test` profile [unoptimized + debuginfo] target(s) in 36.19s
[INFO] running `Command { std: "docker" "inspect" "94d593f0917547d459a1e134963da033109e32dbb36464a1c08b9082406df4cb", kill_on_drop: false }`
[INFO] running `Command { std: "docker" "exec" "-e" "SOURCE_DIR=/opt/rustwide/workdir" "-e" "CARGO_HOME=/opt/rustwide/cargo-home" "-e" "RUSTUP_HOME=/opt/rustwide/rustup-home" "-e" "CARGO_TARGET_DIR=/opt/rustwide/target" "-e" "CARGO_INCREMENTAL=0" "-e" "RUST_BACKTRACE=full" "-e" "RUSTFLAGS=--cap-lints=warn" "-e" "RUSTDOCFLAGS=--cap-lints=warn" "-w" "/opt/rustwide/workdir" "--user" "0:0" "94d593f0917547d459a1e134963da033109e32dbb36464a1c08b9082406df4cb" "/opt/rustwide/cargo-home/bin/cargo" "+1.99.0-beta.8" "test" "--frozen", kill_on_drop: false }`
[INFO] [stderr]     Finished `test` profile [unoptimized + debuginfo] target(s) in 0.15s
[INFO] [stderr]      Running unittests src/main.rs (/opt/rustwide/target/debug/deps/eqm-b40736e6a70d5a23)
[INFO] [stdout] 
[INFO] [stdout] running 39 tests
[INFO] [stdout] test cli::tests::every_command_and_nested_identity_parses ... ok
[INFO] [stdout] test cli::tests::global_options_work_before_and_after_commands ... ok
[INFO] [stdout] test cli::tests::usage_errors_precede_session_preparation ... ok
[INFO] [stdout] test commands::discover::tests::invocation_id_uses_all_injected_128_random_bits ... ok
[INFO] [stdout] test commands::init_new::tests::every_new_kind_has_current_schema_without_placeholder_digests ... ok
[INFO] [stdout] test commands::lock::tests::exact_local_grammar_rejects_floating_and_renders_in_key_order ... ok
[INFO] [stdout] test commands::explain::tests::every_registered_code_is_explainable_and_unknown_is_usage ... ok
[INFO] [stdout] test commands::doctor::tests::healthy_repository_is_inspected_without_execution ... FAILED
[INFO] [stdout] test commands::matrix::tests::all_matrix_views_are_complete_and_filters_are_exact ... FAILED
[INFO] [stdout] test commands::check::tests::check_is_nonexecuting_and_reports_stable_missing_obligations ... FAILED
[INFO] [stdout] test commands::mcp::tests::stdio_handshake_lists_and_calls_are_json_only ... FAILED
[INFO] [stdout] test commands::doctor::tests::legacy_and_generated_symlink_checks_fail_closed ... ok
[INFO] [stdout] test commands::release_check::tests::claims_are_capped_by_independent_authority ... ok
[INFO] [stdout] test commands::release_check::tests::facet_aggregation_preserves_terminal_and_ambiguous_outcomes ... ok
[INFO] [stdout] test commands::attest::tests::result_digest_validation_rejects_tampering ... FAILED
[INFO] [stdout] test commands::reconcile::tests::declarations_reconcile_without_implicit_discovery ... FAILED
[INFO] [stdout] test commands::context::tests::context_is_bounded_trust_labeled_and_nonexecuting ... FAILED
[INFO] [stdout] test commands::obligations::tests::missing_and_noncurrent_status_filters_are_stable ... FAILED
[INFO] [stdout] test commands::release_check::tests::malformed_release_record_fails_before_gate_evaluation ... FAILED
[INFO] [stdout] test commands::show::tests::every_approved_kind_is_exact_source_located_and_missing_is_typed ... FAILED
[INFO] [stdout] test renderer::tests::every_representation_is_one_deterministic_document ... ok
[INFO] [stdout] test renderer::tests::progress_logs_and_color_obey_output_channels ... ok
[INFO] [stdout] test commands::mcp::tests::verify_is_default_denied_and_explicit_authority_is_audited ... FAILED
[INFO] [stdout] test commands::locate::tests::signup_locations_are_sorted_source_linked_and_missing_is_typed ... FAILED
[INFO] [stdout] test commands::mcp::tests::every_read_tool_reuses_cli_envelopes_without_writes ... FAILED
[INFO] [stdout] test commands::verify::tests::dry_run_returns_an_exact_plan_without_execution_or_writes ... FAILED
[INFO] [stdout] test commands::validate::tests::valid_and_invalid_workspaces_return_exact_categories_without_writes ... FAILED
[INFO] [stdout] test commands::diff::tests::exact_path_and_digest_baselines_are_unchanged_and_floating_is_rejected ... FAILED
[INFO] [stdout] test renderer::tests::explicit_output_is_atomic_and_leaves_stdout_empty ... ok
[INFO] [stdout] test session::tests::finalized_cli_session_is_borrowed_without_reloading_for_mcp ... FAILED
[INFO] [stdout] test commands::init_new::tests::init_dry_run_and_write_are_current_collision_safe_and_valid ... ok
[INFO] [stdout] test commands::fmt::tests::check_dry_run_write_and_idempotence_preserve_comments ... ok
[INFO] [stdout] test commands::init_new::tests::new_supports_dry_run_collision_checks_and_failure_rollback ... ok
[INFO] [stdout] test commands::affected::tests::git_acquisition_includes_dirty_and_untracked_paths ... ok
[INFO] [stdout] test commands::attest::tests::unsigned_statement_binds_exact_evidence_and_workspace ... ok
[INFO] [stdout] test commands::verify::tests::fake_runner_writes_one_valid_immutable_result ... ok
[INFO] [stdout] test commands::discover::tests::fake_adapter_is_invoked_only_through_its_exact_local_pin ... ok
[INFO] [stdout] test commands::release_check::tests::parsed_release_cli_exercises_pass_fail_and_unknown_with_exact_inputs ... ok
[INFO] [stderr] error: test failed, to rerun pass `-p eqm --bin eqm`
[INFO] [stdout] test renderer::tests::reviewed_signup_goldens_cover_the_public_surface_and_are_byte_stable ... ok
[INFO] [stdout] 
[INFO] [stdout] failures:
[INFO] [stdout] 
[INFO] [stdout] ---- commands::doctor::tests::healthy_repository_is_inspected_without_execution stdout ----
[INFO] [stdout] Error: Os { code: 2, kind: NotFound, message: "No such file or directory" }
[INFO] [stdout] 
[INFO] [stdout] ---- commands::matrix::tests::all_matrix_views_are_complete_and_filters_are_exact stdout ----
[INFO] [stdout] Error: Os { code: 2, kind: NotFound, message: "No such file or directory" }
[INFO] [stdout] 
[INFO] [stdout] ---- commands::check::tests::check_is_nonexecuting_and_reports_stable_missing_obligations stdout ----
[INFO] [stdout] Error: Os { code: 2, kind: NotFound, message: "No such file or directory" }
[INFO] [stdout] 
[INFO] [stdout] ---- commands::mcp::tests::stdio_handshake_lists_and_calls_are_json_only stdout ----
[INFO] [stdout] Error: Os { code: 2, kind: NotFound, message: "No such file or directory" }
[INFO] [stdout] 
[INFO] [stdout] ---- commands::attest::tests::result_digest_validation_rejects_tampering stdout ----
[INFO] [stdout] Error: Os { code: 2, kind: NotFound, message: "No such file or directory" }
[INFO] [stdout] 
[INFO] [stdout] ---- commands::reconcile::tests::declarations_reconcile_without_implicit_discovery stdout ----
[INFO] [stdout] Error: Os { code: 2, kind: NotFound, message: "No such file or directory" }
[INFO] [stdout] 
[INFO] [stdout] ---- commands::context::tests::context_is_bounded_trust_labeled_and_nonexecuting stdout ----
[INFO] [stdout] Error: Os { code: 2, kind: NotFound, message: "No such file or directory" }
[INFO] [stdout] 
[INFO] [stdout] ---- commands::obligations::tests::missing_and_noncurrent_status_filters_are_stable stdout ----
[INFO] [stdout] Error: Os { code: 2, kind: NotFound, message: "No such file or directory" }
[INFO] [stdout] 
[INFO] [stdout] ---- commands::release_check::tests::malformed_release_record_fails_before_gate_evaluation stdout ----
[INFO] [stdout] Error: Os { code: 2, kind: NotFound, message: "No such file or directory" }
[INFO] [stdout] 
[INFO] [stdout] ---- commands::show::tests::every_approved_kind_is_exact_source_located_and_missing_is_typed stdout ----
[INFO] [stdout] Error: Os { code: 2, kind: NotFound, message: "No such file or directory" }
[INFO] [stdout] 
[INFO] [stdout] ---- commands::mcp::tests::verify_is_default_denied_and_explicit_authority_is_audited stdout ----
[INFO] [stdout] Error: Os { code: 2, kind: NotFound, message: "No such file or directory" }
[INFO] [stdout] 
[INFO] [stdout] ---- commands::locate::tests::signup_locations_are_sorted_source_linked_and_missing_is_typed stdout ----
[INFO] [stdout] Error: Os { code: 2, kind: NotFound, message: "No such file or directory" }
[INFO] [stdout] 
[INFO] [stdout] ---- commands::mcp::tests::every_read_tool_reuses_cli_envelopes_without_writes stdout ----
[INFO] [stdout] Error: Os { code: 2, kind: NotFound, message: "No such file or directory" }
[INFO] [stdout] 
[INFO] [stdout] ---- commands::verify::tests::dry_run_returns_an_exact_plan_without_execution_or_writes stdout ----
[INFO] [stdout] Error: Os { code: 2, kind: NotFound, message: "No such file or directory" }
[INFO] [stdout] 
[INFO] [stdout] ---- commands::validate::tests::valid_and_invalid_workspaces_return_exact_categories_without_writes stdout ----
[INFO] [stdout] Error: Os { code: 2, kind: NotFound, message: "No such file or directory" }
[INFO] [stdout] 
[INFO] [stdout] ---- commands::diff::tests::exact_path_and_digest_baselines_are_unchanged_and_floating_is_rejected stdout ----
[INFO] [stdout] Error: Os { code: 2, kind: NotFound, message: "No such file or directory" }
[INFO] [stdout] 
[INFO] [stdout] ---- session::tests::finalized_cli_session_is_borrowed_without_reloading_for_mcp stdout ----
[INFO] [stdout] Error: Os { code: 2, kind: NotFound, message: "No such file or directory" }
[INFO] [stdout] 
[INFO] [stdout] 
[INFO] [stdout] failures:
[INFO] [stdout]     commands::attest::tests::result_digest_validation_rejects_tampering
[INFO] [stdout]     commands::check::tests::check_is_nonexecuting_and_reports_stable_missing_obligations
[INFO] [stdout]     commands::context::tests::context_is_bounded_trust_labeled_and_nonexecuting
[INFO] [stdout]     commands::diff::tests::exact_path_and_digest_baselines_are_unchanged_and_floating_is_rejected
[INFO] [stdout]     commands::doctor::tests::healthy_repository_is_inspected_without_execution
[INFO] [stdout]     commands::locate::tests::signup_locations_are_sorted_source_linked_and_missing_is_typed
[INFO] [stdout]     commands::matrix::tests::all_matrix_views_are_complete_and_filters_are_exact
[INFO] [stdout]     commands::mcp::tests::every_read_tool_reuses_cli_envelopes_without_writes
[INFO] [stdout]     commands::mcp::tests::stdio_handshake_lists_and_calls_are_json_only
[INFO] [stdout]     commands::mcp::tests::verify_is_default_denied_and_explicit_authority_is_audited
[INFO] [stdout]     commands::obligations::tests::missing_and_noncurrent_status_filters_are_stable
[INFO] [stdout]     commands::reconcile::tests::declarations_reconcile_without_implicit_discovery
[INFO] [stdout]     commands::release_check::tests::malformed_release_record_fails_before_gate_evaluation
[INFO] [stdout]     commands::show::tests::every_approved_kind_is_exact_source_located_and_missing_is_typed
[INFO] [stdout]     commands::validate::tests::valid_and_invalid_workspaces_return_exact_categories_without_writes
[INFO] [stdout]     commands::verify::tests::dry_run_returns_an_exact_plan_without_execution_or_writes
[INFO] [stdout]     session::tests::finalized_cli_session_is_borrowed_without_reloading_for_mcp
[INFO] [stdout] 
[INFO] [stdout] test result: FAILED. 22 passed; 17 failed; 0 ignored; 0 measured; 0 filtered out; finished in 1.37s
[INFO] [stdout] 
[INFO] running `Command { std: "docker" "inspect" "94d593f0917547d459a1e134963da033109e32dbb36464a1c08b9082406df4cb", kill_on_drop: false }`
[INFO] running `Command { std: "docker" "rm" "-f" "94d593f0917547d459a1e134963da033109e32dbb36464a1c08b9082406df4cb", kill_on_drop: false }`
[INFO] [stdout] 94d593f0917547d459a1e134963da033109e32dbb36464a1c08b9082406df4cb
