[INFO] cloning repository https://github.com/thomaspricetj-hash/SyntheticMind-Core
[INFO] running `Command { std: "git" "-c" "credential.helper=" "-c" "credential.helper=/workspace/cargo-home/bin/git-credential-null" "clone" "--bare" "https://github.com/thomaspricetj-hash/SyntheticMind-Core" "/workspace/cache/git-repos/https%3A%2F%2Fgithub.com%2Fthomaspricetj-hash%2FSyntheticMind-Core", kill_on_drop: false }`
[INFO] [stderr] Cloning into bare repository '/workspace/cache/git-repos/https%3A%2F%2Fgithub.com%2Fthomaspricetj-hash%2FSyntheticMind-Core'...
[INFO] running `Command { std: "git" "rev-parse" "HEAD", kill_on_drop: false }`
[INFO] [stdout] 017caf22e0a7f2f649bad4e9dde705c678549fbc
[INFO] testing thomaspricetj-hash/SyntheticMind-Core against 1.99.0-beta.8 for beta-1.100-2
[INFO] running `Command { std: "git" "clone" "/workspace/cache/git-repos/https%3A%2F%2Fgithub.com%2Fthomaspricetj-hash%2FSyntheticMind-Core" "/workspace/builds/worker-5-tc1/source", kill_on_drop: false }`
[INFO] [stderr] Cloning into '/workspace/builds/worker-5-tc1/source'...
[INFO] [stderr] done.
[INFO] removed /workspace/builds/worker-5-tc1/source/rust-toolchain.toml
[INFO] started tweaking git repo https://github.com/thomaspricetj-hash/SyntheticMind-Core
[INFO] finished tweaking git repo https://github.com/thomaspricetj-hash/SyntheticMind-Core
[INFO] tweaked toml for git repo https://github.com/thomaspricetj-hash/SyntheticMind-Core written to /workspace/builds/worker-5-tc1/source/Cargo.toml
[INFO] validating manifest of git repo https://github.com/thomaspricetj-hash/SyntheticMind-Core on toolchain 1.99.0-beta.8
[INFO] running `Command { std: CARGO_HOME="/workspace/cargo-home" RUSTUP_HOME="/workspace/rustup-home" "/workspace/cargo-home/bin/cargo" "+1.99.0-beta.8" "metadata" "--manifest-path" "Cargo.toml" "--no-deps", kill_on_drop: false }`
[INFO] crate git repo https://github.com/thomaspricetj-hash/SyntheticMind-Core already has a lockfile, it will not be regenerated
[INFO] running `Command { std: CARGO_HOME="/workspace/cargo-home" RUSTUP_HOME="/workspace/rustup-home" "/workspace/cargo-home/bin/cargo" "+1.99.0-beta.8" "fetch" "--manifest-path" "Cargo.toml", kill_on_drop: false }`
[INFO] running `Command { std: "docker" "create" "-v" "/var/lib/crater-agent-workspace/builds/worker-5-tc1/source:/opt/rustwide/workdir:ro,Z" "-v" "/var/lib/crater-agent-workspace/builds/worker-5-tc1/target:/opt/rustwide/target:rw,Z" "-v" "/var/lib/crater-agent-workspace/cargo-home:/opt/rustwide/cargo-home:ro,Z" "-v" "/var/lib/crater-agent-workspace/rustup-home:/opt/rustwide/rustup-home:ro,Z" "-m" "1610612736" "--network" "none" "ghcr.io/rust-lang/crates-build-env/linux@sha256:3111399a4047eeb3a02b7a90e478d715f38a8c6669b5c4b49d30a17385265909" "sleep" "infinity", kill_on_drop: false }`
[INFO] [stdout] a8bddbe019430f03cdbf32e4426d32d22dc63f2cbd6e5ec24ab8a9b5edee2cc5
[INFO] running `Command { std: "docker" "start" "a8bddbe019430f03cdbf32e4426d32d22dc63f2cbd6e5ec24ab8a9b5edee2cc5", kill_on_drop: false }`
[INFO] running `Command { std: "docker" "inspect" "a8bddbe019430f03cdbf32e4426d32d22dc63f2cbd6e5ec24ab8a9b5edee2cc5", kill_on_drop: false }`
[INFO] running `Command { std: "docker" "exec" "-e" "SOURCE_DIR=/opt/rustwide/workdir" "-e" "CARGO_HOME=/opt/rustwide/cargo-home" "-e" "RUSTUP_HOME=/opt/rustwide/rustup-home" "-e" "CARGO_TARGET_DIR=/opt/rustwide/target" "-w" "/opt/rustwide/workdir" "--user" "0:0" "a8bddbe019430f03cdbf32e4426d32d22dc63f2cbd6e5ec24ab8a9b5edee2cc5" "/opt/rustwide/cargo-home/bin/cargo" "+1.99.0-beta.8" "metadata" "--no-deps" "--format-version=1", kill_on_drop: false }`
[INFO] running `Command { std: "docker" "inspect" "a8bddbe019430f03cdbf32e4426d32d22dc63f2cbd6e5ec24ab8a9b5edee2cc5", kill_on_drop: false }`
[INFO] running `Command { std: "docker" "exec" "-e" "SOURCE_DIR=/opt/rustwide/workdir" "-e" "CARGO_HOME=/opt/rustwide/cargo-home" "-e" "RUSTUP_HOME=/opt/rustwide/rustup-home" "-e" "CARGO_TARGET_DIR=/opt/rustwide/target" "-e" "CARGO_INCREMENTAL=0" "-e" "RUST_BACKTRACE=full" "-e" "RUSTFLAGS=--cap-lints=warn" "-e" "RUSTDOCFLAGS=--cap-lints=warn" "-w" "/opt/rustwide/workdir" "--user" "0:0" "a8bddbe019430f03cdbf32e4426d32d22dc63f2cbd6e5ec24ab8a9b5edee2cc5" "/opt/rustwide/cargo-home/bin/cargo" "+1.99.0-beta.8" "build" "--frozen" "--message-format=json", kill_on_drop: false }`
[INFO] [stderr]    Compiling proc-macro2 v1.0.107
[INFO] [stderr]    Compiling quote v1.0.47
[INFO] [stderr]    Compiling serde_core v1.0.229
[INFO] [stderr]    Compiling libc v0.2.189
[INFO] [stderr]    Compiling serde v1.0.229
[INFO] [stderr]    Compiling smallvec v1.15.2
[INFO] [stderr]    Compiling log v0.4.34
[INFO] [stderr]    Compiling syn v3.0.4
[INFO] [stderr]    Compiling syn v2.0.119
[INFO] [stderr]    Compiling parking_lot_core v0.9.12
[INFO] [stderr]    Compiling memmap2 v0.9.11
[INFO] [stderr]    Compiling parking_lot v0.12.5
[INFO] [stderr]    Compiling thiserror-impl v1.0.69
[INFO] [stderr]    Compiling serde_derive v1.0.229
[INFO] [stderr]    Compiling thiserror v1.0.69
[INFO] [stderr]    Compiling common v0.1.0 (/opt/rustwide/workdir/crates/common)
[INFO] [stderr]    Compiling bincode v1.3.3
[INFO] [stderr]    Compiling master_tree_core v0.1.0 (/opt/rustwide/workdir/crates/master_tree_core)
[INFO] [stdout] warning: unused import: `std::collections::VecDeque`
[INFO] [stdout]  --> crates/master_tree_core/src/node.rs:2:5
[INFO] [stdout]   |
[INFO] [stdout] 2 | use std::collections::VecDeque;
[INFO] [stdout]   |     ^^^^^^^^^^^^^^^^^^^^^^^^^^
[INFO] [stdout]   |
[INFO] [stdout]   = note: `#[warn(unused_imports)]` (part of `#[warn(unused)]`) on by default
[INFO] [stdout] 
[INFO] [stdout] 
[INFO] [stderr]    Compiling delta_engine v0.1.0 (/opt/rustwide/workdir/crates/delta_engine)
[INFO] [stderr]    Compiling branch_manager v0.1.0 (/opt/rustwide/workdir/crates/branch_manager)
[INFO] [stderr]    Compiling kernel_state v0.1.0 (/opt/rustwide/workdir/crates/kernel_state)
[INFO] [stderr]    Compiling gpu_backend v0.1.0 (/opt/rustwide/workdir/crates/gpu_backend)
[INFO] [stderr]    Compiling tree_storage v0.1.0 (/opt/rustwide/workdir/crates/tree_storage)
[INFO] [stdout] warning: unused import: `Error`
[INFO] [stdout]  --> crates/kernel_state/src/qemu_patch.rs:2:21
[INFO] [stdout]   |
[INFO] [stdout] 2 | use common::error::{Error, Result};
[INFO] [stdout]   |                     ^^^^^
[INFO] [stdout]   |
[INFO] [stdout]   = note: `#[warn(unused_imports)]` (part of `#[warn(unused)]`) on by default
[INFO] [stdout] 
[INFO] [stdout] 
[INFO] [stdout] warning: unused import: `LogicalTime`
[INFO] [stdout]  --> crates/kernel_state/src/qemu_patch.rs:3:34
[INFO] [stdout]   |
[INFO] [stdout] 3 | use common::time::{LogicalClock, LogicalTime};
[INFO] [stdout]   |                                  ^^^^^^^^^^^
[INFO] [stdout] 
[INFO] [stdout] 
[INFO] [stdout] warning: unused import: `MasterTree`
[INFO] [stdout]  --> crates/kernel_state/src/anomaly.rs:2:24
[INFO] [stdout]   |
[INFO] [stdout] 2 | use master_tree_core::{MasterTree, NodeId};
[INFO] [stdout]   |                        ^^^^^^^^^^
[INFO] [stdout] 
[INFO] [stdout] 
[INFO] [stdout] warning: unused imports: `Error` and `Result`
[INFO] [stdout]  --> crates/kernel_state/src/anomaly.rs:4:21
[INFO] [stdout]   |
[INFO] [stdout] 4 | use common::error::{Error, Result};
[INFO] [stdout]   |                     ^^^^^  ^^^^^^
[INFO] [stdout] 
[INFO] [stdout] 
[INFO] [stdout] warning: calls to `std::mem::drop` with a reference instead of an owned value does nothing
[INFO] [stdout]    --> crates/branch_manager/src/manager.rs:295:9
[INFO] [stdout]     |
[INFO] [stdout] 295 |         drop(branch_view);
[INFO] [stdout]     |         ^^^^^-----------^
[INFO] [stdout]     |              |
[INFO] [stdout]     |              argument has type `&BranchTree`
[INFO] [stdout]     |
[INFO] [stdout]     = note: `#[warn(dropping_references)]` on by default
[INFO] [stdout] help: use `let _ = ...` to ignore the expression or result
[INFO] [stdout]     |
[INFO] [stdout] 295 -         drop(branch_view);
[INFO] [stdout] 295 +         let _ = branch_view;
[INFO] [stdout]     |
[INFO] [stdout] 
[INFO] [stdout] 
[INFO] [stderr]    Compiling collapse_engine v0.1.0 (/opt/rustwide/workdir/crates/collapse_engine)
[INFO] [stderr]    Compiling syntheticmind_adapter v0.1.0 (/opt/rustwide/workdir/crates/syntheticmind_adapter)
[INFO] [stderr]     Finished `dev` profile [unoptimized + debuginfo] target(s) in 19.43s
[INFO] running `Command { std: "docker" "inspect" "a8bddbe019430f03cdbf32e4426d32d22dc63f2cbd6e5ec24ab8a9b5edee2cc5", kill_on_drop: false }`
[INFO] running `Command { std: "docker" "exec" "-e" "SOURCE_DIR=/opt/rustwide/workdir" "-e" "CARGO_HOME=/opt/rustwide/cargo-home" "-e" "RUSTUP_HOME=/opt/rustwide/rustup-home" "-e" "CARGO_TARGET_DIR=/opt/rustwide/target" "-e" "CARGO_INCREMENTAL=0" "-e" "RUST_BACKTRACE=full" "-e" "RUSTFLAGS=--cap-lints=warn" "-e" "RUSTDOCFLAGS=--cap-lints=warn" "-w" "/opt/rustwide/workdir" "--user" "0:0" "a8bddbe019430f03cdbf32e4426d32d22dc63f2cbd6e5ec24ab8a9b5edee2cc5" "/opt/rustwide/cargo-home/bin/cargo" "+1.99.0-beta.8" "test" "--frozen" "--no-run" "--message-format=json", kill_on_drop: false }`
[INFO] [stdout] warning: unused import: `std::collections::VecDeque`
[INFO] [stdout]  --> crates/master_tree_core/src/node.rs:2:5
[INFO] [stdout]   |
[INFO] [stdout] 2 | use std::collections::VecDeque;
[INFO] [stdout]   |     ^^^^^^^^^^^^^^^^^^^^^^^^^^
[INFO] [stdout]   |
[INFO] [stdout]   = note: `#[warn(unused_imports)]` (part of `#[warn(unused)]`) on by default
[INFO] [stdout] 
[INFO] [stdout] 
[INFO] [stdout] warning: calls to `std::mem::drop` with a reference instead of an owned value does nothing
[INFO] [stdout]    --> crates/branch_manager/src/manager.rs:295:9
[INFO] [stdout]     |
[INFO] [stdout] 295 |         drop(branch_view);
[INFO] [stdout]     |         ^^^^^-----------^
[INFO] [stdout]     |              |
[INFO] [stdout]     |              argument has type `&BranchTree`
[INFO] [stdout]     |
[INFO] [stdout]     = note: `#[warn(dropping_references)]` on by default
[INFO] [stdout] help: use `let _ = ...` to ignore the expression or result
[INFO] [stdout]     |
[INFO] [stdout] 295 -         drop(branch_view);
[INFO] [stdout] 295 +         let _ = branch_view;
[INFO] [stdout]     |
[INFO] [stdout] 
[INFO] [stdout] 
[INFO] [stdout] warning: unused import: `Error`
[INFO] [stdout]  --> crates/kernel_state/src/qemu_patch.rs:2:21
[INFO] [stdout]   |
[INFO] [stdout] 2 | use common::error::{Error, Result};
[INFO] [stdout]   |                     ^^^^^
[INFO] [stdout]   |
[INFO] [stdout]   = note: `#[warn(unused_imports)]` (part of `#[warn(unused)]`) on by default
[INFO] [stdout] 
[INFO] [stdout] 
[INFO] [stdout] warning: unused import: `LogicalTime`
[INFO] [stdout]  --> crates/kernel_state/src/qemu_patch.rs:3:34
[INFO] [stdout]   |
[INFO] [stdout] 3 | use common::time::{LogicalClock, LogicalTime};
[INFO] [stdout]   |                                  ^^^^^^^^^^^
[INFO] [stdout] 
[INFO] [stdout] 
[INFO] [stdout] warning: unused import: `MasterTree`
[INFO] [stdout]  --> crates/kernel_state/src/anomaly.rs:2:24
[INFO] [stdout]   |
[INFO] [stdout] 2 | use master_tree_core::{MasterTree, NodeId};
[INFO] [stdout]   |                        ^^^^^^^^^^
[INFO] [stdout] 
[INFO] [stdout] 
[INFO] [stdout] warning: unused imports: `Error` and `Result`
[INFO] [stdout]  --> crates/kernel_state/src/anomaly.rs:4:21
[INFO] [stdout]   |
[INFO] [stdout] 4 | use common::error::{Error, Result};
[INFO] [stdout]   |                     ^^^^^  ^^^^^^
[INFO] [stdout] 
[INFO] [stdout] 
[INFO] [stderr]    Compiling master_tree_core v0.1.0 (/opt/rustwide/workdir/crates/master_tree_core)
[INFO] [stderr]    Compiling common v0.1.0 (/opt/rustwide/workdir/crates/common)
[INFO] [stderr]    Compiling delta_engine v0.1.0 (/opt/rustwide/workdir/crates/delta_engine)
[INFO] [stderr]    Compiling tree_storage v0.1.0 (/opt/rustwide/workdir/crates/tree_storage)
[INFO] [stderr]    Compiling collapse_engine v0.1.0 (/opt/rustwide/workdir/crates/collapse_engine)
[INFO] [stderr]    Compiling syntheticmind_adapter v0.1.0 (/opt/rustwide/workdir/crates/syntheticmind_adapter)
[INFO] [stdout] warning: unused import: `std::collections::VecDeque`
[INFO] [stdout]  --> crates/master_tree_core/src/node.rs:2:5
[INFO] [stdout]   |
[INFO] [stdout] 2 | use std::collections::VecDeque;
[INFO] [stdout]   |     ^^^^^^^^^^^^^^^^^^^^^^^^^^
[INFO] [stdout]   |
[INFO] [stdout]   = note: `#[warn(unused_imports)]` (part of `#[warn(unused)]`) on by default
[INFO] [stdout] 
[INFO] [stdout] 
[INFO] [stdout] warning: unused imports: `DeltaOp` and `Delta`
[INFO] [stdout]   --> crates/syntheticmind_adapter/tests/integration_test.rs:10:20
[INFO] [stdout]    |
[INFO] [stdout] 10 | use delta_engine::{Delta, DeltaOp};
[INFO] [stdout]    |                    ^^^^^  ^^^^^^^
[INFO] [stdout]    |
[INFO] [stdout]    = note: `#[warn(unused_imports)]` (part of `#[warn(unused)]`) on by default
[INFO] [stdout] 
[INFO] [stdout] 
[INFO] [stdout] warning: unused variable: `clock`
[INFO] [stdout]   --> crates/syntheticmind_adapter/tests/integration_test.rs:15:9
[INFO] [stdout]    |
[INFO] [stdout] 15 |     let clock = LogicalClock::new();
[INFO] [stdout]    |         ^^^^^ help: if this is intentional, prefix it with an underscore: `_clock`
[INFO] [stdout]    |
[INFO] [stdout]    = note: `#[warn(unused_variables)]` (part of `#[warn(unused)]`) on by default
[INFO] [stdout] 
[INFO] [stdout] 
[INFO] [stderr]    Compiling kernel_state v0.1.0 (/opt/rustwide/workdir/crates/kernel_state)
[INFO] [stderr]    Compiling gpu_backend v0.1.0 (/opt/rustwide/workdir/crates/gpu_backend)
[INFO] [stderr]    Compiling branch_manager v0.1.0 (/opt/rustwide/workdir/crates/branch_manager)
[INFO] [stdout] warning: unused import: `Error`
[INFO] [stdout]  --> crates/kernel_state/src/qemu_patch.rs:2:21
[INFO] [stdout]   |
[INFO] [stdout] 2 | use common::error::{Error, Result};
[INFO] [stdout]   |                     ^^^^^
[INFO] [stdout]   |
[INFO] [stdout]   = note: `#[warn(unused_imports)]` (part of `#[warn(unused)]`) on by default
[INFO] [stdout] 
[INFO] [stdout] 
[INFO] [stdout] warning: unused import: `LogicalTime`
[INFO] [stdout]  --> crates/kernel_state/src/qemu_patch.rs:3:34
[INFO] [stdout]   |
[INFO] [stdout] 3 | use common::time::{LogicalClock, LogicalTime};
[INFO] [stdout]   |                                  ^^^^^^^^^^^
[INFO] [stdout] 
[INFO] [stdout] 
[INFO] [stdout] warning: unused import: `MasterTree`
[INFO] [stdout]  --> crates/kernel_state/src/anomaly.rs:2:24
[INFO] [stdout]   |
[INFO] [stdout] 2 | use master_tree_core::{MasterTree, NodeId};
[INFO] [stdout]   |                        ^^^^^^^^^^
[INFO] [stdout] 
[INFO] [stdout] 
[INFO] [stdout] warning: unused imports: `Error` and `Result`
[INFO] [stdout]  --> crates/kernel_state/src/anomaly.rs:4:21
[INFO] [stdout]   |
[INFO] [stdout] 4 | use common::error::{Error, Result};
[INFO] [stdout]   |                     ^^^^^  ^^^^^^
[INFO] [stdout] 
[INFO] [stdout] 
[INFO] [stdout] warning: calls to `std::mem::drop` with a reference instead of an owned value does nothing
[INFO] [stdout]    --> crates/branch_manager/src/manager.rs:295:9
[INFO] [stdout]     |
[INFO] [stdout] 295 |         drop(branch_view);
[INFO] [stdout]     |         ^^^^^-----------^
[INFO] [stdout]     |              |
[INFO] [stdout]     |              argument has type `&BranchTree`
[INFO] [stdout]     |
[INFO] [stdout]     = note: `#[warn(dropping_references)]` on by default
[INFO] [stdout] help: use `let _ = ...` to ignore the expression or result
[INFO] [stdout]     |
[INFO] [stdout] 295 -         drop(branch_view);
[INFO] [stdout] 295 +         let _ = branch_view;
[INFO] [stdout]     |
[INFO] [stdout] 
[INFO] [stdout] 
[INFO] [stderr]     Finished `test` profile [unoptimized + debuginfo] target(s) in 3.62s
[INFO] running `Command { std: "docker" "inspect" "a8bddbe019430f03cdbf32e4426d32d22dc63f2cbd6e5ec24ab8a9b5edee2cc5", kill_on_drop: false }`
[INFO] running `Command { std: "docker" "exec" "-e" "SOURCE_DIR=/opt/rustwide/workdir" "-e" "CARGO_HOME=/opt/rustwide/cargo-home" "-e" "RUSTUP_HOME=/opt/rustwide/rustup-home" "-e" "CARGO_TARGET_DIR=/opt/rustwide/target" "-e" "CARGO_INCREMENTAL=0" "-e" "RUST_BACKTRACE=full" "-e" "RUSTFLAGS=--cap-lints=warn" "-e" "RUSTDOCFLAGS=--cap-lints=warn" "-w" "/opt/rustwide/workdir" "--user" "0:0" "a8bddbe019430f03cdbf32e4426d32d22dc63f2cbd6e5ec24ab8a9b5edee2cc5" "/opt/rustwide/cargo-home/bin/cargo" "+1.99.0-beta.8" "test" "--frozen", kill_on_drop: false }`
[INFO] [stderr] warning: unused import: `std::collections::VecDeque`
[INFO] [stderr]  --> crates/master_tree_core/src/node.rs:2:5
[INFO] [stderr]   |
[INFO] [stderr] 2 | use std::collections::VecDeque;
[INFO] [stderr]   |     ^^^^^^^^^^^^^^^^^^^^^^^^^^
[INFO] [stderr]   |
[INFO] [stderr]   = note: `#[warn(unused_imports)]` (part of `#[warn(unused)]`) on by default
[INFO] [stderr] 
[INFO] [stderr] warning: `master_tree_core` (lib) generated 1 warning (run `cargo fix --lib -p master_tree_core` to apply 1 suggestion)
[INFO] [stderr] warning: `master_tree_core` (lib test) generated 1 warning (1 duplicate)
[INFO] [stderr] warning: calls to `std::mem::drop` with a reference instead of an owned value does nothing
[INFO] [stderr]    --> crates/branch_manager/src/manager.rs:295:9
[INFO] [stderr]     |
[INFO] [stderr] 295 |         drop(branch_view);
[INFO] [stderr]     |         ^^^^^-----------^
[INFO] [stderr]     |              |
[INFO] [stderr]     |              argument has type `&BranchTree`
[INFO] [stderr]     |
[INFO] [stderr]     = note: `#[warn(dropping_references)]` on by default
[INFO] [stderr] help: use `let _ = ...` to ignore the expression or result
[INFO] [stderr]     |
[INFO] [stderr] 295 -         drop(branch_view);
[INFO] [stderr] 295 +         let _ = branch_view;
[INFO] [stderr]     |
[INFO] [stderr] 
[INFO] [stderr] warning: unused import: `Error`
[INFO] [stderr]  --> crates/kernel_state/src/qemu_patch.rs:2:21
[INFO] [stderr]   |
[INFO] [stderr] 2 | use common::error::{Error, Result};
[INFO] [stderr]   |                     ^^^^^
[INFO] [stderr]   |
[INFO] [stderr]   = note: `#[warn(unused_imports)]` (part of `#[warn(unused)]`) on by default
[INFO] [stderr] 
[INFO] [stderr] warning: unused import: `LogicalTime`
[INFO] [stderr]  --> crates/kernel_state/src/qemu_patch.rs:3:34
[INFO] [stderr]   |
[INFO] [stderr] 3 | use common::time::{LogicalClock, LogicalTime};
[INFO] [stderr]   |                                  ^^^^^^^^^^^
[INFO] [stderr] 
[INFO] [stderr] warning: unused import: `MasterTree`
[INFO] [stderr]  --> crates/kernel_state/src/anomaly.rs:2:24
[INFO] [stderr]   |
[INFO] [stderr] 2 | use master_tree_core::{MasterTree, NodeId};
[INFO] [stderr]   |                        ^^^^^^^^^^
[INFO] [stderr] 
[INFO] [stderr] warning: unused imports: `Error` and `Result`
[INFO] [stderr]  --> crates/kernel_state/src/anomaly.rs:4:21
[INFO] [stderr]   |
[INFO] [stderr] 4 | use common::error::{Error, Result};
[INFO] [stderr]   |                     ^^^^^  ^^^^^^
[INFO] [stderr] 
[INFO] [stderr] warning: `branch_manager` (lib) generated 1 warning
[INFO] [stderr] warning: `kernel_state` (lib) generated 4 warnings (run `cargo fix --lib -p kernel_state` to apply 4 suggestions)
[INFO] [stderr] warning: `kernel_state` (lib test) generated 4 warnings (4 duplicates)
[INFO] [stderr] warning: `branch_manager` (lib test) generated 1 warning (1 duplicate)
[INFO] [stderr] warning: unused imports: `DeltaOp` and `Delta`
[INFO] [stderr]   --> crates/syntheticmind_adapter/tests/integration_test.rs:10:20
[INFO] [stderr]    |
[INFO] [stderr] 10 | use delta_engine::{Delta, DeltaOp};
[INFO] [stderr]    |                    ^^^^^  ^^^^^^^
[INFO] [stderr]    |
[INFO] [stderr]    = note: `#[warn(unused_imports)]` (part of `#[warn(unused)]`) on by default
[INFO] [stderr] 
[INFO] [stderr] warning: unused variable: `clock`
[INFO] [stderr]   --> crates/syntheticmind_adapter/tests/integration_test.rs:15:9
[INFO] [stderr]    |
[INFO] [stderr] 15 |     let clock = LogicalClock::new();
[INFO] [stderr]    |         ^^^^^ help: if this is intentional, prefix it with an underscore: `_clock`
[INFO] [stderr]    |
[INFO] [stderr]    = note: `#[warn(unused_variables)]` (part of `#[warn(unused)]`) on by default
[INFO] [stderr] 
[INFO] [stderr] warning: `syntheticmind_adapter` (test "integration_test") generated 2 warnings (run `cargo fix --test "integration_test" -p syntheticmind_adapter` to apply 2 suggestions)
[INFO] [stderr]     Finished `test` profile [unoptimized + debuginfo] target(s) in 0.09s
[INFO] [stderr]      Running unittests src/lib.rs (/opt/rustwide/target/debug/deps/branch_manager-726250022a5d5b4f)
[INFO] [stdout] 
[INFO] [stdout] running 0 tests
[INFO] [stdout] 
[INFO] [stdout] test result: ok. 0 passed; 0 failed; 0 ignored; 0 measured; 0 filtered out; finished in 0.00s
[INFO] [stdout] 
[INFO] [stderr]      Running tests/branch_tests.rs (/opt/rustwide/target/debug/deps/branch_tests-26fa17c4550d1549)
[INFO] [stdout] 
[INFO] [stdout] running 1 test
[INFO] [stdout] test test_branch_spawn_and_delta ... ok
[INFO] [stdout] 
[INFO] [stdout] test result: ok. 1 passed; 0 failed; 0 ignored; 0 measured; 0 filtered out; finished in 0.00s
[INFO] [stdout] 
[INFO] [stderr]      Running unittests src/lib.rs (/opt/rustwide/target/debug/deps/collapse_engine-f7546935af1d64a0)
[INFO] [stderr]      Running tests/collapse_tests.rs (/opt/rustwide/target/debug/deps/collapse_tests-05d0ea7a5eada073)
[INFO] [stdout] 
[INFO] [stdout] running 0 tests
[INFO] [stdout] 
[INFO] [stdout] test result: ok. 0 passed; 0 failed; 0 ignored; 0 measured; 0 filtered out; finished in 0.00s
[INFO] [stdout] 
[INFO] [stdout] 
[INFO] [stdout] running 1 test
[INFO] [stdout] test test_branch_collapse_into_master ... ok
[INFO] [stdout] 
[INFO] [stdout] test result: ok. 1 passed; 0 failed; 0 ignored; 0 measured; 0 filtered out; finished in 0.00s
[INFO] [stdout] 
[INFO] [stderr]      Running unittests src/lib.rs (/opt/rustwide/target/debug/deps/common-59c62c0a0c9a55c2)
[INFO] [stdout] 
[INFO] [stdout] running 0 tests
[INFO] [stdout] 
[INFO] [stdout] test result: ok. 0 passed; 0 failed; 0 ignored; 0 measured; 0 filtered out; finished in 0.00s
[INFO] [stdout] 
[INFO] [stderr]      Running unittests src/lib.rs (/opt/rustwide/target/debug/deps/delta_engine-5b95af2fc2d82edf)
[INFO] [stdout] 
[INFO] [stdout] running 0 tests
[INFO] [stdout] 
[INFO] [stdout] test result: ok. 0 passed; 0 failed; 0 ignored; 0 measured; 0 filtered out; finished in 0.00s
[INFO] [stderr]      Running tests/delta_tests.rs (/opt/rustwide/target/debug/deps/delta_tests-dc07889d49a15f4d)
[INFO] [stdout] 
[INFO] [stdout] 
[INFO] [stdout] running 1 test
[INFO] [stdout] test test_apply_update_payload_delta ... ok
[INFO] [stdout] 
[INFO] [stdout] test result: ok. 1 passed; 0 failed; 0 ignored; 0 measured; 0 filtered out; finished in 0.00s
[INFO] [stdout] 
[INFO] [stderr]      Running unittests src/lib.rs (/opt/rustwide/target/debug/deps/gpu_backend-99e3a3ef99e63fd5)
[INFO] [stdout] 
[INFO] [stdout] running 0 tests
[INFO] [stdout] 
[INFO] [stderr]      Running tests/gpu_backend_tests.rs (/opt/rustwide/target/debug/deps/gpu_backend_tests-4d5f7041f4f3b88b)
[INFO] [stdout] test result: ok. 0 passed; 0 failed; 0 ignored; 0 measured; 0 filtered out; finished in 0.00s
[INFO] [stdout] 
[INFO] [stdout] 
[INFO] [stdout] running 1 test
[INFO] [stdout] test test_gpu_backend_cpu_fallback ... ok
[INFO] [stderr]      Running unittests src/lib.rs (/opt/rustwide/target/debug/deps/kernel_state-8c02920e5309d85a)
[INFO] [stdout] 
[INFO] [stdout] test result: ok. 1 passed; 0 failed; 0 ignored; 0 measured; 0 filtered out; finished in 0.04s
[INFO] [stdout] 
[INFO] [stdout] 
[INFO] [stdout] running 0 tests
[INFO] [stdout] 
[INFO] [stdout] test result: ok. 0 passed; 0 failed; 0 ignored; 0 measured; 0 filtered out; finished in 0.00s
[INFO] [stdout] 
[INFO] [stderr]      Running tests/kernel_state_tests.rs (/opt/rustwide/target/debug/deps/kernel_state_tests-07782da85ad5b26c)
[INFO] [stdout] 
[INFO] [stdout] running 1 test
[INFO] [stdout] test test_kernel_delta_bridge ... ok
[INFO] [stdout] 
[INFO] [stdout] test result: ok. 1 passed; 0 failed; 0 ignored; 0 measured; 0 filtered out; finished in 0.00s
[INFO] [stdout] 
[INFO] [stderr]      Running unittests src/lib.rs (/opt/rustwide/target/debug/deps/master_tree_core-322d891d34f951ca)
[INFO] [stdout] 
[INFO] [stdout] running 0 tests
[INFO] [stdout] 
[INFO] [stdout] test result: ok. 0 passed; 0 failed; 0 ignored; 0 measured; 0 filtered out; finished in 0.00s
[INFO] [stdout] 
[INFO] [stderr]      Running tests/master_tree.rs (/opt/rustwide/target/debug/deps/master_tree-c5ead3335782da7f)
[INFO] [stdout] 
[INFO] [stdout] running 1 test
[INFO] [stdout] test test_master_tree_basic ... ok
[INFO] [stdout] 
[INFO] [stdout] test result: ok. 1 passed; 0 failed; 0 ignored; 0 measured; 0 filtered out; finished in 0.00s
[INFO] [stdout] 
[INFO] [stderr]      Running unittests src/lib.rs (/opt/rustwide/target/debug/deps/syntheticmind_adapter-aeab11150c5fdbef)
[INFO] [stdout] 
[INFO] [stdout] running 0 tests
[INFO] [stdout] 
[INFO] [stdout] test result: ok. 0 passed; 0 failed; 0 ignored; 0 measured; 0 filtered out; finished in 0.00s
[INFO] [stdout] 
[INFO] [stderr]      Running tests/integration_test.rs (/opt/rustwide/target/debug/deps/integration_test-819e0b65f7da6384)
[INFO] [stdout] 
[INFO] [stdout] running 1 test
[INFO] [stdout] test full_integration_test ... ok
[INFO] [stdout] 
[INFO] [stdout] test result: ok. 1 passed; 0 failed; 0 ignored; 0 measured; 0 filtered out; finished in 0.00s
[INFO] [stdout] 
[INFO] [stderr]      Running tests/kv_webb_tests.rs (/opt/rustwide/target/debug/deps/kv_webb_tests-b2afcdeb54571de5)
[INFO] [stdout] 
[INFO] [stdout] running 1 test
[INFO] [stdout] test test_kv_webb_attach ... ok
[INFO] [stdout] 
[INFO] [stdout] test result: ok. 1 passed; 0 failed; 0 ignored; 0 measured; 0 filtered out; finished in 0.00s
[INFO] [stdout] 
[INFO] [stderr]      Running tests/semantic_router_tests.rs (/opt/rustwide/target/debug/deps/semantic_router_tests-bcc9cc304c7e147f)
[INFO] [stdout] 
[INFO] [stdout] running 1 test
[INFO] [stdout] test test_semantic_routing ... ok
[INFO] [stdout] 
[INFO] [stdout] test result: ok. 1 passed; 0 failed; 0 ignored; 0 measured; 0 filtered out; finished in 0.00s
[INFO] [stdout] 
[INFO] [stderr]      Running unittests src/lib.rs (/opt/rustwide/target/debug/deps/tree_storage-28f5951480e8cbae)
[INFO] [stdout] 
[INFO] [stdout] running 0 tests
[INFO] [stdout] 
[INFO] [stdout] test result: ok. 0 passed; 0 failed; 0 ignored; 0 measured; 0 filtered out; finished in 0.00s
[INFO] [stdout] 
[INFO] [stderr]      Running tests/mmap_tests.rs (/opt/rustwide/target/debug/deps/mmap_tests-1336b8cb88624821)
[INFO] [stdout] 
[INFO] [stdout] running 1 test
[INFO] [stdout] test test_mmap_view ... FAILED
[INFO] [stdout] 
[INFO] [stdout] failures:
[INFO] [stdout] 
[INFO] [stdout] ---- test_mmap_view stdout ----
[INFO] [stdout] 
[INFO] [stdout] thread 'test_mmap_view' (879) panicked at crates/tree_storage/tests/mmap_tests.rs:12:43:
[INFO] [stdout] called `Result::unwrap()` on an `Err` value: Io("Read-only file system (os error 30)")
[INFO] [stdout] stack backtrace:
[INFO] [stdout]    0:     0x5b7151833461 - std[70759c8f55707aa4]::backtrace_rs::backtrace::libunwind::trace
[INFO] [stdout]                                at /rustc/dfb0accb7f508ae8be965d8629557221c889dd98/library/std/src/../../backtrace/src/backtrace/libunwind.rs:117:9
[INFO] [stdout]    1:     0x5b7151833461 - std[70759c8f55707aa4]::backtrace_rs::backtrace::trace_unsynchronized::<std[70759c8f55707aa4]::sys::backtrace::_print_fmt::{closure#1}>
[INFO] [stdout]                                at /rustc/dfb0accb7f508ae8be965d8629557221c889dd98/library/std/src/../../backtrace/src/backtrace/mod.rs:66:14
[INFO] [stdout]    2:     0x5b7151833461 - std[70759c8f55707aa4]::sys::backtrace::_print_fmt
[INFO] [stdout]                                at /rustc/dfb0accb7f508ae8be965d8629557221c889dd98/library/std/src/sys/backtrace.rs:74:9
[INFO] [stdout]    3:     0x5b7151833461 - <<std[70759c8f55707aa4]::sys::backtrace::BacktraceLock>::print::DisplayBacktrace as core[df12db4294e9bfd3]::fmt::Display>::fmt
[INFO] [stdout]                                at /rustc/dfb0accb7f508ae8be965d8629557221c889dd98/library/std/src/sys/backtrace.rs:44:26
[INFO] [stdout]    4:     0x5b71518476ca - <core[df12db4294e9bfd3]::fmt::rt::Argument>::fmt
[INFO] [stdout]                                at /rustc/dfb0accb7f508ae8be965d8629557221c889dd98/library/core/src/fmt/rt.rs:152:76
[INFO] [stdout]    5:     0x5b71518476ca - core[df12db4294e9bfd3]::fmt::write
[INFO] [stdout]    6:     0x5b71518378fc - core[df12db4294e9bfd3]::io::write::default_write_fmt::<alloc[2182bb758b4b3781]::vec::Vec<u8>>
[INFO] [stdout]                                at /rustc/dfb0accb7f508ae8be965d8629557221c889dd98/library/core/src/io/write.rs:402:11
[INFO] [stdout]    7:     0x5b71518378fc - <alloc[2182bb758b4b3781]::vec::Vec<u8> as core[df12db4294e9bfd3]::io::write::Write>::write_fmt
[INFO] [stdout]                                at /rustc/dfb0accb7f508ae8be965d8629557221c889dd98/library/core/src/io/write.rs:335:13
[INFO] [stdout]    8:     0x5b715180ef26 - <std[70759c8f55707aa4]::sys::backtrace::BacktraceLock>::print
[INFO] [stdout]                                at /rustc/dfb0accb7f508ae8be965d8629557221c889dd98/library/std/src/sys/backtrace.rs:47:9
[INFO] [stdout]    9:     0x5b715180ef26 - std[70759c8f55707aa4]::panicking::default_hook::{closure#0}
[INFO] [stdout]                                at /rustc/dfb0accb7f508ae8be965d8629557221c889dd98/library/std/src/panicking.rs:292:27
[INFO] [stdout]   10:     0x5b715182bb19 - std[70759c8f55707aa4]::panicking::default_hook
[INFO] [stdout]                                at /rustc/dfb0accb7f508ae8be965d8629557221c889dd98/library/std/src/panicking.rs:316:9
[INFO] [stdout]   11:     0x5b71517a9170 - <alloc[2182bb758b4b3781]::boxed::Box<dyn for<'a, 'b> core[df12db4294e9bfd3]::ops::function::Fn<(&'a std[70759c8f55707aa4]::panic::PanicHookInfo<'b>,), Output = ()> + core[df12db4294e9bfd3]::marker::Send + core[df12db4294e9bfd3]::marker::Sync> as core[df12db4294e9bfd3]::ops::function::Fn<(&std[70759c8f55707aa4]::panic::PanicHookInfo,)>>::call
[INFO] [stdout]                                at /rustc/dfb0accb7f508ae8be965d8629557221c889dd98/library/alloc/src/boxed.rs:2334:9
[INFO] [stdout]   12:     0x5b71517a9170 - test[9d35eded1c95d3be]::test_main_inner::<test[9d35eded1c95d3be]::test_main_static::{closure#0}>::{closure#0}
[INFO] [stdout]                                at /rustc/dfb0accb7f508ae8be965d8629557221c889dd98/library/test/src/lib.rs:155:21
[INFO] [stdout]   13:     0x5b715182bcd2 - <alloc[2182bb758b4b3781]::boxed::Box<dyn for<'a, 'b> core[df12db4294e9bfd3]::ops::function::Fn<(&'a std[70759c8f55707aa4]::panic::PanicHookInfo<'b>,), Output = ()> + core[df12db4294e9bfd3]::marker::Send + core[df12db4294e9bfd3]::marker::Sync> as core[df12db4294e9bfd3]::ops::function::Fn<(&std[70759c8f55707aa4]::panic::PanicHookInfo,)>>::call
[INFO] [stdout]                                at /rustc/dfb0accb7f508ae8be965d8629557221c889dd98/library/alloc/src/boxed.rs:2334:9
[INFO] [stdout]   14:     0x5b715182bcd2 - std[70759c8f55707aa4]::panicking::panic_with_hook
[INFO] [stdout]                                at /rustc/dfb0accb7f508ae8be965d8629557221c889dd98/library/std/src/panicking.rs:823:13
[INFO] [stdout]   15:     0x5b715180efd2 - std[70759c8f55707aa4]::panicking::panic_handler::{closure#0}
[INFO] [stdout]                                at /rustc/dfb0accb7f508ae8be965d8629557221c889dd98/library/std/src/panicking.rs:688:13
[INFO] [stdout]   16:     0x5b7151807c39 - std[70759c8f55707aa4]::sys::backtrace::__rust_end_short_backtrace::<std[70759c8f55707aa4]::panicking::panic_handler::{closure#0}, !>
[INFO] [stdout]                                at /rustc/dfb0accb7f508ae8be965d8629557221c889dd98/library/std/src/sys/backtrace.rs:182:18
[INFO] [stdout]   17:     0x5b715180fbcd - __rustc[8fa7c3cbc660c2b3]::rust_begin_unwind
[INFO] [stdout]                                at /rustc/dfb0accb7f508ae8be965d8629557221c889dd98/library/std/src/panicking.rs:679:5
[INFO] [stdout]   18:     0x5b7151847e5c - core[df12db4294e9bfd3]::panicking::panic_fmt
[INFO] [stdout]                                at /rustc/dfb0accb7f508ae8be965d8629557221c889dd98/library/core/src/panicking.rs:80:14
[INFO] [stdout]   19:     0x5b7151847bd2 - core[df12db4294e9bfd3]::result::unwrap_failed
[INFO] [stdout]                                at /rustc/dfb0accb7f508ae8be965d8629557221c889dd98/library/core/src/result.rs:1871:5
[INFO] [stdout]   20:     0x5b715179b7e8 - <core[df12db4294e9bfd3]::result::Result<(), common[e7cd49ab66d2ad8b]::error::Error>>::unwrap
[INFO] [stdout]                                at /rustc/dfb0accb7f508ae8be965d8629557221c889dd98/library/core/src/result.rs:1232:23
[INFO] [stdout]   21:     0x5b715179b7e8 - mmap_tests[5eb982df3fa615de]::test_mmap_view
[INFO] [stdout]                                at /opt/rustwide/workdir/crates/tree_storage/tests/mmap_tests.rs:12:43
[INFO] [stdout]   22:     0x5b715179b5f7 - mmap_tests[5eb982df3fa615de]::test_mmap_view::{closure#0}
[INFO] [stdout]                                at /opt/rustwide/workdir/crates/tree_storage/tests/mmap_tests.rs:7:20
[INFO] [stdout]   23:     0x5b715179c406 - <mmap_tests[5eb982df3fa615de]::test_mmap_view::{closure#0} as core[df12db4294e9bfd3]::ops::function::FnOnce<()>>::call_once
[INFO] [stdout]                                at /rustc/dfb0accb7f508ae8be965d8629557221c889dd98/library/core/src/ops/function.rs:250:5
[INFO] [stdout]   24:     0x5b715179c45b - <fn() -> core[df12db4294e9bfd3]::result::Result<(), alloc[2182bb758b4b3781]::string::String> as core[df12db4294e9bfd3]::ops::function::FnOnce<()>>::call_once
[INFO] [stdout]                                at /rustc/dfb0accb7f508ae8be965d8629557221c889dd98/library/core/src/ops/function.rs:250:5
[INFO] [stdout]   25:     0x5b715179c45b - test[9d35eded1c95d3be]::__rust_begin_short_backtrace::<core[df12db4294e9bfd3]::result::Result<(), alloc[2182bb758b4b3781]::string::String>, fn() -> core[df12db4294e9bfd3]::result::Result<(), alloc[2182bb758b4b3781]::string::String>>
[INFO] [stdout]                                at /rustc/dfb0accb7f508ae8be965d8629557221c889dd98/library/test/src/lib.rs:733:18
[INFO] [stdout]   26:     0x5b71517a9ac5 - test[9d35eded1c95d3be]::run_test_in_process::{closure#0}
[INFO] [stdout]                                at /rustc/dfb0accb7f508ae8be965d8629557221c889dd98/library/test/src/lib.rs:756:74
[INFO] [stdout]   27:     0x5b71517a9ac5 - <core[df12db4294e9bfd3]::panic::unwind_safe::AssertUnwindSafe<test[9d35eded1c95d3be]::run_test_in_process::{closure#0}> as core[df12db4294e9bfd3]::ops::function::FnOnce<()>>::call_once
[INFO] [stdout]                                at /rustc/dfb0accb7f508ae8be965d8629557221c889dd98/library/core/src/panic/unwind_safe.rs:275:9
[INFO] [stdout]   28:     0x5b71517a9ac5 - std[70759c8f55707aa4]::panicking::catch_unwind::do_call::<core[df12db4294e9bfd3]::panic::unwind_safe::AssertUnwindSafe<test[9d35eded1c95d3be]::run_test_in_process::{closure#0}>, core[df12db4294e9bfd3]::result::Result<(), alloc[2182bb758b4b3781]::string::String>>
[INFO] [stdout]                                at /rustc/dfb0accb7f508ae8be965d8629557221c889dd98/library/std/src/panicking.rs:576:43
[INFO] [stdout]   29:     0x5b71517a9ac5 - std[70759c8f55707aa4]::panicking::catch_unwind::<core[df12db4294e9bfd3]::result::Result<(), alloc[2182bb758b4b3781]::string::String>, core[df12db4294e9bfd3]::panic::unwind_safe::AssertUnwindSafe<test[9d35eded1c95d3be]::run_test_in_process::{closure#0}>>
[INFO] [stdout]                                at /rustc/dfb0accb7f508ae8be965d8629557221c889dd98/library/std/src/panicking.rs:544:19
[INFO] [stdout]   30:     0x5b71517a9ac5 - std[70759c8f55707aa4]::panic::catch_unwind::<core[df12db4294e9bfd3]::panic::unwind_safe::AssertUnwindSafe<test[9d35eded1c95d3be]::run_test_in_process::{closure#0}>, core[df12db4294e9bfd3]::result::Result<(), alloc[2182bb758b4b3781]::string::String>>
[INFO] [stdout]                                at /rustc/dfb0accb7f508ae8be965d8629557221c889dd98/library/std/src/panic.rs:359:14
[INFO] [stdout]   31:     0x5b71517a9ac5 - test[9d35eded1c95d3be]::run_test_in_process
[INFO] [stdout]                                at /rustc/dfb0accb7f508ae8be965d8629557221c889dd98/library/test/src/lib.rs:756:27
[INFO] [stdout]   32:     0x5b71517a9ac5 - test[9d35eded1c95d3be]::run_test::{closure#0}
[INFO] [stdout]                                at /rustc/dfb0accb7f508ae8be965d8629557221c889dd98/library/test/src/lib.rs:677:43
[INFO] [stdout]   33:     0x5b71517a3384 - test[9d35eded1c95d3be]::run_test::{closure#1}
[INFO] [stdout]                                at /rustc/dfb0accb7f508ae8be965d8629557221c889dd98/library/test/src/lib.rs:707:41
[INFO] [stdout]   34:     0x5b71517a3384 - std[70759c8f55707aa4]::sys::backtrace::__rust_begin_short_backtrace::<test[9d35eded1c95d3be]::run_test::{closure#1}, ()>
[INFO] [stdout]                                at /rustc/dfb0accb7f508ae8be965d8629557221c889dd98/library/std/src/sys/backtrace.rs:166:18
[INFO] [stdout]   35:     0x5b71517acc22 - std[70759c8f55707aa4]::thread::lifecycle::spawn_unchecked::<test[9d35eded1c95d3be]::run_test::{closure#1}, ()>::{closure#1}::{closure#0}
[INFO] [stdout]                                at /rustc/dfb0accb7f508ae8be965d8629557221c889dd98/library/std/src/thread/lifecycle.rs:70:13
[INFO] [stdout]   36:     0x5b71517acc22 - <core[df12db4294e9bfd3]::panic::unwind_safe::AssertUnwindSafe<std[70759c8f55707aa4]::thread::lifecycle::spawn_unchecked<test[9d35eded1c95d3be]::run_test::{closure#1}, ()>::{closure#1}::{closure#0}> as core[df12db4294e9bfd3]::ops::function::FnOnce<()>>::call_once
[INFO] [stdout]                                at /rustc/dfb0accb7f508ae8be965d8629557221c889dd98/library/core/src/panic/unwind_safe.rs:275:9
[INFO] [stdout]   37:     0x5b71517acc22 - std[70759c8f55707aa4]::panicking::catch_unwind::do_call::<core[df12db4294e9bfd3]::panic::unwind_safe::AssertUnwindSafe<std[70759c8f55707aa4]::thread::lifecycle::spawn_unchecked<test[9d35eded1c95d3be]::run_test::{closure#1}, ()>::{closure#1}::{closure#0}>, ()>
[INFO] [stdout]                                at /rustc/dfb0accb7f508ae8be965d8629557221c889dd98/library/std/src/panicking.rs:576:43
[INFO] [stdout]   38:     0x5b71517acc22 - std[70759c8f55707aa4]::panicking::catch_unwind::<(), core[df12db4294e9bfd3]::panic::unwind_safe::AssertUnwindSafe<std[70759c8f55707aa4]::thread::lifecycle::spawn_unchecked<test[9d35eded1c95d3be]::run_test::{closure#1}, ()>::{closure#1}::{closure#0}>>
[INFO] [stdout]                                at /rustc/dfb0accb7f508ae8be965d8629557221c889dd98/library/std/src/panicking.rs:544:19
[INFO] [stdout]   39:     0x5b71517acc22 - std[70759c8f55707aa4]::panic::catch_unwind::<core[df12db4294e9bfd3]::panic::unwind_safe::AssertUnwindSafe<std[70759c8f55707aa4]::thread::lifecycle::spawn_unchecked<test[9d35eded1c95d3be]::run_test::{closure#1}, ()>::{closure#1}::{closure#0}>, ()>
[INFO] [stdout]                                at /rustc/dfb0accb7f508ae8be965d8629557221c889dd98/library/std/src/panic.rs:359:14
[INFO] [stdout]   40:     0x5b71517acc22 - std[70759c8f55707aa4]::thread::lifecycle::spawn_unchecked::<test[9d35eded1c95d3be]::run_test::{closure#1}, ()>::{closure#1}
[INFO] [stdout]                                at /rustc/dfb0accb7f508ae8be965d8629557221c889dd98/library/std/src/thread/lifecycle.rs:68:26
[INFO] [stdout]   41:     0x5b71517acc22 - <std[70759c8f55707aa4]::thread::lifecycle::spawn_unchecked<test[9d35eded1c95d3be]::run_test::{closure#1}, ()>::{closure#1} as core[df12db4294e9bfd3]::ops::function::FnOnce<()>>::call_once::{shim:vtable#0}
[INFO] [stdout]                                at /rustc/dfb0accb7f508ae8be965d8629557221c889dd98/library/core/src/ops/function.rs:250:5
[INFO] [stdout]   42:     0x5b7151832d39 - <alloc[2182bb758b4b3781]::boxed::Box<dyn core[df12db4294e9bfd3]::ops::function::FnOnce<(), Output = ()> + core[df12db4294e9bfd3]::marker::Send> as core[df12db4294e9bfd3]::ops::function::FnOnce<()>>::call_once
[INFO] [stdout]                                at /rustc/dfb0accb7f508ae8be965d8629557221c889dd98/library/alloc/src/boxed.rs:2320:9
[INFO] [stdout]   43:     0x5b7151832d39 - <std[70759c8f55707aa4]::sys::thread::unix::Thread>::new::thread_start
[INFO] [stdout]                                at /rustc/dfb0accb7f508ae8be965d8629557221c889dd98/library/std/src/sys/thread/unix.rs:123:17
[INFO] [stdout]   44:     0x7edc5f4f2dfa - <unknown>
[INFO] [stdout]   45:     0x7edc5f5863d4 - clone
[INFO] [stdout]   46:                0x0 - <unknown>
[INFO] [stdout] 
[INFO] [stdout] 
[INFO] [stdout] failures:
[INFO] [stdout]     test_mmap_view
[INFO] [stdout] 
[INFO] [stdout] test result: FAILED. 0 passed; 1 failed; 0 ignored; 0 measured; 0 filtered out; finished in 0.03s
[INFO] [stdout] 
[INFO] [stderr] error: test failed, to rerun pass `-p tree_storage --test mmap_tests`
[INFO] running `Command { std: "docker" "inspect" "a8bddbe019430f03cdbf32e4426d32d22dc63f2cbd6e5ec24ab8a9b5edee2cc5", kill_on_drop: false }`
[INFO] running `Command { std: "docker" "rm" "-f" "a8bddbe019430f03cdbf32e4426d32d22dc63f2cbd6e5ec24ab8a9b5edee2cc5", kill_on_drop: false }`
[INFO] [stdout] a8bddbe019430f03cdbf32e4426d32d22dc63f2cbd6e5ec24ab8a9b5edee2cc5
