[INFO] cloning repository https://github.com/sinon/z2p-axum
[INFO] running `Command { std: "git" "-c" "credential.helper=" "-c" "credential.helper=/workspace/cargo-home/bin/git-credential-null" "clone" "--bare" "https://github.com/sinon/z2p-axum" "/workspace/cache/git-repos/https%3A%2F%2Fgithub.com%2Fsinon%2Fz2p-axum", kill_on_drop: false }`
[INFO] [stderr] Cloning into bare repository '/workspace/cache/git-repos/https%3A%2F%2Fgithub.com%2Fsinon%2Fz2p-axum'...
[INFO] running `Command { std: "git" "rev-parse" "HEAD", kill_on_drop: false }`
[INFO] [stdout] 32bed5d66d09c7c2bc026a263aa5994342411d35
[INFO] testing sinon/z2p-axum against 1.100.0-beta.1 for beta-1.100-2
[INFO] running `Command { std: "git" "clone" "/workspace/cache/git-repos/https%3A%2F%2Fgithub.com%2Fsinon%2Fz2p-axum" "/workspace/builds/worker-1-tc2/source", kill_on_drop: false }`
[INFO] [stderr] Cloning into '/workspace/builds/worker-1-tc2/source'...
[INFO] [stderr] done.
[INFO] started tweaking git repo https://github.com/sinon/z2p-axum
[INFO] finished tweaking git repo https://github.com/sinon/z2p-axum
[INFO] tweaked toml for git repo https://github.com/sinon/z2p-axum written to /workspace/builds/worker-1-tc2/source/Cargo.toml
[INFO] validating manifest of git repo https://github.com/sinon/z2p-axum on toolchain 1.100.0-beta.1
[INFO] running `Command { std: CARGO_HOME="/workspace/cargo-home" RUSTUP_HOME="/workspace/rustup-home" "/workspace/cargo-home/bin/cargo" "+1.100.0-beta.1" "metadata" "--manifest-path" "Cargo.toml" "--no-deps", kill_on_drop: false }`
[INFO] crate git repo https://github.com/sinon/z2p-axum already has a lockfile, it will not be regenerated
[INFO] running `Command { std: CARGO_HOME="/workspace/cargo-home" RUSTUP_HOME="/workspace/rustup-home" "/workspace/cargo-home/bin/cargo" "+1.100.0-beta.1" "fetch" "--manifest-path" "Cargo.toml", kill_on_drop: false }`
[INFO] [stderr]     Blocking waiting for file lock on package cache
[INFO] [stderr]     Blocking waiting for file lock on package cache
[INFO] running `Command { std: "docker" "create" "-v" "/var/lib/crater-agent-workspace/builds/worker-1-tc2/source:/opt/rustwide/workdir:ro,Z" "-v" "/var/lib/crater-agent-workspace/builds/worker-1-tc2/target:/opt/rustwide/target:rw,Z" "-v" "/var/lib/crater-agent-workspace/cargo-home:/opt/rustwide/cargo-home:ro,Z" "-v" "/var/lib/crater-agent-workspace/rustup-home:/opt/rustwide/rustup-home:ro,Z" "-m" "1610612736" "--network" "none" "ghcr.io/rust-lang/crates-build-env/linux@sha256:3111399a4047eeb3a02b7a90e478d715f38a8c6669b5c4b49d30a17385265909" "sleep" "infinity", kill_on_drop: false }`
[INFO] [stdout] fab220e23f9623ec9e03729575dbe5f4f4ca08d9e8064329fc177359af51fd17
[INFO] running `Command { std: "docker" "start" "fab220e23f9623ec9e03729575dbe5f4f4ca08d9e8064329fc177359af51fd17", kill_on_drop: false }`
[INFO] running `Command { std: "docker" "inspect" "fab220e23f9623ec9e03729575dbe5f4f4ca08d9e8064329fc177359af51fd17", kill_on_drop: false }`
[INFO] running `Command { std: "docker" "exec" "-e" "SOURCE_DIR=/opt/rustwide/workdir" "-e" "CARGO_HOME=/opt/rustwide/cargo-home" "-e" "RUSTUP_HOME=/opt/rustwide/rustup-home" "-e" "CARGO_TARGET_DIR=/opt/rustwide/target" "-w" "/opt/rustwide/workdir" "--user" "0:0" "fab220e23f9623ec9e03729575dbe5f4f4ca08d9e8064329fc177359af51fd17" "/opt/rustwide/cargo-home/bin/cargo" "+1.100.0-beta.1" "metadata" "--no-deps" "--format-version=1", kill_on_drop: false }`
[INFO] running `Command { std: "docker" "inspect" "fab220e23f9623ec9e03729575dbe5f4f4ca08d9e8064329fc177359af51fd17", kill_on_drop: false }`
[INFO] running `Command { std: "docker" "exec" "-e" "SOURCE_DIR=/opt/rustwide/workdir" "-e" "CARGO_HOME=/opt/rustwide/cargo-home" "-e" "RUSTUP_HOME=/opt/rustwide/rustup-home" "-e" "CARGO_TARGET_DIR=/opt/rustwide/target" "-e" "CARGO_INCREMENTAL=0" "-e" "RUST_BACKTRACE=full" "-e" "RUSTFLAGS=--cap-lints=warn" "-e" "RUSTDOCFLAGS=--cap-lints=warn" "-w" "/opt/rustwide/workdir" "--user" "0:0" "fab220e23f9623ec9e03729575dbe5f4f4ca08d9e8064329fc177359af51fd17" "/opt/rustwide/cargo-home/bin/cargo" "+1.100.0-beta.1" "build" "--frozen" "--message-format=json", kill_on_drop: false }`
[INFO] [stderr]    Compiling proc-macro2 v1.0.93
[INFO] [stderr]    Compiling unicode-ident v1.0.14
[INFO] [stderr]    Compiling libc v0.2.169
[INFO] [stderr]    Compiling serde v1.0.217
[INFO] [stderr]    Compiling once_cell v1.20.2
[INFO] [stderr]    Compiling typenum v1.17.0
[INFO] [stderr]    Compiling litemap v0.7.4
[INFO] [stderr]    Compiling bytes v1.9.0
[INFO] [stderr]    Compiling serde_json v1.0.135
[INFO] [stderr]    Compiling rustls-pki-types v1.10.1
[INFO] [stderr]    Compiling spin v0.9.8
[INFO] [stderr]    Compiling foldhash v0.1.4
[INFO] [stderr]    Compiling log v0.4.25
[INFO] [stderr]    Compiling rustls v0.23.21
[INFO] [stderr]    Compiling thiserror v2.0.11
[INFO] [stderr]    Compiling cpufeatures v0.2.16
[INFO] [stderr]    Compiling num-traits v0.2.19
[INFO] [stderr]    Compiling tracing-core v0.1.33
[INFO] [stderr]    Compiling hashbrown v0.15.2
[INFO] [stderr]    Compiling futures-util v0.3.31
[INFO] [stderr]    Compiling byteorder v1.5.0
[INFO] [stderr]    Compiling pkg-config v0.3.31
[INFO] [stderr]    Compiling rustversion v1.0.19
[INFO] [stderr]    Compiling tinyvec v1.8.1
[INFO] [stderr]    Compiling webpki-roots v0.26.7
[INFO] [stderr]    Compiling rustls-pemfile v2.2.0
[INFO] [stderr]    Compiling event-listener v5.4.0
[INFO] [stderr]    Compiling form_urlencoded v1.2.1
[INFO] [stderr]    Compiling ahash v0.8.11
[INFO] [stderr]    Compiling bitflags v2.8.0
[INFO] [stderr]    Compiling rustix v0.38.43
[INFO] [stderr]    Compiling http v0.2.12
[INFO] [stderr]    Compiling unicode-normalization v0.1.24
[INFO] [stderr]    Compiling indexmap v1.9.3
[INFO] [stderr]    Compiling quote v1.0.38
[INFO] [stderr]    Compiling zstd-safe v7.2.1
[INFO] [stderr]    Compiling strsim v0.11.1
[INFO] [stderr]    Compiling generic-array v0.14.7
[INFO] [stderr]    Compiling uuid v1.12.0
[INFO] [stderr]    Compiling alloc-stdlib v0.2.2
[INFO] [stderr]    Compiling syn v2.0.96
[INFO] [stderr]    Compiling unicase v2.8.1
[INFO] [stderr]    Compiling adler2 v2.0.0
[INFO] [stderr]    Compiling httparse v1.9.5
[INFO] [stderr]    Compiling axum-core v0.3.4
[INFO] [stderr]    Compiling miniz_oxide v0.8.3
[INFO] [stderr]    Compiling hashlink v0.10.0
[INFO] [stderr]    Compiling jobserver v0.1.32
[INFO] [stderr]    Compiling getrandom v0.2.15
[INFO] [stderr]    Compiling mio v1.0.3
[INFO] [stderr]    Compiling socket2 v0.5.8
[INFO] [stderr]    Compiling signal-hook-registry v1.4.2
[INFO] [stderr]    Compiling indexmap v2.7.0
[INFO] [stderr]    Compiling stringprep v0.1.5
[INFO] [stderr]    Compiling rand_core v0.6.4
[INFO] [stderr]    Compiling cc v1.2.10
[INFO] [stderr]    Compiling chrono v0.4.39
[INFO] [stderr]    Compiling atoi v2.0.0
[INFO] [stderr]    Compiling tokio v1.43.0
[INFO] [stderr]    Compiling mime_guess v2.0.5
[INFO] [stderr]    Compiling brotli-decompressor v4.0.1
[INFO] [stderr]    Compiling proc-macro-error-attr2 v2.0.0
[INFO] [stderr]    Compiling http-body v0.4.6
[INFO] [stderr]    Compiling block-buffer v0.10.4
[INFO] [stderr]    Compiling crypto-common v0.1.6
[INFO] [stderr]    Compiling digest v0.10.7
[INFO] [stderr]    Compiling hdrhistogram v7.5.4
[INFO] [stderr]    Compiling crc32fast v1.4.2
[INFO] [stderr]    Compiling hmac v0.12.1
[INFO] [stderr]    Compiling sha2 v0.10.8
[INFO] [stderr]    Compiling md-5 v0.10.6
[INFO] [stderr]    Compiling hkdf v0.12.4
[INFO] [stderr]    Compiling flate2 v1.0.35
[INFO] [stderr]    Compiling axum v0.6.20
[INFO] [stderr]    Compiling arraydeque v0.5.1
[INFO] [stderr]    Compiling tracing-log v0.2.0
[INFO] [stderr]    Compiling thread_local v1.1.8
[INFO] [stderr]    Compiling iri-string v0.7.7
[INFO] [stderr]    Compiling sync_wrapper v0.1.2
[INFO] [stderr]    Compiling http-range-header v0.3.1
[INFO] [stderr]    Compiling brotli v7.0.0
[INFO] [stderr]    Compiling ring v0.17.8
[INFO] [stderr]    Compiling zstd-sys v2.0.13+zstd.1.5.6
[INFO] [stderr]    Compiling tempfile v3.15.0
[INFO] [stderr]    Compiling rustls-webpki v0.102.8
[INFO] [stderr]    Compiling synstructure v0.13.1
[INFO] [stderr]    Compiling darling_core v0.20.11
[INFO] [stderr]    Compiling proc-macro-error2 v2.0.1
[INFO] [stderr]    Compiling serde_derive v1.0.217
[INFO] [stderr]    Compiling zerofrom-derive v0.1.5
[INFO] [stderr]    Compiling yoke-derive v0.7.5
[INFO] [stderr]    Compiling zerovec-derive v0.10.3
[INFO] [stderr]    Compiling displaydoc v0.2.5
[INFO] [stderr]    Compiling zerocopy-derive v0.7.35
[INFO] [stderr]    Compiling icu_provider_macros v1.5.0
[INFO] [stderr]    Compiling tracing-attributes v0.1.28
[INFO] [stderr]    Compiling tokio-macros v2.5.0
[INFO] [stderr]    Compiling thiserror-impl v2.0.11
[INFO] [stderr]    Compiling pin-project-internal v1.1.8
[INFO] [stderr]    Compiling thiserror-impl v1.0.69
[INFO] [stderr]    Compiling tokio-stream v0.1.17
[INFO] [stderr]    Compiling zstd v0.13.2
[INFO] [stderr]    Compiling async-trait v0.1.85
[INFO] [stderr]    Compiling snafu-derive v0.8.5
[INFO] [stderr]    Compiling axum-macros v0.3.8
[INFO] [stderr]    Compiling zerocopy v0.7.35
[INFO] [stderr]    Compiling miette-derive v7.4.0
[INFO] [stderr]    Compiling tracing v0.1.41
[INFO] [stderr]    Compiling ppv-lite86 v0.2.20
[INFO] [stderr]    Compiling pin-project v1.1.8
[INFO] [stderr]    Compiling thiserror v1.0.69
[INFO] [stderr]    Compiling rand_chacha v0.3.1
[INFO] [stderr]    Compiling hashbrown v0.14.5
[INFO] [stderr]    Compiling zerofrom v0.1.5
[INFO] [stderr]    Compiling rand v0.8.5
[INFO] [stderr]    Compiling yoke v0.7.5
[INFO] [stderr]    Compiling zerovec v0.10.4
[INFO] [stderr]    Compiling miette v7.4.0
[INFO] [stderr]    Compiling snafu v0.8.5
[INFO] [stderr]    Compiling hashlink v0.8.4
[INFO] [stderr]    Compiling darling_macro v0.20.11
[INFO] [stderr]    Compiling darling v0.20.11
[INFO] [stderr]    Compiling validator_derive v0.20.0
[INFO] [stderr]    Compiling yaml-rust2 v0.8.1
[INFO] [stderr]    Compiling tinystr v0.7.6
[INFO] [stderr]    Compiling icu_collections v1.5.0
[INFO] [stderr]    Compiling icu_locid v1.5.0
[INFO] [stderr]    Compiling icu_provider v1.5.0
[INFO] [stderr]    Compiling icu_locid_transform v1.5.0
[INFO] [stderr]    Compiling icu_properties v1.5.1
[INFO] [stderr]    Compiling smallvec v1.13.2
[INFO] [stderr]    Compiling either v1.13.0
[INFO] [stderr]    Compiling serde_path_to_error v0.1.16
[INFO] [stderr]    Compiling serde_urlencoded v0.7.1
[INFO] [stderr]    Compiling secrecy v0.10.3
[INFO] [stderr]    Compiling config v0.14.1
[INFO] [stderr]    Compiling parking_lot_core v0.9.10
[INFO] [stderr]    Compiling tracing-subscriber v0.3.19
[INFO] [stderr]    Compiling parking_lot v0.12.3
[INFO] [stderr]    Compiling futures-intrusive v0.5.0
[INFO] [stderr]    Compiling icu_normalizer v1.5.0
[INFO] [stderr]    Compiling idna_adapter v1.2.0
[INFO] [stderr]    Compiling idna v1.0.3
[INFO] [stderr]    Compiling url v2.5.4
[INFO] [stderr]    Compiling sqlx-core v0.8.3
[INFO] [stderr]    Compiling validator v0.20.0
[INFO] [stderr]    Compiling tokio-util v0.7.13
[INFO] [stderr]    Compiling hyper v0.14.32
[INFO] [stderr]    Compiling async-compression v0.4.18
[INFO] [stderr]    Compiling tower v0.4.13
[INFO] [stderr]    Compiling sqlx-postgres v0.8.3
[INFO] [stderr]    Compiling tower-http v0.4.4
[INFO] [stderr]    Compiling sqlx-macros-core v0.8.3
[INFO] [stderr]    Compiling sqlx-macros v0.8.3
[INFO] [stderr]    Compiling sqlx v0.8.3
[INFO] [stderr]    Compiling z2p_axum v0.0.0 (/opt/rustwide/workdir)
[INFO] [stdout] warning: trailing semicolon in macro used in expression position
[INFO] [stdout]   --> src/domain/subscriber_email.rs:21:13
[INFO] [stdout]    |
[INFO] [stdout] 21 |             whatever!("{input} is not a valid subscriber email.")
[INFO] [stdout]    |             ^^^^^^^^^^^^^^^^^^^^^^^^^^^^^^^^^^^^^^^^^^^^^^^^^^^^^
[INFO] [stdout]    |
[INFO] [stdout]    = note: macro invocations at the end of a block are treated as expressions
[INFO] [stdout]    = note: to ignore the value produced by the macro, add a semicolon after the invocation of `whatever`
[INFO] [stdout]    = warning: this was previously accepted by the compiler but is being phased out; it will become a hard error in a future release!
[INFO] [stdout]    = note: for more information, see issue #79813 <https://github.com/rust-lang/rust/issues/79813>
[INFO] [stdout]    = note: `#[warn(semicolon_in_expressions_from_non_local_macros)]` (part of `#[warn(future_incompatible)]`) on by default
[INFO] [stdout]    = note: this warning originates in the macro `whatever` (in Nightly builds, run with -Z macro-backtrace for more info)
[INFO] [stdout] 
[INFO] [stdout] 
[INFO] [stderr]     Finished `dev` profile [unoptimized + debuginfo] target(s) in 1m 07s
[INFO] [stderr] warning: the following packages contain code that will be rejected by a future version of Rust: proc-macro-error2 v2.0.1, z2p_axum v0.0.0 (/opt/rustwide/workdir)
[INFO] [stderr] note: to see what the problems were, use the option `--future-incompat-report`, or run `cargo report future-incompatibilities --id 2`
[INFO] running `Command { std: "docker" "inspect" "fab220e23f9623ec9e03729575dbe5f4f4ca08d9e8064329fc177359af51fd17", kill_on_drop: false }`
[INFO] running `Command { std: "docker" "exec" "-e" "SOURCE_DIR=/opt/rustwide/workdir" "-e" "CARGO_HOME=/opt/rustwide/cargo-home" "-e" "RUSTUP_HOME=/opt/rustwide/rustup-home" "-e" "CARGO_TARGET_DIR=/opt/rustwide/target" "-e" "CARGO_INCREMENTAL=0" "-e" "RUST_BACKTRACE=full" "-e" "RUSTFLAGS=--cap-lints=warn" "-e" "RUSTDOCFLAGS=--cap-lints=warn" "-w" "/opt/rustwide/workdir" "--user" "0:0" "fab220e23f9623ec9e03729575dbe5f4f4ca08d9e8064329fc177359af51fd17" "/opt/rustwide/cargo-home/bin/cargo" "+1.100.0-beta.1" "test" "--frozen" "--no-run" "--message-format=json", kill_on_drop: false }`
[INFO] [stderr]    Compiling futures-macro v0.3.31
[INFO] [stderr]    Compiling aho-corasick v1.1.3
[INFO] [stderr]    Compiling openssl-sys v0.9.104
[INFO] [stderr]    Compiling tokio-util v0.7.13
[INFO] [stderr]    Compiling futures-util v0.3.31
[INFO] [stderr]    Compiling semver v1.0.26
[INFO] [stderr]    Compiling openssl v0.10.68
[INFO] [stderr]    Compiling getrandom v0.3.3
[INFO] [stderr]    Compiling openssl-macros v0.1.1
[INFO] [stderr]    Compiling regex-syntax v0.8.5
[INFO] [stderr]    Compiling winnow v0.7.10
[INFO] [stderr]    Compiling toml_datetime v0.6.9
[INFO] [stderr]    Compiling relative-path v1.9.3
[INFO] [stderr]    Compiling glob v0.3.2
[INFO] [stderr]    Compiling deunicode v1.6.2
[INFO] [stderr]    Compiling futures-timer v3.0.3
[INFO] [stderr]    Compiling ipnet v2.10.1
[INFO] [stderr]    Compiling quickcheck_macros v1.1.0
[INFO] [stderr]    Compiling rustc_version v0.4.1
[INFO] [stderr]    Compiling rand_core v0.9.3
[INFO] [stderr]    Compiling native-tls v0.2.12
[INFO] [stderr]    Compiling rand_chacha v0.9.0
[INFO] [stderr]    Compiling rstest_macros v0.25.0
[INFO] [stderr]    Compiling rand v0.9.1
[INFO] [stderr]    Compiling regex-automata v0.4.9
[INFO] [stderr]    Compiling fake v4.3.0
[INFO] [stderr]    Compiling toml_edit v0.22.26
[INFO] [stderr]    Compiling sqlx-core v0.8.3
[INFO] [stderr]    Compiling proc-macro-crate v3.3.0
[INFO] [stderr]    Compiling regex v1.11.1
[INFO] [stderr]    Compiling h2 v0.3.26
[INFO] [stderr]    Compiling tower v0.4.13
[INFO] [stderr]    Compiling axum-core v0.3.4
[INFO] [stderr]    Compiling validator v0.20.0
[INFO] [stderr]    Compiling tracing-subscriber v0.3.19
[INFO] [stderr]    Compiling env_logger v0.8.4
[INFO] [stderr]    Compiling quickcheck v1.0.3
[INFO] [stderr]    Compiling tokio-native-tls v0.3.1
[INFO] [stderr]    Compiling sqlx-postgres v0.8.3
[INFO] [stderr]    Compiling tower-http v0.4.4
[INFO] [stderr]    Compiling rstest v0.25.0
[INFO] [stderr]    Compiling hyper v0.14.32
[INFO] [stderr]    Compiling sqlx-macros-core v0.8.3
[INFO] [stderr]    Compiling sqlx-macros v0.8.3
[INFO] [stderr]    Compiling axum v0.6.20
[INFO] [stderr]    Compiling hyper-tls v0.5.0
[INFO] [stderr]    Compiling reqwest v0.11.27
[INFO] [stderr]    Compiling sqlx v0.8.3
[INFO] [stderr]    Compiling z2p_axum v0.0.0 (/opt/rustwide/workdir)
[INFO] [stdout] warning: trailing semicolon in macro used in expression position
[INFO] [stdout]   --> src/domain/subscriber_email.rs:21:13
[INFO] [stdout]    |
[INFO] [stdout] 21 |             whatever!("{input} is not a valid subscriber email.")
[INFO] [stdout]    |             ^^^^^^^^^^^^^^^^^^^^^^^^^^^^^^^^^^^^^^^^^^^^^^^^^^^^^
[INFO] [stdout]    |
[INFO] [stdout]    = note: macro invocations at the end of a block are treated as expressions
[INFO] [stdout]    = note: to ignore the value produced by the macro, add a semicolon after the invocation of `whatever`
[INFO] [stdout]    = warning: this was previously accepted by the compiler but is being phased out; it will become a hard error in a future release!
[INFO] [stdout]    = note: for more information, see issue #79813 <https://github.com/rust-lang/rust/issues/79813>
[INFO] [stdout]    = note: `#[warn(semicolon_in_expressions_from_non_local_macros)]` (part of `#[warn(future_incompatible)]`) on by default
[INFO] [stdout]    = note: this warning originates in the macro `whatever` (in Nightly builds, run with -Z macro-backtrace for more info)
[INFO] [stdout] 
[INFO] [stdout] 
[INFO] [stdout] warning: trailing semicolon in macro used in expression position
[INFO] [stdout]   --> src/domain/subscriber_email.rs:21:13
[INFO] [stdout]    |
[INFO] [stdout] 21 |             whatever!("{input} is not a valid subscriber email.")
[INFO] [stdout]    |             ^^^^^^^^^^^^^^^^^^^^^^^^^^^^^^^^^^^^^^^^^^^^^^^^^^^^^
[INFO] [stdout]    |
[INFO] [stdout]    = note: macro invocations at the end of a block are treated as expressions
[INFO] [stdout]    = note: to ignore the value produced by the macro, add a semicolon after the invocation of `whatever`
[INFO] [stdout]    = warning: this was previously accepted by the compiler but is being phased out; it will become a hard error in a future release!
[INFO] [stdout]    = note: for more information, see issue #79813 <https://github.com/rust-lang/rust/issues/79813>
[INFO] [stdout]    = note: `#[warn(semicolon_in_expressions_from_non_local_macros)]` (part of `#[warn(future_incompatible)]`) on by default
[INFO] [stdout]    = note: this warning originates in the macro `whatever` (in Nightly builds, run with -Z macro-backtrace for more info)
[INFO] [stdout] 
[INFO] [stdout] 
[INFO] [stdout] warning: field `db_pool` is never read
[INFO] [stdout]   --> tests/common/mod.rs:24:9
[INFO] [stdout]    |
[INFO] [stdout] 22 | pub struct TestApp {
[INFO] [stdout]    |            ------- field in this struct
[INFO] [stdout] 23 |     pub address: String,
[INFO] [stdout] 24 |     pub db_pool: PgPool,
[INFO] [stdout]    |         ^^^^^^^
[INFO] [stdout]    |
[INFO] [stdout]    = note: `#[warn(dead_code)]` (part of `#[warn(unused)]`) on by default
[INFO] [stdout] 
[INFO] [stdout] 
[INFO] [stdout] warning: function `expect_string` is never used
[INFO] [stdout]   --> tests/common/mod.rs:95:8
[INFO] [stdout]    |
[INFO] [stdout] 95 | pub fn expect_string(value: &serde_json::Value) -> &str {
[INFO] [stdout]    |        ^^^^^^^^^^^^^
[INFO] [stdout] 
[INFO] [stdout] 
[INFO] [stdout] warning: function `expect_uuid` is never used
[INFO] [stdout]    --> tests/common/mod.rs:103:8
[INFO] [stdout]     |
[INFO] [stdout] 103 | pub fn expect_uuid(value: &serde_json::Value) -> Uuid {
[INFO] [stdout]     |        ^^^^^^^^^^^
[INFO] [stdout] 
[INFO] [stdout] 
[INFO] [stdout] warning: field `db_pool` is never read
[INFO] [stdout]   --> tests/common/mod.rs:24:9
[INFO] [stdout]    |
[INFO] [stdout] 22 | pub struct TestApp {
[INFO] [stdout]    |            ------- field in this struct
[INFO] [stdout] 23 |     pub address: String,
[INFO] [stdout] 24 |     pub db_pool: PgPool,
[INFO] [stdout]    |         ^^^^^^^
[INFO] [stdout]    |
[INFO] [stdout]    = note: `#[warn(dead_code)]` (part of `#[warn(unused)]`) on by default
[INFO] [stdout] 
[INFO] [stdout] 
[INFO] [stderr]     Finished `test` profile [unoptimized + debuginfo] target(s) in 17.51s
[INFO] [stderr] warning: the following packages contain code that will be rejected by a future version of Rust: proc-macro-error2 v2.0.1, z2p_axum v0.0.0 (/opt/rustwide/workdir)
[INFO] [stderr] note: to see what the problems were, use the option `--future-incompat-report`, or run `cargo report future-incompatibilities --id 3`
[INFO] running `Command { std: "docker" "inspect" "fab220e23f9623ec9e03729575dbe5f4f4ca08d9e8064329fc177359af51fd17", kill_on_drop: false }`
[INFO] running `Command { std: "docker" "exec" "-e" "SOURCE_DIR=/opt/rustwide/workdir" "-e" "CARGO_HOME=/opt/rustwide/cargo-home" "-e" "RUSTUP_HOME=/opt/rustwide/rustup-home" "-e" "CARGO_TARGET_DIR=/opt/rustwide/target" "-e" "CARGO_INCREMENTAL=0" "-e" "RUST_BACKTRACE=full" "-e" "RUSTFLAGS=--cap-lints=warn" "-e" "RUSTDOCFLAGS=--cap-lints=warn" "-w" "/opt/rustwide/workdir" "--user" "0:0" "fab220e23f9623ec9e03729575dbe5f4f4ca08d9e8064329fc177359af51fd17" "/opt/rustwide/cargo-home/bin/cargo" "+1.100.0-beta.1" "test" "--frozen", kill_on_drop: false }`
[INFO] [stderr] warning: trailing semicolon in macro used in expression position
[INFO] [stderr]   --> src/domain/subscriber_email.rs:21:13
[INFO] [stderr]    |
[INFO] [stderr] 21 |             whatever!("{input} is not a valid subscriber email.")
[INFO] [stderr]    |             ^^^^^^^^^^^^^^^^^^^^^^^^^^^^^^^^^^^^^^^^^^^^^^^^^^^^^
[INFO] [stderr]    |
[INFO] [stderr]    = note: macro invocations at the end of a block are treated as expressions
[INFO] [stderr]    = note: to ignore the value produced by the macro, add a semicolon after the invocation of `whatever`
[INFO] [stderr]    = warning: this was previously accepted by the compiler but is being phased out; it will become a hard error in a future release!
[INFO] [stderr]    = note: for more information, see issue #79813 <https://github.com/rust-lang/rust/issues/79813>
[INFO] [stderr]    = note: `#[warn(semicolon_in_expressions_from_non_local_macros)]` (part of `#[warn(future_incompatible)]`) on by default
[INFO] [stderr]    = note: this warning originates in the macro `whatever` (in Nightly builds, run with -Z macro-backtrace for more info)
[INFO] [stderr] 
[INFO] [stderr] warning: `z2p_axum` (lib) generated 1 warning
[INFO] [stderr] warning: field `db_pool` is never read
[INFO] [stderr]   --> tests/common/mod.rs:24:9
[INFO] [stderr]    |
[INFO] [stderr] 22 | pub struct TestApp {
[INFO] [stderr]    |            ------- field in this struct
[INFO] [stderr] 23 |     pub address: String,
[INFO] [stderr] 24 |     pub db_pool: PgPool,
[INFO] [stderr]    |         ^^^^^^^
[INFO] [stderr]    |
[INFO] [stderr]    = note: `#[warn(dead_code)]` (part of `#[warn(unused)]`) on by default
[INFO] [stderr] 
[INFO] [stderr] warning: function `expect_string` is never used
[INFO] [stderr]   --> tests/common/mod.rs:95:8
[INFO] [stderr]    |
[INFO] [stderr] 95 | pub fn expect_string(value: &serde_json::Value) -> &str {
[INFO] [stderr]    |        ^^^^^^^^^^^^^
[INFO] [stderr] 
[INFO] [stderr] warning: function `expect_uuid` is never used
[INFO] [stderr]    --> tests/common/mod.rs:103:8
[INFO] [stderr]     |
[INFO] [stderr] 103 | pub fn expect_uuid(value: &serde_json::Value) -> Uuid {
[INFO] [stderr]     |        ^^^^^^^^^^^
[INFO] [stderr] 
[INFO] [stderr] warning: `z2p_axum` (lib test) generated 1 warning (1 duplicate)
[INFO] [stderr] warning: `z2p_axum` (test "subscriber") generated 1 warning
[INFO] [stderr] warning: `z2p_axum` (test "health_check") generated 3 warnings (1 duplicate)
[INFO] [stderr]     Finished `test` profile [unoptimized + debuginfo] target(s) in 0.62s
[INFO] [stderr] warning: the following packages contain code that will be rejected by a future version of Rust: proc-macro-error2 v2.0.1, z2p_axum v0.0.0 (/opt/rustwide/workdir)
[INFO] [stderr] note: to see what the problems were, use the option `--future-incompat-report`, or run `cargo report future-incompatibilities --id 3`
[INFO] [stderr]      Running unittests src/lib.rs (/opt/rustwide/target/debug/build/z2p_axum/dba6d2ae61b788e5/out/z2p_axum-dba6d2ae61b788e5)
[INFO] [stdout] 
[INFO] [stdout] running 11 tests
[INFO] [stdout] test domain::subscriber_email::tests::empty_string_is_rejected ... ok
[INFO] [stdout] test domain::subscriber_email::tests::email_missing_at_symbol_is_rejected ... ok
[INFO] [stdout] test domain::subscriber_name::tests::empty_string_is_rejected ... ok
[INFO] [stdout] test domain::subscriber_name::tests::a_valid_name_is_parsed_successfully ... ok
[INFO] [stdout] test domain::subscriber_name::tests::a_256_grapheme_long_name_is_valid ... ok
[INFO] [stdout] test domain::subscriber_name::tests::a_name_longer_than_256_graphemes_is_rejected ... ok
[INFO] [stdout] test domain::subscriber_name::tests::whitespace_only_names_are_rejected ... ok
[INFO] [stdout] test domain::subscriber_name::tests::names_containing_an_invalid_character_are_rejected ... ok
[INFO] [stdout] test domain::subscriber_email::tests::email_missing_subject_is_rejected ... ok
[INFO] [stdout] test domain::subscriber_email::tests::email_valid ... ok
[INFO] [stdout] test domain::subscriber_email::tests::valid_emails_are_parsed_successfully ... ok
[INFO] [stdout] 
[INFO] [stdout] test result: ok. 11 passed; 0 failed; 0 ignored; 0 measured; 0 filtered out; finished in 0.01s
[INFO] [stdout] 
[INFO] [stderr]      Running unittests src/main.rs (/opt/rustwide/target/debug/build/z2p_axum/8a72d73d63f83645/out/z2p_axum-8a72d73d63f83645)
[INFO] [stdout] 
[INFO] [stdout] running 0 tests
[INFO] [stdout] 
[INFO] [stdout] test result: ok. 0 passed; 0 failed; 0 ignored; 0 measured; 0 filtered out; finished in 0.00s
[INFO] [stdout] 
[INFO] [stderr]      Running tests/health_check.rs (/opt/rustwide/target/debug/build/z2p_axum/8622ab3b71dcf4f4/out/health_check-8622ab3b71dcf4f4)
[INFO] [stdout] 
[INFO] [stdout] running 1 test
[INFO] [stdout] test health_check_works ... FAILED
[INFO] [stdout] 
[INFO] [stdout] failures:
[INFO] [stdout] 
[INFO] [stdout] ---- health_check_works stdout ----
[INFO] [stdout] 
[INFO] [stdout] thread 'health_check_works' (4309) panicked at /opt/rustwide/cargo-home/registry/src/index.crates.io-1949cf8c6b5b557f/sqlx-postgres-0.8.3/src/testing/mod.rs:78:44:
[INFO] [stdout] DATABASE_URL must be set: EnvVar(NotPresent)
[INFO] [stdout] stack backtrace:
[INFO] [stdout]    0:     0x590f0de9be01 - std[617be2ca0a6fd877]::backtrace_rs::backtrace::libunwind::trace
[INFO] [stdout]                                at /rustc/e3feeb59cd1bdd011a2bfcc0747b55125d9b8527/library/std/src/../../backtrace/src/backtrace/libunwind.rs:117:9
[INFO] [stdout]    1:     0x590f0de9be01 - std[617be2ca0a6fd877]::backtrace_rs::backtrace::trace_unsynchronized::<std[617be2ca0a6fd877]::sys::backtrace::_print_fmt::{closure#1}>
[INFO] [stdout]                                at /rustc/e3feeb59cd1bdd011a2bfcc0747b55125d9b8527/library/std/src/../../backtrace/src/backtrace/mod.rs:66:14
[INFO] [stdout]    2:     0x590f0de9be01 - std[617be2ca0a6fd877]::sys::backtrace::_print_fmt
[INFO] [stdout]                                at /rustc/e3feeb59cd1bdd011a2bfcc0747b55125d9b8527/library/std/src/sys/backtrace.rs:74:9
[INFO] [stdout]    3:     0x590f0de9be01 - <<std[617be2ca0a6fd877]::sys::backtrace::BacktraceLock>::print::DisplayBacktrace as core[a373ad73a504971]::fmt::Display>::fmt
[INFO] [stdout]                                at /rustc/e3feeb59cd1bdd011a2bfcc0747b55125d9b8527/library/std/src/sys/backtrace.rs:44:26
[INFO] [stdout]    4:     0x590f0deb4bfa - <core[a373ad73a504971]::fmt::rt::Argument>::fmt
[INFO] [stdout]                                at /rustc/e3feeb59cd1bdd011a2bfcc0747b55125d9b8527/library/core/src/fmt/rt.rs:152:76
[INFO] [stdout]    5:     0x590f0deb4bfa - core[a373ad73a504971]::fmt::write
[INFO] [stdout]    6:     0x590f0dea0acc - core[a373ad73a504971]::io::write::default_write_fmt::<alloc[2e1b2a31b91974c5]::vec::Vec<u8>>
[INFO] [stdout]                                at /rustc/e3feeb59cd1bdd011a2bfcc0747b55125d9b8527/library/core/src/io/write.rs:402:11
[INFO] [stdout]    7:     0x590f0dea0acc - <alloc[2e1b2a31b91974c5]::vec::Vec<u8> as core[a373ad73a504971]::io::write::Write>::write_fmt
[INFO] [stdout]                                at /rustc/e3feeb59cd1bdd011a2bfcc0747b55125d9b8527/library/core/src/io/write.rs:335:13
[INFO] [stdout]    8:     0x590f0de75d36 - <std[617be2ca0a6fd877]::sys::backtrace::BacktraceLock>::print
[INFO] [stdout]                                at /rustc/e3feeb59cd1bdd011a2bfcc0747b55125d9b8527/library/std/src/sys/backtrace.rs:47:9
[INFO] [stdout]    9:     0x590f0de75d36 - std[617be2ca0a6fd877]::panicking::default_hook::{closure#0}
[INFO] [stdout]                                at /rustc/e3feeb59cd1bdd011a2bfcc0747b55125d9b8527/library/std/src/panicking.rs:289:27
[INFO] [stdout]   10:     0x590f0de93309 - std[617be2ca0a6fd877]::panicking::default_hook
[INFO] [stdout]                                at /rustc/e3feeb59cd1bdd011a2bfcc0747b55125d9b8527/library/std/src/panicking.rs:313:9
[INFO] [stdout]   11:     0x590f0d3461b0 - <alloc[2e1b2a31b91974c5]::boxed::Box<dyn for<'a, 'b> core[a373ad73a504971]::ops::function::Fn<(&'a std[617be2ca0a6fd877]::panic::PanicHookInfo<'b>,), Output = ()> + core[a373ad73a504971]::marker::Sync + core[a373ad73a504971]::marker::Send> as core[a373ad73a504971]::ops::function::Fn<(&std[617be2ca0a6fd877]::panic::PanicHookInfo,)>>::call
[INFO] [stdout]                                at /rustc/e3feeb59cd1bdd011a2bfcc0747b55125d9b8527/library/alloc/src/boxed.rs:2328:9
[INFO] [stdout]   12:     0x590f0d3461b0 - test[aada8e7e76ba119b]::test_main_inner::{closure#0}
[INFO] [stdout]                                at /rustc/e3feeb59cd1bdd011a2bfcc0747b55125d9b8527/library/test/src/lib.rs:137:21
[INFO] [stdout]   13:     0x590f0de93632 - <alloc[2e1b2a31b91974c5]::boxed::Box<dyn for<'a, 'b> core[a373ad73a504971]::ops::function::Fn<(&'a std[617be2ca0a6fd877]::panic::PanicHookInfo<'b>,), Output = ()> + core[a373ad73a504971]::marker::Sync + core[a373ad73a504971]::marker::Send> as core[a373ad73a504971]::ops::function::Fn<(&std[617be2ca0a6fd877]::panic::PanicHookInfo,)>>::call
[INFO] [stdout]                                at /rustc/e3feeb59cd1bdd011a2bfcc0747b55125d9b8527/library/alloc/src/boxed.rs:2328:9
[INFO] [stdout]   14:     0x590f0de93632 - std[617be2ca0a6fd877]::panicking::panic_with_hook
[INFO] [stdout]                                at /rustc/e3feeb59cd1bdd011a2bfcc0747b55125d9b8527/library/std/src/panicking.rs:819:13
[INFO] [stdout]   15:     0x590f0de75de2 - std[617be2ca0a6fd877]::panicking::panic_handler::{closure#0}
[INFO] [stdout]                                at /rustc/e3feeb59cd1bdd011a2bfcc0747b55125d9b8527/library/std/src/panicking.rs:685:13
[INFO] [stdout]   16:     0x590f0de6e4f9 - std[617be2ca0a6fd877]::sys::backtrace::__rust_end_short_backtrace::<std[617be2ca0a6fd877]::panicking::panic_handler::{closure#0}, !>
[INFO] [stdout]                                at /rustc/e3feeb59cd1bdd011a2bfcc0747b55125d9b8527/library/std/src/sys/backtrace.rs:182:18
[INFO] [stdout]   17:     0x590f0de76c8d - __rustc[ea4f61d10b84890b]::rust_begin_unwind
[INFO] [stdout]                                at /rustc/e3feeb59cd1bdd011a2bfcc0747b55125d9b8527/library/std/src/panicking.rs:676:5
[INFO] [stdout]   18:     0x590f0deb54cc - core[a373ad73a504971]::panicking::panic_fmt
[INFO] [stdout]                                at /rustc/e3feeb59cd1bdd011a2bfcc0747b55125d9b8527/library/core/src/panicking.rs:80:14
[INFO] [stdout]   19:     0x590f0deb51f2 - core[a373ad73a504971]::result::unwrap_failed
[INFO] [stdout]                                at /rustc/e3feeb59cd1bdd011a2bfcc0747b55125d9b8527/library/core/src/result.rs:1870:5
[INFO] [stdout]   20:     0x590f0da5233b - <core[a373ad73a504971]::result::Result<alloc[2e1b2a31b91974c5]::string::String, dotenvy[e40aaf0a07d3327a]::errors::Error>>::expect
[INFO] [stdout]                                at /rustc/e3feeb59cd1bdd011a2bfcc0747b55125d9b8527/library/core/src/result.rs:1184:23
[INFO] [stdout]   21:     0x590f0d9da976 - sqlx_postgres[ef64f505bb6b358a]::testing::test_context::{closure#0}
[INFO] [stdout]                                at /opt/rustwide/cargo-home/registry/src/index.crates.io-1949cf8c6b5b557f/sqlx-postgres-0.8.3/src/testing/mod.rs:78:44
[INFO] [stdout]   22:     0x590f0d9dd2c3 - <sqlx_postgres[ef64f505bb6b358a]::database::Postgres as sqlx_core[59122b533bce8953]::testing::TestSupport>::test_context::{closure#0}
[INFO] [stdout]                                at /opt/rustwide/cargo-home/registry/src/index.crates.io-1949cf8c6b5b557f/sqlx-postgres-0.8.3/src/testing/mod.rs:29:50
[INFO] [stdout]   23:     0x590f0d0fcfdf - <core[a373ad73a504971]::pin::Pin<alloc[2e1b2a31b91974c5]::boxed::Box<dyn core[a373ad73a504971]::future::future::Future<Output = core[a373ad73a504971]::result::Result<sqlx_core[59122b533bce8953]::testing::TestContext<sqlx_postgres[ef64f505bb6b358a]::database::Postgres>, sqlx_core[59122b533bce8953]::error::Error>> + core[a373ad73a504971]::marker::Send>> as core[a373ad73a504971]::future::future::Future>::poll
[INFO] [stdout]                                at /rustc/e3feeb59cd1bdd011a2bfcc0747b55125d9b8527/library/core/src/future/future.rs:133:9
[INFO] [stdout]   24:     0x590f0d1222ba - sqlx_core[59122b533bce8953]::testing::run_test::<sqlx_postgres[ef64f505bb6b358a]::database::Postgres, sqlx_core[59122b533bce8953]::testing::run_test_with_pool<sqlx_postgres[ef64f505bb6b358a]::database::Postgres, fn(sqlx_core[59122b533bce8953]::pool::Pool<sqlx_postgres[ef64f505bb6b358a]::database::Postgres>) -> health_check[15763fd19147d8e7]::health_check_works::health_check_works::{closure#0}, health_check[15763fd19147d8e7]::health_check_works::health_check_works::{closure#0}>::{closure#0}, sqlx_core[59122b533bce8953]::testing::run_test_with_pool<sqlx_postgres[ef64f505bb6b358a]::database::Postgres, fn(sqlx_core[59122b533bce8953]::pool::Pool<sqlx_postgres[ef64f505bb6b358a]::database::Postgres>) -> health_check[15763fd19147d8e7]::health_check_works::health_check_works::{closure#0}, health_check[15763fd19147d8e7]::health_check_works::health_check_works::{closure#0}>::{closure#0}::{closure#0}>::{closure#0}
[INFO] [stdout]                                at /opt/rustwide/cargo-home/registry/src/index.crates.io-1949cf8c6b5b557f/sqlx-core-0.8.3/src/testing/mod.rs:212:14
[INFO] [stdout]   25:     0x590f0d0fd1fd - <core[a373ad73a504971]::pin::Pin<alloc[2e1b2a31b91974c5]::boxed::Box<sqlx_core[59122b533bce8953]::testing::run_test<sqlx_postgres[ef64f505bb6b358a]::database::Postgres, sqlx_core[59122b533bce8953]::testing::run_test_with_pool<sqlx_postgres[ef64f505bb6b358a]::database::Postgres, fn(sqlx_core[59122b533bce8953]::pool::Pool<sqlx_postgres[ef64f505bb6b358a]::database::Postgres>) -> health_check[15763fd19147d8e7]::health_check_works::health_check_works::{closure#0}, health_check[15763fd19147d8e7]::health_check_works::health_check_works::{closure#0}>::{closure#0}, sqlx_core[59122b533bce8953]::testing::run_test_with_pool<sqlx_postgres[ef64f505bb6b358a]::database::Postgres, fn(sqlx_core[59122b533bce8953]::pool::Pool<sqlx_postgres[ef64f505bb6b358a]::database::Postgres>) -> health_check[15763fd19147d8e7]::health_check_works::health_check_works::{closure#0}, health_check[15763fd19147d8e7]::health_check_works::health_check_works::{closure#0}>::{closure#0}::{closure#0}>::{closure#0}>> as core[a373ad73a504971]::future::future::Future>::poll
[INFO] [stdout]                                at /rustc/e3feeb59cd1bdd011a2bfcc0747b55125d9b8527/library/core/src/future/future.rs:133:9
[INFO] [stdout]   26:     0x590f0d0fd23d - <core[a373ad73a504971]::pin::Pin<&mut core[a373ad73a504971]::pin::Pin<alloc[2e1b2a31b91974c5]::boxed::Box<sqlx_core[59122b533bce8953]::testing::run_test<sqlx_postgres[ef64f505bb6b358a]::database::Postgres, sqlx_core[59122b533bce8953]::testing::run_test_with_pool<sqlx_postgres[ef64f505bb6b358a]::database::Postgres, fn(sqlx_core[59122b533bce8953]::pool::Pool<sqlx_postgres[ef64f505bb6b358a]::database::Postgres>) -> health_check[15763fd19147d8e7]::health_check_works::health_check_works::{closure#0}, health_check[15763fd19147d8e7]::health_check_works::health_check_works::{closure#0}>::{closure#0}, sqlx_core[59122b533bce8953]::testing::run_test_with_pool<sqlx_postgres[ef64f505bb6b358a]::database::Postgres, fn(sqlx_core[59122b533bce8953]::pool::Pool<sqlx_postgres[ef64f505bb6b358a]::database::Postgres>) -> health_check[15763fd19147d8e7]::health_check_works::health_check_works::{closure#0}, health_check[15763fd19147d8e7]::health_check_works::health_check_works::{closure#0}>::{closure#0}::{closure#0}>::{closure#0}>>> as core[a373ad73a504971]::future::future::Future>::poll
[INFO] [stdout]                                at /rustc/e3feeb59cd1bdd011a2bfcc0747b55125d9b8527/library/core/src/future/future.rs:133:9
[INFO] [stdout]   27:     0x590f0d13141d - <tokio[55bfec3bd986d516]::runtime::scheduler::current_thread::CoreGuard>::block_on::<core[a373ad73a504971]::pin::Pin<&mut core[a373ad73a504971]::pin::Pin<alloc[2e1b2a31b91974c5]::boxed::Box<sqlx_core[59122b533bce8953]::testing::run_test<sqlx_postgres[ef64f505bb6b358a]::database::Postgres, sqlx_core[59122b533bce8953]::testing::run_test_with_pool<sqlx_postgres[ef64f505bb6b358a]::database::Postgres, fn(sqlx_core[59122b533bce8953]::pool::Pool<sqlx_postgres[ef64f505bb6b358a]::database::Postgres>) -> health_check[15763fd19147d8e7]::health_check_works::health_check_works::{closure#0}, health_check[15763fd19147d8e7]::health_check_works::health_check_works::{closure#0}>::{closure#0}, sqlx_core[59122b533bce8953]::testing::run_test_with_pool<sqlx_postgres[ef64f505bb6b358a]::database::Postgres, fn(sqlx_core[59122b533bce8953]::pool::Pool<sqlx_postgres[ef64f505bb6b358a]::database::Postgres>) -> health_check[15763fd19147d8e7]::health_check_works::health_check_works::{closure#0}, health_check[15763fd19147d8e7]::health_check_works::health_check_works::{closure#0}>::{closure#0}::{closure#0}>::{closure#0}>>>>::{closure#0}::{closure#0}::{closure#0}
[INFO] [stdout]                                at /opt/rustwide/cargo-home/registry/src/index.crates.io-1949cf8c6b5b557f/tokio-1.43.0/src/runtime/scheduler/current_thread/mod.rs:729:73
[INFO] [stdout]   28:     0x590f0d131295 - tokio[55bfec3bd986d516]::runtime::coop::with_budget::<core[a373ad73a504971]::task::poll::Poll<()>, <tokio[55bfec3bd986d516]::runtime::scheduler::current_thread::CoreGuard>::block_on<core[a373ad73a504971]::pin::Pin<&mut core[a373ad73a504971]::pin::Pin<alloc[2e1b2a31b91974c5]::boxed::Box<sqlx_core[59122b533bce8953]::testing::run_test<sqlx_postgres[ef64f505bb6b358a]::database::Postgres, sqlx_core[59122b533bce8953]::testing::run_test_with_pool<sqlx_postgres[ef64f505bb6b358a]::database::Postgres, fn(sqlx_core[59122b533bce8953]::pool::Pool<sqlx_postgres[ef64f505bb6b358a]::database::Postgres>) -> health_check[15763fd19147d8e7]::health_check_works::health_check_works::{closure#0}, health_check[15763fd19147d8e7]::health_check_works::health_check_works::{closure#0}>::{closure#0}, sqlx_core[59122b533bce8953]::testing::run_test_with_pool<sqlx_postgres[ef64f505bb6b358a]::database::Postgres, fn(sqlx_core[59122b533bce8953]::pool::Pool<sqlx_postgres[ef64f505bb6b358a]::database::Postgres>) -> health_check[15763fd19147d8e7]::health_check_works::health_check_works::{closure#0}, health_check[15763fd19147d8e7]::health_check_works::health_check_works::{closure#0}>::{closure#0}::{closure#0}>::{closure#0}>>>>::{closure#0}::{closure#0}::{closure#0}>
[INFO] [stdout]                                at /opt/rustwide/cargo-home/registry/src/index.crates.io-1949cf8c6b5b557f/tokio-1.43.0/src/runtime/coop.rs:107:5
[INFO] [stdout]   29:     0x590f0d131295 - tokio[55bfec3bd986d516]::runtime::coop::budget::<core[a373ad73a504971]::task::poll::Poll<()>, <tokio[55bfec3bd986d516]::runtime::scheduler::current_thread::CoreGuard>::block_on<core[a373ad73a504971]::pin::Pin<&mut core[a373ad73a504971]::pin::Pin<alloc[2e1b2a31b91974c5]::boxed::Box<sqlx_core[59122b533bce8953]::testing::run_test<sqlx_postgres[ef64f505bb6b358a]::database::Postgres, sqlx_core[59122b533bce8953]::testing::run_test_with_pool<sqlx_postgres[ef64f505bb6b358a]::database::Postgres, fn(sqlx_core[59122b533bce8953]::pool::Pool<sqlx_postgres[ef64f505bb6b358a]::database::Postgres>) -> health_check[15763fd19147d8e7]::health_check_works::health_check_works::{closure#0}, health_check[15763fd19147d8e7]::health_check_works::health_check_works::{closure#0}>::{closure#0}, sqlx_core[59122b533bce8953]::testing::run_test_with_pool<sqlx_postgres[ef64f505bb6b358a]::database::Postgres, fn(sqlx_core[59122b533bce8953]::pool::Pool<sqlx_postgres[ef64f505bb6b358a]::database::Postgres>) -> health_check[15763fd19147d8e7]::health_check_works::health_check_works::{closure#0}, health_check[15763fd19147d8e7]::health_check_works::health_check_works::{closure#0}>::{closure#0}::{closure#0}>::{closure#0}>>>>::{closure#0}::{closure#0}::{closure#0}>
[INFO] [stdout]                                at /opt/rustwide/cargo-home/registry/src/index.crates.io-1949cf8c6b5b557f/tokio-1.43.0/src/runtime/coop.rs:73:5
[INFO] [stdout]   30:     0x590f0d131295 - <tokio[55bfec3bd986d516]::runtime::scheduler::current_thread::CoreGuard>::block_on::<core[a373ad73a504971]::pin::Pin<&mut core[a373ad73a504971]::pin::Pin<alloc[2e1b2a31b91974c5]::boxed::Box<sqlx_core[59122b533bce8953]::testing::run_test<sqlx_postgres[ef64f505bb6b358a]::database::Postgres, sqlx_core[59122b533bce8953]::testing::run_test_with_pool<sqlx_postgres[ef64f505bb6b358a]::database::Postgres, fn(sqlx_core[59122b533bce8953]::pool::Pool<sqlx_postgres[ef64f505bb6b358a]::database::Postgres>) -> health_check[15763fd19147d8e7]::health_check_works::health_check_works::{closure#0}, health_check[15763fd19147d8e7]::health_check_works::health_check_works::{closure#0}>::{closure#0}, sqlx_core[59122b533bce8953]::testing::run_test_with_pool<sqlx_postgres[ef64f505bb6b358a]::database::Postgres, fn(sqlx_core[59122b533bce8953]::pool::Pool<sqlx_postgres[ef64f505bb6b358a]::database::Postgres>) -> health_check[15763fd19147d8e7]::health_check_works::health_check_works::{closure#0}, health_check[15763fd19147d8e7]::health_check_works::health_check_works::{closure#0}>::{closure#0}::{closure#0}>::{closure#0}>>>>::{closure#0}::{closure#0}
[INFO] [stdout]                                at /opt/rustwide/cargo-home/registry/src/index.crates.io-1949cf8c6b5b557f/tokio-1.43.0/src/runtime/scheduler/current_thread/mod.rs:729:25
[INFO] [stdout]   31:     0x590f0d12a722 - <tokio[55bfec3bd986d516]::runtime::scheduler::current_thread::Context>::enter::<core[a373ad73a504971]::task::poll::Poll<()>, <tokio[55bfec3bd986d516]::runtime::scheduler::current_thread::CoreGuard>::block_on<core[a373ad73a504971]::pin::Pin<&mut core[a373ad73a504971]::pin::Pin<alloc[2e1b2a31b91974c5]::boxed::Box<sqlx_core[59122b533bce8953]::testing::run_test<sqlx_postgres[ef64f505bb6b358a]::database::Postgres, sqlx_core[59122b533bce8953]::testing::run_test_with_pool<sqlx_postgres[ef64f505bb6b358a]::database::Postgres, fn(sqlx_core[59122b533bce8953]::pool::Pool<sqlx_postgres[ef64f505bb6b358a]::database::Postgres>) -> health_check[15763fd19147d8e7]::health_check_works::health_check_works::{closure#0}, health_check[15763fd19147d8e7]::health_check_works::health_check_works::{closure#0}>::{closure#0}, sqlx_core[59122b533bce8953]::testing::run_test_with_pool<sqlx_postgres[ef64f505bb6b358a]::database::Postgres, fn(sqlx_core[59122b533bce8953]::pool::Pool<sqlx_postgres[ef64f505bb6b358a]::database::Postgres>) -> health_check[15763fd19147d8e7]::health_check_works::health_check_works::{closure#0}, health_check[15763fd19147d8e7]::health_check_works::health_check_works::{closure#0}>::{closure#0}::{closure#0}>::{closure#0}>>>>::{closure#0}::{closure#0}>
[INFO] [stdout]                                at /opt/rustwide/cargo-home/registry/src/index.crates.io-1949cf8c6b5b557f/tokio-1.43.0/src/runtime/scheduler/current_thread/mod.rs:428:19
[INFO] [stdout]   32:     0x590f0d12f680 - <tokio[55bfec3bd986d516]::runtime::scheduler::current_thread::CoreGuard>::block_on::<core[a373ad73a504971]::pin::Pin<&mut core[a373ad73a504971]::pin::Pin<alloc[2e1b2a31b91974c5]::boxed::Box<sqlx_core[59122b533bce8953]::testing::run_test<sqlx_postgres[ef64f505bb6b358a]::database::Postgres, sqlx_core[59122b533bce8953]::testing::run_test_with_pool<sqlx_postgres[ef64f505bb6b358a]::database::Postgres, fn(sqlx_core[59122b533bce8953]::pool::Pool<sqlx_postgres[ef64f505bb6b358a]::database::Postgres>) -> health_check[15763fd19147d8e7]::health_check_works::health_check_works::{closure#0}, health_check[15763fd19147d8e7]::health_check_works::health_check_works::{closure#0}>::{closure#0}, sqlx_core[59122b533bce8953]::testing::run_test_with_pool<sqlx_postgres[ef64f505bb6b358a]::database::Postgres, fn(sqlx_core[59122b533bce8953]::pool::Pool<sqlx_postgres[ef64f505bb6b358a]::database::Postgres>) -> health_check[15763fd19147d8e7]::health_check_works::health_check_works::{closure#0}, health_check[15763fd19147d8e7]::health_check_works::health_check_works::{closure#0}>::{closure#0}::{closure#0}>::{closure#0}>>>>::{closure#0}
[INFO] [stdout]                                at /opt/rustwide/cargo-home/registry/src/index.crates.io-1949cf8c6b5b557f/tokio-1.43.0/src/runtime/scheduler/current_thread/mod.rs:728:44
[INFO] [stdout]   33:     0x590f0d12f3e4 - <tokio[55bfec3bd986d516]::runtime::scheduler::current_thread::CoreGuard>::enter::<<tokio[55bfec3bd986d516]::runtime::scheduler::current_thread::CoreGuard>::block_on<core[a373ad73a504971]::pin::Pin<&mut core[a373ad73a504971]::pin::Pin<alloc[2e1b2a31b91974c5]::boxed::Box<sqlx_core[59122b533bce8953]::testing::run_test<sqlx_postgres[ef64f505bb6b358a]::database::Postgres, sqlx_core[59122b533bce8953]::testing::run_test_with_pool<sqlx_postgres[ef64f505bb6b358a]::database::Postgres, fn(sqlx_core[59122b533bce8953]::pool::Pool<sqlx_postgres[ef64f505bb6b358a]::database::Postgres>) -> health_check[15763fd19147d8e7]::health_check_works::health_check_works::{closure#0}, health_check[15763fd19147d8e7]::health_check_works::health_check_works::{closure#0}>::{closure#0}, sqlx_core[59122b533bce8953]::testing::run_test_with_pool<sqlx_postgres[ef64f505bb6b358a]::database::Postgres, fn(sqlx_core[59122b533bce8953]::pool::Pool<sqlx_postgres[ef64f505bb6b358a]::database::Postgres>) -> health_check[15763fd19147d8e7]::health_check_works::health_check_works::{closure#0}, health_check[15763fd19147d8e7]::health_check_works::health_check_works::{closure#0}>::{closure#0}::{closure#0}>::{closure#0}>>>>::{closure#0}, core[a373ad73a504971]::option::Option<()>>::{closure#0}
[INFO] [stdout]                                at /opt/rustwide/cargo-home/registry/src/index.crates.io-1949cf8c6b5b557f/tokio-1.43.0/src/runtime/scheduler/current_thread/mod.rs:807:68
[INFO] [stdout]   34:     0x590f0d14832b - <tokio[55bfec3bd986d516]::runtime::context::scoped::Scoped<tokio[55bfec3bd986d516]::runtime::scheduler::Context>>::set::<<tokio[55bfec3bd986d516]::runtime::scheduler::current_thread::CoreGuard>::enter<<tokio[55bfec3bd986d516]::runtime::scheduler::current_thread::CoreGuard>::block_on<core[a373ad73a504971]::pin::Pin<&mut core[a373ad73a504971]::pin::Pin<alloc[2e1b2a31b91974c5]::boxed::Box<sqlx_core[59122b533bce8953]::testing::run_test<sqlx_postgres[ef64f505bb6b358a]::database::Postgres, sqlx_core[59122b533bce8953]::testing::run_test_with_pool<sqlx_postgres[ef64f505bb6b358a]::database::Postgres, fn(sqlx_core[59122b533bce8953]::pool::Pool<sqlx_postgres[ef64f505bb6b358a]::database::Postgres>) -> health_check[15763fd19147d8e7]::health_check_works::health_check_works::{closure#0}, health_check[15763fd19147d8e7]::health_check_works::health_check_works::{closure#0}>::{closure#0}, sqlx_core[59122b533bce8953]::testing::run_test_with_pool<sqlx_postgres[ef64f505bb6b358a]::database::Postgres, fn(sqlx_core[59122b533bce8953]::pool::Pool<sqlx_postgres[ef64f505bb6b358a]::database::Postgres>) -> health_check[15763fd19147d8e7]::health_check_works::health_check_works::{closure#0}, health_check[15763fd19147d8e7]::health_check_works::health_check_works::{closure#0}>::{closure#0}::{closure#0}>::{closure#0}>>>>::{closure#0}, core[a373ad73a504971]::option::Option<()>>::{closure#0}, (alloc[2e1b2a31b91974c5]::boxed::Box<tokio[55bfec3bd986d516]::runtime::scheduler::current_thread::Core>, core[a373ad73a504971]::option::Option<()>)>
[INFO] [stdout]                                at /opt/rustwide/cargo-home/registry/src/index.crates.io-1949cf8c6b5b557f/tokio-1.43.0/src/runtime/context/scoped.rs:40:9
[INFO] [stdout]   35:     0x590f0d0f03a9 - tokio[55bfec3bd986d516]::runtime::context::set_scheduler::<(alloc[2e1b2a31b91974c5]::boxed::Box<tokio[55bfec3bd986d516]::runtime::scheduler::current_thread::Core>, core[a373ad73a504971]::option::Option<()>), <tokio[55bfec3bd986d516]::runtime::scheduler::current_thread::CoreGuard>::enter<<tokio[55bfec3bd986d516]::runtime::scheduler::current_thread::CoreGuard>::block_on<core[a373ad73a504971]::pin::Pin<&mut core[a373ad73a504971]::pin::Pin<alloc[2e1b2a31b91974c5]::boxed::Box<sqlx_core[59122b533bce8953]::testing::run_test<sqlx_postgres[ef64f505bb6b358a]::database::Postgres, sqlx_core[59122b533bce8953]::testing::run_test_with_pool<sqlx_postgres[ef64f505bb6b358a]::database::Postgres, fn(sqlx_core[59122b533bce8953]::pool::Pool<sqlx_postgres[ef64f505bb6b358a]::database::Postgres>) -> health_check[15763fd19147d8e7]::health_check_works::health_check_works::{closure#0}, health_check[15763fd19147d8e7]::health_check_works::health_check_works::{closure#0}>::{closure#0}, sqlx_core[59122b533bce8953]::testing::run_test_with_pool<sqlx_postgres[ef64f505bb6b358a]::database::Postgres, fn(sqlx_core[59122b533bce8953]::pool::Pool<sqlx_postgres[ef64f505bb6b358a]::database::Postgres>) -> health_check[15763fd19147d8e7]::health_check_works::health_check_works::{closure#0}, health_check[15763fd19147d8e7]::health_check_works::health_check_works::{closure#0}>::{closure#0}::{closure#0}>::{closure#0}>>>>::{closure#0}, core[a373ad73a504971]::option::Option<()>>::{closure#0}>::{closure#0}
[INFO] [stdout]                                at /opt/rustwide/cargo-home/registry/src/index.crates.io-1949cf8c6b5b557f/tokio-1.43.0/src/runtime/context.rs:180:38
[INFO] [stdout]   36:     0x590f0d15294f - <std[617be2ca0a6fd877]::thread::local::LocalKey<tokio[55bfec3bd986d516]::runtime::context::Context>>::try_with::<tokio[55bfec3bd986d516]::runtime::context::set_scheduler<(alloc[2e1b2a31b91974c5]::boxed::Box<tokio[55bfec3bd986d516]::runtime::scheduler::current_thread::Core>, core[a373ad73a504971]::option::Option<()>), <tokio[55bfec3bd986d516]::runtime::scheduler::current_thread::CoreGuard>::enter<<tokio[55bfec3bd986d516]::runtime::scheduler::current_thread::CoreGuard>::block_on<core[a373ad73a504971]::pin::Pin<&mut core[a373ad73a504971]::pin::Pin<alloc[2e1b2a31b91974c5]::boxed::Box<sqlx_core[59122b533bce8953]::testing::run_test<sqlx_postgres[ef64f505bb6b358a]::database::Postgres, sqlx_core[59122b533bce8953]::testing::run_test_with_pool<sqlx_postgres[ef64f505bb6b358a]::database::Postgres, fn(sqlx_core[59122b533bce8953]::pool::Pool<sqlx_postgres[ef64f505bb6b358a]::database::Postgres>) -> health_check[15763fd19147d8e7]::health_check_works::health_check_works::{closure#0}, health_check[15763fd19147d8e7]::health_check_works::health_check_works::{closure#0}>::{closure#0}, sqlx_core[59122b533bce8953]::testing::run_test_with_pool<sqlx_postgres[ef64f505bb6b358a]::database::Postgres, fn(sqlx_core[59122b533bce8953]::pool::Pool<sqlx_postgres[ef64f505bb6b358a]::database::Postgres>) -> health_check[15763fd19147d8e7]::health_check_works::health_check_works::{closure#0}, health_check[15763fd19147d8e7]::health_check_works::health_check_works::{closure#0}>::{closure#0}::{closure#0}>::{closure#0}>>>>::{closure#0}, core[a373ad73a504971]::option::Option<()>>::{closure#0}>::{closure#0}, (alloc[2e1b2a31b91974c5]::boxed::Box<tokio[55bfec3bd986d516]::runtime::scheduler::current_thread::Core>, core[a373ad73a504971]::option::Option<()>)>
[INFO] [stdout]                                at /rustc/e3feeb59cd1bdd011a2bfcc0747b55125d9b8527/library/std/src/thread/local.rs:463:12
[INFO] [stdout]   37:     0x590f0d1525de - <std[617be2ca0a6fd877]::thread::local::LocalKey<tokio[55bfec3bd986d516]::runtime::context::Context>>::with::<tokio[55bfec3bd986d516]::runtime::context::set_scheduler<(alloc[2e1b2a31b91974c5]::boxed::Box<tokio[55bfec3bd986d516]::runtime::scheduler::current_thread::Core>, core[a373ad73a504971]::option::Option<()>), <tokio[55bfec3bd986d516]::runtime::scheduler::current_thread::CoreGuard>::enter<<tokio[55bfec3bd986d516]::runtime::scheduler::current_thread::CoreGuard>::block_on<core[a373ad73a504971]::pin::Pin<&mut core[a373ad73a504971]::pin::Pin<alloc[2e1b2a31b91974c5]::boxed::Box<sqlx_core[59122b533bce8953]::testing::run_test<sqlx_postgres[ef64f505bb6b358a]::database::Postgres, sqlx_core[59122b533bce8953]::testing::run_test_with_pool<sqlx_postgres[ef64f505bb6b358a]::database::Postgres, fn(sqlx_core[59122b533bce8953]::pool::Pool<sqlx_postgres[ef64f505bb6b358a]::database::Postgres>) -> health_check[15763fd19147d8e7]::health_check_works::health_check_works::{closure#0}, health_check[15763fd19147d8e7]::health_check_works::health_check_works::{closure#0}>::{closure#0}, sqlx_core[59122b533bce8953]::testing::run_test_with_pool<sqlx_postgres[ef64f505bb6b358a]::database::Postgres, fn(sqlx_core[59122b533bce8953]::pool::Pool<sqlx_postgres[ef64f505bb6b358a]::database::Postgres>) -> health_check[15763fd19147d8e7]::health_check_works::health_check_works::{closure#0}, health_check[15763fd19147d8e7]::health_check_works::health_check_works::{closure#0}>::{closure#0}::{closure#0}>::{closure#0}>>>>::{closure#0}, core[a373ad73a504971]::option::Option<()>>::{closure#0}>::{closure#0}, (alloc[2e1b2a31b91974c5]::boxed::Box<tokio[55bfec3bd986d516]::runtime::scheduler::current_thread::Core>, core[a373ad73a504971]::option::Option<()>)>
[INFO] [stdout]                                at /rustc/e3feeb59cd1bdd011a2bfcc0747b55125d9b8527/library/std/src/thread/local.rs:427:20
[INFO] [stdout]   38:     0x590f0d0ef21d - tokio[55bfec3bd986d516]::runtime::context::set_scheduler::<(alloc[2e1b2a31b91974c5]::boxed::Box<tokio[55bfec3bd986d516]::runtime::scheduler::current_thread::Core>, core[a373ad73a504971]::option::Option<()>), <tokio[55bfec3bd986d516]::runtime::scheduler::current_thread::CoreGuard>::enter<<tokio[55bfec3bd986d516]::runtime::scheduler::current_thread::CoreGuard>::block_on<core[a373ad73a504971]::pin::Pin<&mut core[a373ad73a504971]::pin::Pin<alloc[2e1b2a31b91974c5]::boxed::Box<sqlx_core[59122b533bce8953]::testing::run_test<sqlx_postgres[ef64f505bb6b358a]::database::Postgres, sqlx_core[59122b533bce8953]::testing::run_test_with_pool<sqlx_postgres[ef64f505bb6b358a]::database::Postgres, fn(sqlx_core[59122b533bce8953]::pool::Pool<sqlx_postgres[ef64f505bb6b358a]::database::Postgres>) -> health_check[15763fd19147d8e7]::health_check_works::health_check_works::{closure#0}, health_check[15763fd19147d8e7]::health_check_works::health_check_works::{closure#0}>::{closure#0}, sqlx_core[59122b533bce8953]::testing::run_test_with_pool<sqlx_postgres[ef64f505bb6b358a]::database::Postgres, fn(sqlx_core[59122b533bce8953]::pool::Pool<sqlx_postgres[ef64f505bb6b358a]::database::Postgres>) -> health_check[15763fd19147d8e7]::health_check_works::health_check_works::{closure#0}, health_check[15763fd19147d8e7]::health_check_works::health_check_works::{closure#0}>::{closure#0}::{closure#0}>::{closure#0}>>>>::{closure#0}, core[a373ad73a504971]::option::Option<()>>::{closure#0}>
[INFO] [stdout]                                at /opt/rustwide/cargo-home/registry/src/index.crates.io-1949cf8c6b5b557f/tokio-1.43.0/src/runtime/context.rs:180:17
[INFO] [stdout]   39:     0x590f0d12dc30 - <tokio[55bfec3bd986d516]::runtime::scheduler::current_thread::CoreGuard>::enter::<<tokio[55bfec3bd986d516]::runtime::scheduler::current_thread::CoreGuard>::block_on<core[a373ad73a504971]::pin::Pin<&mut core[a373ad73a504971]::pin::Pin<alloc[2e1b2a31b91974c5]::boxed::Box<sqlx_core[59122b533bce8953]::testing::run_test<sqlx_postgres[ef64f505bb6b358a]::database::Postgres, sqlx_core[59122b533bce8953]::testing::run_test_with_pool<sqlx_postgres[ef64f505bb6b358a]::database::Postgres, fn(sqlx_core[59122b533bce8953]::pool::Pool<sqlx_postgres[ef64f505bb6b358a]::database::Postgres>) -> health_check[15763fd19147d8e7]::health_check_works::health_check_works::{closure#0}, health_check[15763fd19147d8e7]::health_check_works::health_check_works::{closure#0}>::{closure#0}, sqlx_core[59122b533bce8953]::testing::run_test_with_pool<sqlx_postgres[ef64f505bb6b358a]::database::Postgres, fn(sqlx_core[59122b533bce8953]::pool::Pool<sqlx_postgres[ef64f505bb6b358a]::database::Postgres>) -> health_check[15763fd19147d8e7]::health_check_works::health_check_works::{closure#0}, health_check[15763fd19147d8e7]::health_check_works::health_check_works::{closure#0}>::{closure#0}::{closure#0}>::{closure#0}>>>>::{closure#0}, core[a373ad73a504971]::option::Option<()>>
[INFO] [stdout]                                at /opt/rustwide/cargo-home/registry/src/index.crates.io-1949cf8c6b5b557f/tokio-1.43.0/src/runtime/scheduler/current_thread/mod.rs:807:27
[INFO] [stdout]   40:     0x590f0d12e2c6 - <tokio[55bfec3bd986d516]::runtime::scheduler::current_thread::CoreGuard>::block_on::<core[a373ad73a504971]::pin::Pin<&mut core[a373ad73a504971]::pin::Pin<alloc[2e1b2a31b91974c5]::boxed::Box<sqlx_core[59122b533bce8953]::testing::run_test<sqlx_postgres[ef64f505bb6b358a]::database::Postgres, sqlx_core[59122b533bce8953]::testing::run_test_with_pool<sqlx_postgres[ef64f505bb6b358a]::database::Postgres, fn(sqlx_core[59122b533bce8953]::pool::Pool<sqlx_postgres[ef64f505bb6b358a]::database::Postgres>) -> health_check[15763fd19147d8e7]::health_check_works::health_check_works::{closure#0}, health_check[15763fd19147d8e7]::health_check_works::health_check_works::{closure#0}>::{closure#0}, sqlx_core[59122b533bce8953]::testing::run_test_with_pool<sqlx_postgres[ef64f505bb6b358a]::database::Postgres, fn(sqlx_core[59122b533bce8953]::pool::Pool<sqlx_postgres[ef64f505bb6b358a]::database::Postgres>) -> health_check[15763fd19147d8e7]::health_check_works::health_check_works::{closure#0}, health_check[15763fd19147d8e7]::health_check_works::health_check_works::{closure#0}>::{closure#0}::{closure#0}>::{closure#0}>>>>
[INFO] [stdout]                                at /opt/rustwide/cargo-home/registry/src/index.crates.io-1949cf8c6b5b557f/tokio-1.43.0/src/runtime/scheduler/current_thread/mod.rs:716:24
[INFO] [stdout]   41:     0x590f0d12eb43 - <tokio[55bfec3bd986d516]::runtime::scheduler::current_thread::CurrentThread>::block_on::<core[a373ad73a504971]::pin::Pin<alloc[2e1b2a31b91974c5]::boxed::Box<sqlx_core[59122b533bce8953]::testing::run_test<sqlx_postgres[ef64f505bb6b358a]::database::Postgres, sqlx_core[59122b533bce8953]::testing::run_test_with_pool<sqlx_postgres[ef64f505bb6b358a]::database::Postgres, fn(sqlx_core[59122b533bce8953]::pool::Pool<sqlx_postgres[ef64f505bb6b358a]::database::Postgres>) -> health_check[15763fd19147d8e7]::health_check_works::health_check_works::{closure#0}, health_check[15763fd19147d8e7]::health_check_works::health_check_works::{closure#0}>::{closure#0}, sqlx_core[59122b533bce8953]::testing::run_test_with_pool<sqlx_postgres[ef64f505bb6b358a]::database::Postgres, fn(sqlx_core[59122b533bce8953]::pool::Pool<sqlx_postgres[ef64f505bb6b358a]::database::Postgres>) -> health_check[15763fd19147d8e7]::health_check_works::health_check_works::{closure#0}, health_check[15763fd19147d8e7]::health_check_works::health_check_works::{closure#0}>::{closure#0}::{closure#0}>::{closure#0}>>>::{closure#0}
[INFO] [stdout]                                at /opt/rustwide/cargo-home/registry/src/index.crates.io-1949cf8c6b5b557f/tokio-1.43.0/src/runtime/scheduler/current_thread/mod.rs:196:33
[INFO] [stdout]   42:     0x590f0d158ad8 - tokio[55bfec3bd986d516]::runtime::context::runtime::enter_runtime::<<tokio[55bfec3bd986d516]::runtime::scheduler::current_thread::CurrentThread>::block_on<core[a373ad73a504971]::pin::Pin<alloc[2e1b2a31b91974c5]::boxed::Box<sqlx_core[59122b533bce8953]::testing::run_test<sqlx_postgres[ef64f505bb6b358a]::database::Postgres, sqlx_core[59122b533bce8953]::testing::run_test_with_pool<sqlx_postgres[ef64f505bb6b358a]::database::Postgres, fn(sqlx_core[59122b533bce8953]::pool::Pool<sqlx_postgres[ef64f505bb6b358a]::database::Postgres>) -> health_check[15763fd19147d8e7]::health_check_works::health_check_works::{closure#0}, health_check[15763fd19147d8e7]::health_check_works::health_check_works::{closure#0}>::{closure#0}, sqlx_core[59122b533bce8953]::testing::run_test_with_pool<sqlx_postgres[ef64f505bb6b358a]::database::Postgres, fn(sqlx_core[59122b533bce8953]::pool::Pool<sqlx_postgres[ef64f505bb6b358a]::database::Postgres>) -> health_check[15763fd19147d8e7]::health_check_works::health_check_works::{closure#0}, health_check[15763fd19147d8e7]::health_check_works::health_check_works::{closure#0}>::{closure#0}::{closure#0}>::{closure#0}>>>::{closure#0}, ()>
[INFO] [stdout]                                at /opt/rustwide/cargo-home/registry/src/index.crates.io-1949cf8c6b5b557f/tokio-1.43.0/src/runtime/context/runtime.rs:65:16
[INFO] [stdout]   43:     0x590f0d12a283 - <tokio[55bfec3bd986d516]::runtime::scheduler::current_thread::CurrentThread>::block_on::<core[a373ad73a504971]::pin::Pin<alloc[2e1b2a31b91974c5]::boxed::Box<sqlx_core[59122b533bce8953]::testing::run_test<sqlx_postgres[ef64f505bb6b358a]::database::Postgres, sqlx_core[59122b533bce8953]::testing::run_test_with_pool<sqlx_postgres[ef64f505bb6b358a]::database::Postgres, fn(sqlx_core[59122b533bce8953]::pool::Pool<sqlx_postgres[ef64f505bb6b358a]::database::Postgres>) -> health_check[15763fd19147d8e7]::health_check_works::health_check_works::{closure#0}, health_check[15763fd19147d8e7]::health_check_works::health_check_works::{closure#0}>::{closure#0}, sqlx_core[59122b533bce8953]::testing::run_test_with_pool<sqlx_postgres[ef64f505bb6b358a]::database::Postgres, fn(sqlx_core[59122b533bce8953]::pool::Pool<sqlx_postgres[ef64f505bb6b358a]::database::Postgres>) -> health_check[15763fd19147d8e7]::health_check_works::health_check_works::{closure#0}, health_check[15763fd19147d8e7]::health_check_works::health_check_works::{closure#0}>::{closure#0}::{closure#0}>::{closure#0}>>>
[INFO] [stdout]                                at /opt/rustwide/cargo-home/registry/src/index.crates.io-1949cf8c6b5b557f/tokio-1.43.0/src/runtime/scheduler/current_thread/mod.rs:184:9
[INFO] [stdout]   44:     0x590f0d13cf81 - <tokio[55bfec3bd986d516]::runtime::runtime::Runtime>::block_on_inner::<core[a373ad73a504971]::pin::Pin<alloc[2e1b2a31b91974c5]::boxed::Box<sqlx_core[59122b533bce8953]::testing::run_test<sqlx_postgres[ef64f505bb6b358a]::database::Postgres, sqlx_core[59122b533bce8953]::testing::run_test_with_pool<sqlx_postgres[ef64f505bb6b358a]::database::Postgres, fn(sqlx_core[59122b533bce8953]::pool::Pool<sqlx_postgres[ef64f505bb6b358a]::database::Postgres>) -> health_check[15763fd19147d8e7]::health_check_works::health_check_works::{closure#0}, health_check[15763fd19147d8e7]::health_check_works::health_check_works::{closure#0}>::{closure#0}, sqlx_core[59122b533bce8953]::testing::run_test_with_pool<sqlx_postgres[ef64f505bb6b358a]::database::Postgres, fn(sqlx_core[59122b533bce8953]::pool::Pool<sqlx_postgres[ef64f505bb6b358a]::database::Postgres>) -> health_check[15763fd19147d8e7]::health_check_works::health_check_works::{closure#0}, health_check[15763fd19147d8e7]::health_check_works::health_check_works::{closure#0}>::{closure#0}::{closure#0}>::{closure#0}>>>
[INFO] [stdout]                                at /opt/rustwide/cargo-home/registry/src/index.crates.io-1949cf8c6b5b557f/tokio-1.43.0/src/runtime/runtime.rs:368:52
[INFO] [stdout]   45:     0x590f0d13d3f2 - <tokio[55bfec3bd986d516]::runtime::runtime::Runtime>::block_on::<sqlx_core[59122b533bce8953]::testing::run_test<sqlx_postgres[ef64f505bb6b358a]::database::Postgres, sqlx_core[59122b533bce8953]::testing::run_test_with_pool<sqlx_postgres[ef64f505bb6b358a]::database::Postgres, fn(sqlx_core[59122b533bce8953]::pool::Pool<sqlx_postgres[ef64f505bb6b358a]::database::Postgres>) -> health_check[15763fd19147d8e7]::health_check_works::health_check_works::{closure#0}, health_check[15763fd19147d8e7]::health_check_works::health_check_works::{closure#0}>::{closure#0}, sqlx_core[59122b533bce8953]::testing::run_test_with_pool<sqlx_postgres[ef64f505bb6b358a]::database::Postgres, fn(sqlx_core[59122b533bce8953]::pool::Pool<sqlx_postgres[ef64f505bb6b358a]::database::Postgres>) -> health_check[15763fd19147d8e7]::health_check_works::health_check_works::{closure#0}, health_check[15763fd19147d8e7]::health_check_works::health_check_works::{closure#0}>::{closure#0}::{closure#0}>::{closure#0}>
[INFO] [stdout]                                at /opt/rustwide/cargo-home/registry/src/index.crates.io-1949cf8c6b5b557f/tokio-1.43.0/src/runtime/runtime.rs:340:18
[INFO] [stdout]   46:     0x590f0d0f3030 - sqlx_core[59122b533bce8953]::rt::test_block_on::<sqlx_core[59122b533bce8953]::testing::run_test<sqlx_postgres[ef64f505bb6b358a]::database::Postgres, sqlx_core[59122b533bce8953]::testing::run_test_with_pool<sqlx_postgres[ef64f505bb6b358a]::database::Postgres, fn(sqlx_core[59122b533bce8953]::pool::Pool<sqlx_postgres[ef64f505bb6b358a]::database::Postgres>) -> health_check[15763fd19147d8e7]::health_check_works::health_check_works::{closure#0}, health_check[15763fd19147d8e7]::health_check_works::health_check_works::{closure#0}>::{closure#0}, sqlx_core[59122b533bce8953]::testing::run_test_with_pool<sqlx_postgres[ef64f505bb6b358a]::database::Postgres, fn(sqlx_core[59122b533bce8953]::pool::Pool<sqlx_postgres[ef64f505bb6b358a]::database::Postgres>) -> health_check[15763fd19147d8e7]::health_check_works::health_check_works::{closure#0}, health_check[15763fd19147d8e7]::health_check_works::health_check_works::{closure#0}>::{closure#0}::{closure#0}>::{closure#0}>
[INFO] [stdout]                                at /opt/rustwide/cargo-home/registry/src/index.crates.io-1949cf8c6b5b557f/sqlx-core-0.8.3/src/rt/mod.rs:123:14
[INFO] [stdout]   47:     0x590f0d11e55e - sqlx_core[59122b533bce8953]::testing::run_test::<sqlx_postgres[ef64f505bb6b358a]::database::Postgres, sqlx_core[59122b533bce8953]::testing::run_test_with_pool<sqlx_postgres[ef64f505bb6b358a]::database::Postgres, fn(sqlx_core[59122b533bce8953]::pool::Pool<sqlx_postgres[ef64f505bb6b358a]::database::Postgres>) -> health_check[15763fd19147d8e7]::health_check_works::health_check_works::{closure#0}, health_check[15763fd19147d8e7]::health_check_works::health_check_works::{closure#0}>::{closure#0}, sqlx_core[59122b533bce8953]::testing::run_test_with_pool<sqlx_postgres[ef64f505bb6b358a]::database::Postgres, fn(sqlx_core[59122b533bce8953]::pool::Pool<sqlx_postgres[ef64f505bb6b358a]::database::Postgres>) -> health_check[15763fd19147d8e7]::health_check_works::health_check_works::{closure#0}, health_check[15763fd19147d8e7]::health_check_works::health_check_works::{closure#0}>::{closure#0}::{closure#0}>
[INFO] [stdout]                                at /opt/rustwide/cargo-home/registry/src/index.crates.io-1949cf8c6b5b557f/sqlx-core-0.8.3/src/testing/mod.rs:210:5
[INFO] [stdout]   48:     0x590f0d11e4e6 - sqlx_core[59122b533bce8953]::testing::run_test_with_pool::<sqlx_postgres[ef64f505bb6b358a]::database::Postgres, fn(sqlx_core[59122b533bce8953]::pool::Pool<sqlx_postgres[ef64f505bb6b358a]::database::Postgres>) -> health_check[15763fd19147d8e7]::health_check_works::health_check_works::{closure#0}, health_check[15763fd19147d8e7]::health_check_works::health_check_works::{closure#0}>
[INFO] [stdout]                                at /opt/rustwide/cargo-home/registry/src/index.crates.io-1949cf8c6b5b557f/sqlx-core-0.8.3/src/testing/mod.rs:181:5
[INFO] [stdout]   49:     0x590f0d1268ca - <fn(sqlx_core[59122b533bce8953]::pool::Pool<sqlx_postgres[ef64f505bb6b358a]::database::Postgres>) -> health_check[15763fd19147d8e7]::health_check_works::health_check_works::{closure#0} as sqlx_core[59122b533bce8953]::testing::TestFn>::run_test
[INFO] [stdout]                                at /opt/rustwide/cargo-home/registry/src/index.crates.io-1949cf8c6b5b557f/sqlx-core-0.8.3/src/testing/mod.rs:84:9
[INFO] [stdout]   50:     0x590f0d0f6227 - health_check[15763fd19147d8e7]::health_check_works
[INFO] [stdout]                                at /opt/rustwide/workdir/tests/health_check.rs:5:1
[INFO] [stdout]   51:     0x590f0d0f3477 - health_check[15763fd19147d8e7]::health_check_works::{closure#0}
[INFO] [stdout]                                at /opt/rustwide/workdir/tests/health_check.rs:5:14
[INFO] [stdout]   52:     0x590f0d15baf6 - <health_check[15763fd19147d8e7]::health_check_works::{closure#0} as core[a373ad73a504971]::ops::function::FnOnce<()>>::call_once
[INFO] [stdout]                                at /rustc/e3feeb59cd1bdd011a2bfcc0747b55125d9b8527/library/core/src/ops/function.rs:250:5
[INFO] [stdout]   53:     0x590f0d3395fb - <fn() -> core[a373ad73a504971]::result::Result<(), alloc[2e1b2a31b91974c5]::string::String> as core[a373ad73a504971]::ops::function::FnOnce<()>>::call_once
[INFO] [stdout]                                at /rustc/e3feeb59cd1bdd011a2bfcc0747b55125d9b8527/library/core/src/ops/function.rs:250:5
[INFO] [stdout]   54:     0x590f0d3395fb - test[aada8e7e76ba119b]::__rust_begin_short_backtrace::<core[a373ad73a504971]::result::Result<(), alloc[2e1b2a31b91974c5]::string::String>, fn() -> core[a373ad73a504971]::result::Result<(), alloc[2e1b2a31b91974c5]::string::String>>
[INFO] [stdout]                                at /rustc/e3feeb59cd1bdd011a2bfcc0747b55125d9b8527/library/test/src/lib.rs:701:18
[INFO] [stdout]   55:     0x590f0d3467d5 - test[aada8e7e76ba119b]::run_test_in_process::{closure#0}
[INFO] [stdout]                                at /rustc/e3feeb59cd1bdd011a2bfcc0747b55125d9b8527/library/test/src/lib.rs:724:74
[INFO] [stdout]   56:     0x590f0d3467d5 - <core[a373ad73a504971]::panic::unwind_safe::AssertUnwindSafe<test[aada8e7e76ba119b]::run_test_in_process::{closure#0}> as core[a373ad73a504971]::ops::function::FnOnce<()>>::call_once
[INFO] [stdout]                                at /rustc/e3feeb59cd1bdd011a2bfcc0747b55125d9b8527/library/core/src/panic/unwind_safe.rs:275:9
[INFO] [stdout]   57:     0x590f0d3467d5 - std[617be2ca0a6fd877]::panicking::catch_unwind::do_call::<core[a373ad73a504971]::panic::unwind_safe::AssertUnwindSafe<test[aada8e7e76ba119b]::run_test_in_process::{closure#0}>, core[a373ad73a504971]::result::Result<(), alloc[2e1b2a31b91974c5]::string::String>>
[INFO] [stdout]                                at /rustc/e3feeb59cd1bdd011a2bfcc0747b55125d9b8527/library/std/src/panicking.rs:573:43
[INFO] [stdout]   58:     0x590f0d3467d5 - std[617be2ca0a6fd877]::panicking::catch_unwind::<core[a373ad73a504971]::result::Result<(), alloc[2e1b2a31b91974c5]::string::String>, core[a373ad73a504971]::panic::unwind_safe::AssertUnwindSafe<test[aada8e7e76ba119b]::run_test_in_process::{closure#0}>>
[INFO] [stdout]                                at /rustc/e3feeb59cd1bdd011a2bfcc0747b55125d9b8527/library/std/src/panicking.rs:541:19
[INFO] [stdout]   59:     0x590f0d3467d5 - std[617be2ca0a6fd877]::panic::catch_unwind::<core[a373ad73a504971]::panic::unwind_safe::AssertUnwindSafe<test[aada8e7e76ba119b]::run_test_in_process::{closure#0}>, core[a373ad73a504971]::result::Result<(), alloc[2e1b2a31b91974c5]::string::String>>
[INFO] [stdout]                                at /rustc/e3feeb59cd1bdd011a2bfcc0747b55125d9b8527/library/std/src/panic.rs:359:14
[INFO] [stdout]   60:     0x590f0d3467d5 - test[aada8e7e76ba119b]::run_test_in_process
[INFO] [stdout]                                at /rustc/e3feeb59cd1bdd011a2bfcc0747b55125d9b8527/library/test/src/lib.rs:724:27
[INFO] [stdout]   61:     0x590f0d3467d5 - test[aada8e7e76ba119b]::run_test::{closure#0}
[INFO] [stdout]                                at /rustc/e3feeb59cd1bdd011a2bfcc0747b55125d9b8527/library/test/src/lib.rs:645:43
[INFO] [stdout]   62:     0x590f0d3400c4 - test[aada8e7e76ba119b]::run_test::{closure#1}
[INFO] [stdout]                                at /rustc/e3feeb59cd1bdd011a2bfcc0747b55125d9b8527/library/test/src/lib.rs:675:41
[INFO] [stdout]   63:     0x590f0d3400c4 - std[617be2ca0a6fd877]::sys::backtrace::__rust_begin_short_backtrace::<test[aada8e7e76ba119b]::run_test::{closure#1}, ()>
[INFO] [stdout]                                at /rustc/e3feeb59cd1bdd011a2bfcc0747b55125d9b8527/library/std/src/sys/backtrace.rs:166:18
[INFO] [stdout]   64:     0x590f0d349862 - std[617be2ca0a6fd877]::thread::lifecycle::spawn_unchecked::<test[aada8e7e76ba119b]::run_test::{closure#1}, ()>::{closure#1}::{closure#0}
[INFO] [stdout]                                at /rustc/e3feeb59cd1bdd011a2bfcc0747b55125d9b8527/library/std/src/thread/lifecycle.rs:70:13
[INFO] [stdout]   65:     0x590f0d349862 - <core[a373ad73a504971]::panic::unwind_safe::AssertUnwindSafe<std[617be2ca0a6fd877]::thread::lifecycle::spawn_unchecked<test[aada8e7e76ba119b]::run_test::{closure#1}, ()>::{closure#1}::{closure#0}> as core[a373ad73a504971]::ops::function::FnOnce<()>>::call_once
[INFO] [stdout]                                at /rustc/e3feeb59cd1bdd011a2bfcc0747b55125d9b8527/library/core/src/panic/unwind_safe.rs:275:9
[INFO] [stdout]   66:     0x590f0d349862 - std[617be2ca0a6fd877]::panicking::catch_unwind::do_call::<core[a373ad73a504971]::panic::unwind_safe::AssertUnwindSafe<std[617be2ca0a6fd877]::thread::lifecycle::spawn_unchecked<test[aada8e7e76ba119b]::run_test::{closure#1}, ()>::{closure#1}::{closure#0}>, ()>
[INFO] [stdout]                                at /rustc/e3feeb59cd1bdd011a2bfcc0747b55125d9b8527/library/std/src/panicking.rs:573:43
[INFO] [stdout]   67:     0x590f0d349862 - std[617be2ca0a6fd877]::panicking::catch_unwind::<(), core[a373ad73a504971]::panic::unwind_safe::AssertUnwindSafe<std[617be2ca0a6fd877]::thread::lifecycle::spawn_unchecked<test[aada8e7e76ba119b]::run_test::{closure#1}, ()>::{closure#1}::{closure#0}>>
[INFO] [stdout]                                at /rustc/e3feeb59cd1bdd011a2bfcc0747b55125d9b8527/library/std/src/panicking.rs:541:19
[INFO] [stdout]   68:     0x590f0d349862 - std[617be2ca0a6fd877]::panic::catch_unwind::<core[a373ad73a504971]::panic::unwind_safe::AssertUnwindSafe<std[617be2ca0a6fd877]::thread::lifecycle::spawn_unchecked<test[aada8e7e76ba119b]::run_test::{closure#1}, ()>::{closure#1}::{closure#0}>, ()>
[INFO] [stdout]                                at /rustc/e3feeb59cd1bdd011a2bfcc0747b55125d9b8527/library/std/src/panic.rs:359:14
[INFO] [stdout]   69:     0x590f0d349862 - std[617be2ca0a6fd877]::thread::lifecycle::spawn_unchecked::<test[aada8e7e76ba119b]::run_test::{closure#1}, ()>::{closure#1}
[INFO] [stdout]                                at /rustc/e3feeb59cd1bdd011a2bfcc0747b55125d9b8527/library/std/src/thread/lifecycle.rs:68:26
[INFO] [stdout]   70:     0x590f0d349862 - <std[617be2ca0a6fd877]::thread::lifecycle::spawn_unchecked<test[aada8e7e76ba119b]::run_test::{closure#1}, ()>::{closure#1} as core[a373ad73a504971]::ops::function::FnOnce<()>>::call_once::{shim:vtable#0}
[INFO] [stdout]                                at /rustc/e3feeb59cd1bdd011a2bfcc0747b55125d9b8527/library/core/src/ops/function.rs:250:5
[INFO] [stdout]   71:     0x590f0de9a9ef - <alloc[2e1b2a31b91974c5]::boxed::Box<dyn core[a373ad73a504971]::ops::function::FnOnce<(), Output = ()> + core[a373ad73a504971]::marker::Send> as core[a373ad73a504971]::ops::function::FnOnce<()>>::call_once
[INFO] [stdout]                                at /rustc/e3feeb59cd1bdd011a2bfcc0747b55125d9b8527/library/alloc/src/boxed.rs:2314:9
[INFO] [stdout]   72:     0x590f0de9a9ef - <std[617be2ca0a6fd877]::sys::thread::unix::Thread>::new::thread_start
[INFO] [stdout]                                at /rustc/e3feeb59cd1bdd011a2bfcc0747b55125d9b8527/library/std/src/sys/thread/unix.rs:127:17
[INFO] [stdout]   73:     0x72ea45edbdfa - <unknown>
[INFO] [stdout]   74:     0x72ea45f6f3d4 - clone
[INFO] [stdout]   75:                0x0 - <unknown>
[INFO] [stdout] 
[INFO] [stdout] 
[INFO] [stdout] failures:
[INFO] [stdout]     health_check_works
[INFO] [stdout] 
[INFO] [stdout] test result: FAILED. 0 passed; 1 failed; 0 ignored; 0 measured; 0 filtered out; finished in 0.06s
[INFO] [stdout] 
[INFO] [stderr] error: test failed, to rerun pass `--test health_check`
[INFO] running `Command { std: "docker" "inspect" "fab220e23f9623ec9e03729575dbe5f4f4ca08d9e8064329fc177359af51fd17", kill_on_drop: false }`
[INFO] running `Command { std: "docker" "rm" "-f" "fab220e23f9623ec9e03729575dbe5f4f4ca08d9e8064329fc177359af51fd17", kill_on_drop: false }`
[INFO] [stdout] fab220e23f9623ec9e03729575dbe5f4f4ca08d9e8064329fc177359af51fd17
