[INFO] cloning repository https://github.com/shadowsocks/ech-tls-tunnel
[INFO] running `Command { std: "git" "-c" "credential.helper=" "-c" "credential.helper=/workspace/cargo-home/bin/git-credential-null" "clone" "--bare" "https://github.com/shadowsocks/ech-tls-tunnel" "/workspace/cache/git-repos/https%3A%2F%2Fgithub.com%2Fshadowsocks%2Fech-tls-tunnel", kill_on_drop: false }`
[INFO] [stderr] Cloning into bare repository '/workspace/cache/git-repos/https%3A%2F%2Fgithub.com%2Fshadowsocks%2Fech-tls-tunnel'...
[INFO] running `Command { std: "git" "rev-parse" "HEAD", kill_on_drop: false }`
[INFO] [stdout] 351d4ce578f00b813c2a7b2187af6747c191595e
[INFO] testing shadowsocks/ech-tls-tunnel against 1.99.0-beta.8 for beta-1.100-2
[INFO] running `Command { std: "git" "clone" "/workspace/cache/git-repos/https%3A%2F%2Fgithub.com%2Fshadowsocks%2Fech-tls-tunnel" "/workspace/builds/worker-0-tc1/source", kill_on_drop: false }`
[INFO] [stderr] Cloning into '/workspace/builds/worker-0-tc1/source'...
[INFO] [stderr] done.
[INFO] started tweaking git repo https://github.com/shadowsocks/ech-tls-tunnel
[INFO] finished tweaking git repo https://github.com/shadowsocks/ech-tls-tunnel
[INFO] tweaked toml for git repo https://github.com/shadowsocks/ech-tls-tunnel written to /workspace/builds/worker-0-tc1/source/Cargo.toml
[INFO] validating manifest of git repo https://github.com/shadowsocks/ech-tls-tunnel on toolchain 1.99.0-beta.8
[INFO] running `Command { std: CARGO_HOME="/workspace/cargo-home" RUSTUP_HOME="/workspace/rustup-home" "/workspace/cargo-home/bin/cargo" "+1.99.0-beta.8" "metadata" "--manifest-path" "Cargo.toml" "--no-deps", kill_on_drop: false }`
[INFO] crate git repo https://github.com/shadowsocks/ech-tls-tunnel already has a lockfile, it will not be regenerated
[INFO] running `Command { std: CARGO_HOME="/workspace/cargo-home" RUSTUP_HOME="/workspace/rustup-home" "/workspace/cargo-home/bin/cargo" "+1.99.0-beta.8" "fetch" "--manifest-path" "Cargo.toml", kill_on_drop: false }`
[INFO] [stderr]     Updating crates.io index
[INFO] [stderr]  Downloading crates ...
[INFO] [stderr]   Downloaded tokio-boring v4.19.0
[INFO] [stderr]   Downloaded fslock v0.2.1
[INFO] [stderr]   Downloaded rcgen v0.13.2
[INFO] [stderr]   Downloaded debug_panic v0.2.1
[INFO] [stderr]   Downloaded instant-acme v0.8.5
[INFO] [stderr]   Downloaded octets v0.3.5
[INFO] [stderr]   Downloaded enum_dispatch v0.3.13
[INFO] [stderr]   Downloaded yasna v0.5.2
[INFO] [stderr]   Downloaded intrusive-collections v0.9.7
[INFO] [stderr]   Downloaded rcgen v0.14.7
[INFO] [stderr]   Downloaded x509-parser v0.18.1
[INFO] [stderr]   Downloaded boring v4.21.2
[INFO] [stderr]   Downloaded quiche v0.29.1
[INFO] [stderr]   Downloaded boring-sys v4.21.2
[INFO] running `Command { std: "docker" "create" "-v" "/var/lib/crater-agent-workspace/builds/worker-0-tc1/source:/opt/rustwide/workdir:ro,Z" "-v" "/var/lib/crater-agent-workspace/builds/worker-0-tc1/target:/opt/rustwide/target:rw,Z" "-v" "/var/lib/crater-agent-workspace/cargo-home:/opt/rustwide/cargo-home:ro,Z" "-v" "/var/lib/crater-agent-workspace/rustup-home:/opt/rustwide/rustup-home:ro,Z" "-m" "1610612736" "--network" "none" "ghcr.io/rust-lang/crates-build-env/linux@sha256:3111399a4047eeb3a02b7a90e478d715f38a8c6669b5c4b49d30a17385265909" "sleep" "infinity", kill_on_drop: false }`
[INFO] [stdout] 4e9e6b539f5913178e6876bd8e8fe06619c5e81aed42885b148ab5ef63b4bf3c
[INFO] running `Command { std: "docker" "start" "4e9e6b539f5913178e6876bd8e8fe06619c5e81aed42885b148ab5ef63b4bf3c", kill_on_drop: false }`
[INFO] running `Command { std: "docker" "inspect" "4e9e6b539f5913178e6876bd8e8fe06619c5e81aed42885b148ab5ef63b4bf3c", kill_on_drop: false }`
[INFO] running `Command { std: "docker" "exec" "-e" "SOURCE_DIR=/opt/rustwide/workdir" "-e" "CARGO_HOME=/opt/rustwide/cargo-home" "-e" "RUSTUP_HOME=/opt/rustwide/rustup-home" "-e" "CARGO_TARGET_DIR=/opt/rustwide/target" "-w" "/opt/rustwide/workdir" "--user" "0:0" "4e9e6b539f5913178e6876bd8e8fe06619c5e81aed42885b148ab5ef63b4bf3c" "/opt/rustwide/cargo-home/bin/cargo" "+1.99.0-beta.8" "metadata" "--no-deps" "--format-version=1", kill_on_drop: false }`
[INFO] running `Command { std: "docker" "inspect" "4e9e6b539f5913178e6876bd8e8fe06619c5e81aed42885b148ab5ef63b4bf3c", kill_on_drop: false }`
[INFO] running `Command { std: "docker" "exec" "-e" "SOURCE_DIR=/opt/rustwide/workdir" "-e" "CARGO_HOME=/opt/rustwide/cargo-home" "-e" "RUSTUP_HOME=/opt/rustwide/rustup-home" "-e" "CARGO_TARGET_DIR=/opt/rustwide/target" "-e" "CARGO_INCREMENTAL=0" "-e" "RUST_BACKTRACE=full" "-e" "RUSTFLAGS=--cap-lints=warn" "-e" "RUSTDOCFLAGS=--cap-lints=warn" "-w" "/opt/rustwide/workdir" "--user" "0:0" "4e9e6b539f5913178e6876bd8e8fe06619c5e81aed42885b148ab5ef63b4bf3c" "/opt/rustwide/cargo-home/bin/cargo" "+1.99.0-beta.8" "build" "--frozen" "--message-format=json", kill_on_drop: false }`
[INFO] [stderr]    Compiling fs_extra v1.3.0
[INFO] [stderr]    Compiling dunce v1.0.5
[INFO] [stderr]    Compiling memchr v2.8.0
[INFO] [stderr]    Compiling glob v0.3.3
[INFO] [stderr]    Compiling aws-lc-rs v1.16.3
[INFO] [stderr]    Compiling regex-syntax v0.8.10
[INFO] [stderr]    Compiling minimal-lexical v0.2.1
[INFO] [stderr]    Compiling libloading v0.8.9
[INFO] [stderr]    Compiling jobserver v0.1.34
[INFO] [stderr]    Compiling log v0.4.29
[INFO] [stderr]    Compiling untrusted v0.7.1
[INFO] [stderr]    Compiling syn v2.0.117
[INFO] [stderr]    Compiling either v1.15.0
[INFO] [stderr]    Compiling bindgen v0.72.1
[INFO] [stderr]    Compiling rustc-hash v2.1.2
[INFO] [stderr]    Compiling bitflags v2.11.1
[INFO] [stderr]    Compiling fslock v0.2.1
[INFO] [stderr]    Compiling smallvec v1.15.1
[INFO] [stderr]    Compiling rustls v0.23.40
[INFO] [stderr]    Compiling deranged v0.5.8
[INFO] [stderr]    Compiling crypto-common v0.1.7
[INFO] [stderr]    Compiling autocfg v1.5.0
[INFO] [stderr]    Compiling futures-util v0.3.32
[INFO] [stderr]    Compiling serde_core v1.0.228
[INFO] [stderr]    Compiling futures-channel v0.3.32
[INFO] [stderr]    Compiling openssl-probe v0.2.1
[INFO] [stderr]    Compiling digest v0.10.7
[INFO] [stderr]    Compiling foreign-types-shared v0.3.1
[INFO] [stderr]    Compiling pem v3.0.6
[INFO] [stderr]    Compiling cc v1.2.61
[INFO] [stderr]    Compiling itertools v0.13.0
[INFO] [stderr]    Compiling rustls-native-certs v0.8.3
[INFO] [stderr]    Compiling clang-sys v1.8.1
[INFO] [stderr]    Compiling libm v0.2.16
[INFO] [stderr]    Compiling sha1 v0.10.6
[INFO] [stderr]    Compiling byteorder v1.5.0
[INFO] [stderr]    Compiling memoffset v0.9.1
[INFO] [stderr]    Compiling nom v7.1.3
[INFO] [stderr]    Compiling utf-8 v0.7.6
[INFO] [stderr]    Compiling data-encoding v2.11.0
[INFO] [stderr]    Compiling quiche v0.29.1
[INFO] [stderr]    Compiling clap_builder v4.6.0
[INFO] [stderr]    Compiling intrusive-collections v0.9.7
[INFO] [stderr]    Compiling tracing-log v0.2.0
[INFO] [stderr]    Compiling nu-ansi-term v0.50.3
[INFO] [stderr]    Compiling octets v0.3.5
[INFO] [stderr]    Compiling cmake v0.1.58
[INFO] [stderr]    Compiling debug_panic v0.2.1
[INFO] [stderr]    Compiling sha2 v0.10.9
[INFO] [stderr]    Compiling socket2 v0.5.10
[INFO] [stderr]    Compiling regex-automata v0.4.14
[INFO] [stderr]    Compiling aws-lc-sys v0.40.0
[INFO] [stderr]    Compiling time v0.3.47
[INFO] [stderr]    Compiling ring v0.17.14
[INFO] [stderr]    Compiling cexpr v0.6.0
[INFO] [stderr]    Compiling yasna v0.5.2
[INFO] [stderr]    Compiling serde_json v1.0.149
[INFO] [stderr]    Compiling regex v1.12.3
[INFO] [stderr]    Compiling matchers v0.2.0
[INFO] [stderr]    Compiling tokio-macros v2.7.0
[INFO] [stderr]    Compiling tracing-attributes v0.1.31
[INFO] [stderr]    Compiling foreign-types-macros v0.2.3
[INFO] [stderr]    Compiling openssl-macros v0.1.1
[INFO] [stderr]    Compiling thiserror-impl v1.0.69
[INFO] [stderr]    Compiling serde_derive v1.0.228
[INFO] [stderr]    Compiling thiserror-impl v2.0.18
[INFO] [stderr]    Compiling enum_dispatch v0.3.13
[INFO] [stderr]    Compiling async-trait v0.1.89
[INFO] [stderr]    Compiling clap_derive v4.6.1
[INFO] [stderr]    Compiling tokio v1.52.1
[INFO] [stderr]    Compiling foreign-types v0.5.0
[INFO] [stderr]    Compiling rcgen v0.13.2
[INFO] [stderr]    Compiling thiserror v1.0.69
[INFO] [stderr]    Compiling thiserror v2.0.18
[INFO] [stderr]    Compiling tungstenite v0.24.0
[INFO] [stderr]    Compiling tracing v0.1.44
[INFO] [stderr]    Compiling tracing-subscriber v0.3.23
[INFO] [stderr]    Compiling serde v1.0.228
[INFO] [stderr]    Compiling clap v4.6.1
[INFO] [stderr]    Compiling boring-sys v4.21.2
[INFO] [stderr]    Compiling tokio-util v0.7.18
[INFO] [stderr]    Compiling tokio-tungstenite v0.24.0
[INFO] [stderr]    Compiling h2 v0.4.13
[INFO] [stderr]    Compiling hyper v1.9.0
[INFO] [stderr]    Compiling hyper-util v0.1.20
[INFO] [stderr]    Compiling rustls-webpki v0.103.13
[INFO] [stderr]    Compiling rcgen v0.14.7
[INFO] [stderr]    Compiling rustls-platform-verifier v0.7.0
[INFO] [stderr]    Compiling tokio-rustls v0.26.4
[INFO] [stderr]    Compiling hyper-rustls v0.27.9
[INFO] [stderr]    Compiling instant-acme v0.8.5
[INFO] [stderr]    Compiling boring v4.21.2
[INFO] [stderr]    Compiling tokio-boring v4.19.0
[INFO] [stderr]    Compiling ech-tls-tunnel v0.1.2 (/opt/rustwide/workdir)
[INFO] [stderr]     Finished `dev` profile [unoptimized + debuginfo] target(s) in 1m 36s
[INFO] running `Command { std: "docker" "inspect" "4e9e6b539f5913178e6876bd8e8fe06619c5e81aed42885b148ab5ef63b4bf3c", kill_on_drop: false }`
[INFO] running `Command { std: "docker" "exec" "-e" "SOURCE_DIR=/opt/rustwide/workdir" "-e" "CARGO_HOME=/opt/rustwide/cargo-home" "-e" "RUSTUP_HOME=/opt/rustwide/rustup-home" "-e" "CARGO_TARGET_DIR=/opt/rustwide/target" "-e" "CARGO_INCREMENTAL=0" "-e" "RUST_BACKTRACE=full" "-e" "RUSTFLAGS=--cap-lints=warn" "-e" "RUSTDOCFLAGS=--cap-lints=warn" "-w" "/opt/rustwide/workdir" "--user" "0:0" "4e9e6b539f5913178e6876bd8e8fe06619c5e81aed42885b148ab5ef63b4bf3c" "/opt/rustwide/cargo-home/bin/cargo" "+1.99.0-beta.8" "test" "--frozen" "--no-run" "--message-format=json", kill_on_drop: false }`
[INFO] [stderr]    Compiling either v1.15.0
[INFO] [stderr]    Compiling bitflags v2.11.1
[INFO] [stderr]    Compiling itertools v0.13.0
[INFO] [stderr]    Compiling bindgen v0.72.1
[INFO] [stderr]    Compiling boring-sys v4.21.2
[INFO] [stderr]    Compiling boring v4.21.2
[INFO] [stderr]    Compiling tokio-boring v4.19.0
[INFO] [stderr]    Compiling quiche v0.29.1
[INFO] [stderr]    Compiling ech-tls-tunnel v0.1.2 (/opt/rustwide/workdir)
[INFO] [stderr]     Finished `test` profile [unoptimized + debuginfo] target(s) in 1m 31s
[INFO] running `Command { std: "docker" "inspect" "4e9e6b539f5913178e6876bd8e8fe06619c5e81aed42885b148ab5ef63b4bf3c", kill_on_drop: false }`
[INFO] running `Command { std: "docker" "exec" "-e" "SOURCE_DIR=/opt/rustwide/workdir" "-e" "CARGO_HOME=/opt/rustwide/cargo-home" "-e" "RUSTUP_HOME=/opt/rustwide/rustup-home" "-e" "CARGO_TARGET_DIR=/opt/rustwide/target" "-e" "CARGO_INCREMENTAL=0" "-e" "RUST_BACKTRACE=full" "-e" "RUSTFLAGS=--cap-lints=warn" "-e" "RUSTDOCFLAGS=--cap-lints=warn" "-w" "/opt/rustwide/workdir" "--user" "0:0" "4e9e6b539f5913178e6876bd8e8fe06619c5e81aed42885b148ab5ef63b4bf3c" "/opt/rustwide/cargo-home/bin/cargo" "+1.99.0-beta.8" "test" "--frozen", kill_on_drop: false }`
[INFO] [stderr]     Finished `test` profile [unoptimized + debuginfo] target(s) in 0.51s
[INFO] [stderr]      Running unittests src/lib.rs (/opt/rustwide/target/debug/deps/ech_tls_tunnel-2f196cc2b25c3263)
[INFO] [stdout] 
[INFO] [stdout] running 84 tests
[INFO] [stdout] test clienthello::tests::empty_is_incomplete ... ok
[INFO] [stdout] test clienthello::tests::non_handshake_record_is_not_tls ... ok
[INFO] [stdout] test config::tests::client_ech_inline ... ok
[INFO] [stdout] test clienthello::tests::truncated_record_is_incomplete ... ok
[INFO] [stdout] test clienthello::tests::ordinary_alpn_does_not_pass ... ok
[INFO] [stdout] test config::tests::client_ech_file ... ok
[INFO] [stdout] test config::tests::client_ech_inline_and_file_exclusive ... ok
[INFO] [stdout] test config::tests::client_fingerprint_unknown_errors ... ok
[INFO] [stdout] test challenge::tests::install_replaces_existing ... ok
[INFO] [stdout] test config::tests::client_fingerprint_recognized_names ... ok
[INFO] [stdout] test config::tests::client_minimum ... ok
[INFO] [stdout] test acme::tests::challenge_ctx_builds ... ok
[INFO] [stdout] test config::tests::client_transport_default_tcp ... ok
[INFO] [stdout] test acme::tests::needs_renewal_handles_unparseable_pem ... ok
[INFO] [stdout] test config::tests::client_transport_unknown_errors ... ok
[INFO] [stdout] test config::tests::client_trust_ca_file ... ok
[INFO] [stdout] test config::tests::client_trust_insecure ... ok
[INFO] [stdout] test clienthello::tests::acme_alpn_passes ... ok
[INFO] [stdout] test challenge::tests::install_get_remove ... ok
[INFO] [stdout] test config::tests::server_acme_with_defaults ... ok
[INFO] [stdout] test config::tests::server_acme_with_overrides ... ok
[INFO] [stdout] test config::tests::parse_bool_rejects_garbage ... ok
[INFO] [stdout] test config::tests::server_acme_cover_san_opt_out ... ok
[INFO] [stdout] test clienthello::tests::ech_extension_passes ... ok
[INFO] [stdout] test config::tests::client_transport_h3_aliases ... ok
[INFO] [stdout] test config::tests::server_custom_server_name_and_fast_open ... ok
[INFO] [stdout] test config::tests::client_trust_ca_and_insecure_exclusive ... ok
[INFO] [stdout] test clienthello::tests::no_relevant_extensions_is_other ... ok
[INFO] [stdout] test config::tests::server_ech_both_yields_some ... ok
[INFO] [stdout] test config::tests::client_fingerprint_default_is_none ... ok
[INFO] [stdout] test config::tests::server_acme_cover_san_default_true ... ok
[INFO] [stdout] test config::tests::server_ech_default_cover_san_can_be_overridden ... ok
[INFO] [stdout] test config::tests::server_http3_default_false_and_opt_in ... ok
[INFO] [stdout] test config::tests::server_minimum_static_cert ... ok
[INFO] [stdout] test config::tests::server_reject_non_ech_default_true ... ok
[INFO] [stdout] test config::tests::server_path_must_start_with_slash ... ok
[INFO] [stdout] test config::tests::server_ech_public_name_requires_key ... ok
[INFO] [stdout] test config::tests::server_reject_non_ech_opt_out ... ok
[INFO] [stdout] test config::tests::server_static_and_acme_are_exclusive ... ok
[INFO] [stdout] test h3_client::tests::is_success_rejects_missing_or_malformed_status ... ok
[INFO] [stdout] test ech::tests::b64_round_trip ... ok
[INFO] [stdout] test ech::tests::read_short_file_errors ... ok
[INFO] [stdout] test ech::tests::empty_public_name_rejected ... ok
[INFO] [stdout] test fingerprint::tests::random_returns_a_profile ... ok
[INFO] [stdout] test fingerprint::tests::resolve_known_profiles ... ok
[INFO] [stdout] test fingerprint::tests::unknown_returns_none ... ok
[INFO] [stdout] test config::tests::server_ech_default_name_excluded_from_acme ... ok
[INFO] [stdout] test config::tests::server_missing_cert_or_acme_email_errors ... ok
[INFO] [stdout] test ech::tests::generate_then_marshal_then_load_round_trip ... ok
[INFO] [stdout] test ech::tests::write_then_read_round_trip ... ok
[INFO] [stdout] test sip003::tests::endpoints_swap_by_mode ... ok
[INFO] [stdout] test sip003::tests::mode_helper_requires_option ... ok
[INFO] [stdout] test sip003::tests::missing_required_var_errors ... ok
[INFO] [stdout] test sip003::tests::plugin_options_basic ... ok
[INFO] [stdout] test sip003::tests::plugin_options_base64_value_with_padding ... ok
[INFO] [stdout] test h3_client::tests::is_success_accepts_2xx_only ... ok
[INFO] [stdout] test net::tests::plain_listener_round_trips_bytes ... ok
[INFO] [stdout] test sip003::tests::plugin_options_double_backslash ... ok
[INFO] [stdout] test sip003::tests::plugin_options_empty_string_is_empty_map ... ok
[INFO] [stdout] test h3_server::tests::cert_source_rejects_acme_config ... ok
[INFO] [stdout] test sip003::tests::plugin_options_empty_key_errors ... ok
[INFO] [stdout] test net::tests::invalid_listen_address_errors ... ok
[INFO] [stdout] test sip003::tests::plugin_options_value_less_key ... ok
[INFO] [stdout] test sip003::tests::endpoints_bracket_bare_ipv6_hosts ... ok
[INFO] [stdout] test sip003::tests::plugin_options_trailing_semicolon_is_ignored ... ok
[INFO] [stdout] test sip003::tests::plugin_options_only_first_equals_splits ... ok
[INFO] [stdout] test h3_server::tests::swap_bumps_generation_and_forces_config_rebuild ... ok
[INFO] [stdout] test h3_server::tests::cert_source_reads_static_pems ... ok
[INFO] [stdout] test net::tests::tfo_listener_binds_and_accepts ... ok
[INFO] [stdout] test sip003::tests::plugin_options_escapes_semicolon_and_equals ... ok
[INFO] [stdout] test stealth::tests::fake_404_has_status_server_and_nginx_body ... ok
[INFO] [stdout] test stealth::tests::fake_404_server_header_is_configurable ... ok
[INFO] [stdout] test sip003::tests::mode_helper_rejects_unknown_value ... ok
[INFO] [stdout] test sip003::tests::parses_required_address_vars ... ok
[INFO] [stdout] test tls_server::tests::build_static_rejects_acme_config ... ok
[INFO] [stdout] test ws::tests::shutdown_propagates_eof ... ok
[INFO] [stdout] test ws::tests::small_payload_round_trips_both_directions ... ok
[INFO] [stdout] test tls_client::tests::system_roots_builds_successfully ... ok
[INFO] [stdout] test tls_server::tests::swap_replaces_active_acceptor ... ok
[INFO] [stdout] test ws::tests::one_megabyte_round_trips ... ok
[INFO] [stdout] test tls_client::tests::ca_file_trust_rejects_untrusted_cert ... ok
[INFO] [stdout] test tls_server::tests::handshake_round_trips_payload ... ok
[INFO] [stdout] test tls_client::tests::ca_file_trust_handshake_round_trips ... ok
[INFO] [stdout] test tls_client::tests::insecure_skip_verify_accepts_unknown_cert ... ok
[INFO] [stdout] 
[INFO] [stdout] test result: ok. 84 passed; 0 failed; 0 ignored; 0 measured; 0 filtered out; finished in 0.20s
[INFO] [stdout] 
[INFO] [stderr]      Running unittests src/main.rs (/opt/rustwide/target/debug/deps/ech_tls_tunnel-100a9b77d6c3b5ef)
[INFO] [stdout] 
[INFO] [stdout] running 2 tests
[INFO] [stdout] test tests::key_generation_defaults_to_cloudflare_cover ... ok
[INFO] [stdout] test tests::key_generation_accepts_custom_cover ... ok
[INFO] [stdout] 
[INFO] [stdout] test result: ok. 2 passed; 0 failed; 0 ignored; 0 measured; 0 filtered out; finished in 0.00s
[INFO] [stdout] 
[INFO] [stderr]      Running tests/loops_e2e.rs (/opt/rustwide/target/debug/deps/loops_e2e-8749ea95e3095b80)
[INFO] [stdout] 
[INFO] [stdout] running 5 tests
[INFO] [stdout] test unmatched_path_serves_fake_404 ... ok
[INFO] [stdout] test full_loop_round_trips_payload ... ok
[INFO] [stdout] test http3_loop_round_trips_payload ... ok
[INFO] [stdout] test http3_concurrent_streams_exceed_stream_limit ... FAILED
[INFO] [stdout] test http3_loop_round_trips_payload_with_ech ... ok
[INFO] [stdout] 
[INFO] [stdout] failures:
[INFO] [stdout] 
[INFO] [stdout] ---- http3_concurrent_streams_exceed_stream_limit stdout ----
[INFO] [stdout] 
[INFO] [stdout] thread 'http3_concurrent_streams_exceed_stream_limit' (7915) panicked at tests/loops_e2e.rs:479:64:
[INFO] [stdout] called `Result::unwrap()` on an `Err` value: Os { code: 24, kind: TooManyOpenFiles, message: "Too many open files" }
[INFO] [stdout] stack backtrace:
[INFO] [stdout]    0:     0x5d953f87ffb1 - <unknown>
[INFO] [stdout]    1:     0x5d953f8993da - <unknown>
[INFO] [stdout]    2:     0x5d953f8858bc - <unknown>
[INFO] [stdout]    3:     0x5d953f858656 - <unknown>
[INFO] [stdout]    4:     0x5d953f876999 - <unknown>
[INFO] [stdout]    5:     0x5d953ec30a80 - <unknown>
[INFO] [stdout]    6:     0x5d953f876cc2 - <unknown>
[INFO] [stdout]    7:     0x5d953f858702 - <unknown>
[INFO] [stdout]    8:     0x5d953f850ac9 - <unknown>
[INFO] [stdout]    9:     0x5d953f8595fd - <unknown>
[INFO] [stdout]   10:     0x5d953f899cac - <unknown>
[INFO] [stdout]   11:     0x5d953f8999d2 - <unknown>
[INFO] [stdout]   12:     0x5d953ea45820 - <unknown>
[INFO] [stdout]   13:     0x5d953eaa4a29 - <unknown>
[INFO] [stdout]   14:     0x5d953ea3736c - <unknown>
[INFO] [stdout]   15:     0x5d953ea48883 - <unknown>
[INFO] [stdout]   16:     0x5d953ea8c6e2 - <unknown>
[INFO] [stdout]   17:     0x5d953ea8c75d - <unknown>
[INFO] [stdout]   18:     0x5d953ea7021d - <unknown>
[INFO] [stdout]   19:     0x5d953ea70145 - <unknown>
[INFO] [stdout]   20:     0x5d953ea68252 - <unknown>
[INFO] [stdout]   21:     0x5d953ea6f5fd - <unknown>
[INFO] [stdout]   22:     0x5d953ea6e8a4 - <unknown>
[INFO] [stdout]   23:     0x5d953ea7168b - <unknown>
[INFO] [stdout]   24:     0x5d953ea8b619 - <unknown>
[INFO] [stdout]   25:     0x5d953ea789df - <unknown>
[INFO] [stdout]   26:     0x5d953ea7858e - <unknown>
[INFO] [stdout]   27:     0x5d953ea8ab0d - <unknown>
[INFO] [stdout]   28:     0x5d953ea6dbf0 - <unknown>
[INFO] [stdout]   29:     0x5d953ea6dee6 - <unknown>
[INFO] [stdout]   30:     0x5d953ea6e4b0 - <unknown>
[INFO] [stdout]   31:     0x5d953ea92618 - <unknown>
[INFO] [stdout]   32:     0x5d953ea67e14 - <unknown>
[INFO] [stdout]   33:     0x5d953ea7e67f - <unknown>
[INFO] [stdout]   34:     0x5d953ea7e7cb - <unknown>
[INFO] [stdout]   35:     0x5d953ea497e0 - <unknown>
[INFO] [stdout]   36:     0x5d953ea47ed7 - <unknown>
[INFO] [stdout]   37:     0x5d953ea53786 - <unknown>
[INFO] [stdout]   38:     0x5d953ec23d6b - <unknown>
[INFO] [stdout]   39:     0x5d953ec313d5 - <unknown>
[INFO] [stdout]   40:     0x5d953ec2ac94 - <unknown>
[INFO] [stdout]   41:     0x5d953ec34532 - <unknown>
[INFO] [stdout]   42:     0x5d953f87e789 - <unknown>
[INFO] [stdout]   43:     0x79cb3c748dfa - <unknown>
[INFO] [stdout]   44:     0x79cb3c7dc3d4 - <unknown>
[INFO] [stdout]   45:                0x0 - <unknown>
[INFO] [stdout] 
[INFO] [stdout] 
[INFO] [stdout] failures:
[INFO] [stdout]     http3_concurrent_streams_exceed_stream_limit
[INFO] [stdout] 
[INFO] [stdout] test result: FAILED. 4 passed; 1 failed; 0 ignored; 0 measured; 0 filtered out; finished in 0.62s
[INFO] [stdout] 
[INFO] [stderr] error: test failed, to rerun pass `--test loops_e2e`
[INFO] running `Command { std: "docker" "inspect" "4e9e6b539f5913178e6876bd8e8fe06619c5e81aed42885b148ab5ef63b4bf3c", kill_on_drop: false }`
[INFO] running `Command { std: "docker" "rm" "-f" "4e9e6b539f5913178e6876bd8e8fe06619c5e81aed42885b148ab5ef63b4bf3c", kill_on_drop: false }`
[INFO] [stdout] 4e9e6b539f5913178e6876bd8e8fe06619c5e81aed42885b148ab5ef63b4bf3c
