[INFO] cloning repository https://github.com/sasha276/workspace
[INFO] running `Command { std: "git" "-c" "credential.helper=" "-c" "credential.helper=/workspace/cargo-home/bin/git-credential-null" "clone" "--bare" "https://github.com/sasha276/workspace" "/workspace/cache/git-repos/https%3A%2F%2Fgithub.com%2Fsasha276%2Fworkspace", kill_on_drop: false }`
[INFO] [stderr] Cloning into bare repository '/workspace/cache/git-repos/https%3A%2F%2Fgithub.com%2Fsasha276%2Fworkspace'...
[INFO] running `Command { std: "git" "rev-parse" "HEAD", kill_on_drop: false }`
[INFO] [stdout] 267288138bd5164603bcf334e57e4acde25e59c8
[INFO] testing sasha276/workspace against 1.100.0-beta.1 for beta-1.100-2
[INFO] running `Command { std: "git" "clone" "/workspace/cache/git-repos/https%3A%2F%2Fgithub.com%2Fsasha276%2Fworkspace" "/workspace/builds/worker-1-tc2/source", kill_on_drop: false }`
[INFO] [stderr] Cloning into '/workspace/builds/worker-1-tc2/source'...
[INFO] [stderr] done.
[INFO] [stderr] Updating files:  26% (1791/6655)
Updating files:  27% (1797/6655)
Updating files:  28% (1864/6655)
Updating files:  29% (1930/6655)
Updating files:  30% (1997/6655)
Updating files:  30% (2054/6655)
Updating files:  31% (2064/6655)
Updating files:  32% (2130/6655)
Updating files:  33% (2197/6655)
Updating files:  33% (2254/6655)
Updating files:  34% (2263/6655)
Updating files:  35% (2330/6655)
Updating files:  36% (2396/6655)
Updating files:  37% (2463/6655)
Updating files:  37% (2480/6655)
Updating files:  38% (2529/6655)
Updating files:  38% (2532/6655)
Updating files:  38% (2588/6655)
Updating files:  39% (2596/6655)
Updating files:  39% (2618/6655)
Updating files:  40% (2662/6655)
Updating files:  40% (2697/6655)
Updating files:  41% (2729/6655)
Updating files:  42% (2796/6655)
Updating files:  43% (2862/6655)
Updating files:  44% (2929/6655)
Updating files:  45% (2995/6655)
Updating files:  46% (3062/6655)
Updating files:  47% (3128/6655)
Updating files:  47% (3148/6655)
Updating files:  48% (3195/6655)
Updating files:  49% (3261/6655)
Updating files:  50% (3328/6655)
Updating files:  51% (3395/6655)
Updating files:  52% (3461/6655)
Updating files:  53% (3528/6655)
Updating files:  54% (3594/6655)
Updating files:  55% (3661/6655)
Updating files:  55% (3712/6655)
Updating files:  56% (3727/6655)
Updating files:  57% (3794/6655)
Updating files:  58% (3860/6655)
Updating files:  58% (3921/6655)
Updating files:  59% (3927/6655)
Updating files:  60% (3993/6655)
Updating files:  61% (4060/6655)
Updating files:  62% (4127/6655)
Updating files:  63% (4193/6655)
Updating files:  64% (4260/6655)
Updating files:  65% (4326/6655)
Updating files:  65% (4362/6655)
Updating files:  66% (4393/6655)
Updating files:  67% (4459/6655)
Updating files:  68% (4526/6655)
Updating files:  69% (4592/6655)
Updating files:  70% (4659/6655)
Updating files:  71% (4726/6655)
Updating files:  72% (4792/6655)
Updating files:  72% (4838/6655)
Updating files:  73% (4859/6655)
Updating files:  74% (4925/6655)
Updating files:  75% (4992/6655)
Updating files:  76% (5058/6655)
Updating files:  77% (5125/6655)
Updating files:  78% (5191/6655)
Updating files:  79% (5258/6655)
Updating files:  80% (5324/6655)
Updating files:  80% (5333/6655)
Updating files:  81% (5391/6655)
Updating files:  82% (5458/6655)
Updating files:  83% (5524/6655)
Updating files:  84% (5591/6655)
Updating files:  85% (5657/6655)
Updating files:  86% (5724/6655)
Updating files:  87% (5790/6655)
Updating files:  88% (5857/6655)
Updating files:  88% (5873/6655)
Updating files:  89% (5923/6655)
Updating files:  90% (5990/6655)
Updating files:  91% (6057/6655)
Updating files:  92% (6123/6655)
Updating files:  93% (6190/6655)
Updating files:  94% (6256/6655)
Updating files:  95% (6323/6655)
Updating files:  96% (6389/6655)
Updating files:  97% (6456/6655)
Updating files:  97% (6517/6655)
Updating files:  98% (6522/6655)
Updating files:  98% (6554/6655)
Updating files:  99% (6589/6655)
Updating files:  99% (6634/6655)
Updating files: 100% (6655/6655)
Updating files: 100% (6655/6655), done.
[INFO] started tweaking git repo https://github.com/sasha276/workspace
[INFO] finished tweaking git repo https://github.com/sasha276/workspace
[INFO] tweaked toml for git repo https://github.com/sasha276/workspace written to /workspace/builds/worker-1-tc2/source/Cargo.toml
[INFO] validating manifest of git repo https://github.com/sasha276/workspace on toolchain 1.100.0-beta.1
[INFO] running `Command { std: CARGO_HOME="/workspace/cargo-home" RUSTUP_HOME="/workspace/rustup-home" "/workspace/cargo-home/bin/cargo" "+1.100.0-beta.1" "metadata" "--manifest-path" "Cargo.toml" "--no-deps", kill_on_drop: false }`
[INFO] crate git repo https://github.com/sasha276/workspace already has a lockfile, it will not be regenerated
[INFO] running `Command { std: CARGO_HOME="/workspace/cargo-home" RUSTUP_HOME="/workspace/rustup-home" "/workspace/cargo-home/bin/cargo" "+1.100.0-beta.1" "fetch" "--manifest-path" "Cargo.toml", kill_on_drop: false }`
[INFO] [stderr] warning: unused workspace dependency `rusb`
[INFO] [stderr]   --> Cargo.toml:13:1
[INFO] [stderr]    |
[INFO] [stderr] 13 | rusb = "=0.9.4"
[INFO] [stderr]    | ^^^^
[INFO] [stderr]    |
[INFO] [stderr]    = note: `cargo::unused_workspace_dependencies` is set to `warn` by default
[INFO] [stderr] help: consider removing the workspace dependency `rusb`
[INFO] [stderr] warning: workspace (manifest) generated 1 warning
[INFO] running `Command { std: "docker" "create" "-v" "/var/lib/crater-agent-workspace/builds/worker-1-tc2/source:/opt/rustwide/workdir:ro,Z" "-v" "/var/lib/crater-agent-workspace/builds/worker-1-tc2/target:/opt/rustwide/target:rw,Z" "-v" "/var/lib/crater-agent-workspace/cargo-home:/opt/rustwide/cargo-home:ro,Z" "-v" "/var/lib/crater-agent-workspace/rustup-home:/opt/rustwide/rustup-home:ro,Z" "-m" "1610612736" "--network" "none" "ghcr.io/rust-lang/crates-build-env/linux@sha256:3111399a4047eeb3a02b7a90e478d715f38a8c6669b5c4b49d30a17385265909" "sleep" "infinity", kill_on_drop: false }`
[INFO] [stdout] 1726ebec4e93ee227c6dc8ea87d366195f3bdcedbc12ec77298ee95e4b9ddc3a
[INFO] running `Command { std: "docker" "start" "1726ebec4e93ee227c6dc8ea87d366195f3bdcedbc12ec77298ee95e4b9ddc3a", kill_on_drop: false }`
[INFO] running `Command { std: "docker" "inspect" "1726ebec4e93ee227c6dc8ea87d366195f3bdcedbc12ec77298ee95e4b9ddc3a", kill_on_drop: false }`
[INFO] running `Command { std: "docker" "exec" "-e" "SOURCE_DIR=/opt/rustwide/workdir" "-e" "CARGO_HOME=/opt/rustwide/cargo-home" "-e" "RUSTUP_HOME=/opt/rustwide/rustup-home" "-e" "CARGO_TARGET_DIR=/opt/rustwide/target" "-w" "/opt/rustwide/workdir" "--user" "0:0" "1726ebec4e93ee227c6dc8ea87d366195f3bdcedbc12ec77298ee95e4b9ddc3a" "/opt/rustwide/cargo-home/bin/cargo" "+1.100.0-beta.1" "metadata" "--no-deps" "--format-version=1", kill_on_drop: false }`
[INFO] running `Command { std: "docker" "inspect" "1726ebec4e93ee227c6dc8ea87d366195f3bdcedbc12ec77298ee95e4b9ddc3a", kill_on_drop: false }`
[INFO] running `Command { std: "docker" "exec" "-e" "SOURCE_DIR=/opt/rustwide/workdir" "-e" "CARGO_HOME=/opt/rustwide/cargo-home" "-e" "RUSTUP_HOME=/opt/rustwide/rustup-home" "-e" "CARGO_TARGET_DIR=/opt/rustwide/target" "-e" "CARGO_INCREMENTAL=0" "-e" "RUST_BACKTRACE=full" "-e" "RUSTFLAGS=--cap-lints=warn" "-e" "RUSTDOCFLAGS=--cap-lints=warn" "-w" "/opt/rustwide/workdir" "--user" "0:0" "1726ebec4e93ee227c6dc8ea87d366195f3bdcedbc12ec77298ee95e4b9ddc3a" "/opt/rustwide/cargo-home/bin/cargo" "+1.100.0-beta.1" "build" "--frozen" "--message-format=json", kill_on_drop: false }`
[INFO] [stderr] warning: unused workspace dependency `rusb`
[INFO] [stderr]   --> Cargo.toml:13:1
[INFO] [stderr]    |
[INFO] [stderr] 13 | rusb = "=0.9.4"
[INFO] [stderr]    | ^^^^
[INFO] [stderr]    |
[INFO] [stderr]    = note: `cargo::unused_workspace_dependencies` is set to `warn` by default
[INFO] [stderr] help: consider removing the workspace dependency `rusb`
[INFO] [stderr] warning: workspace (manifest) generated 1 warning
[INFO] [stderr]    Compiling proc-macro2 v1.0.106
[INFO] [stderr]    Compiling quote v1.0.45
[INFO] [stderr]    Compiling unicode-ident v1.0.24
[INFO] [stderr]    Compiling libc v0.2.185
[INFO] [stderr]    Compiling cfg-if v1.0.4
[INFO] [stderr]    Compiling parking_lot_core v0.9.12
[INFO] [stderr]    Compiling once_cell v1.21.4
[INFO] [stderr]    Compiling smallvec v1.15.1
[INFO] [stderr]    Compiling pin-project-lite v0.2.17
[INFO] [stderr]    Compiling scopeguard v1.2.0
[INFO] [stderr]    Compiling lock_api v0.4.14
[INFO] [stderr]    Compiling utf8parse v0.2.2
[INFO] [stderr]    Compiling log v0.4.29
[INFO] [stderr]    Compiling rustix v1.1.4
[INFO] [stderr]    Compiling anstyle-parse v1.0.0
[INFO] [stderr]    Compiling tracing-core v0.1.36
[INFO] [stderr]    Compiling anstyle-query v1.1.5
[INFO] [stderr]    Compiling futures-core v0.3.32
[INFO] [stderr]    Compiling bytes v1.11.1
[INFO] [stderr]    Compiling anstyle v1.0.14
[INFO] [stderr]    Compiling colorchoice v1.0.5
[INFO] [stderr]    Compiling regex-syntax v0.8.10
[INFO] [stderr]    Compiling bitflags v2.11.1
[INFO] [stderr]    Compiling async-trait v0.1.77
[INFO] [stderr]    Compiling regex-syntax v0.6.29
[INFO] [stderr]    Compiling linux-raw-sys v0.12.1
[INFO] [stderr]    Compiling is_terminal_polyfill v1.70.2
[INFO] [stderr]    Compiling thiserror v1.0.58
[INFO] [stderr]    Compiling serde v1.0.197
[INFO] [stderr]    Compiling anstream v1.0.0
[INFO] [stderr]    Compiling syn v2.0.117
[INFO] [stderr]    Compiling strsim v0.11.1
[INFO] [stderr]    Compiling overload v0.1.1
[INFO] [stderr]    Compiling futures-io v0.3.32
[INFO] [stderr]    Compiling clap_lex v1.1.0
[INFO] [stderr]    Compiling heck v0.5.0
[INFO] [stderr]    Compiling parking v2.2.1
[INFO] [stderr]    Compiling errno v0.3.14
[INFO] [stderr]    Compiling num_cpus v1.17.0
[INFO] [stderr]    Compiling mio v0.8.11
[INFO] [stderr]    Compiling signal-hook-registry v1.4.8
[INFO] [stderr]    Compiling parking_lot v0.12.5
[INFO] [stderr]    Compiling socket2 v0.5.10
[INFO] [stderr]    Compiling regex-automata v0.4.14
[INFO] [stderr]    Compiling regex-automata v0.1.10
[INFO] [stderr]    Compiling serde_json v1.0.114
[INFO] [stderr]    Compiling lazy_static v1.5.0
[INFO] [stderr]    Compiling fastrand v2.4.1
[INFO] [stderr]    Compiling slab v0.4.12
[INFO] [stderr]    Compiling futures-lite v2.6.1
[INFO] [stderr]    Compiling sharded-slab v0.1.7
[INFO] [stderr]    Compiling matchers v0.1.0
[INFO] [stderr]    Compiling clap_builder v4.6.0
[INFO] [stderr]    Compiling nu-ansi-term v0.46.0
[INFO] [stderr]    Compiling tracing-log v0.2.0
[INFO] [stderr]    Compiling thread_local v1.1.9
[INFO] [stderr]    Compiling hashbrown v0.14.5
[INFO] [stderr]    Compiling regex v1.12.3
[INFO] [stderr]    Compiling itoa v1.0.18
[INFO] [stderr]    Compiling ryu v1.0.23
[INFO] [stderr]    Compiling dashmap v5.5.3
[INFO] [stderr]    Compiling tracing-attributes v0.1.31
[INFO] [stderr]    Compiling tokio-macros v2.3.0
[INFO] [stderr]    Compiling serde_derive v1.0.197
[INFO] [stderr]    Compiling thiserror-impl v1.0.58
[INFO] [stderr]    Compiling clap_derive v4.6.1
[INFO] [stderr]    Compiling tokio v1.38.0
[INFO] [stderr]    Compiling tracing v0.1.40
[INFO] [stderr]    Compiling tracing-subscriber v0.3.18
[INFO] [stderr]    Compiling clap v4.6.1
[INFO] [stderr]    Compiling nusb v0.2.3
[INFO] [stderr]    Compiling device-lib v0.1.0 (/opt/rustwide/workdir/device-lib)
[INFO] [stdout] warning: variant `Appi` is never constructed
[INFO] [stdout]   --> device-lib/src/manager.rs:25:5
[INFO] [stdout]    |
[INFO] [stdout] 24 | enum DeviceKind {
[INFO] [stdout]    |      ---------- variant in this enum
[INFO] [stdout] 25 |     Appi,
[INFO] [stdout]    |     ^^^^
[INFO] [stdout]    |
[INFO] [stdout]    = note: `DeviceKind` has a derived impl for the trait `Clone`, but this is intentionally ignored during dead code analysis
[INFO] [stdout]    = note: `#[warn(dead_code)]` (part of `#[warn(unused)]`) on by default
[INFO] [stdout] 
[INFO] [stdout] 
[INFO] [stderr]    Compiling appd v0.1.0 (/opt/rustwide/workdir/appd)
[INFO] [stdout] warning: unused import: `std::arch::x86_64::__mmask8`
[INFO] [stdout]  --> appd/src/transport/mod.rs:3:5
[INFO] [stdout]   |
[INFO] [stdout] 3 | use std::arch::x86_64::__mmask8;
[INFO] [stdout]   |     ^^^^^^^^^^^^^^^^^^^^^^^^^^^
[INFO] [stdout]   |
[INFO] [stdout]   = note: `#[warn(unused_imports)]` (part of `#[warn(unused)]`) on by default
[INFO] [stdout] 
[INFO] [stdout] 
[INFO] [stdout] warning: unused imports: `install`, `run_as_service`, and `uninstall`
[INFO] [stdout]  --> appd/src/platform/mod.rs:9:17
[INFO] [stdout]   |
[INFO] [stdout] 9 | pub use linux::{install, run_as_service, run_foreground, uninstall};
[INFO] [stdout]   |                 ^^^^^^^  ^^^^^^^^^^^^^^                  ^^^^^^^^^
[INFO] [stdout] 
[INFO] [stdout] 
[INFO] [stdout] warning: unused variable: `cli`
[INFO] [stdout]   --> appd/src/main.rs:64:9
[INFO] [stdout]    |
[INFO] [stdout] 64 |     let cli = Cli::parse();
[INFO] [stdout]    |         ^^^ help: if this is intentional, prefix it with an underscore: `_cli`
[INFO] [stdout]    |
[INFO] [stdout]    = note: `#[warn(unused_variables)]` (part of `#[warn(unused)]`) on by default
[INFO] [stdout] 
[INFO] [stdout] 
[INFO] [stdout] warning: variants `UnknownClient`, `SessionExists`, `DeviceNotFound`, `Usb`, and `ChannelClosed` are never constructed
[INFO] [stdout]   --> appd/src/error/mod.rs:16:5
[INFO] [stdout]    |
[INFO] [stdout]  4 | pub enum AppError {
[INFO] [stdout]    |          -------- variants in this enum
[INFO] [stdout] ...
[INFO] [stdout] 16 |     UnknownClient(u16),
[INFO] [stdout]    |     ^^^^^^^^^^^^^
[INFO] [stdout] ...
[INFO] [stdout] 22 |     SessionExists(u16),
[INFO] [stdout]    |     ^^^^^^^^^^^^^
[INFO] [stdout] ...
[INFO] [stdout] 25 |     DeviceNotFound(usize),
[INFO] [stdout]    |     ^^^^^^^^^^^^^^
[INFO] [stdout] ...
[INFO] [stdout] 28 |     Usb(String),
[INFO] [stdout]    |     ^^^
[INFO] [stdout] ...
[INFO] [stdout] 34 |     ChannelClosed,
[INFO] [stdout]    |     ^^^^^^^^^^^^^
[INFO] [stdout]    |
[INFO] [stdout]    = note: `AppError` has a derived impl for the trait `Debug`, but this is intentionally ignored during dead code analysis
[INFO] [stdout] note: the lint level is defined here
[INFO] [stdout]   --> appd/src/error/mod.rs:14:12
[INFO] [stdout]    |
[INFO] [stdout] 14 |     #[warn(dead_code)]
[INFO] [stdout]    |            ^^^^^^^^^
[INFO] [stdout] 
[INFO] [stdout] 
[INFO] [stdout] warning: associated function `push` is never used
[INFO] [stdout]    --> appd/src/protocol/mod.rs:149:12
[INFO] [stdout]     |
[INFO] [stdout] 107 | impl Packet {
[INFO] [stdout]     | ----------- associated function in this implementation
[INFO] [stdout] ...
[INFO] [stdout] 149 |     pub fn push(client_id: u16, session_id: u16, seq: u16, cmd: Cmd, payload: &[u8]) -> Vec<u8> {
[INFO] [stdout]     |            ^^^^
[INFO] [stdout]     |
[INFO] [stdout]     = note: `#[warn(dead_code)]` (part of `#[warn(unused)]`) on by default
[INFO] [stdout] 
[INFO] [stdout] 
[INFO] [stdout] warning: field `id` is never read
[INFO] [stdout]  --> appd/src/client/mod.rs:7:9
[INFO] [stdout]   |
[INFO] [stdout] 6 | pub struct ClientInfo {
[INFO] [stdout]   |            ---------- field in this struct
[INFO] [stdout] 7 |     pub id:   u16,
[INFO] [stdout]   |         ^^
[INFO] [stdout]   |
[INFO] [stdout]   = note: `ClientInfo` has derived impls for the traits `Clone` and `Debug`, but these are intentionally ignored during dead code analysis
[INFO] [stdout] 
[INFO] [stdout] 
[INFO] [stdout] warning: methods `get_by_id` and `update_addr` are never used
[INFO] [stdout]   --> appd/src/client/mod.rs:44:12
[INFO] [stdout]    |
[INFO] [stdout] 17 | impl ClientRegistry {
[INFO] [stdout]    | ------------------- methods in this implementation
[INFO] [stdout] ...
[INFO] [stdout] 44 |     pub fn get_by_id(&self, id: u16) -> Option<ClientInfo> {
[INFO] [stdout]    |            ^^^^^^^^^
[INFO] [stdout] ...
[INFO] [stdout] 52 |     pub fn update_addr(&self, id: u16, new_addr: SocketAddr) {
[INFO] [stdout]    |            ^^^^^^^^^^^
[INFO] [stdout] 
[INFO] [stdout] 
[INFO] [stdout] warning: function `placeholder` is never used
[INFO] [stdout]  --> appd/src/device/mod.rs:1:8
[INFO] [stdout]   |
[INFO] [stdout] 1 | pub fn placeholder() {}
[INFO] [stdout]   |        ^^^^^^^^^^^
[INFO] [stdout] 
[INFO] [stdout] 
[INFO] [stdout] warning: constant `SERVICE_NAME` is never used
[INFO] [stdout]  --> appd/src/platform/linux.rs:3:7
[INFO] [stdout]   |
[INFO] [stdout] 3 | const SERVICE_NAME: &str = "daemonappd";
[INFO] [stdout]   |       ^^^^^^^^^^^^
[INFO] [stdout] 
[INFO] [stdout] 
[INFO] [stdout] warning: constant `SERVICE_FILE` is never used
[INFO] [stdout]  --> appd/src/platform/linux.rs:4:7
[INFO] [stdout]   |
[INFO] [stdout] 4 | const SERVICE_FILE: &str = "/etc/systemd/system/daemonappd.service";
[INFO] [stdout]   |       ^^^^^^^^^^^^
[INFO] [stdout] 
[INFO] [stdout] 
[INFO] [stdout] warning: function `run_as_service` is never used
[INFO] [stdout]   --> appd/src/platform/linux.rs:16:8
[INFO] [stdout]    |
[INFO] [stdout] 16 | pub fn run_as_service() {
[INFO] [stdout]    |        ^^^^^^^^^^^^^^
[INFO] [stdout] 
[INFO] [stdout] 
[INFO] [stdout] warning: function `install` is never used
[INFO] [stdout]   --> appd/src/platform/linux.rs:51:8
[INFO] [stdout]    |
[INFO] [stdout] 51 | pub fn install() {
[INFO] [stdout]    |        ^^^^^^^
[INFO] [stdout] 
[INFO] [stdout] 
[INFO] [stdout] warning: function `uninstall` is never used
[INFO] [stdout]   --> appd/src/platform/linux.rs:89:8
[INFO] [stdout]    |
[INFO] [stdout] 89 | pub fn uninstall() {
[INFO] [stdout]    |        ^^^^^^^^^
[INFO] [stdout] 
[INFO] [stdout] 
[INFO] [stderr] warning: unused dependency `serde_json`
[INFO] [stderr]   --> appd/Cargo.toml:14:1
[INFO] [stderr]    |
[INFO] [stderr] 14 | serde_json         = { workspace = true }
[INFO] [stderr]    | ^^^^^^^^^^^^^^^^^^^^^^^^^^^^^^^^^^^^^^^^^
[INFO] [stderr]    |
[INFO] [stderr]    = note: `cargo::unused_dependencies` is set to `warn` by default
[INFO] [stderr] help: consider removing the dependency on `serde_json`
[INFO] [stderr] warning: `appd` (manifest) generated 1 warning
[INFO] [stderr] warning: unused dependency `futures-lite`
[INFO] [stderr]   --> device-lib/Cargo.toml:15:1
[INFO] [stderr]    |
[INFO] [stderr] 15 | futures-lite = { workspace = true }
[INFO] [stderr]    | ^^^^^^^^^^^^^^^^^^^^^^^^^^^^^^^^^^^
[INFO] [stderr]    |
[INFO] [stderr]    = note: `cargo::unused_dependencies` is set to `warn` by default
[INFO] [stderr] help: consider removing the dependency on `futures-lite`
[INFO] [stderr] warning: `device-lib` (manifest) generated 1 warning
[INFO] [stderr]     Finished `dev` profile [unoptimized + debuginfo] target(s) in 1m 12s
[INFO] running `Command { std: "docker" "inspect" "1726ebec4e93ee227c6dc8ea87d366195f3bdcedbc12ec77298ee95e4b9ddc3a", kill_on_drop: false }`
[INFO] running `Command { std: "docker" "exec" "-e" "SOURCE_DIR=/opt/rustwide/workdir" "-e" "CARGO_HOME=/opt/rustwide/cargo-home" "-e" "RUSTUP_HOME=/opt/rustwide/rustup-home" "-e" "CARGO_TARGET_DIR=/opt/rustwide/target" "-e" "CARGO_INCREMENTAL=0" "-e" "RUST_BACKTRACE=full" "-e" "RUSTFLAGS=--cap-lints=warn" "-e" "RUSTDOCFLAGS=--cap-lints=warn" "-w" "/opt/rustwide/workdir" "--user" "0:0" "1726ebec4e93ee227c6dc8ea87d366195f3bdcedbc12ec77298ee95e4b9ddc3a" "/opt/rustwide/cargo-home/bin/cargo" "+1.100.0-beta.1" "test" "--frozen" "--no-run" "--message-format=json", kill_on_drop: false }`
[INFO] [stderr] warning: unused workspace dependency `rusb`
[INFO] [stderr]   --> Cargo.toml:13:1
[INFO] [stderr]    |
[INFO] [stderr] 13 | rusb = "=0.9.4"
[INFO] [stderr]    | ^^^^
[INFO] [stderr]    |
[INFO] [stderr]    = note: `cargo::unused_workspace_dependencies` is set to `warn` by default
[INFO] [stderr] help: consider removing the workspace dependency `rusb`
[INFO] [stderr] warning: workspace (manifest) generated 1 warning
[INFO] [stderr]    Compiling device-lib v0.1.0 (/opt/rustwide/workdir/device-lib)
[INFO] [stderr]    Compiling appd v0.1.0 (/opt/rustwide/workdir/appd)
[INFO] [stdout] warning: variant `Appi` is never constructed
[INFO] [stdout]   --> device-lib/src/manager.rs:25:5
[INFO] [stdout]    |
[INFO] [stdout] 24 | enum DeviceKind {
[INFO] [stdout]    |      ---------- variant in this enum
[INFO] [stdout] 25 |     Appi,
[INFO] [stdout]    |     ^^^^
[INFO] [stdout]    |
[INFO] [stdout]    = note: `DeviceKind` has a derived impl for the trait `Clone`, but this is intentionally ignored during dead code analysis
[INFO] [stdout]    = note: `#[warn(dead_code)]` (part of `#[warn(unused)]`) on by default
[INFO] [stdout] 
[INFO] [stdout] 
[INFO] [stdout] warning: unused import: `std::arch::x86_64::__mmask8`
[INFO] [stdout]  --> appd/src/transport/mod.rs:3:5
[INFO] [stdout]   |
[INFO] [stdout] 3 | use std::arch::x86_64::__mmask8;
[INFO] [stdout]   |     ^^^^^^^^^^^^^^^^^^^^^^^^^^^
[INFO] [stdout]   |
[INFO] [stdout]   = note: `#[warn(unused_imports)]` (part of `#[warn(unused)]`) on by default
[INFO] [stdout] 
[INFO] [stdout] 
[INFO] [stdout] warning: unused imports: `install`, `run_as_service`, and `uninstall`
[INFO] [stdout]  --> appd/src/platform/mod.rs:9:17
[INFO] [stdout]   |
[INFO] [stdout] 9 | pub use linux::{install, run_as_service, run_foreground, uninstall};
[INFO] [stdout]   |                 ^^^^^^^  ^^^^^^^^^^^^^^                  ^^^^^^^^^
[INFO] [stdout] 
[INFO] [stdout] 
[INFO] [stdout] warning: unused variable: `cli`
[INFO] [stdout]   --> appd/src/main.rs:64:9
[INFO] [stdout]    |
[INFO] [stdout] 64 |     let cli = Cli::parse();
[INFO] [stdout]    |         ^^^ help: if this is intentional, prefix it with an underscore: `_cli`
[INFO] [stdout]    |
[INFO] [stdout]    = note: `#[warn(unused_variables)]` (part of `#[warn(unused)]`) on by default
[INFO] [stdout] 
[INFO] [stdout] 
[INFO] [stdout] warning: variants `UnknownClient`, `SessionExists`, `DeviceNotFound`, `Usb`, and `ChannelClosed` are never constructed
[INFO] [stdout]   --> appd/src/error/mod.rs:16:5
[INFO] [stdout]    |
[INFO] [stdout]  4 | pub enum AppError {
[INFO] [stdout]    |          -------- variants in this enum
[INFO] [stdout] ...
[INFO] [stdout] 16 |     UnknownClient(u16),
[INFO] [stdout]    |     ^^^^^^^^^^^^^
[INFO] [stdout] ...
[INFO] [stdout] 22 |     SessionExists(u16),
[INFO] [stdout]    |     ^^^^^^^^^^^^^
[INFO] [stdout] ...
[INFO] [stdout] 25 |     DeviceNotFound(usize),
[INFO] [stdout]    |     ^^^^^^^^^^^^^^
[INFO] [stdout] ...
[INFO] [stdout] 28 |     Usb(String),
[INFO] [stdout]    |     ^^^
[INFO] [stdout] ...
[INFO] [stdout] 34 |     ChannelClosed,
[INFO] [stdout]    |     ^^^^^^^^^^^^^
[INFO] [stdout]    |
[INFO] [stdout]    = note: `AppError` has a derived impl for the trait `Debug`, but this is intentionally ignored during dead code analysis
[INFO] [stdout] note: the lint level is defined here
[INFO] [stdout]   --> appd/src/error/mod.rs:14:12
[INFO] [stdout]    |
[INFO] [stdout] 14 |     #[warn(dead_code)]
[INFO] [stdout]    |            ^^^^^^^^^
[INFO] [stdout] 
[INFO] [stdout] 
[INFO] [stdout] warning: associated function `push` is never used
[INFO] [stdout]    --> appd/src/protocol/mod.rs:149:12
[INFO] [stdout]     |
[INFO] [stdout] 107 | impl Packet {
[INFO] [stdout]     | ----------- associated function in this implementation
[INFO] [stdout] ...
[INFO] [stdout] 149 |     pub fn push(client_id: u16, session_id: u16, seq: u16, cmd: Cmd, payload: &[u8]) -> Vec<u8> {
[INFO] [stdout]     |            ^^^^
[INFO] [stdout]     |
[INFO] [stdout]     = note: `#[warn(dead_code)]` (part of `#[warn(unused)]`) on by default
[INFO] [stdout] 
[INFO] [stdout] 
[INFO] [stdout] warning: field `id` is never read
[INFO] [stdout]  --> appd/src/client/mod.rs:7:9
[INFO] [stdout]   |
[INFO] [stdout] 6 | pub struct ClientInfo {
[INFO] [stdout]   |            ---------- field in this struct
[INFO] [stdout] 7 |     pub id:   u16,
[INFO] [stdout]   |         ^^
[INFO] [stdout]   |
[INFO] [stdout]   = note: `ClientInfo` has derived impls for the traits `Clone` and `Debug`, but these are intentionally ignored during dead code analysis
[INFO] [stdout] 
[INFO] [stdout] 
[INFO] [stdout] warning: methods `get_by_id` and `update_addr` are never used
[INFO] [stdout]   --> appd/src/client/mod.rs:44:12
[INFO] [stdout]    |
[INFO] [stdout] 17 | impl ClientRegistry {
[INFO] [stdout]    | ------------------- methods in this implementation
[INFO] [stdout] ...
[INFO] [stdout] 44 |     pub fn get_by_id(&self, id: u16) -> Option<ClientInfo> {
[INFO] [stdout]    |            ^^^^^^^^^
[INFO] [stdout] ...
[INFO] [stdout] 52 |     pub fn update_addr(&self, id: u16, new_addr: SocketAddr) {
[INFO] [stdout]    |            ^^^^^^^^^^^
[INFO] [stdout] 
[INFO] [stdout] 
[INFO] [stdout] warning: function `placeholder` is never used
[INFO] [stdout]  --> appd/src/device/mod.rs:1:8
[INFO] [stdout]   |
[INFO] [stdout] 1 | pub fn placeholder() {}
[INFO] [stdout]   |        ^^^^^^^^^^^
[INFO] [stdout] 
[INFO] [stdout] 
[INFO] [stdout] warning: constant `SERVICE_NAME` is never used
[INFO] [stdout]  --> appd/src/platform/linux.rs:3:7
[INFO] [stdout]   |
[INFO] [stdout] 3 | const SERVICE_NAME: &str = "daemonappd";
[INFO] [stdout]   |       ^^^^^^^^^^^^
[INFO] [stdout] 
[INFO] [stdout] 
[INFO] [stdout] warning: constant `SERVICE_FILE` is never used
[INFO] [stdout]  --> appd/src/platform/linux.rs:4:7
[INFO] [stdout]   |
[INFO] [stdout] 4 | const SERVICE_FILE: &str = "/etc/systemd/system/daemonappd.service";
[INFO] [stdout]   |       ^^^^^^^^^^^^
[INFO] [stdout] 
[INFO] [stdout] 
[INFO] [stdout] warning: function `run_as_service` is never used
[INFO] [stdout]   --> appd/src/platform/linux.rs:16:8
[INFO] [stdout]    |
[INFO] [stdout] 16 | pub fn run_as_service() {
[INFO] [stdout]    |        ^^^^^^^^^^^^^^
[INFO] [stdout] 
[INFO] [stdout] 
[INFO] [stdout] warning: function `install` is never used
[INFO] [stdout]   --> appd/src/platform/linux.rs:51:8
[INFO] [stdout]    |
[INFO] [stdout] 51 | pub fn install() {
[INFO] [stdout]    |        ^^^^^^^
[INFO] [stdout] 
[INFO] [stdout] 
[INFO] [stdout] warning: function `uninstall` is never used
[INFO] [stdout]   --> appd/src/platform/linux.rs:89:8
[INFO] [stdout]    |
[INFO] [stdout] 89 | pub fn uninstall() {
[INFO] [stdout]    |        ^^^^^^^^^
[INFO] [stdout] 
[INFO] [stdout] 
[INFO] [stdout] warning: variant `Appi` is never constructed
[INFO] [stdout]   --> device-lib/src/manager.rs:25:5
[INFO] [stdout]    |
[INFO] [stdout] 24 | enum DeviceKind {
[INFO] [stdout]    |      ---------- variant in this enum
[INFO] [stdout] 25 |     Appi,
[INFO] [stdout]    |     ^^^^
[INFO] [stdout]    |
[INFO] [stdout]    = note: `DeviceKind` has a derived impl for the trait `Clone`, but this is intentionally ignored during dead code analysis
[INFO] [stdout]    = note: `#[warn(dead_code)]` (part of `#[warn(unused)]`) on by default
[INFO] [stdout] 
[INFO] [stdout] 
[INFO] [stderr] warning: unused dependency `serde_json`
[INFO] [stderr]   --> appd/Cargo.toml:14:1
[INFO] [stderr]    |
[INFO] [stderr] 14 | serde_json         = { workspace = true }
[INFO] [stderr]    | ^^^^^^^^^^^^^^^^^^^^^^^^^^^^^^^^^^^^^^^^^
[INFO] [stderr]    |
[INFO] [stderr]    = note: `cargo::unused_dependencies` is set to `warn` by default
[INFO] [stderr] help: consider removing the dependency on `serde_json`
[INFO] [stderr] warning: `appd` (manifest) generated 1 warning
[INFO] [stderr] warning: unused dependency `futures-lite`
[INFO] [stderr]   --> device-lib/Cargo.toml:15:1
[INFO] [stderr]    |
[INFO] [stderr] 15 | futures-lite = { workspace = true }
[INFO] [stderr]    | ^^^^^^^^^^^^^^^^^^^^^^^^^^^^^^^^^^^
[INFO] [stderr]    |
[INFO] [stderr]    = note: `cargo::unused_dependencies` is set to `warn` by default
[INFO] [stderr] help: consider removing the dependency on `futures-lite`
[INFO] [stderr] warning: `device-lib` (manifest) generated 1 warning
[INFO] [stderr]     Finished `test` profile [unoptimized + debuginfo] target(s) in 6.72s
[INFO] running `Command { std: "docker" "inspect" "1726ebec4e93ee227c6dc8ea87d366195f3bdcedbc12ec77298ee95e4b9ddc3a", kill_on_drop: false }`
[INFO] running `Command { std: "docker" "exec" "-e" "SOURCE_DIR=/opt/rustwide/workdir" "-e" "CARGO_HOME=/opt/rustwide/cargo-home" "-e" "RUSTUP_HOME=/opt/rustwide/rustup-home" "-e" "CARGO_TARGET_DIR=/opt/rustwide/target" "-e" "CARGO_INCREMENTAL=0" "-e" "RUST_BACKTRACE=full" "-e" "RUSTFLAGS=--cap-lints=warn" "-e" "RUSTDOCFLAGS=--cap-lints=warn" "-w" "/opt/rustwide/workdir" "--user" "0:0" "1726ebec4e93ee227c6dc8ea87d366195f3bdcedbc12ec77298ee95e4b9ddc3a" "/opt/rustwide/cargo-home/bin/cargo" "+1.100.0-beta.1" "test" "--frozen", kill_on_drop: false }`
[INFO] [stderr] warning: unused workspace dependency `rusb`
[INFO] [stderr]   --> Cargo.toml:13:1
[INFO] [stderr]    |
[INFO] [stderr] 13 | rusb = "=0.9.4"
[INFO] [stderr]    | ^^^^
[INFO] [stderr]    |
[INFO] [stderr]    = note: `cargo::unused_workspace_dependencies` is set to `warn` by default
[INFO] [stderr] help: consider removing the workspace dependency `rusb`
[INFO] [stderr] warning: workspace (manifest) generated 1 warning
[INFO] [stderr] warning: variant `Appi` is never constructed
[INFO] [stderr]   --> device-lib/src/manager.rs:25:5
[INFO] [stderr]    |
[INFO] [stderr] 24 | enum DeviceKind {
[INFO] [stderr]    |      ---------- variant in this enum
[INFO] [stderr] 25 |     Appi,
[INFO] [stderr]    |     ^^^^
[INFO] [stderr]    |
[INFO] [stderr]    = note: `DeviceKind` has a derived impl for the trait `Clone`, but this is intentionally ignored during dead code analysis
[INFO] [stderr]    = note: `#[warn(dead_code)]` (part of `#[warn(unused)]`) on by default
[INFO] [stderr] 
[INFO] [stderr] warning: `device-lib` (lib) generated 1 warning
[INFO] [stderr] warning: `device-lib` (lib test) generated 1 warning (1 duplicate)
[INFO] [stderr] warning: unused import: `std::arch::x86_64::__mmask8`
[INFO] [stderr]  --> appd/src/transport/mod.rs:3:5
[INFO] [stderr]   |
[INFO] [stderr] 3 | use std::arch::x86_64::__mmask8;
[INFO] [stderr]   |     ^^^^^^^^^^^^^^^^^^^^^^^^^^^
[INFO] [stderr]   |
[INFO] [stderr]   = note: `#[warn(unused_imports)]` (part of `#[warn(unused)]`) on by default
[INFO] [stderr] 
[INFO] [stderr] warning: unused imports: `install`, `run_as_service`, and `uninstall`
[INFO] [stderr]  --> appd/src/platform/mod.rs:9:17
[INFO] [stderr]   |
[INFO] [stderr] 9 | pub use linux::{install, run_as_service, run_foreground, uninstall};
[INFO] [stderr]   |                 ^^^^^^^  ^^^^^^^^^^^^^^                  ^^^^^^^^^
[INFO] [stderr] 
[INFO] [stderr] warning: unused variable: `cli`
[INFO] [stderr]   --> appd/src/main.rs:64:9
[INFO] [stderr]    |
[INFO] [stderr] 64 |     let cli = Cli::parse();
[INFO] [stderr]    |         ^^^ help: if this is intentional, prefix it with an underscore: `_cli`
[INFO] [stderr]    |
[INFO] [stderr]    = note: `#[warn(unused_variables)]` (part of `#[warn(unused)]`) on by default
[INFO] [stderr] 
[INFO] [stderr] warning: variants `UnknownClient`, `SessionExists`, `DeviceNotFound`, `Usb`, and `ChannelClosed` are never constructed
[INFO] [stderr]   --> appd/src/error/mod.rs:16:5
[INFO] [stderr]    |
[INFO] [stderr]  4 | pub enum AppError {
[INFO] [stderr]    |          -------- variants in this enum
[INFO] [stderr] ...
[INFO] [stderr] 16 |     UnknownClient(u16),
[INFO] [stderr]    |     ^^^^^^^^^^^^^
[INFO] [stderr] ...
[INFO] [stderr] 22 |     SessionExists(u16),
[INFO] [stderr]    |     ^^^^^^^^^^^^^
[INFO] [stderr] ...
[INFO] [stderr] 25 |     DeviceNotFound(usize),
[INFO] [stderr]    |     ^^^^^^^^^^^^^^
[INFO] [stderr] ...
[INFO] [stderr] 28 |     Usb(String),
[INFO] [stderr]    |     ^^^
[INFO] [stderr] ...
[INFO] [stderr] 34 |     ChannelClosed,
[INFO] [stderr]    |     ^^^^^^^^^^^^^
[INFO] [stderr]    |
[INFO] [stderr]    = note: `AppError` has a derived impl for the trait `Debug`, but this is intentionally ignored during dead code analysis
[INFO] [stderr] note: the lint level is defined here
[INFO] [stderr]   --> appd/src/error/mod.rs:14:12
[INFO] [stderr]    |
[INFO] [stderr] 14 |     #[warn(dead_code)]
[INFO] [stderr]    |            ^^^^^^^^^
[INFO] [stderr] 
[INFO] [stderr] warning: associated function `push` is never used
[INFO] [stderr]    --> appd/src/protocol/mod.rs:149:12
[INFO] [stderr]     |
[INFO] [stderr] 107 | impl Packet {
[INFO] [stderr]     | ----------- associated function in this implementation
[INFO] [stderr] ...
[INFO] [stderr] 149 |     pub fn push(client_id: u16, session_id: u16, seq: u16, cmd: Cmd, payload: &[u8]) -> Vec<u8> {
[INFO] [stderr]     |            ^^^^
[INFO] [stderr]     |
[INFO] [stderr]     = note: `#[warn(dead_code)]` (part of `#[warn(unused)]`) on by default
[INFO] [stderr] 
[INFO] [stderr] warning: field `id` is never read
[INFO] [stderr]  --> appd/src/client/mod.rs:7:9
[INFO] [stderr]   |
[INFO] [stderr] 6 | pub struct ClientInfo {
[INFO] [stderr]   |            ---------- field in this struct
[INFO] [stderr] 7 |     pub id:   u16,
[INFO] [stderr]   |         ^^
[INFO] [stderr]   |
[INFO] [stderr]   = note: `ClientInfo` has derived impls for the traits `Clone` and `Debug`, but these are intentionally ignored during dead code analysis
[INFO] [stderr] 
[INFO] [stderr] warning: methods `get_by_id` and `update_addr` are never used
[INFO] [stderr]   --> appd/src/client/mod.rs:44:12
[INFO] [stderr]    |
[INFO] [stderr] 17 | impl ClientRegistry {
[INFO] [stderr]    | ------------------- methods in this implementation
[INFO] [stderr] ...
[INFO] [stderr] 44 |     pub fn get_by_id(&self, id: u16) -> Option<ClientInfo> {
[INFO] [stderr]    |            ^^^^^^^^^
[INFO] [stderr] ...
[INFO] [stderr] 52 |     pub fn update_addr(&self, id: u16, new_addr: SocketAddr) {
[INFO] [stderr]    |            ^^^^^^^^^^^
[INFO] [stderr] 
[INFO] [stderr] warning: function `placeholder` is never used
[INFO] [stderr]  --> appd/src/device/mod.rs:1:8
[INFO] [stderr]   |
[INFO] [stderr] 1 | pub fn placeholder() {}
[INFO] [stderr]   |        ^^^^^^^^^^^
[INFO] [stderr] 
[INFO] [stderr] warning: constant `SERVICE_NAME` is never used
[INFO] [stderr]  --> appd/src/platform/linux.rs:3:7
[INFO] [stderr]   |
[INFO] [stderr] 3 | const SERVICE_NAME: &str = "daemonappd";
[INFO] [stderr]   |       ^^^^^^^^^^^^
[INFO] [stderr] 
[INFO] [stderr] warning: constant `SERVICE_FILE` is never used
[INFO] [stderr]  --> appd/src/platform/linux.rs:4:7
[INFO] [stderr]   |
[INFO] [stderr] 4 | const SERVICE_FILE: &str = "/etc/systemd/system/daemonappd.service";
[INFO] [stderr]   |       ^^^^^^^^^^^^
[INFO] [stderr] 
[INFO] [stderr] warning: function `run_as_service` is never used
[INFO] [stderr]   --> appd/src/platform/linux.rs:16:8
[INFO] [stderr]    |
[INFO] [stderr] 16 | pub fn run_as_service() {
[INFO] [stderr]    |        ^^^^^^^^^^^^^^
[INFO] [stderr] 
[INFO] [stderr] warning: function `install` is never used
[INFO] [stderr]   --> appd/src/platform/linux.rs:51:8
[INFO] [stderr]    |
[INFO] [stderr] 51 | pub fn install() {
[INFO] [stderr]    |        ^^^^^^^
[INFO] [stderr] 
[INFO] [stderr] warning: function `uninstall` is never used
[INFO] [stderr]   --> appd/src/platform/linux.rs:89:8
[INFO] [stderr]    |
[INFO] [stderr] 89 | pub fn uninstall() {
[INFO] [stderr]    |        ^^^^^^^^^
[INFO] [stderr] 
[INFO] [stderr] warning: `appd` (bin "appd" test) generated 13 warnings (run `cargo fix --bin "appd" -p appd --tests` to apply 3 suggestions)
[INFO] [stderr] warning: unused dependency `serde_json`
[INFO] [stderr]   --> appd/Cargo.toml:14:1
[INFO] [stderr]    |
[INFO] [stderr] 14 | serde_json         = { workspace = true }
[INFO] [stderr]    | ^^^^^^^^^^^^^^^^^^^^^^^^^^^^^^^^^^^^^^^^^
[INFO] [stderr]    |
[INFO] [stderr]    = note: `cargo::unused_dependencies` is set to `warn` by default
[INFO] [stderr] help: consider removing the dependency on `serde_json`
[INFO] [stderr] warning: `appd` (manifest) generated 1 warning
[INFO] [stderr] warning: unused dependency `futures-lite`
[INFO] [stderr]   --> device-lib/Cargo.toml:15:1
[INFO] [stderr]    |
[INFO] [stderr] 15 | futures-lite = { workspace = true }
[INFO] [stderr]    | ^^^^^^^^^^^^^^^^^^^^^^^^^^^^^^^^^^^
[INFO] [stderr]    |
[INFO] [stderr]    = note: `cargo::unused_dependencies` is set to `warn` by default
[INFO] [stderr] help: consider removing the dependency on `futures-lite`
[INFO] [stderr] warning: `device-lib` (manifest) generated 1 warning
[INFO] [stderr]     Finished `test` profile [unoptimized + debuginfo] target(s) in 0.13s
[INFO] [stderr]      Running unittests src/main.rs (/opt/rustwide/target/debug/build/appd/2d56bb74b098dd39/out/appd-2d56bb74b098dd39)
[INFO] [stderr]      Running unittests src/lib.rs (/opt/rustwide/target/debug/build/device-lib/9e4bcc3675c46ea9/out/device_lib-9e4bcc3675c46ea9)
[INFO] [stdout] 
[INFO] [stdout] running 0 tests
[INFO] [stdout] 
[INFO] [stdout] test result: ok. 0 passed; 0 failed; 0 ignored; 0 measured; 0 filtered out; finished in 0.00s
[INFO] [stdout] 
[INFO] [stdout] 
[INFO] [stdout] running 45 tests
[INFO] [stdout] test devices::appi_common::tests::parse_respects_limit ... ok
[INFO] [stdout] test devices::appi_common::tests::can_write_packet_layout ... ok
[INFO] [stdout] test devices::appi_common::tests::gen_packet_indices ... ok
[INFO] [stdout] test devices::phlox_common::tests::can_baudrate_matches_captured_traffic ... ok
[INFO] [stdout] test devices::appi_common::tests::baud_packet ... ok
[INFO] [stdout] test devices::phlox_common::tests::bootloader_info_matches_captured_traffic ... ok
[INFO] [stdout] test devices::phlox_common::tests::can_error_roundtrip ... ok
[INFO] [stdout] test devices::phlox_common::tests::can_message_dispatch_by_type ... ok
[INFO] [stdout] test devices::phlox_common::tests::can_set_baudrate_layout ... ok
[INFO] [stdout] test devices::phlox_common::tests::can_tx_feedback_roundtrip ... ok
[INFO] [stdout] test devices::phlox_common::tests::cp1251_decodes_cyrillic ... ok
[INFO] [stdout] test devices::phlox_common::tests::crc8_check_value ... ok
[INFO] [stdout] test devices::phlox_common::tests::device_info_parses_module_list ... ok
[INFO] [stdout] test devices::phlox_common::tests::can_frame_received_roundtrip ... ok
[INFO] [stdout] test devices::phlox_common::tests::gen_route_matches_protocol_table ... ok
[INFO] [stdout] test devices::phlox_common::tests::gen_set_als_layout ... ok
[INFO] [stdout] test devices::phlox_common::tests::can_send_message_layout ... ok
[INFO] [stdout] test devices::phlox_common::tests::frame_incomplete_returns_none ... ok
[INFO] [stdout] test devices::phlox_common::tests::frame_resync_skips_garbage ... ok
[INFO] [stdout] test devices::phlox_common::tests::frame_roundtrip ... ok
[INFO] [stdout] test devices::phlox_common::tests::gen_set_alsen_layout_packs_sg_kk_into_one_byte ... ok
[INFO] [stdout] test devices::phlox_common::tests::gen_set_amplitude_layout ... ok
[INFO] [stdout] test devices::phlox_common::tests::gen_set_frequency_layout ... ok
[INFO] [stdout] test devices::phlox_common::tests::gen_set_from_settings_routes_als_to_gen1 ... ok
[INFO] [stdout] test devices::phlox_common::tests::gen_set_from_settings_routes_ofm_to_gen2 ... ok
[INFO] [stdout] test devices::phlox_common::tests::gen_set_multiplier_layout ... ok
[INFO] [stdout] test devices::phlox_common::tests::gen_set_mode_rejects_zero_amplitude ... ok
[INFO] [stdout] test devices::phlox_common::tests::gen_set_mode_rejects_zero_frequency ... ok
[INFO] [stdout] test devices::phlox_common::tests::gen_set_off_layout_matches_firmware_frequency_zero_shortcut ... ok
[INFO] [stdout] test devices::phlox_common::tests::gen_set_ofm_full_layout_via_phlox_helper ... ok
[INFO] [stdout] test devices::phlox_common::tests::gen_set_ofm_layout_accepts_arbitrary_length_data ... ok
[INFO] [stdout] test devices::phlox_common::tests::gen_set_sinus_layout ... ok
[INFO] [stdout] test devices::phlox_common::tests::start_frame_layout_little_endian ... ok
[INFO] [stdout] test devices::phlox_common::tests::uart_message_roundtrip ... ok
[INFO] [stdout] test devices::phlox_common::tests::uart_off_layout ... ok
[INFO] [stdout] test devices::phlox_common::tests::start_frame_layout_big_endian ... ok
[INFO] [stdout] test types::tests::empty_slot_is_none ... ok
[INFO] [stdout] test devices::phlox_common::tests::uart_rsdd_layout_three_sensors ... ok
[INFO] [stdout] test devices::phlox_common::tests::uart_rsdd_rejects_more_than_three_sensors ... ok
[INFO] [stdout] test types::tests::baud_bytes ... ok
[INFO] [stdout] test types::tests::id_zero_dlc_zero_not_empty_when_data_present ... ok
[INFO] [stdout] test devices::appi_common::tests::parse_two_frames_appi ... FAILED
[INFO] [stdout] test types::tests::descriptor_roundtrip ... FAILED
[INFO] [stdout] test types::tests::slot_be_roundtrip ... FAILED
[INFO] [stdout] test types::tests::hex_line_format ... FAILED
[INFO] [stdout] 
[INFO] [stdout] failures:
[INFO] [stdout] 
[INFO] [stdout] ---- devices::appi_common::tests::parse_two_frames_appi stdout ----
[INFO] [stdout] 
[INFO] [stdout] thread 'devices::appi_common::tests::parse_two_frames_appi' (1205) panicked at device-lib/src/devices/appi_common.rs:254:9:
[INFO] [stdout] assertion `left == right` failed
[INFO] [stdout]   left: 582
[INFO] [stdout]  right: 291
[INFO] [stdout] stack backtrace:
[INFO] [stdout]    0:     0x56ff6ccf7e81 - std[617be2ca0a6fd877]::backtrace_rs::backtrace::libunwind::trace
[INFO] [stdout]                                at /rustc/e3feeb59cd1bdd011a2bfcc0747b55125d9b8527/library/std/src/../../backtrace/src/backtrace/libunwind.rs:117:9
[INFO] [stdout]    1:     0x56ff6ccf7e81 - std[617be2ca0a6fd877]::backtrace_rs::backtrace::trace_unsynchronized::<std[617be2ca0a6fd877]::sys::backtrace::_print_fmt::{closure#1}>
[INFO] [stdout]                                at /rustc/e3feeb59cd1bdd011a2bfcc0747b55125d9b8527/library/std/src/../../backtrace/src/backtrace/mod.rs:66:14
[INFO] [stdout]    2:     0x56ff6ccf7e81 - std[617be2ca0a6fd877]::sys::backtrace::_print_fmt
[INFO] [stdout]                                at /rustc/e3feeb59cd1bdd011a2bfcc0747b55125d9b8527/library/std/src/sys/backtrace.rs:74:9
[INFO] [stdout]    3:     0x56ff6ccf7e81 - <<std[617be2ca0a6fd877]::sys::backtrace::BacktraceLock>::print::DisplayBacktrace as core[a373ad73a504971]::fmt::Display>::fmt
[INFO] [stdout]                                at /rustc/e3feeb59cd1bdd011a2bfcc0747b55125d9b8527/library/std/src/sys/backtrace.rs:44:26
[INFO] [stdout]    4:     0x56ff6cd0c24a - <core[a373ad73a504971]::fmt::rt::Argument>::fmt
[INFO] [stdout]                                at /rustc/e3feeb59cd1bdd011a2bfcc0747b55125d9b8527/library/core/src/fmt/rt.rs:152:76
[INFO] [stdout]    5:     0x56ff6cd0c24a - core[a373ad73a504971]::fmt::write
[INFO] [stdout]    6:     0x56ff6ccfc09c - core[a373ad73a504971]::io::write::default_write_fmt::<alloc[2e1b2a31b91974c5]::vec::Vec<u8>>
[INFO] [stdout]                                at /rustc/e3feeb59cd1bdd011a2bfcc0747b55125d9b8527/library/core/src/io/write.rs:402:11
[INFO] [stdout]    7:     0x56ff6ccfc09c - <alloc[2e1b2a31b91974c5]::vec::Vec<u8> as core[a373ad73a504971]::io::write::Write>::write_fmt
[INFO] [stdout]                                at /rustc/e3feeb59cd1bdd011a2bfcc0747b55125d9b8527/library/core/src/io/write.rs:335:13
[INFO] [stdout]    8:     0x56ff6ccd4156 - <std[617be2ca0a6fd877]::sys::backtrace::BacktraceLock>::print
[INFO] [stdout]                                at /rustc/e3feeb59cd1bdd011a2bfcc0747b55125d9b8527/library/std/src/sys/backtrace.rs:47:9
[INFO] [stdout]    9:     0x56ff6ccd4156 - std[617be2ca0a6fd877]::panicking::default_hook::{closure#0}
[INFO] [stdout]                                at /rustc/e3feeb59cd1bdd011a2bfcc0747b55125d9b8527/library/std/src/panicking.rs:289:27
[INFO] [stdout]   10:     0x56ff6ccf0389 - std[617be2ca0a6fd877]::panicking::default_hook
[INFO] [stdout]                                at /rustc/e3feeb59cd1bdd011a2bfcc0747b55125d9b8527/library/std/src/panicking.rs:313:9
[INFO] [stdout]   11:     0x56ff6cc89a50 - <alloc[2e1b2a31b91974c5]::boxed::Box<dyn for<'a, 'b> core[a373ad73a504971]::ops::function::Fn<(&'a std[617be2ca0a6fd877]::panic::PanicHookInfo<'b>,), Output = ()> + core[a373ad73a504971]::marker::Sync + core[a373ad73a504971]::marker::Send> as core[a373ad73a504971]::ops::function::Fn<(&std[617be2ca0a6fd877]::panic::PanicHookInfo,)>>::call
[INFO] [stdout]                                at /rustc/e3feeb59cd1bdd011a2bfcc0747b55125d9b8527/library/alloc/src/boxed.rs:2328:9
[INFO] [stdout]   12:     0x56ff6cc89a50 - test[aada8e7e76ba119b]::test_main_inner::{closure#0}
[INFO] [stdout]                                at /rustc/e3feeb59cd1bdd011a2bfcc0747b55125d9b8527/library/test/src/lib.rs:137:21
[INFO] [stdout]   13:     0x56ff6ccf0542 - <alloc[2e1b2a31b91974c5]::boxed::Box<dyn for<'a, 'b> core[a373ad73a504971]::ops::function::Fn<(&'a std[617be2ca0a6fd877]::panic::PanicHookInfo<'b>,), Output = ()> + core[a373ad73a504971]::marker::Sync + core[a373ad73a504971]::marker::Send> as core[a373ad73a504971]::ops::function::Fn<(&std[617be2ca0a6fd877]::panic::PanicHookInfo,)>>::call
[INFO] [stdout]                                at /rustc/e3feeb59cd1bdd011a2bfcc0747b55125d9b8527/library/alloc/src/boxed.rs:2328:9
[INFO] [stdout]   14:     0x56ff6ccf0542 - std[617be2ca0a6fd877]::panicking::panic_with_hook
[INFO] [stdout]                                at /rustc/e3feeb59cd1bdd011a2bfcc0747b55125d9b8527/library/std/src/panicking.rs:819:13
[INFO] [stdout]   15:     0x56ff6ccd4202 - std[617be2ca0a6fd877]::panicking::panic_handler::{closure#0}
[INFO] [stdout]                                at /rustc/e3feeb59cd1bdd011a2bfcc0747b55125d9b8527/library/std/src/panicking.rs:685:13
[INFO] [stdout]   16:     0x56ff6ccccf19 - std[617be2ca0a6fd877]::sys::backtrace::__rust_end_short_backtrace::<std[617be2ca0a6fd877]::panicking::panic_handler::{closure#0}, !>
[INFO] [stdout]                                at /rustc/e3feeb59cd1bdd011a2bfcc0747b55125d9b8527/library/std/src/sys/backtrace.rs:182:18
[INFO] [stdout]   17:     0x56ff6ccd4e0d - __rustc[ea4f61d10b84890b]::rust_begin_unwind
[INFO] [stdout]                                at /rustc/e3feeb59cd1bdd011a2bfcc0747b55125d9b8527/library/std/src/panicking.rs:676:5
[INFO] [stdout]   18:     0x56ff6cd0ca2c - core[a373ad73a504971]::panicking::panic_fmt
[INFO] [stdout]                                at /rustc/e3feeb59cd1bdd011a2bfcc0747b55125d9b8527/library/core/src/panicking.rs:80:14
[INFO] [stdout]   19:     0x56ff6cd0c8c3 - core[a373ad73a504971]::panicking::assert_failed_inner
[INFO] [stdout]                                at /rustc/e3feeb59cd1bdd011a2bfcc0747b55125d9b8527/library/core/src/panicking.rs:452:17
[INFO] [stdout]   20:     0x56ff6cc69bda - core[a373ad73a504971]::panicking::assert_failed::<u16, u16>
[INFO] [stdout]                                at /rustc/e3feeb59cd1bdd011a2bfcc0747b55125d9b8527/library/core/src/panicking.rs:407:5
[INFO] [stdout]   21:     0x56ff6cc67b4c - device_lib[9a4555eede652d42]::devices::appi_common::tests::parse_two_frames_appi
[INFO] [stdout]                                at /opt/rustwide/workdir/device-lib/src/devices/appi_common.rs:254:9
[INFO] [stdout]   22:     0x56ff6cc5f4d7 - device_lib[9a4555eede652d42]::devices::appi_common::tests::parse_two_frames_appi::{closure#0}
[INFO] [stdout]                                at /opt/rustwide/workdir/device-lib/src/devices/appi_common.rs:240:31
[INFO] [stdout]   23:     0x56ff6cc6e346 - <device_lib[9a4555eede652d42]::devices::appi_common::tests::parse_two_frames_appi::{closure#0} as core[a373ad73a504971]::ops::function::FnOnce<()>>::call_once
[INFO] [stdout]                                at /rustc/e3feeb59cd1bdd011a2bfcc0747b55125d9b8527/library/core/src/ops/function.rs:250:5
[INFO] [stdout]   24:     0x56ff6cc7ce9b - <fn() -> core[a373ad73a504971]::result::Result<(), alloc[2e1b2a31b91974c5]::string::String> as core[a373ad73a504971]::ops::function::FnOnce<()>>::call_once
[INFO] [stdout]                                at /rustc/e3feeb59cd1bdd011a2bfcc0747b55125d9b8527/library/core/src/ops/function.rs:250:5
[INFO] [stdout]   25:     0x56ff6cc7ce9b - test[aada8e7e76ba119b]::__rust_begin_short_backtrace::<core[a373ad73a504971]::result::Result<(), alloc[2e1b2a31b91974c5]::string::String>, fn() -> core[a373ad73a504971]::result::Result<(), alloc[2e1b2a31b91974c5]::string::String>>
[INFO] [stdout]                                at /rustc/e3feeb59cd1bdd011a2bfcc0747b55125d9b8527/library/test/src/lib.rs:701:18
[INFO] [stdout]   26:     0x56ff6cc8a075 - test[aada8e7e76ba119b]::run_test_in_process::{closure#0}
[INFO] [stdout]                                at /rustc/e3feeb59cd1bdd011a2bfcc0747b55125d9b8527/library/test/src/lib.rs:724:74
[INFO] [stdout]   27:     0x56ff6cc8a075 - <core[a373ad73a504971]::panic::unwind_safe::AssertUnwindSafe<test[aada8e7e76ba119b]::run_test_in_process::{closure#0}> as core[a373ad73a504971]::ops::function::FnOnce<()>>::call_once
[INFO] [stdout]                                at /rustc/e3feeb59cd1bdd011a2bfcc0747b55125d9b8527/library/core/src/panic/unwind_safe.rs:275:9
[INFO] [stdout]   28:     0x56ff6cc8a075 - std[617be2ca0a6fd877]::panicking::catch_unwind::do_call::<core[a373ad73a504971]::panic::unwind_safe::AssertUnwindSafe<test[aada8e7e76ba119b]::run_test_in_process::{closure#0}>, core[a373ad73a504971]::result::Result<(), alloc[2e1b2a31b91974c5]::string::String>>
[INFO] [stdout]                                at /rustc/e3feeb59cd1bdd011a2bfcc0747b55125d9b8527/library/std/src/panicking.rs:573:43
[INFO] [stdout]   29:     0x56ff6cc8a075 - std[617be2ca0a6fd877]::panicking::catch_unwind::<core[a373ad73a504971]::result::Result<(), alloc[2e1b2a31b91974c5]::string::String>, core[a373ad73a504971]::panic::unwind_safe::AssertUnwindSafe<test[aada8e7e76ba119b]::run_test_in_process::{closure#0}>>
[INFO] [stdout]                                at /rustc/e3feeb59cd1bdd011a2bfcc0747b55125d9b8527/library/std/src/panicking.rs:541:19
[INFO] [stdout]   30:     0x56ff6cc8a075 - std[617be2ca0a6fd877]::panic::catch_unwind::<core[a373ad73a504971]::panic::unwind_safe::AssertUnwindSafe<test[aada8e7e76ba119b]::run_test_in_process::{closure#0}>, core[a373ad73a504971]::result::Result<(), alloc[2e1b2a31b91974c5]::string::String>>
[INFO] [stdout]                                at /rustc/e3feeb59cd1bdd011a2bfcc0747b55125d9b8527/library/std/src/panic.rs:359:14
[INFO] [stdout]   31:     0x56ff6cc8a075 - test[aada8e7e76ba119b]::run_test_in_process
[INFO] [stdout]                                at /rustc/e3feeb59cd1bdd011a2bfcc0747b55125d9b8527/library/test/src/lib.rs:724:27
[INFO] [stdout]   32:     0x56ff6cc8a075 - test[aada8e7e76ba119b]::run_test::{closure#0}
[INFO] [stdout]                                at /rustc/e3feeb59cd1bdd011a2bfcc0747b55125d9b8527/library/test/src/lib.rs:645:43
[INFO] [stdout]   33:     0x56ff6cc83964 - test[aada8e7e76ba119b]::run_test::{closure#1}
[INFO] [stdout]                                at /rustc/e3feeb59cd1bdd011a2bfcc0747b55125d9b8527/library/test/src/lib.rs:675:41
[INFO] [stdout]   34:     0x56ff6cc83964 - std[617be2ca0a6fd877]::sys::backtrace::__rust_begin_short_backtrace::<test[aada8e7e76ba119b]::run_test::{closure#1}, ()>
[INFO] [stdout]                                at /rustc/e3feeb59cd1bdd011a2bfcc0747b55125d9b8527/library/std/src/sys/backtrace.rs:166:18
[INFO] [stdout]   35:     0x56ff6cc8d102 - std[617be2ca0a6fd877]::thread::lifecycle::spawn_unchecked::<test[aada8e7e76ba119b]::run_test::{closure#1}, ()>::{closure#1}::{closure#0}
[INFO] [stdout]                                at /rustc/e3feeb59cd1bdd011a2bfcc0747b55125d9b8527/library/std/src/thread/lifecycle.rs:70:13
[INFO] [stdout]   36:     0x56ff6cc8d102 - <core[a373ad73a504971]::panic::unwind_safe::AssertUnwindSafe<std[617be2ca0a6fd877]::thread::lifecycle::spawn_unchecked<test[aada8e7e76ba119b]::run_test::{closure#1}, ()>::{closure#1}::{closure#0}> as core[a373ad73a504971]::ops::function::FnOnce<()>>::call_once
[INFO] [stdout]                                at /rustc/e3feeb59cd1bdd011a2bfcc0747b55125d9b8527/library/core/src/panic/unwind_safe.rs:275:9
[INFO] [stdout]   37:     0x56ff6cc8d102 - std[617be2ca0a6fd877]::panicking::catch_unwind::do_call::<core[a373ad73a504971]::panic::unwind_safe::AssertUnwindSafe<std[617be2ca0a6fd877]::thread::lifecycle::spawn_unchecked<test[aada8e7e76ba119b]::run_test::{closure#1}, ()>::{closure#1}::{closure#0}>, ()>
[INFO] [stdout]                                at /rustc/e3feeb59cd1bdd011a2bfcc0747b55125d9b8527/library/std/src/panicking.rs:573:43
[INFO] [stdout]   38:     0x56ff6cc8d102 - std[617be2ca0a6fd877]::panicking::catch_unwind::<(), core[a373ad73a504971]::panic::unwind_safe::AssertUnwindSafe<std[617be2ca0a6fd877]::thread::lifecycle::spawn_unchecked<test[aada8e7e76ba119b]::run_test::{closure#1}, ()>::{closure#1}::{closure#0}>>
[INFO] [stdout]                                at /rustc/e3feeb59cd1bdd011a2bfcc0747b55125d9b8527/library/std/src/panicking.rs:541:19
[INFO] [stdout]   39:     0x56ff6cc8d102 - std[617be2ca0a6fd877]::panic::catch_unwind::<core[a373ad73a504971]::panic::unwind_safe::AssertUnwindSafe<std[617be2ca0a6fd877]::thread::lifecycle::spawn_unchecked<test[aada8e7e76ba119b]::run_test::{closure#1}, ()>::{closure#1}::{closure#0}>, ()>
[INFO] [stdout]                                at /rustc/e3feeb59cd1bdd011a2bfcc0747b55125d9b8527/library/std/src/panic.rs:359:14
[INFO] [stdout]   40:     0x56ff6cc8d102 - std[617be2ca0a6fd877]::thread::lifecycle::spawn_unchecked::<test[aada8e7e76ba119b]::run_test::{closure#1}, ()>::{closure#1}
[INFO] [stdout]                                at /rustc/e3feeb59cd1bdd011a2bfcc0747b55125d9b8527/library/std/src/thread/lifecycle.rs:68:26
[INFO] [stdout]   41:     0x56ff6cc8d102 - <std[617be2ca0a6fd877]::thread::lifecycle::spawn_unchecked<test[aada8e7e76ba119b]::run_test::{closure#1}, ()>::{closure#1} as core[a373ad73a504971]::ops::function::FnOnce<()>>::call_once::{shim:vtable#0}
[INFO] [stdout]                                at /rustc/e3feeb59cd1bdd011a2bfcc0747b55125d9b8527/library/core/src/ops/function.rs:250:5
[INFO] [stdout]   42:     0x56ff6ccf76af - <alloc[2e1b2a31b91974c5]::boxed::Box<dyn core[a373ad73a504971]::ops::function::FnOnce<(), Output = ()> + core[a373ad73a504971]::marker::Send> as core[a373ad73a504971]::ops::function::FnOnce<()>>::call_once
[INFO] [stdout]                                at /rustc/e3feeb59cd1bdd011a2bfcc0747b55125d9b8527/library/alloc/src/boxed.rs:2314:9
[INFO] [stdout]   43:     0x56ff6ccf76af - <std[617be2ca0a6fd877]::sys::thread::unix::Thread>::new::thread_start
[INFO] [stdout]                                at /rustc/e3feeb59cd1bdd011a2bfcc0747b55125d9b8527/library/std/src/sys/thread/unix.rs:127:17
[INFO] [stdout]   44:     0x751139cd0dfa - <unknown>
[INFO] [stdout]   45:     0x751139d643d4 - clone
[INFO] [stdout]   46:                0x0 - <unknown>
[INFO] [stdout] 
[INFO] [stdout] ---- types::tests::descriptor_roundtrip stdout ----
[INFO] [stdout] 
[INFO] [stdout] thread 'types::tests::descriptor_roundtrip' (1241) panicked at device-lib/src/types.rs:264:9:
[INFO] [stdout] assertion `left == right` failed
[INFO] [stdout]   left: 920
[INFO] [stdout]  right: 460
[INFO] [stdout] stack backtrace:
[INFO] [stdout]    0:     0x56ff6ccf7e81 - std[617be2ca0a6fd877]::backtrace_rs::backtrace::libunwind::trace
[INFO] [stdout]                                at /rustc/e3feeb59cd1bdd011a2bfcc0747b55125d9b8527/library/std/src/../../backtrace/src/backtrace/libunwind.rs:117:9
[INFO] [stdout]    1:     0x56ff6ccf7e81 - std[617be2ca0a6fd877]::backtrace_rs::backtrace::trace_unsynchronized::<std[617be2ca0a6fd877]::sys::backtrace::_print_fmt::{closure#1}>
[INFO] [stdout]                                at /rustc/e3feeb59cd1bdd011a2bfcc0747b55125d9b8527/library/std/src/../../backtrace/src/backtrace/mod.rs:66:14
[INFO] [stdout]    2:     0x56ff6ccf7e81 - std[617be2ca0a6fd877]::sys::backtrace::_print_fmt
[INFO] [stdout]                                at /rustc/e3feeb59cd1bdd011a2bfcc0747b55125d9b8527/library/std/src/sys/backtrace.rs:74:9
[INFO] [stdout]    3:     0x56ff6ccf7e81 - <<std[617be2ca0a6fd877]::sys::backtrace::BacktraceLock>::print::DisplayBacktrace as core[a373ad73a504971]::fmt::Display>::fmt
[INFO] [stdout]                                at /rustc/e3feeb59cd1bdd011a2bfcc0747b55125d9b8527/library/std/src/sys/backtrace.rs:44:26
[INFO] [stdout]    4:     0x56ff6cd0c24a - <core[a373ad73a504971]::fmt::rt::Argument>::fmt
[INFO] [stdout]                                at /rustc/e3feeb59cd1bdd011a2bfcc0747b55125d9b8527/library/core/src/fmt/rt.rs:152:76
[INFO] [stdout]    5:     0x56ff6cd0c24a - core[a373ad73a504971]::fmt::write
[INFO] [stdout]    6:     0x56ff6ccfc09c - core[a373ad73a504971]::io::write::default_write_fmt::<alloc[2e1b2a31b91974c5]::vec::Vec<u8>>
[INFO] [stdout]                                at /rustc/e3feeb59cd1bdd011a2bfcc0747b55125d9b8527/library/core/src/io/write.rs:402:11
[INFO] [stdout]    7:     0x56ff6ccfc09c - <alloc[2e1b2a31b91974c5]::vec::Vec<u8> as core[a373ad73a504971]::io::write::Write>::write_fmt
[INFO] [stdout]                                at /rustc/e3feeb59cd1bdd011a2bfcc0747b55125d9b8527/library/core/src/io/write.rs:335:13
[INFO] [stdout]    8:     0x56ff6ccd4156 - <std[617be2ca0a6fd877]::sys::backtrace::BacktraceLock>::print
[INFO] [stdout]                                at /rustc/e3feeb59cd1bdd011a2bfcc0747b55125d9b8527/library/std/src/sys/backtrace.rs:47:9
[INFO] [stdout]    9:     0x56ff6ccd4156 - std[617be2ca0a6fd877]::panicking::default_hook::{closure#0}
[INFO] [stdout]                                at /rustc/e3feeb59cd1bdd011a2bfcc0747b55125d9b8527/library/std/src/panicking.rs:289:27
[INFO] [stdout]   10:     0x56ff6ccf0389 - std[617be2ca0a6fd877]::panicking::default_hook
[INFO] [stdout]                                at /rustc/e3feeb59cd1bdd011a2bfcc0747b55125d9b8527/library/std/src/panicking.rs:313:9
[INFO] [stdout]   11:     0x56ff6cc89a50 - <alloc[2e1b2a31b91974c5]::boxed::Box<dyn for<'a, 'b> core[a373ad73a504971]::ops::function::Fn<(&'a std[617be2ca0a6fd877]::panic::PanicHookInfo<'b>,), Output = ()> + core[a373ad73a504971]::marker::Sync + core[a373ad73a504971]::marker::Send> as core[a373ad73a504971]::ops::function::Fn<(&std[617be2ca0a6fd877]::panic::PanicHookInfo,)>>::call
[INFO] [stdout]                                at /rustc/e3feeb59cd1bdd011a2bfcc0747b55125d9b8527/library/alloc/src/boxed.rs:2328:9
[INFO] [stdout]   12:     0x56ff6cc89a50 - test[aada8e7e76ba119b]::test_main_inner::{closure#0}
[INFO] [stdout]                                at /rustc/e3feeb59cd1bdd011a2bfcc0747b55125d9b8527/library/test/src/lib.rs:137:21
[INFO] [stdout]   13:     0x56ff6ccf0542 - <alloc[2e1b2a31b91974c5]::boxed::Box<dyn for<'a, 'b> core[a373ad73a504971]::ops::function::Fn<(&'a std[617be2ca0a6fd877]::panic::PanicHookInfo<'b>,), Output = ()> + core[a373ad73a504971]::marker::Sync + core[a373ad73a504971]::marker::Send> as core[a373ad73a504971]::ops::function::Fn<(&std[617be2ca0a6fd877]::panic::PanicHookInfo,)>>::call
[INFO] [stdout]                                at /rustc/e3feeb59cd1bdd011a2bfcc0747b55125d9b8527/library/alloc/src/boxed.rs:2328:9
[INFO] [stdout]   14:     0x56ff6ccf0542 - std[617be2ca0a6fd877]::panicking::panic_with_hook
[INFO] [stdout]                                at /rustc/e3feeb59cd1bdd011a2bfcc0747b55125d9b8527/library/std/src/panicking.rs:819:13
[INFO] [stdout]   15:     0x56ff6ccd4202 - std[617be2ca0a6fd877]::panicking::panic_handler::{closure#0}
[INFO] [stdout]                                at /rustc/e3feeb59cd1bdd011a2bfcc0747b55125d9b8527/library/std/src/panicking.rs:685:13
[INFO] [stdout]   16:     0x56ff6ccccf19 - std[617be2ca0a6fd877]::sys::backtrace::__rust_end_short_backtrace::<std[617be2ca0a6fd877]::panicking::panic_handler::{closure#0}, !>
[INFO] [stdout]                                at /rustc/e3feeb59cd1bdd011a2bfcc0747b55125d9b8527/library/std/src/sys/backtrace.rs:182:18
[INFO] [stdout]   17:     0x56ff6ccd4e0d - __rustc[ea4f61d10b84890b]::rust_begin_unwind
[INFO] [stdout]                                at /rustc/e3feeb59cd1bdd011a2bfcc0747b55125d9b8527/library/std/src/panicking.rs:676:5
[INFO] [stdout]   18:     0x56ff6cd0ca2c - core[a373ad73a504971]::panicking::panic_fmt
[INFO] [stdout]                                at /rustc/e3feeb59cd1bdd011a2bfcc0747b55125d9b8527/library/core/src/panicking.rs:80:14
[INFO] [stdout]   19:     0x56ff6cd0c8c3 - core[a373ad73a504971]::panicking::assert_failed_inner
[INFO] [stdout]                                at /rustc/e3feeb59cd1bdd011a2bfcc0747b55125d9b8527/library/core/src/panicking.rs:452:17
[INFO] [stdout]   20:     0x56ff6cc69bda - core[a373ad73a504971]::panicking::assert_failed::<u16, u16>
[INFO] [stdout]                                at /rustc/e3feeb59cd1bdd011a2bfcc0747b55125d9b8527/library/core/src/panicking.rs:407:5
[INFO] [stdout]   21:     0x56ff6cc6be85 - device_lib[9a4555eede652d42]::types::tests::descriptor_roundtrip
[INFO] [stdout]                                at /opt/rustwide/workdir/device-lib/src/types.rs:264:9
[INFO] [stdout]   22:     0x56ff6cc69da7 - device_lib[9a4555eede652d42]::types::tests::descriptor_roundtrip::{closure#0}
[INFO] [stdout]                                at /opt/rustwide/workdir/device-lib/src/types.rs:258:30
[INFO] [stdout]   23:     0x56ff6cc6e2a6 - <device_lib[9a4555eede652d42]::types::tests::descriptor_roundtrip::{closure#0} as core[a373ad73a504971]::ops::function::FnOnce<()>>::call_once
[INFO] [stdout]                                at /rustc/e3feeb59cd1bdd011a2bfcc0747b55125d9b8527/library/core/src/ops/function.rs:250:5
[INFO] [stdout]   24:     0x56ff6cc7ce9b - <fn() -> core[a373ad73a504971]::result::Result<(), alloc[2e1b2a31b91974c5]::string::String> as core[a373ad73a504971]::ops::function::FnOnce<()>>::call_once
[INFO] [stdout]                                at /rustc/e3feeb59cd1bdd011a2bfcc0747b55125d9b8527/library/core/src/ops/function.rs:250:5
[INFO] [stdout]   25:     0x56ff6cc7ce9b - test[aada8e7e76ba119b]::__rust_begin_short_backtrace::<core[a373ad73a504971]::result::Result<(), alloc[2e1b2a31b91974c5]::string::String>, fn() -> core[a373ad73a504971]::result::Result<(), alloc[2e1b2a31b91974c5]::string::String>>
[INFO] [stdout]                                at /rustc/e3feeb59cd1bdd011a2bfcc0747b55125d9b8527/library/test/src/lib.rs:701:18
[INFO] [stdout]   26:     0x56ff6cc8a075 - test[aada8e7e76ba119b]::run_test_in_process::{closure#0}
[INFO] [stdout]                                at /rustc/e3feeb59cd1bdd011a2bfcc0747b55125d9b8527/library/test/src/lib.rs:724:74
[INFO] [stdout]   27:     0x56ff6cc8a075 - <core[a373ad73a504971]::panic::unwind_safe::AssertUnwindSafe<test[aada8e7e76ba119b]::run_test_in_process::{closure#0}> as core[a373ad73a504971]::ops::function::FnOnce<()>>::call_once
[INFO] [stdout]                                at /rustc/e3feeb59cd1bdd011a2bfcc0747b55125d9b8527/library/core/src/panic/unwind_safe.rs:275:9
[INFO] [stdout]   28:     0x56ff6cc8a075 - std[617be2ca0a6fd877]::panicking::catch_unwind::do_call::<core[a373ad73a504971]::panic::unwind_safe::AssertUnwindSafe<test[aada8e7e76ba119b]::run_test_in_process::{closure#0}>, core[a373ad73a504971]::result::Result<(), alloc[2e1b2a31b91974c5]::string::String>>
[INFO] [stdout]                                at /rustc/e3feeb59cd1bdd011a2bfcc0747b55125d9b8527/library/std/src/panicking.rs:573:43
[INFO] [stdout]   29:     0x56ff6cc8a075 - std[617be2ca0a6fd877]::panicking::catch_unwind::<core[a373ad73a504971]::result::Result<(), alloc[2e1b2a31b91974c5]::string::String>, core[a373ad73a504971]::panic::unwind_safe::AssertUnwindSafe<test[aada8e7e76ba119b]::run_test_in_process::{closure#0}>>
[INFO] [stdout]                                at /rustc/e3feeb59cd1bdd011a2bfcc0747b55125d9b8527/library/std/src/panicking.rs:541:19
[INFO] [stdout]   30:     0x56ff6cc8a075 - std[617be2ca0a6fd877]::panic::catch_unwind::<core[a373ad73a504971]::panic::unwind_safe::AssertUnwindSafe<test[aada8e7e76ba119b]::run_test_in_process::{closure#0}>, core[a373ad73a504971]::result::Result<(), alloc[2e1b2a31b91974c5]::string::String>>
[INFO] [stdout]                                at /rustc/e3feeb59cd1bdd011a2bfcc0747b55125d9b8527/library/std/src/panic.rs:359:14
[INFO] [stdout]   31:     0x56ff6cc8a075 - test[aada8e7e76ba119b]::run_test_in_process
[INFO] [stdout]                                at /rustc/e3feeb59cd1bdd011a2bfcc0747b55125d9b8527/library/test/src/lib.rs:724:27
[INFO] [stdout]   32:     0x56ff6cc8a075 - test[aada8e7e76ba119b]::run_test::{closure#0}
[INFO] [stdout]                                at /rustc/e3feeb59cd1bdd011a2bfcc0747b55125d9b8527/library/test/src/lib.rs:645:43
[INFO] [stdout]   33:     0x56ff6cc83964 - test[aada8e7e76ba119b]::run_test::{closure#1}
[INFO] [stdout]                                at /rustc/e3feeb59cd1bdd011a2bfcc0747b55125d9b8527/library/test/src/lib.rs:675:41
[INFO] [stdout]   34:     0x56ff6cc83964 - std[617be2ca0a6fd877]::sys::backtrace::__rust_begin_short_backtrace::<test[aada8e7e76ba119b]::run_test::{closure#1}, ()>
[INFO] [stdout]                                at /rustc/e3feeb59cd1bdd011a2bfcc0747b55125d9b8527/library/std/src/sys/backtrace.rs:166:18
[INFO] [stdout]   35:     0x56ff6cc8d102 - std[617be2ca0a6fd877]::thread::lifecycle::spawn_unchecked::<test[aada8e7e76ba119b]::run_test::{closure#1}, ()>::{closure#1}::{closure#0}
[INFO] [stdout]                                at /rustc/e3feeb59cd1bdd011a2bfcc0747b55125d9b8527/library/std/src/thread/lifecycle.rs:70:13
[INFO] [stdout]   36:     0x56ff6cc8d102 - <core[a373ad73a504971]::panic::unwind_safe::AssertUnwindSafe<std[617be2ca0a6fd877]::thread::lifecycle::spawn_unchecked<test[aada8e7e76ba119b]::run_test::{closure#1}, ()>::{closure#1}::{closure#0}> as core[a373ad73a504971]::ops::function::FnOnce<()>>::call_once
[INFO] [stdout]                                at /rustc/e3feeb59cd1bdd011a2bfcc0747b55125d9b8527/library/core/src/panic/unwind_safe.rs:275:9
[INFO] [stdout]   37:     0x56ff6cc8d102 - std[617be2ca0a6fd877]::panicking::catch_unwind::do_call::<core[a373ad73a504971]::panic::unwind_safe::AssertUnwindSafe<std[617be2ca0a6fd877]::thread::lifecycle::spawn_unchecked<test[aada8e7e76ba119b]::run_test::{closure#1}, ()>::{closure#1}::{closure#0}>, ()>
[INFO] [stdout]                                at /rustc/e3feeb59cd1bdd011a2bfcc0747b55125d9b8527/library/std/src/panicking.rs:573:43
[INFO] [stdout]   38:     0x56ff6cc8d102 - std[617be2ca0a6fd877]::panicking::catch_unwind::<(), core[a373ad73a504971]::panic::unwind_safe::AssertUnwindSafe<std[617be2ca0a6fd877]::thread::lifecycle::spawn_unchecked<test[aada8e7e76ba119b]::run_test::{closure#1}, ()>::{closure#1}::{closure#0}>>
[INFO] [stdout]                                at /rustc/e3feeb59cd1bdd011a2bfcc0747b55125d9b8527/library/std/src/panicking.rs:541:19
[INFO] [stdout]   39:     0x56ff6cc8d102 - std[617be2ca0a6fd877]::panic::catch_unwind::<core[a373ad73a504971]::panic::unwind_safe::AssertUnwindSafe<std[617be2ca0a6fd877]::thread::lifecycle::spawn_unchecked<test[aada8e7e76ba119b]::run_test::{closure#1}, ()>::{closure#1}::{closure#0}>, ()>
[INFO] [stdout]                                at /rustc/e3feeb59cd1bdd011a2bfcc0747b55125d9b8527/library/std/src/panic.rs:359:14
[INFO] [stdout]   40:     0x56ff6cc8d102 - std[617be2ca0a6fd877]::thread::lifecycle::spawn_unchecked::<test[aada8e7e76ba119b]::run_test::{closure#1}, ()>::{closure#1}
[INFO] [stdout]                                at /rustc/e3feeb59cd1bdd011a2bfcc0747b55125d9b8527/library/std/src/thread/lifecycle.rs:68:26
[INFO] [stdout]   41:     0x56ff6cc8d102 - <std[617be2ca0a6fd877]::thread::lifecycle::spawn_unchecked<test[aada8e7e76ba119b]::run_test::{closure#1}, ()>::{closure#1} as core[a373ad73a504971]::ops::function::FnOnce<()>>::call_once::{shim:vtable#0}
[INFO] [stdout]                                at /rustc/e3feeb59cd1bdd011a2bfcc0747b55125d9b8527/library/core/src/ops/function.rs:250:5
[INFO] [stdout]   42:     0x56ff6ccf76af - <alloc[2e1b2a31b91974c5]::boxed::Box<dyn core[a373ad73a504971]::ops::function::FnOnce<(), Output = ()> + core[a373ad73a504971]::marker::Send> as core[a373ad73a504971]::ops::function::FnOnce<()>>::call_once
[INFO] [stdout]                                at /rustc/e3feeb59cd1bdd011a2bfcc0747b55125d9b8527/library/alloc/src/boxed.rs:2314:9
[INFO] [stdout]   43:     0x56ff6ccf76af - <std[617be2ca0a6fd877]::sys::thread::unix::Thread>::new::thread_start
[INFO] [stdout]                                at /rustc/e3feeb59cd1bdd011a2bfcc0747b55125d9b8527/library/std/src/sys/thread/unix.rs:127:17
[INFO] [stdout]   44:     0x751139cd0dfa - <unknown>
[INFO] [stdout]   45:     0x751139d643d4 - clone
[INFO] [stdout]   46:                0x0 - <unknown>
[INFO] [stdout] 
[INFO] [stdout] ---- types::tests::slot_be_roundtrip stdout ----
[INFO] [stdout] 
[INFO] [stdout] thread 'types::tests::slot_be_roundtrip' (1245) panicked at device-lib/src/types.rs:279:9:
[INFO] [stdout] assertion `left == right` failed
[INFO] [stdout]   left: 582
[INFO] [stdout]  right: 291
[INFO] [stdout] stack backtrace:
[INFO] [stdout]    0:     0x56ff6ccf7e81 - std[617be2ca0a6fd877]::backtrace_rs::backtrace::libunwind::trace
[INFO] [stdout]                                at /rustc/e3feeb59cd1bdd011a2bfcc0747b55125d9b8527/library/std/src/../../backtrace/src/backtrace/libunwind.rs:117:9
[INFO] [stdout]    1:     0x56ff6ccf7e81 - std[617be2ca0a6fd877]::backtrace_rs::backtrace::trace_unsynchronized::<std[617be2ca0a6fd877]::sys::backtrace::_print_fmt::{closure#1}>
[INFO] [stdout]                                at /rustc/e3feeb59cd1bdd011a2bfcc0747b55125d9b8527/library/std/src/../../backtrace/src/backtrace/mod.rs:66:14
[INFO] [stdout]    2:     0x56ff6ccf7e81 - std[617be2ca0a6fd877]::sys::backtrace::_print_fmt
[INFO] [stdout]                                at /rustc/e3feeb59cd1bdd011a2bfcc0747b55125d9b8527/library/std/src/sys/backtrace.rs:74:9
[INFO] [stdout]    3:     0x56ff6ccf7e81 - <<std[617be2ca0a6fd877]::sys::backtrace::BacktraceLock>::print::DisplayBacktrace as core[a373ad73a504971]::fmt::Display>::fmt
[INFO] [stdout]                                at /rustc/e3feeb59cd1bdd011a2bfcc0747b55125d9b8527/library/std/src/sys/backtrace.rs:44:26
[INFO] [stdout]    4:     0x56ff6cd0c24a - <core[a373ad73a504971]::fmt::rt::Argument>::fmt
[INFO] [stdout]                                at /rustc/e3feeb59cd1bdd011a2bfcc0747b55125d9b8527/library/core/src/fmt/rt.rs:152:76
[INFO] [stdout]    5:     0x56ff6cd0c24a - core[a373ad73a504971]::fmt::write
[INFO] [stdout]    6:     0x56ff6ccfc09c - core[a373ad73a504971]::io::write::default_write_fmt::<alloc[2e1b2a31b91974c5]::vec::Vec<u8>>
[INFO] [stdout]                                at /rustc/e3feeb59cd1bdd011a2bfcc0747b55125d9b8527/library/core/src/io/write.rs:402:11
[INFO] [stdout]    7:     0x56ff6ccfc09c - <alloc[2e1b2a31b91974c5]::vec::Vec<u8> as core[a373ad73a504971]::io::write::Write>::write_fmt
[INFO] [stdout]                                at /rustc/e3feeb59cd1bdd011a2bfcc0747b55125d9b8527/library/core/src/io/write.rs:335:13
[INFO] [stdout]    8:     0x56ff6ccd4156 - <std[617be2ca0a6fd877]::sys::backtrace::BacktraceLock>::print
[INFO] [stdout]                                at /rustc/e3feeb59cd1bdd011a2bfcc0747b55125d9b8527/library/std/src/sys/backtrace.rs:47:9
[INFO] [stdout]    9:     0x56ff6ccd4156 - std[617be2ca0a6fd877]::panicking::default_hook::{closure#0}
[INFO] [stdout]                                at /rustc/e3feeb59cd1bdd011a2bfcc0747b55125d9b8527/library/std/src/panicking.rs:289:27
[INFO] [stdout]   10:     0x56ff6ccf0389 - std[617be2ca0a6fd877]::panicking::default_hook
[INFO] [stdout]                                at /rustc/e3feeb59cd1bdd011a2bfcc0747b55125d9b8527/library/std/src/panicking.rs:313:9
[INFO] [stdout]   11:     0x56ff6cc89a50 - <alloc[2e1b2a31b91974c5]::boxed::Box<dyn for<'a, 'b> core[a373ad73a504971]::ops::function::Fn<(&'a std[617be2ca0a6fd877]::panic::PanicHookInfo<'b>,), Output = ()> + core[a373ad73a504971]::marker::Sync + core[a373ad73a504971]::marker::Send> as core[a373ad73a504971]::ops::function::Fn<(&std[617be2ca0a6fd877]::panic::PanicHookInfo,)>>::call
[INFO] [stdout]                                at /rustc/e3feeb59cd1bdd011a2bfcc0747b55125d9b8527/library/alloc/src/boxed.rs:2328:9
[INFO] [stdout]   12:     0x56ff6cc89a50 - test[aada8e7e76ba119b]::test_main_inner::{closure#0}
[INFO] [stdout]                                at /rustc/e3feeb59cd1bdd011a2bfcc0747b55125d9b8527/library/test/src/lib.rs:137:21
[INFO] [stdout]   13:     0x56ff6ccf0542 - <alloc[2e1b2a31b91974c5]::boxed::Box<dyn for<'a, 'b> core[a373ad73a504971]::ops::function::Fn<(&'a std[617be2ca0a6fd877]::panic::PanicHookInfo<'b>,), Output = ()> + core[a373ad73a504971]::marker::Sync + core[a373ad73a504971]::marker::Send> as core[a373ad73a504971]::ops::function::Fn<(&std[617be2ca0a6fd877]::panic::PanicHookInfo,)>>::call
[INFO] [stdout]                                at /rustc/e3feeb59cd1bdd011a2bfcc0747b55125d9b8527/library/alloc/src/boxed.rs:2328:9
[INFO] [stdout]   14:     0x56ff6ccf0542 - std[617be2ca0a6fd877]::panicking::panic_with_hook
[INFO] [stdout]                                at /rustc/e3feeb59cd1bdd011a2bfcc0747b55125d9b8527/library/std/src/panicking.rs:819:13
[INFO] [stdout]   15:     0x56ff6ccd4202 - std[617be2ca0a6fd877]::panicking::panic_handler::{closure#0}
[INFO] [stdout]                                at /rustc/e3feeb59cd1bdd011a2bfcc0747b55125d9b8527/library/std/src/panicking.rs:685:13
[INFO] [stdout]   16:     0x56ff6ccccf19 - std[617be2ca0a6fd877]::sys::backtrace::__rust_end_short_backtrace::<std[617be2ca0a6fd877]::panicking::panic_handler::{closure#0}, !>
[INFO] [stdout]                                at /rustc/e3feeb59cd1bdd011a2bfcc0747b55125d9b8527/library/std/src/sys/backtrace.rs:182:18
[INFO] [stdout]   17:     0x56ff6ccd4e0d - __rustc[ea4f61d10b84890b]::rust_begin_unwind
[INFO] [stdout]                                at /rustc/e3feeb59cd1bdd011a2bfcc0747b55125d9b8527/library/std/src/panicking.rs:676:5
[INFO] [stdout]   18:     0x56ff6cd0ca2c - core[a373ad73a504971]::panicking::panic_fmt
[INFO] [stdout]                                at /rustc/e3feeb59cd1bdd011a2bfcc0747b55125d9b8527/library/core/src/panicking.rs:80:14
[INFO] [stdout]   19:     0x56ff6cd0c8c3 - core[a373ad73a504971]::panicking::assert_failed_inner
[INFO] [stdout]                                at /rustc/e3feeb59cd1bdd011a2bfcc0747b55125d9b8527/library/core/src/panicking.rs:452:17
[INFO] [stdout]   20:     0x56ff6cc69bda - core[a373ad73a504971]::panicking::assert_failed::<u16, u16>
[INFO] [stdout]                                at /rustc/e3feeb59cd1bdd011a2bfcc0747b55125d9b8527/library/core/src/panicking.rs:407:5
[INFO] [stdout]   21:     0x56ff6cc6bc3f - device_lib[9a4555eede652d42]::types::tests::slot_be_roundtrip
[INFO] [stdout]                                at /opt/rustwide/workdir/device-lib/src/types.rs:279:9
[INFO] [stdout]   22:     0x56ff6cc69d47 - device_lib[9a4555eede652d42]::types::tests::slot_be_roundtrip::{closure#0}
[INFO] [stdout]                                at /opt/rustwide/workdir/device-lib/src/types.rs:275:27
[INFO] [stdout]   23:     0x56ff6cc6e266 - <device_lib[9a4555eede652d42]::types::tests::slot_be_roundtrip::{closure#0} as core[a373ad73a504971]::ops::function::FnOnce<()>>::call_once
[INFO] [stdout]                                at /rustc/e3feeb59cd1bdd011a2bfcc0747b55125d9b8527/library/core/src/ops/function.rs:250:5
[INFO] [stdout]   24:     0x56ff6cc7ce9b - <fn() -> core[a373ad73a504971]::result::Result<(), alloc[2e1b2a31b91974c5]::string::String> as core[a373ad73a504971]::ops::function::FnOnce<()>>::call_once
[INFO] [stdout]                                at /rustc/e3feeb59cd1bdd011a2bfcc0747b55125d9b8527/library/core/src/ops/function.rs:250:5
[INFO] [stdout]   25:     0x56ff6cc7ce9b - test[aada8e7e76ba119b]::__rust_begin_short_backtrace::<core[a373ad73a504971]::result::Result<(), alloc[2e1b2a31b91974c5]::string::String>, fn() -> core[a373ad73a504971]::result::Result<(), alloc[2e1b2a31b91974c5]::string::String>>
[INFO] [stdout]                                at /rustc/e3feeb59cd1bdd011a2bfcc0747b55125d9b8527/library/test/src/lib.rs:701:18
[INFO] [stdout]   26:     0x56ff6cc8a075 - test[aada8e7e76ba119b]::run_test_in_process::{closure#0}
[INFO] [stdout]                                at /rustc/e3feeb59cd1bdd011a2bfcc0747b55125d9b8527/library/test/src/lib.rs:724:74
[INFO] [stdout]   27:     0x56ff6cc8a075 - <core[a373ad73a504971]::panic::unwind_safe::AssertUnwindSafe<test[aada8e7e76ba119b]::run_test_in_process::{closure#0}> as core[a373ad73a504971]::ops::function::FnOnce<()>>::call_once
[INFO] [stdout]                                at /rustc/e3feeb59cd1bdd011a2bfcc0747b55125d9b8527/library/core/src/panic/unwind_safe.rs:275:9
[INFO] [stdout]   28:     0x56ff6cc8a075 - std[617be2ca0a6fd877]::panicking::catch_unwind::do_call::<core[a373ad73a504971]::panic::unwind_safe::AssertUnwindSafe<test[aada8e7e76ba119b]::run_test_in_process::{closure#0}>, core[a373ad73a504971]::result::Result<(), alloc[2e1b2a31b91974c5]::string::String>>
[INFO] [stdout]                                at /rustc/e3feeb59cd1bdd011a2bfcc0747b55125d9b8527/library/std/src/panicking.rs:573:43
[INFO] [stdout]   29:     0x56ff6cc8a075 - std[617be2ca0a6fd877]::panicking::catch_unwind::<core[a373ad73a504971]::result::Result<(), alloc[2e1b2a31b91974c5]::string::String>, core[a373ad73a504971]::panic::unwind_safe::AssertUnwindSafe<test[aada8e7e76ba119b]::run_test_in_process::{closure#0}>>
[INFO] [stdout]                                at /rustc/e3feeb59cd1bdd011a2bfcc0747b55125d9b8527/library/std/src/panicking.rs:541:19
[INFO] [stdout]   30:     0x56ff6cc8a075 - std[617be2ca0a6fd877]::panic::catch_unwind::<core[a373ad73a504971]::panic::unwind_safe::AssertUnwindSafe<test[aada8e7e76ba119b]::run_test_in_process::{closure#0}>, core[a373ad73a504971]::result::Result<(), alloc[2e1b2a31b91974c5]::string::String>>
[INFO] [stdout]                                at /rustc/e3feeb59cd1bdd011a2bfcc0747b55125d9b8527/library/std/src/panic.rs:359:14
[INFO] [stdout]   31:     0x56ff6cc8a075 - test[aada8e7e76ba119b]::run_test_in_process
[INFO] [stdout]                                at /rustc/e3feeb59cd1bdd011a2bfcc0747b55125d9b8527/library/test/src/lib.rs:724:27
[INFO] [stdout]   32:     0x56ff6cc8a075 - test[aada8e7e76ba119b]::run_test::{closure#0}
[INFO] [stdout]                                at /rustc/e3feeb59cd1bdd011a2bfcc0747b55125d9b8527/library/test/src/lib.rs:645:43
[INFO] [stdout]   33:     0x56ff6cc83964 - test[aada8e7e76ba119b]::run_test::{closure#1}
[INFO] [stdout]                                at /rustc/e3feeb59cd1bdd011a2bfcc0747b55125d9b8527/library/test/src/lib.rs:675:41
[INFO] [stdout]   34:     0x56ff6cc83964 - std[617be2ca0a6fd877]::sys::backtrace::__rust_begin_short_backtrace::<test[aada8e7e76ba119b]::run_test::{closure#1}, ()>
[INFO] [stdout]                                at /rustc/e3feeb59cd1bdd011a2bfcc0747b55125d9b8527/library/std/src/sys/backtrace.rs:166:18
[INFO] [stdout]   35:     0x56ff6cc8d102 - std[617be2ca0a6fd877]::thread::lifecycle::spawn_unchecked::<test[aada8e7e76ba119b]::run_test::{closure#1}, ()>::{closure#1}::{closure#0}
[INFO] [stdout]                                at /rustc/e3feeb59cd1bdd011a2bfcc0747b55125d9b8527/library/std/src/thread/lifecycle.rs:70:13
[INFO] [stdout]   36:     0x56ff6cc8d102 - <core[a373ad73a504971]::panic::unwind_safe::AssertUnwindSafe<std[617be2ca0a6fd877]::thread::lifecycle::spawn_unchecked<test[aada8e7e76ba119b]::run_test::{closure#1}, ()>::{closure#1}::{closure#0}> as core[a373ad73a504971]::ops::function::FnOnce<()>>::call_once
[INFO] [stdout]                                at /rustc/e3feeb59cd1bdd011a2bfcc0747b55125d9b8527/library/core/src/panic/unwind_safe.rs:275:9
[INFO] [stdout]   37:     0x56ff6cc8d102 - std[617be2ca0a6fd877]::panicking::catch_unwind::do_call::<core[a373ad73a504971]::panic::unwind_safe::AssertUnwindSafe<std[617be2ca0a6fd877]::thread::lifecycle::spawn_unchecked<test[aada8e7e76ba119b]::run_test::{closure#1}, ()>::{closure#1}::{closure#0}>, ()>
[INFO] [stdout]                                at /rustc/e3feeb59cd1bdd011a2bfcc0747b55125d9b8527/library/std/src/panicking.rs:573:43
[INFO] [stdout]   38:     0x56ff6cc8d102 - std[617be2ca0a6fd877]::panicking::catch_unwind::<(), core[a373ad73a504971]::panic::unwind_safe::AssertUnwindSafe<std[617be2ca0a6fd877]::thread::lifecycle::spawn_unchecked<test[aada8e7e76ba119b]::run_test::{closure#1}, ()>::{closure#1}::{closure#0}>>
[INFO] [stdout]                                at /rustc/e3feeb59cd1bdd011a2bfcc0747b55125d9b8527/library/std/src/panicking.rs:541:19
[INFO] [stdout]   39:     0x56ff6cc8d102 - std[617be2ca0a6fd877]::panic::catch_unwind::<core[a373ad73a504971]::panic::unwind_safe::AssertUnwindSafe<std[617be2ca0a6fd877]::thread::lifecycle::spawn_unchecked<test[aada8e7e76ba119b]::run_test::{closure#1}, ()>::{closure#1}::{closure#0}>, ()>
[INFO] [stdout]                                at /rustc/e3feeb59cd1bdd011a2bfcc0747b55125d9b8527/library/std/src/panic.rs:359:14
[INFO] [stdout]   40:     0x56ff6cc8d102 - std[617be2ca0a6fd877]::thread::lifecycle::spawn_unchecked::<test[aada8e7e76ba119b]::run_test::{closure#1}, ()>::{closure#1}
[INFO] [stdout]                                at /rustc/e3feeb59cd1bdd011a2bfcc0747b55125d9b8527/library/std/src/thread/lifecycle.rs:68:26
[INFO] [stdout]   41:     0x56ff6cc8d102 - <std[617be2ca0a6fd877]::thread::lifecycle::spawn_unchecked<test[aada8e7e76ba119b]::run_test::{closure#1}, ()>::{closure#1} as core[a373ad73a504971]::ops::function::FnOnce<()>>::call_once::{shim:vtable#0}
[INFO] [stdout]                                at /rustc/e3feeb59cd1bdd011a2bfcc0747b55125d9b8527/library/core/src/ops/function.rs:250:5
[INFO] [stdout]   42:     0x56ff6ccf76af - <alloc[2e1b2a31b91974c5]::boxed::Box<dyn core[a373ad73a504971]::ops::function::FnOnce<(), Output = ()> + core[a373ad73a504971]::marker::Send> as core[a373ad73a504971]::ops::function::FnOnce<()>>::call_once
[INFO] [stdout]                                at /rustc/e3feeb59cd1bdd011a2bfcc0747b55125d9b8527/library/alloc/src/boxed.rs:2314:9
[INFO] [stdout]   43:     0x56ff6ccf76af - <std[617be2ca0a6fd877]::sys::thread::unix::Thread>::new::thread_start
[INFO] [stdout]                                at /rustc/e3feeb59cd1bdd011a2bfcc0747b55125d9b8527/library/std/src/sys/thread/unix.rs:127:17
[INFO] [stdout]   44:     0x751139cd0dfa - <unknown>
[INFO] [stdout]   45:     0x751139d643d4 - clone
[INFO] [stdout]   46:                0x0 - <unknown>
[INFO] [stdout] 
[INFO] [stdout] ---- types::tests::hex_line_format stdout ----
[INFO] [stdout] 
[INFO] [stdout] thread 'types::tests::hex_line_format' (1243) panicked at device-lib/src/types.rs:271:9:
[INFO] [stdout] assertion `left == right` failed
[INFO] [stdout]   left: "3988 FFFFFF21E40A0000"
[INFO] [stdout]  right: "C0C5 FFFFFF21E40A0000"
[INFO] [stdout] stack backtrace:
[INFO] [stdout]    0:     0x56ff6ccf7e81 - std[617be2ca0a6fd877]::backtrace_rs::backtrace::libunwind::trace
[INFO] [stdout]                                at /rustc/e3feeb59cd1bdd011a2bfcc0747b55125d9b8527/library/std/src/../../backtrace/src/backtrace/libunwind.rs:117:9
[INFO] [stdout]    1:     0x56ff6ccf7e81 - std[617be2ca0a6fd877]::backtrace_rs::backtrace::trace_unsynchronized::<std[617be2ca0a6fd877]::sys::backtrace::_print_fmt::{closure#1}>
[INFO] [stdout]                                at /rustc/e3feeb59cd1bdd011a2bfcc0747b55125d9b8527/library/std/src/../../backtrace/src/backtrace/mod.rs:66:14
[INFO] [stdout]    2:     0x56ff6ccf7e81 - std[617be2ca0a6fd877]::sys::backtrace::_print_fmt
[INFO] [stdout]                                at /rustc/e3feeb59cd1bdd011a2bfcc0747b55125d9b8527/library/std/src/sys/backtrace.rs:74:9
[INFO] [stdout]    3:     0x56ff6ccf7e81 - <<std[617be2ca0a6fd877]::sys::backtrace::BacktraceLock>::print::DisplayBacktrace as core[a373ad73a504971]::fmt::Display>::fmt
[INFO] [stdout]                                at /rustc/e3feeb59cd1bdd011a2bfcc0747b55125d9b8527/library/std/src/sys/backtrace.rs:44:26
[INFO] [stdout]    4:     0x56ff6cd0c24a - <core[a373ad73a504971]::fmt::rt::Argument>::fmt
[INFO] [stdout]                                at /rustc/e3feeb59cd1bdd011a2bfcc0747b55125d9b8527/library/core/src/fmt/rt.rs:152:76
[INFO] [stdout]    5:     0x56ff6cd0c24a - core[a373ad73a504971]::fmt::write
[INFO] [stdout]    6:     0x56ff6ccfc09c - core[a373ad73a504971]::io::write::default_write_fmt::<alloc[2e1b2a31b91974c5]::vec::Vec<u8>>
[INFO] [stdout]                                at /rustc/e3feeb59cd1bdd011a2bfcc0747b55125d9b8527/library/core/src/io/write.rs:402:11
[INFO] [stdout]    7:     0x56ff6ccfc09c - <alloc[2e1b2a31b91974c5]::vec::Vec<u8> as core[a373ad73a504971]::io::write::Write>::write_fmt
[INFO] [stdout]                                at /rustc/e3feeb59cd1bdd011a2bfcc0747b55125d9b8527/library/core/src/io/write.rs:335:13
[INFO] [stdout]    8:     0x56ff6ccd4156 - <std[617be2ca0a6fd877]::sys::backtrace::BacktraceLock>::print
[INFO] [stdout]                                at /rustc/e3feeb59cd1bdd011a2bfcc0747b55125d9b8527/library/std/src/sys/backtrace.rs:47:9
[INFO] [stdout]    9:     0x56ff6ccd4156 - std[617be2ca0a6fd877]::panicking::default_hook::{closure#0}
[INFO] [stdout]                                at /rustc/e3feeb59cd1bdd011a2bfcc0747b55125d9b8527/library/std/src/panicking.rs:289:27
[INFO] [stdout]   10:     0x56ff6ccf0389 - std[617be2ca0a6fd877]::panicking::default_hook
[INFO] [stdout]                                at /rustc/e3feeb59cd1bdd011a2bfcc0747b55125d9b8527/library/std/src/panicking.rs:313:9
[INFO] [stdout]   11:     0x56ff6cc89a50 - <alloc[2e1b2a31b91974c5]::boxed::Box<dyn for<'a, 'b> core[a373ad73a504971]::ops::function::Fn<(&'a std[617be2ca0a6fd877]::panic::PanicHookInfo<'b>,), Output = ()> + core[a373ad73a504971]::marker::Sync + core[a373ad73a504971]::marker::Send> as core[a373ad73a504971]::ops::function::Fn<(&std[617be2ca0a6fd877]::panic::PanicHookInfo,)>>::call
[INFO] [stdout]                                at /rustc/e3feeb59cd1bdd011a2bfcc0747b55125d9b8527/library/alloc/src/boxed.rs:2328:9
[INFO] [stdout]   12:     0x56ff6cc89a50 - test[aada8e7e76ba119b]::test_main_inner::{closure#0}
[INFO] [stdout]                                at /rustc/e3feeb59cd1bdd011a2bfcc0747b55125d9b8527/library/test/src/lib.rs:137:21
[INFO] [stdout]   13:     0x56ff6ccf0542 - <alloc[2e1b2a31b91974c5]::boxed::Box<dyn for<'a, 'b> core[a373ad73a504971]::ops::function::Fn<(&'a std[617be2ca0a6fd877]::panic::PanicHookInfo<'b>,), Output = ()> + core[a373ad73a504971]::marker::Sync + core[a373ad73a504971]::marker::Send> as core[a373ad73a504971]::ops::function::Fn<(&std[617be2ca0a6fd877]::panic::PanicHookInfo,)>>::call
[INFO] [stdout]                                at /rustc/e3feeb59cd1bdd011a2bfcc0747b55125d9b8527/library/alloc/src/boxed.rs:2328:9
[INFO] [stdout]   14:     0x56ff6ccf0542 - std[617be2ca0a6fd877]::panicking::panic_with_hook
[INFO] [stdout]                                at /rustc/e3feeb59cd1bdd011a2bfcc0747b55125d9b8527/library/std/src/panicking.rs:819:13
[INFO] [stdout]   15:     0x56ff6ccd4202 - std[617be2ca0a6fd877]::panicking::panic_handler::{closure#0}
[INFO] [stdout]                                at /rustc/e3feeb59cd1bdd011a2bfcc0747b55125d9b8527/library/std/src/panicking.rs:685:13
[INFO] [stdout]   16:     0x56ff6ccccf19 - std[617be2ca0a6fd877]::sys::backtrace::__rust_end_short_backtrace::<std[617be2ca0a6fd877]::panicking::panic_handler::{closure#0}, !>
[INFO] [stderr] error: test failed, to rerun pass `-p device-lib --lib`
[INFO] [stdout]                                at /rustc/e3feeb59cd1bdd011a2bfcc0747b55125d9b8527/library/std/src/sys/backtrace.rs:182:18
[INFO] [stdout]   17:     0x56ff6ccd4e0d - __rustc[ea4f61d10b84890b]::rust_begin_unwind
[INFO] [stdout]                                at /rustc/e3feeb59cd1bdd011a2bfcc0747b55125d9b8527/library/std/src/panicking.rs:676:5
[INFO] [stdout]   18:     0x56ff6cd0ca2c - core[a373ad73a504971]::panicking::panic_fmt
[INFO] [stdout]                                at /rustc/e3feeb59cd1bdd011a2bfcc0747b55125d9b8527/library/core/src/panicking.rs:80:14
[INFO] [stdout]   19:     0x56ff6cd0c8c3 - core[a373ad73a504971]::panicking::assert_failed_inner
[INFO] [stdout]                                at /rustc/e3feeb59cd1bdd011a2bfcc0747b55125d9b8527/library/core/src/panicking.rs:452:17
[INFO] [stdout]   20:     0x56ff6cc69952 - core[a373ad73a504971]::panicking::assert_failed::<alloc[2e1b2a31b91974c5]::string::String, &str>
[INFO] [stdout]                                at /rustc/e3feeb59cd1bdd011a2bfcc0747b55125d9b8527/library/core/src/panicking.rs:407:5
[INFO] [stdout]   21:     0x56ff6cc6bb54 - device_lib[9a4555eede652d42]::types::tests::hex_line_format
[INFO] [stdout]                                at /opt/rustwide/workdir/device-lib/src/types.rs:271:9
[INFO] [stdout]   22:     0x56ff6cc69d17 - device_lib[9a4555eede652d42]::types::tests::hex_line_format::{closure#0}
[INFO] [stdout]                                at /opt/rustwide/workdir/device-lib/src/types.rs:269:25
[INFO] [stdout]   23:     0x56ff6cc6e246 - <device_lib[9a4555eede652d42]::types::tests::hex_line_format::{closure#0} as core[a373ad73a504971]::ops::function::FnOnce<()>>::call_once
[INFO] [stdout]                                at /rustc/e3feeb59cd1bdd011a2bfcc0747b55125d9b8527/library/core/src/ops/function.rs:250:5
[INFO] [stdout]   24:     0x56ff6cc7ce9b - <fn() -> core[a373ad73a504971]::result::Result<(), alloc[2e1b2a31b91974c5]::string::String> as core[a373ad73a504971]::ops::function::FnOnce<()>>::call_once
[INFO] [stdout]                                at /rustc/e3feeb59cd1bdd011a2bfcc0747b55125d9b8527/library/core/src/ops/function.rs:250:5
[INFO] [stdout]   25:     0x56ff6cc7ce9b - test[aada8e7e76ba119b]::__rust_begin_short_backtrace::<core[a373ad73a504971]::result::Result<(), alloc[2e1b2a31b91974c5]::string::String>, fn() -> core[a373ad73a504971]::result::Result<(), alloc[2e1b2a31b91974c5]::string::String>>
[INFO] [stdout]                                at /rustc/e3feeb59cd1bdd011a2bfcc0747b55125d9b8527/library/test/src/lib.rs:701:18
[INFO] [stdout]   26:     0x56ff6cc8a075 - test[aada8e7e76ba119b]::run_test_in_process::{closure#0}
[INFO] [stdout]                                at /rustc/e3feeb59cd1bdd011a2bfcc0747b55125d9b8527/library/test/src/lib.rs:724:74
[INFO] [stdout]   27:     0x56ff6cc8a075 - <core[a373ad73a504971]::panic::unwind_safe::AssertUnwindSafe<test[aada8e7e76ba119b]::run_test_in_process::{closure#0}> as core[a373ad73a504971]::ops::function::FnOnce<()>>::call_once
[INFO] [stdout]                                at /rustc/e3feeb59cd1bdd011a2bfcc0747b55125d9b8527/library/core/src/panic/unwind_safe.rs:275:9
[INFO] [stdout]   28:     0x56ff6cc8a075 - std[617be2ca0a6fd877]::panicking::catch_unwind::do_call::<core[a373ad73a504971]::panic::unwind_safe::AssertUnwindSafe<test[aada8e7e76ba119b]::run_test_in_process::{closure#0}>, core[a373ad73a504971]::result::Result<(), alloc[2e1b2a31b91974c5]::string::String>>
[INFO] [stdout]                                at /rustc/e3feeb59cd1bdd011a2bfcc0747b55125d9b8527/library/std/src/panicking.rs:573:43
[INFO] [stdout]   29:     0x56ff6cc8a075 - std[617be2ca0a6fd877]::panicking::catch_unwind::<core[a373ad73a504971]::result::Result<(), alloc[2e1b2a31b91974c5]::string::String>, core[a373ad73a504971]::panic::unwind_safe::AssertUnwindSafe<test[aada8e7e76ba119b]::run_test_in_process::{closure#0}>>
[INFO] [stdout]                                at /rustc/e3feeb59cd1bdd011a2bfcc0747b55125d9b8527/library/std/src/panicking.rs:541:19
[INFO] [stdout]   30:     0x56ff6cc8a075 - std[617be2ca0a6fd877]::panic::catch_unwind::<core[a373ad73a504971]::panic::unwind_safe::AssertUnwindSafe<test[aada8e7e76ba119b]::run_test_in_process::{closure#0}>, core[a373ad73a504971]::result::Result<(), alloc[2e1b2a31b91974c5]::string::String>>
[INFO] [stdout]                                at /rustc/e3feeb59cd1bdd011a2bfcc0747b55125d9b8527/library/std/src/panic.rs:359:14
[INFO] [stdout]   31:     0x56ff6cc8a075 - test[aada8e7e76ba119b]::run_test_in_process
[INFO] [stdout]                                at /rustc/e3feeb59cd1bdd011a2bfcc0747b55125d9b8527/library/test/src/lib.rs:724:27
[INFO] [stdout]   32:     0x56ff6cc8a075 - test[aada8e7e76ba119b]::run_test::{closure#0}
[INFO] [stdout]                                at /rustc/e3feeb59cd1bdd011a2bfcc0747b55125d9b8527/library/test/src/lib.rs:645:43
[INFO] [stdout]   33:     0x56ff6cc83964 - test[aada8e7e76ba119b]::run_test::{closure#1}
[INFO] [stdout]                                at /rustc/e3feeb59cd1bdd011a2bfcc0747b55125d9b8527/library/test/src/lib.rs:675:41
[INFO] [stdout]   34:     0x56ff6cc83964 - std[617be2ca0a6fd877]::sys::backtrace::__rust_begin_short_backtrace::<test[aada8e7e76ba119b]::run_test::{closure#1}, ()>
[INFO] [stdout]                                at /rustc/e3feeb59cd1bdd011a2bfcc0747b55125d9b8527/library/std/src/sys/backtrace.rs:166:18
[INFO] [stdout]   35:     0x56ff6cc8d102 - std[617be2ca0a6fd877]::thread::lifecycle::spawn_unchecked::<test[aada8e7e76ba119b]::run_test::{closure#1}, ()>::{closure#1}::{closure#0}
[INFO] [stdout]                                at /rustc/e3feeb59cd1bdd011a2bfcc0747b55125d9b8527/library/std/src/thread/lifecycle.rs:70:13
[INFO] [stdout]   36:     0x56ff6cc8d102 - <core[a373ad73a504971]::panic::unwind_safe::AssertUnwindSafe<std[617be2ca0a6fd877]::thread::lifecycle::spawn_unchecked<test[aada8e7e76ba119b]::run_test::{closure#1}, ()>::{closure#1}::{closure#0}> as core[a373ad73a504971]::ops::function::FnOnce<()>>::call_once
[INFO] [stdout]                                at /rustc/e3feeb59cd1bdd011a2bfcc0747b55125d9b8527/library/core/src/panic/unwind_safe.rs:275:9
[INFO] [stdout]   37:     0x56ff6cc8d102 - std[617be2ca0a6fd877]::panicking::catch_unwind::do_call::<core[a373ad73a504971]::panic::unwind_safe::AssertUnwindSafe<std[617be2ca0a6fd877]::thread::lifecycle::spawn_unchecked<test[aada8e7e76ba119b]::run_test::{closure#1}, ()>::{closure#1}::{closure#0}>, ()>
[INFO] [stdout]                                at /rustc/e3feeb59cd1bdd011a2bfcc0747b55125d9b8527/library/std/src/panicking.rs:573:43
[INFO] [stdout]   38:     0x56ff6cc8d102 - std[617be2ca0a6fd877]::panicking::catch_unwind::<(), core[a373ad73a504971]::panic::unwind_safe::AssertUnwindSafe<std[617be2ca0a6fd877]::thread::lifecycle::spawn_unchecked<test[aada8e7e76ba119b]::run_test::{closure#1}, ()>::{closure#1}::{closure#0}>>
[INFO] [stdout]                                at /rustc/e3feeb59cd1bdd011a2bfcc0747b55125d9b8527/library/std/src/panicking.rs:541:19
[INFO] [stdout]   39:     0x56ff6cc8d102 - std[617be2ca0a6fd877]::panic::catch_unwind::<core[a373ad73a504971]::panic::unwind_safe::AssertUnwindSafe<std[617be2ca0a6fd877]::thread::lifecycle::spawn_unchecked<test[aada8e7e76ba119b]::run_test::{closure#1}, ()>::{closure#1}::{closure#0}>, ()>
[INFO] [stdout]                                at /rustc/e3feeb59cd1bdd011a2bfcc0747b55125d9b8527/library/std/src/panic.rs:359:14
[INFO] [stdout]   40:     0x56ff6cc8d102 - std[617be2ca0a6fd877]::thread::lifecycle::spawn_unchecked::<test[aada8e7e76ba119b]::run_test::{closure#1}, ()>::{closure#1}
[INFO] [stdout]                                at /rustc/e3feeb59cd1bdd011a2bfcc0747b55125d9b8527/library/std/src/thread/lifecycle.rs:68:26
[INFO] [stdout]   41:     0x56ff6cc8d102 - <std[617be2ca0a6fd877]::thread::lifecycle::spawn_unchecked<test[aada8e7e76ba119b]::run_test::{closure#1}, ()>::{closure#1} as core[a373ad73a504971]::ops::function::FnOnce<()>>::call_once::{shim:vtable#0}
[INFO] [stdout]                                at /rustc/e3feeb59cd1bdd011a2bfcc0747b55125d9b8527/library/core/src/ops/function.rs:250:5
[INFO] [stdout]   42:     0x56ff6ccf76af - <alloc[2e1b2a31b91974c5]::boxed::Box<dyn core[a373ad73a504971]::ops::function::FnOnce<(), Output = ()> + core[a373ad73a504971]::marker::Send> as core[a373ad73a504971]::ops::function::FnOnce<()>>::call_once
[INFO] [stdout]                                at /rustc/e3feeb59cd1bdd011a2bfcc0747b55125d9b8527/library/alloc/src/boxed.rs:2314:9
[INFO] [stdout]   43:     0x56ff6ccf76af - <std[617be2ca0a6fd877]::sys::thread::unix::Thread>::new::thread_start
[INFO] [stdout]                                at /rustc/e3feeb59cd1bdd011a2bfcc0747b55125d9b8527/library/std/src/sys/thread/unix.rs:127:17
[INFO] [stdout]   44:     0x751139cd0dfa - <unknown>
[INFO] [stdout]   45:     0x751139d643d4 - clone
[INFO] [stdout]   46:                0x0 - <unknown>
[INFO] [stdout] 
[INFO] [stdout] 
[INFO] [stdout] failures:
[INFO] [stdout]     devices::appi_common::tests::parse_two_frames_appi
[INFO] [stdout]     types::tests::descriptor_roundtrip
[INFO] [stdout]     types::tests::hex_line_format
[INFO] [stdout]     types::tests::slot_be_roundtrip
[INFO] [stdout] 
[INFO] [stdout] test result: FAILED. 41 passed; 4 failed; 0 ignored; 0 measured; 0 filtered out; finished in 0.10s
[INFO] [stdout] 
[INFO] running `Command { std: "docker" "inspect" "1726ebec4e93ee227c6dc8ea87d366195f3bdcedbc12ec77298ee95e4b9ddc3a", kill_on_drop: false }`
[INFO] running `Command { std: "docker" "rm" "-f" "1726ebec4e93ee227c6dc8ea87d366195f3bdcedbc12ec77298ee95e4b9ddc3a", kill_on_drop: false }`
[INFO] [stdout] 1726ebec4e93ee227c6dc8ea87d366195f3bdcedbc12ec77298ee95e4b9ddc3a
