[INFO] cloning repository https://github.com/mpashkovskiy/pytorch-trace-tui
[INFO] running `Command { std: "git" "-c" "credential.helper=" "-c" "credential.helper=/workspace/cargo-home/bin/git-credential-null" "clone" "--bare" "https://github.com/mpashkovskiy/pytorch-trace-tui" "/workspace/cache/git-repos/https%3A%2F%2Fgithub.com%2Fmpashkovskiy%2Fpytorch-trace-tui", kill_on_drop: false }`
[INFO] [stderr] Cloning into bare repository '/workspace/cache/git-repos/https%3A%2F%2Fgithub.com%2Fmpashkovskiy%2Fpytorch-trace-tui'...
[INFO] running `Command { std: "git" "rev-parse" "HEAD", kill_on_drop: false }`
[INFO] [stdout] 606624961ee13dfb0349b9c39ebf61cfc6b57a84
[INFO] testing mpashkovskiy/pytorch-trace-tui against 1.99.0-beta.8 for beta-1.100-2
[INFO] running `Command { std: "git" "clone" "/workspace/cache/git-repos/https%3A%2F%2Fgithub.com%2Fmpashkovskiy%2Fpytorch-trace-tui" "/workspace/builds/worker-5-tc1/source", kill_on_drop: false }`
[INFO] [stderr] Cloning into '/workspace/builds/worker-5-tc1/source'...
[INFO] [stderr] done.
[INFO] removed /workspace/builds/worker-5-tc1/source/.cargo/config.toml
[INFO] started tweaking git repo https://github.com/mpashkovskiy/pytorch-trace-tui
[INFO] finished tweaking git repo https://github.com/mpashkovskiy/pytorch-trace-tui
[INFO] tweaked toml for git repo https://github.com/mpashkovskiy/pytorch-trace-tui written to /workspace/builds/worker-5-tc1/source/Cargo.toml
[INFO] validating manifest of git repo https://github.com/mpashkovskiy/pytorch-trace-tui on toolchain 1.99.0-beta.8
[INFO] running `Command { std: CARGO_HOME="/workspace/cargo-home" RUSTUP_HOME="/workspace/rustup-home" "/workspace/cargo-home/bin/cargo" "+1.99.0-beta.8" "metadata" "--manifest-path" "Cargo.toml" "--no-deps", kill_on_drop: false }`
[INFO] crate git repo https://github.com/mpashkovskiy/pytorch-trace-tui already has a lockfile, it will not be regenerated
[INFO] running `Command { std: CARGO_HOME="/workspace/cargo-home" RUSTUP_HOME="/workspace/rustup-home" "/workspace/cargo-home/bin/cargo" "+1.99.0-beta.8" "fetch" "--manifest-path" "Cargo.toml", kill_on_drop: false }`
[INFO] [stderr]     Updating crates.io index
[INFO] [stderr]  Downloading crates ...
[INFO] [stderr]   Downloaded rmcp-macros v3.1.4
[INFO] [stderr]   Downloaded similar v3.1.2
[INFO] [stderr]   Downloaded rmcp v3.1.4
[INFO] [stderr]   Downloaded wl-clipboard-rs v0.9.3
[INFO] [stderr]   Downloaded tree_magic_mini v3.2.2
[INFO] [stderr]   Downloaded wayland-backend v0.3.16
[INFO] [stderr]   Downloaded os_pipe v1.2.3
[INFO] running `Command { std: "docker" "create" "-v" "/var/lib/crater-agent-workspace/builds/worker-5-tc1/source:/opt/rustwide/workdir:ro,Z" "-v" "/var/lib/crater-agent-workspace/builds/worker-5-tc1/target:/opt/rustwide/target:rw,Z" "-v" "/var/lib/crater-agent-workspace/cargo-home:/opt/rustwide/cargo-home:ro,Z" "-v" "/var/lib/crater-agent-workspace/rustup-home:/opt/rustwide/rustup-home:ro,Z" "-m" "1610612736" "--network" "none" "ghcr.io/rust-lang/crates-build-env/linux@sha256:3111399a4047eeb3a02b7a90e478d715f38a8c6669b5c4b49d30a17385265909" "sleep" "infinity", kill_on_drop: false }`
[INFO] [stdout] c41f61df9c91b14ead5afa7a92e0490a95f65e23aa218dd2da79f93c993cac37
[INFO] running `Command { std: "docker" "start" "c41f61df9c91b14ead5afa7a92e0490a95f65e23aa218dd2da79f93c993cac37", kill_on_drop: false }`
[INFO] running `Command { std: "docker" "inspect" "c41f61df9c91b14ead5afa7a92e0490a95f65e23aa218dd2da79f93c993cac37", kill_on_drop: false }`
[INFO] running `Command { std: "docker" "exec" "-e" "SOURCE_DIR=/opt/rustwide/workdir" "-e" "CARGO_HOME=/opt/rustwide/cargo-home" "-e" "RUSTUP_HOME=/opt/rustwide/rustup-home" "-e" "CARGO_TARGET_DIR=/opt/rustwide/target" "-w" "/opt/rustwide/workdir" "--user" "0:0" "c41f61df9c91b14ead5afa7a92e0490a95f65e23aa218dd2da79f93c993cac37" "/opt/rustwide/cargo-home/bin/cargo" "+1.99.0-beta.8" "metadata" "--no-deps" "--format-version=1", kill_on_drop: false }`
[INFO] running `Command { std: "docker" "inspect" "c41f61df9c91b14ead5afa7a92e0490a95f65e23aa218dd2da79f93c993cac37", kill_on_drop: false }`
[INFO] running `Command { std: "docker" "exec" "-e" "SOURCE_DIR=/opt/rustwide/workdir" "-e" "CARGO_HOME=/opt/rustwide/cargo-home" "-e" "RUSTUP_HOME=/opt/rustwide/rustup-home" "-e" "CARGO_TARGET_DIR=/opt/rustwide/target" "-e" "CARGO_INCREMENTAL=0" "-e" "RUST_BACKTRACE=full" "-e" "RUSTFLAGS=--cap-lints=warn" "-e" "RUSTDOCFLAGS=--cap-lints=warn" "-w" "/opt/rustwide/workdir" "--user" "0:0" "c41f61df9c91b14ead5afa7a92e0490a95f65e23aa218dd2da79f93c993cac37" "/opt/rustwide/cargo-home/bin/cargo" "+1.99.0-beta.8" "build" "--frozen" "--message-format=json", kill_on_drop: false }`
[INFO] [stderr]    Compiling proc-macro2 v1.0.107
[INFO] [stderr]    Compiling quote v1.0.47
[INFO] [stderr]    Compiling unicode-ident v1.0.24
[INFO] [stderr]    Compiling libc v0.2.189
[INFO] [stderr]    Compiling memchr v2.8.3
[INFO] [stderr]    Compiling bitflags v2.13.1
[INFO] [stderr]    Compiling serde_core v1.0.229
[INFO] [stderr]    Compiling strsim v0.11.1
[INFO] [stderr]    Compiling smallvec v1.15.2
[INFO] [stderr]    Compiling rustix v1.1.4
[INFO] [stderr]    Compiling ident_case v1.0.1
[INFO] [stderr]    Compiling shlex v2.0.1
[INFO] [stderr]    Compiling pkg-config v0.3.33
[INFO] [stderr]    Compiling cc v1.4.0
[INFO] [stderr]    Compiling rustversion v1.0.23
[INFO] [stderr]    Compiling allocator-api2 v0.2.21
[INFO] [stderr]    Compiling wayland-sys v0.31.11
[INFO] [stderr]    Compiling zmij v1.0.23
[INFO] [stderr]    Compiling syn v3.0.3
[INFO] [stderr]    Compiling syn v2.0.119
[INFO] [stderr]    Compiling foldhash v0.1.5
[INFO] [stderr]    Compiling itoa v1.0.18
[INFO] [stderr]    Compiling hashbrown v0.15.5
[INFO] [stderr]    Compiling quick-xml v0.41.0
[INFO] [stderr]    Compiling wayland-client v0.31.15
[INFO] [stderr]    Compiling futures-sink v0.3.34
[INFO] [stderr]    Compiling hashbrown v0.17.1
[INFO] [stderr]    Compiling log v0.4.33
[INFO] [stderr]    Compiling wayland-backend v0.3.16
[INFO] [stderr]    Compiling futures-core v0.3.34
[INFO] [stderr]    Compiling errno v0.3.14
[INFO] [stderr]    Compiling serde v1.0.229
[INFO] [stderr]    Compiling heck v0.5.0
[INFO] [stderr]    Compiling thiserror v2.0.19
[INFO] [stderr]    Compiling signal-hook v0.3.18
[INFO] [stderr]    Compiling wayland-scanner v0.31.11
[INFO] [stderr]    Compiling signal-hook-registry v1.4.8
[INFO] [stderr]    Compiling indexmap v2.14.0
[INFO] [stderr]    Compiling futures-channel v0.3.34
[INFO] [stderr]    Compiling parking_lot_core v0.9.12
[INFO] [stderr]    Compiling getrandom v0.4.3
[INFO] [stderr]    Compiling serde_json v1.0.151
[INFO] [stderr]    Compiling rustix v0.38.44
[INFO] [stderr]    Compiling fixedbitset v0.5.7
[INFO] [stderr]    Compiling futures-task v0.3.34
[INFO] [stderr]    Compiling futures-io v0.3.34
[INFO] [stderr]    Compiling slab v0.4.12
[INFO] [stderr]    Compiling ref-cast v1.0.27
[INFO] [stderr]    Compiling anstyle-parse v1.0.0
[INFO] [stderr]    Compiling flate2 v1.1.9
[INFO] [stderr]    Compiling parking_lot v0.12.5
[INFO] [stderr]    Compiling petgraph v0.8.3
[INFO] [stderr]    Compiling mio v1.2.2
[INFO] [stderr]    Compiling nom v8.0.0
[INFO] [stderr]    Compiling bytes v1.12.1
[INFO] [stderr]    Compiling anstyle v1.0.14
[INFO] [stderr]    Compiling linux-raw-sys v0.4.15
[INFO] [stderr]    Compiling darling_core v0.24.1
[INFO] [stderr]    Compiling darling_core v0.23.0
[INFO] [stderr]    Compiling serde_derive_internals v0.30.0
[INFO] [stderr]    Compiling instability v0.3.12
[INFO] [stderr]    Compiling is_terminal_polyfill v1.70.2
[INFO] [stderr]    Compiling colorchoice v1.0.5
[INFO] [stderr]    Compiling anstyle-query v1.1.5
[INFO] [stderr]    Compiling either v1.17.0
[INFO] [stderr]    Compiling paste v1.0.15
[INFO] [stderr]    Compiling thiserror-impl v2.0.19
[INFO] [stderr]    Compiling serde_derive v1.0.229
[INFO] [stderr]    Compiling futures-macro v0.3.34
[INFO] [stderr]    Compiling tokio-macros v2.7.2
[INFO] [stderr]    Compiling wayland-protocols v0.32.13
[INFO] [stderr]    Compiling ref-cast-impl v1.0.27
[INFO] [stderr]    Compiling futures-util v0.3.34
[INFO] [stderr]    Compiling tokio v1.53.1
[INFO] [stderr]    Compiling tree_magic_mini v3.2.2
[INFO] [stderr]    Compiling schemars_derive v1.2.2
[INFO] [stderr]    Compiling darling_macro v0.23.0
[INFO] [stderr]    Compiling darling v0.23.0
[INFO] [stderr]    Compiling itertools v0.13.0
[INFO] [stderr]    Compiling darling_macro v0.24.1
[INFO] [stderr]    Compiling darling v0.24.1
[INFO] [stderr]    Compiling anstream v1.0.0
[INFO] [stderr]    Compiling tracing-attributes v0.1.31
[INFO] [stderr]    Compiling strum_macros v0.26.4
[INFO] [stderr]    Compiling gethostname v1.1.0
[INFO] [stderr]    Compiling signal-hook-mio v0.2.5
[INFO] [stderr]    Compiling chrono v0.4.45
[INFO] [stderr]    Compiling png v0.18.1
[INFO] [stderr]    Compiling futures-executor v0.3.34
[INFO] [stderr]    Compiling castaway v0.2.4
[INFO] [stderr]    Compiling os_pipe v1.2.3
[INFO] [stderr]    Compiling unicode-width v0.1.14
[INFO] [stderr]    Compiling clap_lex v1.1.0
[INFO] [stderr]    Compiling dyn-clone v1.0.20
[INFO] [stderr]    Compiling unicode-segmentation v1.13.3
[INFO] [stderr]    Compiling ryu v1.0.23
[INFO] [stderr]    Compiling anyhow v1.0.104
[INFO] [stderr]    Compiling rmcp v3.1.4
[INFO] [stderr]    Compiling wayland-protocols-wlr v0.3.12
[INFO] [stderr]    Compiling indoc v2.0.7
[INFO] [stderr]    Compiling unicode-truncate v1.1.0
[INFO] [stderr]    Compiling compact_str v0.8.2
[INFO] [stderr]    Compiling x11rb v0.13.2
[INFO] [stderr]    Compiling schemars v1.2.2
[INFO] [stderr]    Compiling image v0.25.10
[INFO] [stderr]    Compiling clap_builder v4.6.5
[INFO] [stderr]    Compiling strum v0.26.3
[INFO] [stderr]    Compiling wl-clipboard-rs v0.9.3
[INFO] [stderr]    Compiling tokio-util v0.7.19
[INFO] [stderr]    Compiling uuid v1.25.0
[INFO] [stderr]    Compiling futures v0.3.34
[INFO] [stderr]    Compiling rmcp-macros v3.1.4
[INFO] [stderr]    Compiling crossterm v0.28.1
[INFO] [stderr]    Compiling tracing v0.1.44
[INFO] [stderr]    Compiling clap_derive v4.6.4
[INFO] [stderr]    Compiling lru v0.12.5
[INFO] [stderr]    Compiling base64 v0.23.1
[INFO] [stderr]    Compiling unicode-width v0.2.0
[INFO] [stderr]    Compiling cassowary v0.3.0
[INFO] [stderr]    Compiling pastey v0.2.3
[INFO] [stderr]    Compiling ratatui v0.29.0
[INFO] [stderr]    Compiling similar v3.1.2
[INFO] [stderr]    Compiling arboard v3.6.1
[INFO] [stderr]    Compiling clap v4.6.5
[INFO] [stderr]    Compiling pytorch-trace-tui v0.1.0 (/opt/rustwide/workdir)
[INFO] [stderr]     Finished `dev` profile [unoptimized + debuginfo] target(s) in 2m 29s
[INFO] running `Command { std: "docker" "inspect" "c41f61df9c91b14ead5afa7a92e0490a95f65e23aa218dd2da79f93c993cac37", kill_on_drop: false }`
[INFO] running `Command { std: "docker" "exec" "-e" "SOURCE_DIR=/opt/rustwide/workdir" "-e" "CARGO_HOME=/opt/rustwide/cargo-home" "-e" "RUSTUP_HOME=/opt/rustwide/rustup-home" "-e" "CARGO_TARGET_DIR=/opt/rustwide/target" "-e" "CARGO_INCREMENTAL=0" "-e" "RUST_BACKTRACE=full" "-e" "RUSTFLAGS=--cap-lints=warn" "-e" "RUSTDOCFLAGS=--cap-lints=warn" "-w" "/opt/rustwide/workdir" "--user" "0:0" "c41f61df9c91b14ead5afa7a92e0490a95f65e23aa218dd2da79f93c993cac37" "/opt/rustwide/cargo-home/bin/cargo" "+1.99.0-beta.8" "test" "--frozen" "--no-run" "--message-format=json", kill_on_drop: false }`
[INFO] [stderr]    Compiling pytorch-trace-tui v0.1.0 (/opt/rustwide/workdir)
[INFO] [stderr]     Finished `test` profile [unoptimized + debuginfo] target(s) in 12.56s
[INFO] running `Command { std: "docker" "inspect" "c41f61df9c91b14ead5afa7a92e0490a95f65e23aa218dd2da79f93c993cac37", kill_on_drop: false }`
[INFO] running `Command { std: "docker" "exec" "-e" "SOURCE_DIR=/opt/rustwide/workdir" "-e" "CARGO_HOME=/opt/rustwide/cargo-home" "-e" "RUSTUP_HOME=/opt/rustwide/rustup-home" "-e" "CARGO_TARGET_DIR=/opt/rustwide/target" "-e" "CARGO_INCREMENTAL=0" "-e" "RUST_BACKTRACE=full" "-e" "RUSTFLAGS=--cap-lints=warn" "-e" "RUSTDOCFLAGS=--cap-lints=warn" "-w" "/opt/rustwide/workdir" "--user" "0:0" "c41f61df9c91b14ead5afa7a92e0490a95f65e23aa218dd2da79f93c993cac37" "/opt/rustwide/cargo-home/bin/cargo" "+1.99.0-beta.8" "test" "--frozen", kill_on_drop: false }`
[INFO] [stderr]     Finished `test` profile [unoptimized + debuginfo] target(s) in 0.34s
[INFO] [stderr]      Running unittests src/main.rs (/opt/rustwide/target/debug/deps/pytorch_trace_tui-7f157990bf3bec7b)
[INFO] [stdout] 
[INFO] [stdout] running 143 tests
[INFO] [stdout] test app::tests::test_click_honors_view_offset ... ok
[INFO] [stdout] test app::tests::test_click_empty_space_selects_nearest ... ok
[INFO] [stdout] test app::tests::test_annotation_tightest_overlap_tie_break ... ok
[INFO] [stdout] test app::tests::test_click_first_and_last_kernel ... ok
[INFO] [stdout] test app::tests::test_annotation_lane_before_kernel_lane ... ok
[INFO] [stdout] test app::tests::test_active_lane_is_first ... ok
[INFO] [stdout] test app::tests::test_click_outside_lane_area_is_noop ... ok
[INFO] [stdout] test app::tests::test_click_in_label_gutter_activates_lane_only ... ok
[INFO] [stdout] test app::tests::test_click_selects_correct_lane_across_rows ... ok
[INFO] [stdout] test app::tests::test_click_selects_kernel_under_cursor ... ok
[INFO] [stdout] test app::tests::test_annotation_only_stream_survives ... ok
[INFO] [stdout] test app::tests::test_columns_s1_non_overlapping_own_columns ... ok
[INFO] [stdout] test app::tests::test_columns_s4_selected_wins ... ok
[INFO] [stdout] test app::tests::test_columns_s5_deleted_beats_added ... ok
[INFO] [stdout] test app::tests::test_columns_s2_added_wins_over_wide_matched ... ok
[INFO] [stdout] test app::tests::test_columns_s3_deleted_wins_over_wide_matched ... ok
[INFO] [stdout] test app::tests::test_csv_escape_quotes_commas_and_quotes ... ok
[INFO] [stdout] test app::tests::test_columns_s6_gaps_are_empty ... ok
[INFO] [stdout] test app::tests::test_columns_s7_non_diff_all_matched ... ok
[INFO] [stdout] test app::tests::test_diff_align_replace_is_delete_plus_insert ... ok
[INFO] [stdout] test app::tests::test_diff_align_s1_equal_snaps_start_keeps_own_duration ... ok
[INFO] [stdout] test app::tests::test_diff_align_s2_middle_insert_shifts_later_anchor ... ok
[INFO] [stdout] test app::tests::test_diff_align_s5_delete_keeps_anchor_only ... ok
[INFO] [stdout] test app::tests::test_diff_status_insert_is_added ... ok
[INFO] [stdout] test app::tests::test_diff_status_cleared_in_normal_mode ... ok
[INFO] [stdout] test app::tests::test_diff_status_none_for_more_than_two_traces ... ok
[INFO] [stdout] test app::tests::test_diff_status_delete_is_deleted ... ok
[INFO] [stdout] test app::tests::test_high_zoom_narrows_window_with_large_timestamps ... ok
[INFO] [stdout] test app::tests::test_initial_active_lane_is_kernel_when_available ... ok
[INFO] [stdout] test app::tests::test_lane_csv_filename_single_and_multi_trace ... ok
[INFO] [stdout] test app::tests::test_lane_kernels_csv_annotation_stage_columns ... ok
[INFO] [stdout] test app::tests::test_global_window_covers_all_streams ... ok
[INFO] [stdout] test app::tests::test_kernel_columns_proportional_width_at_high_zoom ... ok
[INFO] [stdout] test app::tests::test_kernel_columns_skips_out_of_window ... ok
[INFO] [stdout] test app::tests::test_lane_change_selects_nearest_ts ... ok
[INFO] [stdout] test app::tests::test_diff_status_replace_marks_both ... ok
[INFO] [stdout] test app::tests::test_lane_kernels_csv_happy ... ok
[INFO] [stdout] test app::tests::test_global_bounds_use_override_positions ... ok
[INFO] [stdout] test app::tests::test_lane_kernels_csv_none_on_annotation_lane ... ok
[INFO] [stdout] test app::tests::test_lane_wraps ... ok
[INFO] [stdout] test app::tests::test_kernel_columns_clips_partial_overlap ... ok
[INFO] [stdout] test app::tests::test_mode_s1_diff_remaps_annotation_via_timemap ... ok
[INFO] [stdout] test app::tests::test_lanes_interleaved_by_row_across_traces ... ok
[INFO] [stdout] test app::tests::test_lanes_kernel_only ... ok
[INFO] [stdout] test app::tests::test_mode_s6_single_trace ... ok
[INFO] [stdout] test app::tests::test_mode_s5_one_sided_stream_normal ... ok
[INFO] [stdout] test app::tests::test_overrides_fully_populated ... ok
[INFO] [stdout] test app::tests::test_prev_lane_wraps ... ok
[INFO] [stdout] test app::tests::test_mode_s7_g_noop_for_more_than_two ... ok
[INFO] [stdout] test app::tests::test_mode_s2_normal_zero_base ... ok
[INFO] [stdout] test app::tests::test_render_ts_accessors_read_overrides ... ok
[INFO] [stdout] test app::tests::test_navigation_ad ... ok
[INFO] [stdout] test app::tests::test_scroll_keeps_active_lane_visible ... ok
[INFO] [stdout] test app::tests::test_mode_s3_toggle_idempotency ... ok
[INFO] [stdout] test app::tests::test_mode_s4_annotation_only_stream_normal_in_both_modes ... ok
[INFO] [stdout] test app::tests::test_scroll_lanes_moves_view_not_selection ... ok
[INFO] [stdout] test app::tests::test_search_cancel_resets ... ok
[INFO] [stdout] test app::tests::test_search_finds_annotation ... ok
[INFO] [stdout] test app::tests::test_search_next_advances_through_matches ... ok
[INFO] [stdout] test app::tests::test_search_next_prev_noop_without_matches ... ok
[INFO] [stdout] test app::tests::test_search_prev_wraps_to_last ... ok
[INFO] [stdout] test app::tests::test_search_next_wraps_to_first ... ok
[INFO] [stdout] test app::tests::test_sequence_default_none_and_close ... ok
[INFO] [stdout] test app::tests::test_mode_s8_header_label ... ok
[INFO] [stdout] test app::tests::test_sequence_median_even_count ... ok
[INFO] [stdout] test app::tests::test_sequence_median_finds_non_contiguous_repeats ... ok
[INFO] [stdout] test app::tests::test_sequence_median_per_position ... ok
[INFO] [stdout] test app::tests::test_search_case_insensitive_and_no_match ... ok
[INFO] [stdout] test app::tests::test_search_refine_resets_match_index ... ok
[INFO] [stdout] test app::tests::test_search_collects_all_matches_and_jumps_to_first ... ok
[INFO] [stdout] test app::tests::test_sequence_between_same_named ... ok
[INFO] [stdout] test app::tests::test_search_jumps_to_first_match_across_lanes ... ok
[INFO] [stdout] test app::tests::test_sequence_to_end_of_lane ... ok
[INFO] [stdout] test app::tests::test_sequence_none_on_annotation_lane ... ok
[INFO] [stdout] test app::tests::test_sequence_works_on_startup_without_navigation ... ok
[INFO] [stdout] test app::tests::test_sequence_scroll_clamps_to_bounds ... ok
[INFO] [stdout] test app::tests::test_short_labels_strip_common_prefix_and_suffix ... ok
[INFO] [stdout] test app::tests::test_single_trace_regression ... ok
[INFO] [stdout] test app::tests::test_short_labels_single_unchanged ... ok
[INFO] [stdout] test app::tests::test_stage_mixed ... ok
[INFO] [stdout] test app::tests::test_short_labels_empty_diff_falls_back_to_index ... ok
[INFO] [stdout] test app::tests::test_short_labels_identical_fall_back_to_index ... ok
[INFO] [stdout] test app::tests::test_stage_none_on_garbage ... ok
[INFO] [stdout] test app::tests::test_stage_none_on_nccl ... ok
[INFO] [stdout] test app::tests::test_stream_without_annotations_is_single_lane ... ok
[INFO] [stdout] test app::tests::test_stage_detailed_form ... ok
[INFO] [stdout] test app::tests::test_streams_sorted ... ok
[INFO] [stdout] test app::tests::test_sequence_works_without_prior_search ... ok
[INFO] [stdout] test app::tests::test_stage_decode ... ok
[INFO] [stdout] test app::tests::test_short_labels_prefix_only ... ok
[INFO] [stdout] test app::tests::test_unequal_lane_counts_round_robin_skips_missing ... ok
[INFO] [stdout] test app::tests::test_stage_prefill ... ok
[INFO] [stdout] test app::tests::test_tab_from_kernel_lane_reaches_annotation_lane ... ok
[INFO] [stdout] test app::tests::test_tab_selects_annotation_lane_and_ad_navigates ... ok
[INFO] [stdout] test app::tests::test_tab_across_traces_uses_aligned_position ... ok
[INFO] [stdout] test app::tests::test_zoom ... ok
[INFO] [stdout] test app::tests::test_startup_view_offset_is_top ... ok
[INFO] [stdout] test app::tests::test_zoom_center_follows_annotation ... ok
[INFO] [stdout] test clipboard::tests::base64_matches_known_vectors ... ok
[INFO] [stdout] test mcp_core::tests::test_kernel_sequence_core_stage_filter ... ok
[INFO] [stdout] test mcp_core::tests::test_kernel_sequence_core_bounded ... ok
[INFO] [stdout] test mcp_core::tests::test_label_empty_stem_fallback ... ok
[INFO] [stdout] test mcp_core::tests::test_label_flat_stem ... ok
[INFO] [stdout] test mcp_core::tests::test_label_rank_parsing_boundaries ... ok
[INFO] [stdout] test mcp_core::tests::test_label_no_traces_parent_uses_parent ... ok
[INFO] [stdout] test app::tests::test_zoom_in_unbounded ... ok
[INFO] [stdout] test mcp_core::tests::test_lane_csv_core_stage_filter ... ok
[INFO] [stdout] test mcp_core::tests::test_lane_csv_core_caps_at_max_rows ... ok
[INFO] [stdout] test mcp_core::tests::test_list_traces_in_dir_does_not_follow_symlink_cycle ... ok
[INFO] [stdout] test mcp_core::tests::test_lane_csv_core_respects_limit_offset ... ok
[INFO] [stdout] test mcp_core::tests::test_list_traces_in_dir_empty_is_ok_not_err ... ok
[INFO] [stdout] test mcp_core::tests::test_list_traces_in_dir_finds_flat_and_nested ... ok
[INFO] [stdout] test mcp_core::tests::test_list_traces_in_dir_finds_nested ... ok
[INFO] [stdout] test mcp_core::tests::test_list_traces_in_dir_skips_hidden_dirs ... ok
[INFO] [stdout] test mcp_core::tests::test_stage_of_kernel_classifies ... ok
[INFO] [stdout] test mcp_core::tests::test_list_traces_in_dir_ignores_non_traces ... ok
[INFO] [stdout] test mcp_core::tests::test_stage_parse_arg_valid_and_invalid ... ok
[INFO] [stdout] test mcp_core::tests::test_label_run_and_rank ... ok
[INFO] [stdout] test mcp_core::tests::test_label_run_no_rank ... ok
[INFO] [stdout] test mcp_core::tests::test_lane_csv_core_includes_annotation_stage ... ok
[INFO] [stdout] test mcp_core::tests::test_summary_core_counts ... ok
[INFO] [stdout] test mcp_core::tests::test_stage_summary_core_median ... ok
[INFO] [stdout] test tests::comma_separated_multi ... ok
[INFO] [stdout] test tests::duplicates_preserved_in_order ... ok
[INFO] [stdout] test tests::quit_and_empty_return_none ... ok
[INFO] [stdout] test tests::space_separated_multi ... ok
[INFO] [stdout] test tests::mixed_separators_and_spacing ... ok
[INFO] [stdout] test tests::single_number ... ok
[INFO] [stdout] test trace::tests::test_annotation_accepted ... ok
[INFO] [stdout] test trace::tests::test_gpu_memcpy_accepted ... ok
[INFO] [stdout] test trace::tests::test_metadata_rejected ... ok
[INFO] [stdout] test mcp_core::tests::test_summary_core_per_stage ... ok
[INFO] [stdout] test trace::tests::test_cpu_op_rejected ... ok
[INFO] [stdout] test trace::tests::test_parse_bare_array ... ok
[INFO] [stdout] test trace::tests::test_gpu_kernel_accepted ... ok
[INFO] [stdout] test trace::tests::test_parse_gz_trace ... ok
[INFO] [stdout] test trace::tests::test_parse_object_wrapper ... ok
[INFO] [stdout] test ui::tests::test_annotation_lane_uses_ann_bg_never_diff_colors ... ok
[INFO] [stdout] test ui::tests::test_wide_matched_does_not_hide_added ... ok
[INFO] [stdout] test app::tests::test_sequence_end_to_end_copy_writes_file_artifact ... FAILED
[INFO] [stdout] test clipboard::tests::copy_always_writes_file_and_emits_osc52 ... FAILED
[INFO] [stdout] test tests::non_numeric_is_error ... ok
[INFO] [stdout] test tests::out_of_range_is_error ... ok
[INFO] [stdout] 
[INFO] [stdout] failures:
[INFO] [stdout] 
[INFO] [stdout] ---- app::tests::test_sequence_end_to_end_copy_writes_file_artifact stdout ----
[INFO] [stdout] 
[INFO] [stdout] thread 'app::tests::test_sequence_end_to_end_copy_writes_file_artifact' (2294) panicked at src/app.rs:2712:49:
[INFO] [stdout] called `Result::unwrap()` on an `Err` value: Os { code: 30, kind: ReadOnlyFilesystem, message: "Read-only file system" }
[INFO] [stdout] stack backtrace:
[INFO] [stdout]    0:     0x63c9cb0e0971 - std[70759c8f55707aa4]::backtrace_rs::backtrace::libunwind::trace
[INFO] [stdout]                                at /rustc/dfb0accb7f508ae8be965d8629557221c889dd98/library/std/src/../../backtrace/src/backtrace/libunwind.rs:117:9
[INFO] [stdout]    1:     0x63c9cb0e0971 - std[70759c8f55707aa4]::backtrace_rs::backtrace::trace_unsynchronized::<std[70759c8f55707aa4]::sys::backtrace::_print_fmt::{closure#1}>
[INFO] [stdout]                                at /rustc/dfb0accb7f508ae8be965d8629557221c889dd98/library/std/src/../../backtrace/src/backtrace/mod.rs:66:14
[INFO] [stdout]    2:     0x63c9cb0e0971 - std[70759c8f55707aa4]::sys::backtrace::_print_fmt
[INFO] [stdout]                                at /rustc/dfb0accb7f508ae8be965d8629557221c889dd98/library/std/src/sys/backtrace.rs:74:9
[INFO] [stdout]    3:     0x63c9cb0e0971 - <<std[70759c8f55707aa4]::sys::backtrace::BacktraceLock>::print::DisplayBacktrace as core[df12db4294e9bfd3]::fmt::Display>::fmt
[INFO] [stdout]                                at /rustc/dfb0accb7f508ae8be965d8629557221c889dd98/library/std/src/sys/backtrace.rs:44:26
[INFO] [stdout]    4:     0x63c9cb0f873a - <core[df12db4294e9bfd3]::fmt::rt::Argument>::fmt
[INFO] [stdout]                                at /rustc/dfb0accb7f508ae8be965d8629557221c889dd98/library/core/src/fmt/rt.rs:152:76
[INFO] [stdout]    5:     0x63c9cb0f873a - core[df12db4294e9bfd3]::fmt::write
[INFO] [stdout]    6:     0x63c9cb0e5d3c - core[df12db4294e9bfd3]::io::write::default_write_fmt::<alloc[2182bb758b4b3781]::vec::Vec<u8>>
[INFO] [stdout]                                at /rustc/dfb0accb7f508ae8be965d8629557221c889dd98/library/core/src/io/write.rs:402:11
[INFO] [stdout]    7:     0x63c9cb0e5d3c - <alloc[2182bb758b4b3781]::vec::Vec<u8> as core[df12db4294e9bfd3]::io::write::Write>::write_fmt
[INFO] [stdout]                                at /rustc/dfb0accb7f508ae8be965d8629557221c889dd98/library/core/src/io/write.rs:335:13
[INFO] [stdout]    8:     0x63c9cb0b93b6 - <std[70759c8f55707aa4]::sys::backtrace::BacktraceLock>::print
[INFO] [stdout]                                at /rustc/dfb0accb7f508ae8be965d8629557221c889dd98/library/std/src/sys/backtrace.rs:47:9
[INFO] [stdout]    9:     0x63c9cb0b93b6 - std[70759c8f55707aa4]::panicking::default_hook::{closure#0}
[INFO] [stdout]                                at /rustc/dfb0accb7f508ae8be965d8629557221c889dd98/library/std/src/panicking.rs:292:27
[INFO] [stdout]   10:     0x63c9cb0d7549 - std[70759c8f55707aa4]::panicking::default_hook
[INFO] [stdout]                                at /rustc/dfb0accb7f508ae8be965d8629557221c889dd98/library/std/src/panicking.rs:316:9
[INFO] [stdout]   11:     0x63c9cafb33c0 - <alloc[2182bb758b4b3781]::boxed::Box<dyn for<'a, 'b> core[df12db4294e9bfd3]::ops::function::Fn<(&'a std[70759c8f55707aa4]::panic::PanicHookInfo<'b>,), Output = ()> + core[df12db4294e9bfd3]::marker::Send + core[df12db4294e9bfd3]::marker::Sync> as core[df12db4294e9bfd3]::ops::function::Fn<(&std[70759c8f55707aa4]::panic::PanicHookInfo,)>>::call
[INFO] [stdout]                                at /rustc/dfb0accb7f508ae8be965d8629557221c889dd98/library/alloc/src/boxed.rs:2334:9
[INFO] [stdout]   12:     0x63c9cafb33c0 - test[9d35eded1c95d3be]::test_main_inner::<test[9d35eded1c95d3be]::test_main_static::{closure#0}>::{closure#0}
[INFO] [stdout]                                at /rustc/dfb0accb7f508ae8be965d8629557221c889dd98/library/test/src/lib.rs:155:21
[INFO] [stdout]   13:     0x63c9cb0d7702 - <alloc[2182bb758b4b3781]::boxed::Box<dyn for<'a, 'b> core[df12db4294e9bfd3]::ops::function::Fn<(&'a std[70759c8f55707aa4]::panic::PanicHookInfo<'b>,), Output = ()> + core[df12db4294e9bfd3]::marker::Send + core[df12db4294e9bfd3]::marker::Sync> as core[df12db4294e9bfd3]::ops::function::Fn<(&std[70759c8f55707aa4]::panic::PanicHookInfo,)>>::call
[INFO] [stdout]                                at /rustc/dfb0accb7f508ae8be965d8629557221c889dd98/library/alloc/src/boxed.rs:2334:9
[INFO] [stdout]   14:     0x63c9cb0d7702 - std[70759c8f55707aa4]::panicking::panic_with_hook
[INFO] [stdout]                                at /rustc/dfb0accb7f508ae8be965d8629557221c889dd98/library/std/src/panicking.rs:823:13
[INFO] [stdout]   15:     0x63c9cb0b9462 - std[70759c8f55707aa4]::panicking::panic_handler::{closure#0}
[INFO] [stdout]                                at /rustc/dfb0accb7f508ae8be965d8629557221c889dd98/library/std/src/panicking.rs:688:13
[INFO] [stdout]   16:     0x63c9cb0b1779 - std[70759c8f55707aa4]::sys::backtrace::__rust_end_short_backtrace::<std[70759c8f55707aa4]::panicking::panic_handler::{closure#0}, !>
[INFO] [stdout]                                at /rustc/dfb0accb7f508ae8be965d8629557221c889dd98/library/std/src/sys/backtrace.rs:182:18
[INFO] [stdout]   17:     0x63c9cb0ba64d - __rustc[8fa7c3cbc660c2b3]::rust_begin_unwind
[INFO] [stdout]                                at /rustc/dfb0accb7f508ae8be965d8629557221c889dd98/library/std/src/panicking.rs:679:5
[INFO] [stdout]   18:     0x63c9cb0f8f2c - core[df12db4294e9bfd3]::panicking::panic_fmt
[INFO] [stdout]                                at /rustc/dfb0accb7f508ae8be965d8629557221c889dd98/library/core/src/panicking.rs:80:14
[INFO] [stdout]   19:     0x63c9cb0f8c82 - core[df12db4294e9bfd3]::result::unwrap_failed
[INFO] [stdout]                                at /rustc/dfb0accb7f508ae8be965d8629557221c889dd98/library/core/src/result.rs:1871:5
[INFO] [stdout]   20:     0x63c9cad61093 - <core[df12db4294e9bfd3]::result::Result<pytorch_trace_tui[e72b3e151a3aacd9]::clipboard::CopyOutcome, core[df12db4294e9bfd3]::io::error::Error>>::unwrap
[INFO] [stdout]                                at /rustc/dfb0accb7f508ae8be965d8629557221c889dd98/library/core/src/result.rs:1232:23
[INFO] [stdout]   21:     0x63c9cad61093 - pytorch_trace_tui[e72b3e151a3aacd9]::app::tests::test_sequence_end_to_end_copy_writes_file_artifact
[INFO] [stdout]                                at /opt/rustwide/workdir/src/app.rs:2712:49
[INFO] [stdout]   22:     0x63c9cad386f7 - pytorch_trace_tui[e72b3e151a3aacd9]::app::tests::test_sequence_end_to_end_copy_writes_file_artifact::{closure#0}
[INFO] [stdout]                                at /opt/rustwide/workdir/src/app.rs:2686:60
[INFO] [stdout]   23:     0x63c9cadf76d6 - <pytorch_trace_tui[e72b3e151a3aacd9]::app::tests::test_sequence_end_to_end_copy_writes_file_artifact::{closure#0} as core[df12db4294e9bfd3]::ops::function::FnOnce<()>>::call_once
[INFO] [stdout]                                at /rustc/dfb0accb7f508ae8be965d8629557221c889dd98/library/core/src/ops/function.rs:250:5
[INFO] [stdout]   24:     0x63c9cafa66ab - <fn() -> core[df12db4294e9bfd3]::result::Result<(), alloc[2182bb758b4b3781]::string::String> as core[df12db4294e9bfd3]::ops::function::FnOnce<()>>::call_once
[INFO] [stdout]                                at /rustc/dfb0accb7f508ae8be965d8629557221c889dd98/library/core/src/ops/function.rs:250:5
[INFO] [stdout]   25:     0x63c9cafa66ab - test[9d35eded1c95d3be]::__rust_begin_short_backtrace::<core[df12db4294e9bfd3]::result::Result<(), alloc[2182bb758b4b3781]::string::String>, fn() -> core[df12db4294e9bfd3]::result::Result<(), alloc[2182bb758b4b3781]::string::String>>
[INFO] [stdout]                                at /rustc/dfb0accb7f508ae8be965d8629557221c889dd98/library/test/src/lib.rs:733:18
[INFO] [stdout]   26:     0x63c9cafb3d15 - test[9d35eded1c95d3be]::run_test_in_process::{closure#0}
[INFO] [stdout]                                at /rustc/dfb0accb7f508ae8be965d8629557221c889dd98/library/test/src/lib.rs:756:74
[INFO] [stdout]   27:     0x63c9cafb3d15 - <core[df12db4294e9bfd3]::panic::unwind_safe::AssertUnwindSafe<test[9d35eded1c95d3be]::run_test_in_process::{closure#0}> as core[df12db4294e9bfd3]::ops::function::FnOnce<()>>::call_once
[INFO] [stdout]                                at /rustc/dfb0accb7f508ae8be965d8629557221c889dd98/library/core/src/panic/unwind_safe.rs:275:9
[INFO] [stdout]   28:     0x63c9cafb3d15 - std[70759c8f55707aa4]::panicking::catch_unwind::do_call::<core[df12db4294e9bfd3]::panic::unwind_safe::AssertUnwindSafe<test[9d35eded1c95d3be]::run_test_in_process::{closure#0}>, core[df12db4294e9bfd3]::result::Result<(), alloc[2182bb758b4b3781]::string::String>>
[INFO] [stdout]                                at /rustc/dfb0accb7f508ae8be965d8629557221c889dd98/library/std/src/panicking.rs:576:43
[INFO] [stdout]   29:     0x63c9cafb3d15 - std[70759c8f55707aa4]::panicking::catch_unwind::<core[df12db4294e9bfd3]::result::Result<(), alloc[2182bb758b4b3781]::string::String>, core[df12db4294e9bfd3]::panic::unwind_safe::AssertUnwindSafe<test[9d35eded1c95d3be]::run_test_in_process::{closure#0}>>
[INFO] [stdout]                                at /rustc/dfb0accb7f508ae8be965d8629557221c889dd98/library/std/src/panicking.rs:544:19
[INFO] [stdout]   30:     0x63c9cafb3d15 - std[70759c8f55707aa4]::panic::catch_unwind::<core[df12db4294e9bfd3]::panic::unwind_safe::AssertUnwindSafe<test[9d35eded1c95d3be]::run_test_in_process::{closure#0}>, core[df12db4294e9bfd3]::result::Result<(), alloc[2182bb758b4b3781]::string::String>>
[INFO] [stdout]                                at /rustc/dfb0accb7f508ae8be965d8629557221c889dd98/library/std/src/panic.rs:359:14
[INFO] [stdout]   31:     0x63c9cafb3d15 - test[9d35eded1c95d3be]::run_test_in_process
[INFO] [stdout]                                at /rustc/dfb0accb7f508ae8be965d8629557221c889dd98/library/test/src/lib.rs:756:27
[INFO] [stdout]   32:     0x63c9cafb3d15 - test[9d35eded1c95d3be]::run_test::{closure#0}
[INFO] [stdout]                                at /rustc/dfb0accb7f508ae8be965d8629557221c889dd98/library/test/src/lib.rs:677:43
[INFO] [stdout]   33:     0x63c9cafad5d4 - test[9d35eded1c95d3be]::run_test::{closure#1}
[INFO] [stdout]                                at /rustc/dfb0accb7f508ae8be965d8629557221c889dd98/library/test/src/lib.rs:707:41
[INFO] [stdout]   34:     0x63c9cafad5d4 - std[70759c8f55707aa4]::sys::backtrace::__rust_begin_short_backtrace::<test[9d35eded1c95d3be]::run_test::{closure#1}, ()>
[INFO] [stdout]                                at /rustc/dfb0accb7f508ae8be965d8629557221c889dd98/library/std/src/sys/backtrace.rs:166:18
[INFO] [stdout]   35:     0x63c9cafb6e72 - std[70759c8f55707aa4]::thread::lifecycle::spawn_unchecked::<test[9d35eded1c95d3be]::run_test::{closure#1}, ()>::{closure#1}::{closure#0}
[INFO] [stdout]                                at /rustc/dfb0accb7f508ae8be965d8629557221c889dd98/library/std/src/thread/lifecycle.rs:70:13
[INFO] [stdout]   36:     0x63c9cafb6e72 - <core[df12db4294e9bfd3]::panic::unwind_safe::AssertUnwindSafe<std[70759c8f55707aa4]::thread::lifecycle::spawn_unchecked<test[9d35eded1c95d3be]::run_test::{closure#1}, ()>::{closure#1}::{closure#0}> as core[df12db4294e9bfd3]::ops::function::FnOnce<()>>::call_once
[INFO] [stdout]                                at /rustc/dfb0accb7f508ae8be965d8629557221c889dd98/library/core/src/panic/unwind_safe.rs:275:9
[INFO] [stdout]   37:     0x63c9cafb6e72 - std[70759c8f55707aa4]::panicking::catch_unwind::do_call::<core[df12db4294e9bfd3]::panic::unwind_safe::AssertUnwindSafe<std[70759c8f55707aa4]::thread::lifecycle::spawn_unchecked<test[9d35eded1c95d3be]::run_test::{closure#1}, ()>::{closure#1}::{closure#0}>, ()>
[INFO] [stdout]                                at /rustc/dfb0accb7f508ae8be965d8629557221c889dd98/library/std/src/panicking.rs:576:43
[INFO] [stdout]   38:     0x63c9cafb6e72 - std[70759c8f55707aa4]::panicking::catch_unwind::<(), core[df12db4294e9bfd3]::panic::unwind_safe::AssertUnwindSafe<std[70759c8f55707aa4]::thread::lifecycle::spawn_unchecked<test[9d35eded1c95d3be]::run_test::{closure#1}, ()>::{closure#1}::{closure#0}>>
[INFO] [stdout]                                at /rustc/dfb0accb7f508ae8be965d8629557221c889dd98/library/std/src/panicking.rs:544:19
[INFO] [stdout]   39:     0x63c9cafb6e72 - std[70759c8f55707aa4]::panic::catch_unwind::<core[df12db4294e9bfd3]::panic::unwind_safe::AssertUnwindSafe<std[70759c8f55707aa4]::thread::lifecycle::spawn_unchecked<test[9d35eded1c95d3be]::run_test::{closure#1}, ()>::{closure#1}::{closure#0}>, ()>
[INFO] [stdout]                                at /rustc/dfb0accb7f508ae8be965d8629557221c889dd98/library/std/src/panic.rs:359:14
[INFO] [stdout]   40:     0x63c9cafb6e72 - std[70759c8f55707aa4]::thread::lifecycle::spawn_unchecked::<test[9d35eded1c95d3be]::run_test::{closure#1}, ()>::{closure#1}
[INFO] [stdout]                                at /rustc/dfb0accb7f508ae8be965d8629557221c889dd98/library/std/src/thread/lifecycle.rs:68:26
[INFO] [stdout]   41:     0x63c9cafb6e72 - <std[70759c8f55707aa4]::thread::lifecycle::spawn_unchecked<test[9d35eded1c95d3be]::run_test::{closure#1}, ()>::{closure#1} as core[df12db4294e9bfd3]::ops::function::FnOnce<()>>::call_once::{shim:vtable#0}
[INFO] [stdout]                                at /rustc/dfb0accb7f508ae8be965d8629557221c889dd98/library/core/src/ops/function.rs:250:5
[INFO] [stdout]   42:     0x63c9cb0df4a9 - <alloc[2182bb758b4b3781]::boxed::Box<dyn core[df12db4294e9bfd3]::ops::function::FnOnce<(), Output = ()> + core[df12db4294e9bfd3]::marker::Send> as core[df12db4294e9bfd3]::ops::function::FnOnce<()>>::call_once
[INFO] [stdout]                                at /rustc/dfb0accb7f508ae8be965d8629557221c889dd98/library/alloc/src/boxed.rs:2320:9
[INFO] [stdout]   43:     0x63c9cb0df4a9 - <std[70759c8f55707aa4]::sys::thread::unix::Thread>::new::thread_start
[INFO] [stdout]                                at /rustc/dfb0accb7f508ae8be965d8629557221c889dd98/library/std/src/sys/thread/unix.rs:123:17
[INFO] [stdout]   44:     0x7e88ce791dfa - <unknown>
[INFO] [stdout]   45:     0x7e88ce8253d4 - clone
[INFO] [stdout]   46:                0x0 - <unknown>
[INFO] [stdout] 
[INFO] [stdout] ---- clipboard::tests::copy_always_writes_file_and_emits_osc52 stdout ----
[INFO] [stdout] 
[INFO] [stdout] thread 'clipboard::tests::copy_always_writes_file_and_emits_osc52' (2326) panicked at src/clipboard.rs:109:63:
[INFO] [stdout] called `Result::unwrap()` on an `Err` value: Os { code: 30, kind: ReadOnlyFilesystem, message: "Read-only file system" }
[INFO] [stdout] stack backtrace:
[INFO] [stdout]    0:     0x63c9cb0e0971 - std[70759c8f55707aa4]::backtrace_rs::backtrace::libunwind::trace
[INFO] [stdout]                                at /rustc/dfb0accb7f508ae8be965d8629557221c889dd98/library/std/src/../../backtrace/src/backtrace/libunwind.rs:117:9
[INFO] [stdout]    1:     0x63c9cb0e0971 - std[70759c8f55707aa4]::backtrace_rs::backtrace::trace_unsynchronized::<std[70759c8f55707aa4]::sys::backtrace::_print_fmt::{closure#1}>
[INFO] [stdout]                                at /rustc/dfb0accb7f508ae8be965d8629557221c889dd98/library/std/src/../../backtrace/src/backtrace/mod.rs:66:14
[INFO] [stdout]    2:     0x63c9cb0e0971 - std[70759c8f55707aa4]::sys::backtrace::_print_fmt
[INFO] [stdout]                                at /rustc/dfb0accb7f508ae8be965d8629557221c889dd98/library/std/src/sys/backtrace.rs:74:9
[INFO] [stdout]    3:     0x63c9cb0e0971 - <<std[70759c8f55707aa4]::sys::backtrace::BacktraceLock>::print::DisplayBacktrace as core[df12db4294e9bfd3]::fmt::Display>::fmt
[INFO] [stdout]                                at /rustc/dfb0accb7f508ae8be965d8629557221c889dd98/library/std/src/sys/backtrace.rs:44:26
[INFO] [stdout]    4:     0x63c9cb0f873a - <core[df12db4294e9bfd3]::fmt::rt::Argument>::fmt
[INFO] [stdout]                                at /rustc/dfb0accb7f508ae8be965d8629557221c889dd98/library/core/src/fmt/rt.rs:152:76
[INFO] [stdout]    5:     0x63c9cb0f873a - core[df12db4294e9bfd3]::fmt::write
[INFO] [stdout]    6:     0x63c9cb0e5d3c - core[df12db4294e9bfd3]::io::write::default_write_fmt::<alloc[2182bb758b4b3781]::vec::Vec<u8>>
[INFO] [stdout]                                at /rustc/dfb0accb7f508ae8be965d8629557221c889dd98/library/core/src/io/write.rs:402:11
[INFO] [stdout]    7:     0x63c9cb0e5d3c - <alloc[2182bb758b4b3781]::vec::Vec<u8> as core[df12db4294e9bfd3]::io::write::Write>::write_fmt
[INFO] [stdout]                                at /rustc/dfb0accb7f508ae8be965d8629557221c889dd98/library/core/src/io/write.rs:335:13
[INFO] [stdout]    8:     0x63c9cb0b93b6 - <std[70759c8f55707aa4]::sys::backtrace::BacktraceLock>::print
[INFO] [stdout]                                at /rustc/dfb0accb7f508ae8be965d8629557221c889dd98/library/std/src/sys/backtrace.rs:47:9
[INFO] [stdout]    9:     0x63c9cb0b93b6 - std[70759c8f55707aa4]::panicking::default_hook::{closure#0}
[INFO] [stdout]                                at /rustc/dfb0accb7f508ae8be965d8629557221c889dd98/library/std/src/panicking.rs:292:27
[INFO] [stdout]   10:     0x63c9cb0d7549 - std[70759c8f55707aa4]::panicking::default_hook
[INFO] [stdout]                                at /rustc/dfb0accb7f508ae8be965d8629557221c889dd98/library/std/src/panicking.rs:316:9
[INFO] [stdout]   11:     0x63c9cafb33c0 - <alloc[2182bb758b4b3781]::boxed::Box<dyn for<'a, 'b> core[df12db4294e9bfd3]::ops::function::Fn<(&'a std[70759c8f55707aa4]::panic::PanicHookInfo<'b>,), Output = ()> + core[df12db4294e9bfd3]::marker::Send + core[df12db4294e9bfd3]::marker::Sync> as core[df12db4294e9bfd3]::ops::function::Fn<(&std[70759c8f55707aa4]::panic::PanicHookInfo,)>>::call
[INFO] [stdout]                                at /rustc/dfb0accb7f508ae8be965d8629557221c889dd98/library/alloc/src/boxed.rs:2334:9
[INFO] [stdout]   12:     0x63c9cafb33c0 - test[9d35eded1c95d3be]::test_main_inner::<test[9d35eded1c95d3be]::test_main_static::{closure#0}>::{closure#0}
[INFO] [stdout]                                at /rustc/dfb0accb7f508ae8be965d8629557221c889dd98/library/test/src/lib.rs:155:21
[INFO] [stdout]   13:     0x63c9cb0d7702 - <alloc[2182bb758b4b3781]::boxed::Box<dyn for<'a, 'b> core[df12db4294e9bfd3]::ops::function::Fn<(&'a std[70759c8f55707aa4]::panic::PanicHookInfo<'b>,), Output = ()> + core[df12db4294e9bfd3]::marker::Send + core[df12db4294e9bfd3]::marker::Sync> as core[df12db4294e9bfd3]::ops::function::Fn<(&std[70759c8f55707aa4]::panic::PanicHookInfo,)>>::call
[INFO] [stdout]                                at /rustc/dfb0accb7f508ae8be965d8629557221c889dd98/library/alloc/src/boxed.rs:2334:9
[INFO] [stdout]   14:     0x63c9cb0d7702 - std[70759c8f55707aa4]::panicking::panic_with_hook
[INFO] [stdout]                                at /rustc/dfb0accb7f508ae8be965d8629557221c889dd98/library/std/src/panicking.rs:823:13
[INFO] [stdout]   15:     0x63c9cb0b9462 - std[70759c8f55707aa4]::panicking::panic_handler::{closure#0}
[INFO] [stdout]                                at /rustc/dfb0accb7f508ae8be965d8629557221c889dd98/library/std/src/panicking.rs:688:13
[INFO] [stdout]   16:     0x63c9cb0b1779 - std[70759c8f55707aa4]::sys::backtrace::__rust_end_short_backtrace::<std[70759c8f55707aa4]::panicking::panic_handler::{closure#0}, !>
[INFO] [stdout]                                at /rustc/dfb0accb7f508ae8be965d8629557221c889dd98/library/std/src/sys/backtrace.rs:182:18
[INFO] [stdout]   17:     0x63c9cb0ba64d - __rustc[8fa7c3cbc660c2b3]::rust_begin_unwind
[INFO] [stdout]                                at /rustc/dfb0accb7f508ae8be965d8629557221c889dd98/library/std/src/panicking.rs:679:5
[INFO] [stdout]   18:     0x63c9cb0f8f2c - core[df12db4294e9bfd3]::panicking::panic_fmt
[INFO] [stdout]                                at /rustc/dfb0accb7f508ae8be965d8629557221c889dd98/library/core/src/panicking.rs:80:14
[INFO] [stdout]   19:     0x63c9cb0f8c82 - core[df12db4294e9bfd3]::result::unwrap_failed
[INFO] [stdout]                                at /rustc/dfb0accb7f508ae8be965d8629557221c889dd98/library/core/src/result.rs:1871:5
[INFO] [stdout]   20:     0x63c9cad65ad5 - <core[df12db4294e9bfd3]::result::Result<pytorch_trace_tui[e72b3e151a3aacd9]::clipboard::CopyOutcome, core[df12db4294e9bfd3]::io::error::Error>>::unwrap
[INFO] [stdout]                                at /rustc/dfb0accb7f508ae8be965d8629557221c889dd98/library/core/src/result.rs:1232:23
[INFO] [stdout]   21:     0x63c9cad65ad5 - pytorch_trace_tui[e72b3e151a3aacd9]::clipboard::tests::copy_always_writes_file_and_emits_osc52
[INFO] [stdout]                                at /opt/rustwide/workdir/src/clipboard.rs:109:63
[INFO] [stdout]   22:     0x63c9cad38eb7 - pytorch_trace_tui[e72b3e151a3aacd9]::clipboard::tests::copy_always_writes_file_and_emits_osc52::{closure#0}
[INFO] [stdout]                                at /opt/rustwide/workdir/src/clipboard.rs:106:49
[INFO] [stdout]   23:     0x63c9cadf7bf6 - <pytorch_trace_tui[e72b3e151a3aacd9]::clipboard::tests::copy_always_writes_file_and_emits_osc52::{closure#0} as core[df12db4294e9bfd3]::ops::function::FnOnce<()>>::call_once
[INFO] [stdout]                                at /rustc/dfb0accb7f508ae8be965d8629557221c889dd98/library/core/src/ops/function.rs:250:5
[INFO] [stdout]   24:     0x63c9cafa66ab - <fn() -> core[df12db4294e9bfd3]::result::Result<(), alloc[2182bb758b4b3781]::string::String> as core[df12db4294e9bfd3]::ops::function::FnOnce<()>>::call_once
[INFO] [stdout]                                at /rustc/dfb0accb7f508ae8be965d8629557221c889dd98/library/core/src/ops/function.rs:250:5
[INFO] [stdout]   25:     0x63c9cafa66ab - test[9d35eded1c95d3be]::__rust_begin_short_backtrace::<core[df12db4294e9bfd3]::result::Result<(), alloc[2182bb758b4b3781]::string::String>, fn() -> core[df12db4294e9bfd3]::result::Result<(), alloc[2182bb758b4b3781]::string::String>>
[INFO] [stdout]                                at /rustc/dfb0accb7f508ae8be965d8629557221c889dd98/library/test/src/lib.rs:733:18
[INFO] [stdout]   26:     0x63c9cafb3d15 - test[9d35eded1c95d3be]::run_test_in_process::{closure#0}
[INFO] [stdout]                                at /rustc/dfb0accb7f508ae8be965d8629557221c889dd98/library/test/src/lib.rs:756:74
[INFO] [stdout]   27:     0x63c9cafb3d15 - <core[df12db4294e9bfd3]::panic::unwind_safe::AssertUnwindSafe<test[9d35eded1c95d3be]::run_test_in_process::{closure#0}> as core[df12db4294e9bfd3]::ops::function::FnOnce<()>>::call_once
[INFO] [stdout]                                at /rustc/dfb0accb7f508ae8be965d8629557221c889dd98/library/core/src/panic/unwind_safe.rs:275:9
[INFO] [stdout]   28:     0x63c9cafb3d15 - std[70759c8f55707aa4]::panicking::catch_unwind::do_call::<core[df12db4294e9bfd3]::panic::unwind_safe::AssertUnwindSafe<test[9d35eded1c95d3be]::run_test_in_process::{closure#0}>, core[df12db4294e9bfd3]::result::Result<(), alloc[2182bb758b4b3781]::string::String>>
[INFO] [stdout]                                at /rustc/dfb0accb7f508ae8be965d8629557221c889dd98/library/std/src/panicking.rs:576:43
[INFO] [stdout]   29:     0x63c9cafb3d15 - std[70759c8f55707aa4]::panicking::catch_unwind::<core[df12db4294e9bfd3]::result::Result<(), alloc[2182bb758b4b3781]::string::String>, core[df12db4294e9bfd3]::panic::unwind_safe::AssertUnwindSafe<test[9d35eded1c95d3be]::run_test_in_process::{closure#0}>>
[INFO] [stdout]                                at /rustc/dfb0accb7f508ae8be965d8629557221c889dd98/library/std/src/panicking.rs:544:19
[INFO] [stdout]   30:     0x63c9cafb3d15 - std[70759c8f55707aa4]::panic::catch_unwind::<core[df12db4294e9bfd3]::panic::unwind_safe::AssertUnwindSafe<test[9d35eded1c95d3be]::run_test_in_process::{closure#0}>, core[df12db4294e9bfd3]::result::Result<(), alloc[2182bb758b4b3781]::string::String>>
[INFO] [stdout]                                at /rustc/dfb0accb7f508ae8be965d8629557221c889dd98/library/std/src/panic.rs:359:14
[INFO] [stdout]   31:     0x63c9cafb3d15 - test[9d35eded1c95d3be]::run_test_in_process
[INFO] [stdout]                                at /rustc/dfb0accb7f508ae8be965d8629557221c889dd98/library/test/src/lib.rs:756:27
[INFO] [stdout]   32:     0x63c9cafb3d15 - test[9d35eded1c95d3be]::run_test::{closure#0}
[INFO] [stdout]                                at /rustc/dfb0accb7f508ae8be965d8629557221c889dd98/library/test/src/lib.rs:677:43
[INFO] [stdout]   33:     0x63c9cafad5d4 - test[9d35eded1c95d3be]::run_test::{closure#1}
[INFO] [stdout]                                at /rustc/dfb0accb7f508ae8be965d8629557221c889dd98/library/test/src/lib.rs:707:41
[INFO] [stdout]   34:     0x63c9cafad5d4 - std[70759c8f55707aa4]::sys::backtrace::__rust_begin_short_backtrace::<test[9d35eded1c95d3be]::run_test::{closure#1}, ()>
[INFO] [stdout]                                at /rustc/dfb0accb7f508ae8be965d8629557221c889dd98/library/std/src/sys/backtrace.rs:166:18
[INFO] [stdout]   35:     0x63c9cafb6e72 - std[70759c8f55707aa4]::thread::lifecycle::spawn_unchecked::<test[9d35eded1c95d3be]::run_test::{closure#1}, ()>::{closure#1}::{closure#0}
[INFO] [stdout]                                at /rustc/dfb0accb7f508ae8be965d8629557221c889dd98/library/std/src/thread/lifecycle.rs:70:13
[INFO] [stdout]   36:     0x63c9cafb6e72 - <core[df12db4294e9bfd3]::panic::unwind_safe::AssertUnwindSafe<std[70759c8f55707aa4]::thread::lifecycle::spawn_unchecked<test[9d35eded1c95d3be]::run_test::{closure#1}, ()>::{closure#1}::{closure#0}> as core[df12db4294e9bfd3]::ops::function::FnOnce<()>>::call_once
[INFO] [stdout]                                at /rustc/dfb0accb7f508ae8be965d8629557221c889dd98/library/core/src/panic/unwind_safe.rs:275:9
[INFO] [stdout]   37:     0x63c9cafb6e72 - std[70759c8f55707aa4]::panicking::catch_unwind::do_call::<core[df12db4294e9bfd3]::panic::unwind_safe::AssertUnwindSafe<std[70759c8f55707aa4]::thread::lifecycle::spawn_unchecked<test[9d35eded1c95d3be]::run_test::{closure#1}, ()>::{closure#1}::{closure#0}>, ()>
[INFO] [stdout]                                at /rustc/dfb0accb7f508ae8be965d8629557221c889dd98/library/std/src/panicking.rs:576:43
[INFO] [stdout]   38:     0x63c9cafb6e72 - std[70759c8f55707aa4]::panicking::catch_unwind::<(), core[df12db4294e9bfd3]::panic::unwind_safe::AssertUnwindSafe<std[70759c8f55707aa4]::thread::lifecycle::spawn_unchecked<test[9d35eded1c95d3be]::run_test::{closure#1}, ()>::{closure#1}::{closure#0}>>
[INFO] [stdout]                                at /rustc/dfb0accb7f508ae8be965d8629557221c889dd98/library/std/src/panicking.rs:544:19
[INFO] [stdout]   39:     0x63c9cafb6e72 - std[70759c8f55707aa4]::panic::catch_unwind::<core[df12db4294e9bfd3]::panic::unwind_safe::AssertUnwindSafe<std[70759c8f55707aa4]::thread::lifecycle::spawn_unchecked<test[9d35eded1c95d3be]::run_test::{closure#1}, ()>::{closure#1}::{closure#0}>, ()>
[INFO] [stdout]                                at /rustc/dfb0accb7f508ae8be965d8629557221c889dd98/library/std/src/panic.rs:359:14
[INFO] [stdout]   40:     0x63c9cafb6e72 - std[70759c8f55707aa4]::thread::lifecycle::spawn_unchecked::<test[9d35eded1c95d3be]::run_test::{closure#1}, ()>::{closure#1}
[INFO] [stdout]                                at /rustc/dfb0accb7f508ae8be965d8629557221c889dd98/library/std/src/thread/lifecycle.rs:68:26
[INFO] [stdout]   41:     0x63c9cafb6e72 - <std[70759c8f55707aa4]::thread::lifecycle::spawn_unchecked<test[9d35eded1c95d3be]::run_test::{closure#1}, ()>::{closure#1} as core[df12db4294e9bfd3]::ops::function::FnOnce<()>>::call_once::{shim:vtable#0}
[INFO] [stdout]                                at /rustc/dfb0accb7f508ae8be965d8629557221c889dd98/library/core/src/ops/function.rs:250:5
[INFO] [stdout]   42:     0x63c9cb0df4a9 - <alloc[2182bb758b4b3781]::boxed::Box<dyn core[df12db4294e9bfd3]::ops::function::FnOnce<(), Output = ()> + core[df12db4294e9bfd3]::marker::Send> as core[df12db4294e9bfd3]::ops::function::FnOnce<()>>::call_once
[INFO] [stdout]                                at /rustc/dfb0accb7f508ae8be965d8629557221c889dd98/library/alloc/src/boxed.rs:2320:9
[INFO] [stdout]   43:     0x63c9cb0df4a9 - <std[70759c8f55707aa4]::sys::thread::unix::Thread>::new::thread_start
[INFO] [stdout]                                at /rustc/dfb0accb7f508ae8be965d8629557221c889dd98/library/std/src/sys/thread/unix.rs:123:17
[INFO] [stdout]   44:     0x7e88ce791dfa - <unknown>
[INFO] [stdout]   45:     0x7e88ce8253d4 - clone
[INFO] [stdout]   46:                0x0 - <unknown>
[INFO] [stdout] 
[INFO] [stdout] 
[INFO] [stdout] failures:
[INFO] [stdout]     app::tests::test_sequence_end_to_end_copy_writes_file_artifact
[INFO] [stdout]     clipboard::tests::copy_always_writes_file_and_emits_osc52
[INFO] [stdout] 
[INFO] [stdout] test result: FAILED. 141 passed; 2 failed; 0 ignored; 0 measured; 0 filtered out; finished in 0.20s
[INFO] [stdout] 
[INFO] [stderr] error: test failed, to rerun pass `--bin pytorch-trace-tui`
[INFO] running `Command { std: "docker" "inspect" "c41f61df9c91b14ead5afa7a92e0490a95f65e23aa218dd2da79f93c993cac37", kill_on_drop: false }`
[INFO] running `Command { std: "docker" "rm" "-f" "c41f61df9c91b14ead5afa7a92e0490a95f65e23aa218dd2da79f93c993cac37", kill_on_drop: false }`
[INFO] [stdout] c41f61df9c91b14ead5afa7a92e0490a95f65e23aa218dd2da79f93c993cac37
