[INFO] cloning repository https://github.com/lambdamechanic/tooltest
[INFO] running `Command { std: "git" "-c" "credential.helper=" "-c" "credential.helper=/workspace/cargo-home/bin/git-credential-null" "clone" "--bare" "https://github.com/lambdamechanic/tooltest" "/workspace/cache/git-repos/https%3A%2F%2Fgithub.com%2Flambdamechanic%2Ftooltest", kill_on_drop: false }`
[INFO] [stderr] Cloning into bare repository '/workspace/cache/git-repos/https%3A%2F%2Fgithub.com%2Flambdamechanic%2Ftooltest'...
[INFO] running `Command { std: "git" "rev-parse" "HEAD", kill_on_drop: false }`
[INFO] [stdout] a341d49c361776e0a0e65f9919319e6bdf0b785a
[INFO] testing lambdamechanic/tooltest/a341d49c361776e0a0e65f9919319e6bdf0b785a against 1.99.0-beta.8 for beta-1.100-2
[INFO] running `Command { std: "git" "clone" "/workspace/cache/git-repos/https%3A%2F%2Fgithub.com%2Flambdamechanic%2Ftooltest" "/workspace/builds/worker-5-tc1/source", kill_on_drop: false }`
[INFO] [stderr] Cloning into '/workspace/builds/worker-5-tc1/source'...
[INFO] [stderr] done.
[INFO] removed /workspace/builds/worker-5-tc1/source/.cargo/config.toml
[INFO] started tweaking git repo https://github.com/lambdamechanic/tooltest
[INFO] finished tweaking git repo https://github.com/lambdamechanic/tooltest
[INFO] tweaked toml for git repo https://github.com/lambdamechanic/tooltest written to /workspace/builds/worker-5-tc1/source/Cargo.toml
[INFO] validating manifest of git repo https://github.com/lambdamechanic/tooltest on toolchain 1.99.0-beta.8
[INFO] running `Command { std: CARGO_HOME="/workspace/cargo-home" RUSTUP_HOME="/workspace/rustup-home" "/workspace/cargo-home/bin/cargo" "+1.99.0-beta.8" "metadata" "--manifest-path" "Cargo.toml" "--no-deps", kill_on_drop: false }`
[INFO] crate git repo https://github.com/lambdamechanic/tooltest already has a lockfile, it will not be regenerated
[INFO] running `Command { std: CARGO_HOME="/workspace/cargo-home" RUSTUP_HOME="/workspace/rustup-home" "/workspace/cargo-home/bin/cargo" "+1.99.0-beta.8" "fetch" "--manifest-path" "Cargo.toml", kill_on_drop: false }`
[INFO] [stderr]     Updating crates.io index
[INFO] [stderr]  Downloading crates ...
[INFO] [stderr]   Downloaded ryu v1.0.21
[INFO] [stderr]   Downloaded itoa v1.0.16
[INFO] [stderr]   Downloaded rmcp-macros v0.12.0
[INFO] [stderr]   Downloaded pastey v0.2.1
[INFO] [stderr]   Downloaded ctor v0.2.9
[INFO] [stderr]   Downloaded ref-cast-impl v1.0.25
[INFO] [stderr]   Downloaded sse-stream v0.2.1
[INFO] [stderr]   Downloaded ref-cast v1.0.25
[INFO] [stderr]   Downloaded serde_derive_internals v0.29.1
[INFO] [stderr]   Downloaded schemars_derive v1.1.0
[INFO] [stderr]   Downloaded rslint_regex v0.3.0
[INFO] [stderr]   Downloaded proptest_async v0.2.1
[INFO] [stderr]   Downloaded nonempty v0.10.0
[INFO] [stderr]   Downloaded proptest-state-machine v0.6.0
[INFO] [stderr]   Downloaded referencing v0.26.2
[INFO] [stderr]   Downloaded uuid v1.19.0
[INFO] [stderr]   Downloaded tokio-util v0.7.17
[INFO] [stderr]   Downloaded jiff-static v0.2.17
[INFO] [stderr]   Downloaded fluent-uri v0.3.2
[INFO] [stderr]   Downloaded cc v1.2.50
[INFO] [stderr]   Downloaded schemars v1.1.0
[INFO] [stderr]   Downloaded jsonschema v0.26.2
[INFO] [stderr]   Downloaded fraction v0.15.3
[INFO] [stderr]   Downloaded fancy-regex v0.14.0
[INFO] [stderr]   Downloaded clap v4.5.53
[INFO] [stderr]   Downloaded process-wrap v9.0.0
[INFO] [stderr]   Downloaded clap_builder v4.5.53
[INFO] [stderr]   Downloaded rmcp v0.12.0
[INFO] [stderr]   Downloaded portable-atomic v1.13.0
[INFO] [stderr]   Downloaded proptest v1.9.0
[INFO] [stderr]   Downloaded jiff v0.2.17
[INFO] running `Command { std: "docker" "create" "-v" "/var/lib/crater-agent-workspace/builds/worker-5-tc1/source:/opt/rustwide/workdir:ro,Z" "-v" "/var/lib/crater-agent-workspace/builds/worker-5-tc1/target:/opt/rustwide/target:rw,Z" "-v" "/var/lib/crater-agent-workspace/cargo-home:/opt/rustwide/cargo-home:ro,Z" "-v" "/var/lib/crater-agent-workspace/rustup-home:/opt/rustwide/rustup-home:ro,Z" "-m" "1610612736" "--network" "none" "ghcr.io/rust-lang/crates-build-env/linux@sha256:3111399a4047eeb3a02b7a90e478d715f38a8c6669b5c4b49d30a17385265909" "sleep" "infinity", kill_on_drop: false }`
[INFO] [stdout] 3cad3e9aa67d66bc4384079c11739f865534a16134b1657191eec7cc8f420b35
[INFO] running `Command { std: "docker" "start" "3cad3e9aa67d66bc4384079c11739f865534a16134b1657191eec7cc8f420b35", kill_on_drop: false }`
[INFO] running `Command { std: "docker" "inspect" "3cad3e9aa67d66bc4384079c11739f865534a16134b1657191eec7cc8f420b35", kill_on_drop: false }`
[INFO] running `Command { std: "docker" "exec" "-e" "SOURCE_DIR=/opt/rustwide/workdir" "-e" "CARGO_HOME=/opt/rustwide/cargo-home" "-e" "RUSTUP_HOME=/opt/rustwide/rustup-home" "-e" "CARGO_TARGET_DIR=/opt/rustwide/target" "-w" "/opt/rustwide/workdir" "--user" "0:0" "3cad3e9aa67d66bc4384079c11739f865534a16134b1657191eec7cc8f420b35" "/opt/rustwide/cargo-home/bin/cargo" "+1.99.0-beta.8" "metadata" "--no-deps" "--format-version=1", kill_on_drop: false }`
[INFO] running `Command { std: "docker" "inspect" "3cad3e9aa67d66bc4384079c11739f865534a16134b1657191eec7cc8f420b35", kill_on_drop: false }`
[INFO] running `Command { std: "docker" "exec" "-e" "SOURCE_DIR=/opt/rustwide/workdir" "-e" "CARGO_HOME=/opt/rustwide/cargo-home" "-e" "RUSTUP_HOME=/opt/rustwide/rustup-home" "-e" "CARGO_TARGET_DIR=/opt/rustwide/target" "-e" "CARGO_INCREMENTAL=0" "-e" "RUST_BACKTRACE=full" "-e" "RUSTFLAGS=--cap-lints=warn" "-e" "RUSTDOCFLAGS=--cap-lints=warn" "-w" "/opt/rustwide/workdir" "--user" "0:0" "3cad3e9aa67d66bc4384079c11739f865534a16134b1657191eec7cc8f420b35" "/opt/rustwide/cargo-home/bin/cargo" "+1.99.0-beta.8" "build" "--frozen" "--message-format=json", kill_on_drop: false }`
[INFO] [stderr]    Compiling proc-macro2 v1.0.103
[INFO] [stderr]    Compiling quote v1.0.42
[INFO] [stderr]    Compiling unicode-ident v1.0.22
[INFO] [stderr]    Compiling libc v0.2.178
[INFO] [stderr]    Compiling cfg-if v1.0.4
[INFO] [stderr]    Compiling memchr v2.7.6
[INFO] [stderr]    Compiling serde_core v1.0.228
[INFO] [stderr]    Compiling bytes v1.11.1
[INFO] [stderr]    Compiling itoa v1.0.16
[INFO] [stderr]    Compiling serde v1.0.228
[INFO] [stderr]    Compiling getrandom v0.3.4
[INFO] [stderr]    Compiling num-traits v0.2.19
[INFO] [stderr]    Compiling stable_deref_trait v1.2.1
[INFO] [stderr]    Compiling slab v0.4.11
[INFO] [stderr]    Compiling log v0.4.29
[INFO] [stderr]    Compiling find-msvc-tools v0.1.5
[INFO] [stderr]    Compiling zerocopy v0.8.31
[INFO] [stderr]    Compiling bitflags v2.10.0
[INFO] [stderr]    Compiling http v1.4.0
[INFO] [stderr]    Compiling cc v1.2.50
[INFO] [stderr]    Compiling tracing-core v0.1.36
[INFO] [stderr]    Compiling smallvec v1.15.1
[INFO] [stderr]    Compiling syn v2.0.111
[INFO] [stderr]    Compiling writeable v0.6.2
[INFO] [stderr]    Compiling litemap v0.8.1
[INFO] [stderr]    Compiling ryu v1.0.21
[INFO] [stderr]    Compiling percent-encoding v2.3.2
[INFO] [stderr]    Compiling icu_normalizer_data v2.1.1
[INFO] [stderr]    Compiling http-body v1.0.1
[INFO] [stderr]    Compiling icu_properties_data v2.1.2
[INFO] [stderr]    Compiling zeroize v1.8.2
[INFO] [stderr]    Compiling regex-syntax v0.8.8
[INFO] [stderr]    Compiling rustls-pki-types v1.13.2
[INFO] [stderr]    Compiling serde_json v1.0.145
[INFO] [stderr]    Compiling socket2 v0.6.1
[INFO] [stderr]    Compiling signal-hook-registry v1.4.7
[INFO] [stderr]    Compiling mio v1.1.1
[INFO] [stderr]    Compiling ring v0.17.14
[INFO] [stderr]    Compiling getrandom v0.2.16
[INFO] [stderr]    Compiling rand_core v0.9.3
[INFO] [stderr]    Compiling sync_wrapper v1.0.2
[INFO] [stderr]    Compiling tower-layer v0.3.3
[INFO] [stderr]    Compiling atomic-waker v1.1.2
[INFO] [stderr]    Compiling ref-cast v1.0.25
[INFO] [stderr]    Compiling strsim v0.11.1
[INFO] [stderr]    Compiling rustls v0.23.35
[INFO] [stderr]    Compiling ppv-lite86 v0.2.21
[INFO] [stderr]    Compiling http-body-util v0.1.3
[INFO] [stderr]    Compiling form_urlencoded v1.2.2
[INFO] [stderr]    Compiling aho-corasick v1.1.4
[INFO] [stderr]    Compiling rustix v1.1.2
[INFO] [stderr]    Compiling base64 v0.22.1
[INFO] [stderr]    Compiling rand_chacha v0.9.0
[INFO] [stderr]    Compiling num-integer v0.1.46
[INFO] [stderr]    Compiling linux-raw-sys v0.11.0
[INFO] [stderr]    Compiling hashbrown v0.16.1
[INFO] [stderr]    Compiling bit-vec v0.8.0
[INFO] [stderr]    Compiling bit-set v0.8.0
[INFO] [stderr]    Compiling nix v0.30.1
[INFO] [stderr]    Compiling regex-automata v0.4.13
[INFO] [stderr]    Compiling indexmap v2.12.1
[INFO] [stderr]    Compiling rand v0.9.2
[INFO] [stderr]    Compiling synstructure v0.13.2
[INFO] [stderr]    Compiling darling_core v0.23.0
[INFO] [stderr]    Compiling webpki-roots v1.0.4
[INFO] [stderr]    Compiling iri-string v0.7.9
[INFO] [stderr]    Compiling ahash v0.8.12
[INFO] [stderr]    Compiling serde_derive_internals v0.29.1
[INFO] [stderr]    Compiling tempfile v3.23.0
[INFO] [stderr]    Compiling num-bigint v0.4.6
[INFO] [stderr]    Compiling zerofrom-derive v0.1.6
[INFO] [stderr]    Compiling serde_derive v1.0.228
[INFO] [stderr]    Compiling yoke-derive v0.8.1
[INFO] [stderr]    Compiling zerofrom v0.1.6
[INFO] [stderr]    Compiling tokio-macros v2.6.0
[INFO] [stderr]    Compiling futures-macro v0.3.31
[INFO] [stderr]    Compiling zerovec-derive v0.11.2
[INFO] [stderr]    Compiling tokio v1.48.0
[INFO] [stderr]    Compiling displaydoc v0.2.5
[INFO] [stderr]    Compiling yoke v0.8.1
[INFO] [stderr]    Compiling tracing-attributes v0.1.31
[INFO] [stderr]    Compiling futures-util v0.3.31
[INFO] [stderr]    Compiling zerotrie v0.2.3
[INFO] [stderr]    Compiling rustls-webpki v0.103.8
[INFO] [stderr]    Compiling ref-cast-impl v1.0.25
[INFO] [stderr]    Compiling darling_macro v0.23.0
[INFO] [stderr]    Compiling zerovec v0.11.5
[INFO] [stderr]    Compiling tinystr v0.8.2
[INFO] [stderr]    Compiling potential_utf v0.1.4
[INFO] [stderr]    Compiling tracing v0.1.44
[INFO] [stderr]    Compiling icu_collections v2.1.1
[INFO] [stderr]    Compiling icu_locale_core v2.1.1
[INFO] [stderr]    Compiling async-trait v0.1.89
[INFO] [stderr]    Compiling uuid v1.19.0
[INFO] [stderr]    Compiling wait-timeout v0.2.1
[INFO] [stderr]    Compiling icu_provider v2.1.1
[INFO] [stderr]    Compiling utf8parse v0.2.2
[INFO] [stderr]    Compiling icu_properties v2.1.2
[INFO] [stderr]    Compiling icu_normalizer v2.1.1
[INFO] [stderr]    Compiling serde_urlencoded v0.7.1
[INFO] [stderr]    Compiling thiserror v2.0.17
[INFO] [stderr]    Compiling iana-time-zone v0.1.64
[INFO] [stderr]    Compiling quick-error v1.2.3
[INFO] [stderr]    Compiling rusty-fork v0.3.1
[INFO] [stderr]    Compiling chrono v0.4.42
[INFO] [stderr]    Compiling anstyle-parse v0.2.7
[INFO] [stderr]    Compiling darling v0.23.0
[INFO] [stderr]    Compiling num-rational v0.4.2
[INFO] [stderr]    Compiling regex v1.12.2
[INFO] [stderr]    Compiling futures-executor v0.3.31
[INFO] [stderr]    Compiling thiserror-impl v2.0.17
[INFO] [stderr]    Compiling idna_adapter v1.2.1
[INFO] [stderr]    Compiling idna v1.1.0
[INFO] [stderr]    Compiling futures v0.3.31
[INFO] [stderr]    Compiling schemars_derive v1.1.0
[INFO] [stderr]    Compiling url v2.5.7
[INFO] [stderr]    Compiling num-iter v0.1.45
[INFO] [stderr]    Compiling rand_xorshift v0.4.0
[INFO] [stderr]    Compiling num-complex v0.4.6
[INFO] [stderr]    Compiling is_terminal_polyfill v1.70.2
[INFO] [stderr]    Compiling colorchoice v1.0.4
[INFO] [stderr]    Compiling unarray v0.1.4
[INFO] [stderr]    Compiling dyn-clone v1.0.20
[INFO] [stderr]    Compiling borrow-or-share v0.2.4
[INFO] [stderr]    Compiling anstyle v1.0.13
[INFO] [stderr]    Compiling anstyle-query v1.1.5
[INFO] [stderr]    Compiling fluent-uri v0.3.2
[INFO] [stderr]    Compiling hyper v1.8.1
[INFO] [stderr]    Compiling tower v0.5.2
[INFO] [stderr]    Compiling tokio-rustls v0.26.4
[INFO] [stderr]    Compiling tokio-util v0.7.17
[INFO] [stderr]    Compiling schemars v1.1.0
[INFO] [stderr]    Compiling process-wrap v9.0.0
[INFO] [stderr]    Compiling tower-http v0.6.8
[INFO] [stderr]    Compiling num v0.4.3
[INFO] [stderr]    Compiling tokio-stream v0.1.17
[INFO] [stderr]    Compiling hyper-util v0.1.19
[INFO] [stderr]    Compiling anstream v0.6.21
[INFO] [stderr]    Compiling proptest v1.9.0
[INFO] [stderr]    Compiling rmcp-macros v0.12.0
[INFO] [stderr]    Compiling sse-stream v0.2.1
[INFO] [stderr]    Compiling toml_datetime v0.6.11
[INFO] [stderr]    Compiling serde_spanned v0.6.9
[INFO] [stderr]    Compiling winnow v0.7.14
[INFO] [stderr]    Compiling vsimd v0.8.0
[INFO] [stderr]    Compiling toml_write v0.1.2
[INFO] [stderr]    Compiling outref v0.5.2
[INFO] [stderr]    Compiling rustversion v1.0.22
[INFO] [stderr]    Compiling pastey v0.2.1
[INFO] [stderr]    Compiling uuid-simd v0.8.0
[INFO] [stderr]    Compiling fraction v0.15.3
[INFO] [stderr]    Compiling referencing v0.26.2
[INFO] [stderr]    Compiling hyper-rustls v0.27.7
[INFO] [stderr]    Compiling email_address v0.2.9
[INFO] [stderr]    Compiling reqwest v0.12.26
[INFO] [stderr]    Compiling fancy-regex v0.14.0
[INFO] [stderr]    Compiling bytecount v0.6.9
[INFO] [stderr]    Compiling num-cmp v0.1.0
[INFO] [stderr]    Compiling rslint_regex v0.3.0
[INFO] [stderr]    Compiling env_filter v0.1.4
[INFO] [stderr]    Compiling clap_lex v0.7.6
[INFO] [stderr]    Compiling nonempty v0.10.0
[INFO] [stderr]    Compiling toml_edit v0.22.27
[INFO] [stderr]    Compiling proptest-state-machine v0.6.0
[INFO] [stderr]    Compiling proptest_async v0.2.1
[INFO] [stderr]    Compiling jiff v0.2.17
[INFO] [stderr]    Compiling axum-core v0.4.5
[INFO] [stderr]    Compiling clap_derive v4.5.49
[INFO] [stderr]    Compiling clap_builder v4.5.53
[INFO] [stderr]    Compiling serde_path_to_error v0.1.20
[INFO] [stderr]    Compiling matchit v0.7.3
[INFO] [stderr]    Compiling rmcp v0.12.0
[INFO] [stderr]    Compiling jsonschema v0.26.2
[INFO] [stderr]    Compiling toml v0.8.23
[INFO] [stderr]    Compiling clap v4.5.53
[INFO] [stderr]    Compiling axum v0.7.9
[INFO] [stderr]    Compiling ctor v0.2.9
[INFO] [stderr]    Compiling env_logger v0.11.8
[INFO] [stderr]    Compiling tooltest-core v0.4.2 (/opt/rustwide/workdir/tooltest-core)
[INFO] [stderr]    Compiling tooltest-test-support v0.4.2 (/opt/rustwide/workdir/tooltest-test-support)
[INFO] [stderr]    Compiling tooltest v0.4.2 (/opt/rustwide/workdir/tooltest)
[INFO] [stderr]     Finished `dev` profile [unoptimized + debuginfo] target(s) in 3m 48s
[INFO] running `Command { std: "docker" "inspect" "3cad3e9aa67d66bc4384079c11739f865534a16134b1657191eec7cc8f420b35", kill_on_drop: false }`
[INFO] running `Command { std: "docker" "exec" "-e" "SOURCE_DIR=/opt/rustwide/workdir" "-e" "CARGO_HOME=/opt/rustwide/cargo-home" "-e" "RUSTUP_HOME=/opt/rustwide/rustup-home" "-e" "CARGO_TARGET_DIR=/opt/rustwide/target" "-e" "CARGO_INCREMENTAL=0" "-e" "RUST_BACKTRACE=full" "-e" "RUSTFLAGS=--cap-lints=warn" "-e" "RUSTDOCFLAGS=--cap-lints=warn" "-w" "/opt/rustwide/workdir" "--user" "0:0" "3cad3e9aa67d66bc4384079c11739f865534a16134b1657191eec7cc8f420b35" "/opt/rustwide/cargo-home/bin/cargo" "+1.99.0-beta.8" "test" "--frozen" "--no-run" "--message-format=json", kill_on_drop: false }`
[INFO] [stderr]    Compiling tracing-core v0.1.36
[INFO] [stderr]    Compiling matchers v0.2.0
[INFO] [stderr]    Compiling thread_local v1.1.9
[INFO] [stderr]    Compiling nu-ansi-term v0.50.3
[INFO] [stderr]    Compiling tracing v0.1.44
[INFO] [stderr]    Compiling tracing-log v0.2.0
[INFO] [stderr]    Compiling hyper-util v0.1.19
[INFO] [stderr]    Compiling tower v0.5.2
[INFO] [stderr]    Compiling process-wrap v9.0.0
[INFO] [stderr]    Compiling axum-core v0.4.5
[INFO] [stderr]    Compiling tracing-subscriber v0.3.22
[INFO] [stderr]    Compiling tower-http v0.6.8
[INFO] [stderr]    Compiling hyper-rustls v0.27.7
[INFO] [stderr]    Compiling reqwest v0.12.26
[INFO] [stderr]    Compiling axum v0.7.9
[INFO] [stderr]    Compiling rmcp v0.12.0
[INFO] [stderr]    Compiling jsonschema v0.26.2
[INFO] [stderr]    Compiling tooltest-core v0.4.2 (/opt/rustwide/workdir/tooltest-core)
[INFO] [stderr]    Compiling tooltest-test-support v0.4.2 (/opt/rustwide/workdir/tooltest-test-support)
[INFO] [stderr]    Compiling tooltest v0.4.2 (/opt/rustwide/workdir/tooltest)
[INFO] [stderr]     Finished `test` profile [unoptimized + debuginfo] target(s) in 2m 33s
[INFO] running `Command { std: "docker" "inspect" "3cad3e9aa67d66bc4384079c11739f865534a16134b1657191eec7cc8f420b35", kill_on_drop: false }`
[INFO] running `Command { std: "docker" "exec" "-e" "SOURCE_DIR=/opt/rustwide/workdir" "-e" "CARGO_HOME=/opt/rustwide/cargo-home" "-e" "RUSTUP_HOME=/opt/rustwide/rustup-home" "-e" "CARGO_TARGET_DIR=/opt/rustwide/target" "-e" "CARGO_INCREMENTAL=0" "-e" "RUST_BACKTRACE=full" "-e" "RUSTFLAGS=--cap-lints=warn" "-e" "RUSTDOCFLAGS=--cap-lints=warn" "-w" "/opt/rustwide/workdir" "--user" "0:0" "3cad3e9aa67d66bc4384079c11739f865534a16134b1657191eec7cc8f420b35" "/opt/rustwide/cargo-home/bin/cargo" "+1.99.0-beta.8" "test" "--frozen", kill_on_drop: false }`
[INFO] [stderr]     Finished `test` profile [unoptimized + debuginfo] target(s) in 0.52s
[INFO] [stderr]      Running unittests src/lib.rs (/opt/rustwide/target/debug/deps/tooltest-85eb5ea821b73744)
[INFO] [stdout] 
[INFO] [stdout] running 147 tests
[INFO] [stdout] test mcp::schema::tests::strip_nullable_removes_nested_nullable ... ok
[INFO] [stdout] test mcp::schema::tests::strip_nullable_preserves_other_keys ... ok
[INFO] [stdout] test mcp::schema::tests::strip_nullable_handles_arrays ... ok
[INFO] [stdout] test mcp::schema::tests::strip_nullable_removes_top_level_nullable ... ok
[INFO] [stdout] test mcp::schema::tests::inline_schema_for_type_falls_back_when_value_is_not_object ... ok
[INFO] [stdout] test mcp::schema::tests::inline_schema_for_type_falls_back_on_serialize_error ... ok
[INFO] [stdout] test mcp::tests::call_tool_invalid_input_cli_only_field_is_error ... ok
[INFO] [stdout] test mcp::tests::call_tool_invalid_input_missing_target_is_error ... ok
[INFO] [stdout] test mcp::tests::call_tool_result_from_response_returns_none_for_unexpected ... ok
[INFO] [stdout] test mcp::tests::call_tool_invalid_input_top_level_stdio_is_error ... ok
[INFO] [stdout] test mcp::tests::call_tool_invalid_config_returns_error ... ok
[INFO] [stdout] test mcp::tests::call_tool_missing_arguments_is_error ... ok
[INFO] [stdout] test mcp::tests::call_tool_invalid_input_trace_all_field_is_error ... ok
[INFO] [stdout] test mcp::tests::call_tool_returns_failure_outcome_on_connection_error ... ok
[INFO] [stdout] test mcp::tests::contains_nullable_key_finds_nested_nullable ... ok
[INFO] [stdout] test mcp::tests::contains_nullable_key_finds_nullable_in_array ... ok
[INFO] [stdout] test mcp::tests::contains_nullable_key_finds_top_level_nullable ... ok
[INFO] [stdout] test mcp::tests::contains_nullable_key_returns_false_when_absent ... ok
[INFO] [stdout] test mcp::tests::env_var_guard_restores_existing_value ... ok
[INFO] [stdout] test mcp::tests::assert_target_branches_panics_on_missing_http - should panic ... ok
[INFO] [stdout] test mcp::tests::assert_target_branches_panics_on_missing_stdio - should panic ... ok
[INFO] [stdout] test mcp::tests::get_prompt_returns_fix_loop_literal ... ok
[INFO] [stdout] test mcp::tests::expect_failure_panics_on_success - should panic ... ok
[INFO] [stdout] test mcp::tests::http_test_server_accepts_echo_tool ... ok
[INFO] [stdout] test mcp::tests::get_prompt_unknown_returns_error ... ok
[INFO] [stdout] test mcp::tests::http_test_server_rejects_unknown_tool ... ok
[INFO] [stdout] test mcp::tests::list_prompts_includes_fix_loop ... ok
[INFO] [stdout] test mcp::tests::list_resources_includes_fix_loop ... ok
[INFO] [stdout] test mcp::tests::list_tools_includes_tooltest ... ok
[INFO] [stdout] test mcp::tests::noop_sink_close_completes ... ok
[INFO] [stdout] test mcp::tests::list_tools_schemas_have_no_nullable ... ok
[INFO] [stdout] test mcp::tests::outcome_helpers_cover_both_paths ... ok
[INFO] [stdout] test mcp::tests::prompt_text_from_message_returns_none_for_non_text ... ok
[INFO] [stdout] test mcp::tests::read_resource_returns_fix_loop_text ... ok
[INFO] [stdout] test mcp::tests::resource_text_from_content_returns_none_for_blob ... ok
[INFO] [stdout] test mcp::tests::response_helpers_return_none_for_errors ... ok
[INFO] [stdout] test mcp::tests::read_resource_unknown_returns_error ... ok
[INFO] [stdout] test mcp::tests::run_result_to_call_tool_propagates_serialize_error ... ok
[INFO] [stdout] test mcp::tests::run_tooltest_call_reports_response_canceled ... ok
[INFO] [stdout] test mcp::tests::run_tooltest_call_reports_response_error ... ok
[INFO] [stdout] test mcp::tests::run_tooltest_call_reports_send_error ... ok
[INFO] [stdout] test mcp::tests::response_helpers_return_none_for_unexpected_results ... ok
[INFO] [stdout] test mcp::tests::run_tooltest_call_reports_worker_error ... ok
[INFO] [stdout] test mcp::tests::schema_has_properties_traverses_unions ... ok
[INFO] [stdout] test mcp::tests::serialize_value_reports_error_for_failing_serializer ... ok
[INFO] [stdout] test mcp::tests::tooltest_input_schema_inlines_nested_types ... ok
[INFO] [stdout] test mcp::tests::tooltest_server_command_prefers_env_var ... ok
[INFO] [stdout] test mcp::tests::tooltest_worker_inner_reports_cached_error ... ok
[INFO] [stdout] test mcp::tests::call_tool_returns_structured_content_and_json_content ... ok
[INFO] [stdout] test mcp::tests::call_tool_unknown_name_is_error ... ok
[INFO] [stdout] test mcp::tests::call_tool_returns_failure_outcome_on_tool_error ... ok
[INFO] [stdout] test mcp::tests::tooltest_worker_with_spawn_initializes_and_caches_worker ... ok
[INFO] [stdout] test mcp::tests::call_tool_runs_stdio_smoke ... ok
[INFO] [stdout] test tests::cli_command_factory_includes_subcommands ... ok
[INFO] [stdout] test tests::cli_defaults_max_sequence_len_is_20 ... ok
[INFO] [stdout] test tests::cli_defaults_uncallable_flags ... ok
[INFO] [stdout] test tests::cli_parses_config_default_command ... ok
[INFO] [stdout] test tests::cli_parses_http_command ... ok
[INFO] [stdout] test tests::cli_parses_lenient_sourcing_flag ... ok
[INFO] [stdout] test tests::cli_parses_no_lenient_sourcing_flag ... ok
[INFO] [stdout] test tests::cli_parses_stdio_command ... ok
[INFO] [stdout] test tests::cli_parses_uncallable_flags ... ok
[INFO] [stdout] test tests::command_equality_covers_http_variant ... ok
[INFO] [stdout] test tests::env_var_guard_restores_previous_value ... ok
[INFO] [stdout] test tests::error_exit_formats_json_payload ... ok
[INFO] [stdout] test tests::exit_code_for_result_handles_success_and_failure ... ok
[INFO] [stdout] test mcp::tests::execute_tooltest_applies_dogfood_overrides ... ok
[INFO] [stdout] test mcp::tests::call_tool_runs_http_target ... ok
[INFO] [stdout] test tests::faulty_list_tools_transport_handles_unhandled_request_and_close_in_cli_tests ... ok
[INFO] [stdout] test mcp::tests::tooltest_worker_with_spawn_reports_init_task_join_error ... ok
[INFO] [stdout] test tests::format_run_result_human_includes_trace ... ok
[INFO] [stdout] test tests::format_run_result_human_reports_coverage_warnings ... ok
[INFO] [stdout] test tests::format_run_result_human_reports_coverage_failures ... ok
[INFO] [stdout] test tests::format_run_result_human_reports_empty_uncallable_arguments ... ok
[INFO] [stdout] test tests::format_run_result_human_reports_failure_without_details ... ok
[INFO] [stdout] test tests::format_run_result_human_reports_failure_details ... ok
[INFO] [stdout] test tests::format_run_result_human_reports_lint_warning_code ... ok
[INFO] [stdout] test tests::format_run_result_human_reports_success ... ok
[INFO] [stdout] test tests::format_run_result_human_reports_uncallable_traces ... ok
[INFO] [stdout] test tests::format_run_result_human_reports_warning_without_tool ... ok
[INFO] [stdout] test tests::format_run_result_human_reports_warnings ... ok
[INFO] [stdout] test tests::format_run_result_human_skips_empty_coverage_failures ... ok
[INFO] [stdout] test tests::format_run_result_human_skips_empty_coverage_warnings ... ok
[INFO] [stdout] test tests::format_run_warning_code_supports_lint_codes ... ok
[INFO] [stdout] test tests::list_tools_helpers_report_errors_in_cli_tests ... ok
[INFO] [stdout] test tests::list_tools_with_session_reports_tools_in_cli_tests ... ok
[INFO] [stdout] test tests::maybe_dump_corpus_emits_when_requested ... ok
[INFO] [stdout] test tests::mcp_command_accepts_explicit_stdio_transport ... ok
[INFO] [stdout] test tests::list_tools_with_session_reports_errors_in_cli_tests ... ok
[INFO] [stdout] test tests::parse_env_vars_accepts_values ... ok
[INFO] [stdout] test tests::parse_env_vars_rejects_empty_key ... ok
[INFO] [stdout] test tests::parse_env_vars_rejects_missing_equals ... ok
[INFO] [stdout] test tests::parse_state_machine_config_reads_file ... ok
[INFO] [stdout] test tests::parse_state_machine_config_reads_inline_json ... ok
[INFO] [stdout] test tests::parse_state_machine_config_rejects_missing_file ... ok
[INFO] [stdout] test tests::parse_state_machine_config_rejects_invalid_json ... ok
[INFO] [stdout] test tests::parse_state_machine_config_rejects_unknown_fields_inline_json ... ok
[INFO] [stdout] test tests::parse_state_machine_config_rejects_unknown_fields_in_file ... ok
[INFO] [stdout] test tests::run_accepts_state_machine_config_with_json_output ... ok
[INFO] [stdout] test tests::run_allows_lenient_sourcing_flag ... ok
[INFO] [stdout] test tests::run_applies_dump_corpus_flag ... ok
[INFO] [stdout] test tests::run_accepts_trace_all_output ... ok
[INFO] [stdout] test tests::run_applies_in_band_error_forbidden_flag ... ok
[INFO] [stdout] test tests::run_applies_pre_run_hook_and_tool_filter ... ok
[INFO] [stdout] test tests::run_applies_state_machine_overrides ... ok
[INFO] [stdout] test tests::run_exits_on_invalid_state_machine_config ... ok
[INFO] [stdout] test tests::run_config_default_exits_successfully ... ok
[INFO] [stdout] test tests::run_exits_on_json_run_result_serialize_error ... ok
[INFO] [stdout] test tests::run_exits_on_trace_all_error ... ok
[INFO] [stdout] test tests::run_invalid_sequence_len_returns_exit_code_2 ... ok
[INFO] [stdout] test tests::run_exits_on_trace_all_write_error ... ok
[INFO] [stdout] test tests::run_invalid_uncallable_limit_returns_exit_code_2 ... ok
[INFO] [stdout] test tests::run_mcp_stdio_bad_transport_returns_exit_code_2 ... ok
[INFO] [stdout] test tests::expect_http_target_panics_on_stdio - should panic ... ok
[INFO] [stdout] test mcp::tests::run_tooltest_call_tool_panic_is_internal_error ... ok
[INFO] [stdout] test mcp::tests::tooltest_worker_reports_forced_runtime_error ... ok
[INFO] [stdout] test tests::expect_stdio_target_panics_on_http - should panic ... ok
[INFO] [stdout] test mcp::tests::tooltest_worker_reports_ready_channel_failure ... ok
[INFO] [stdout] test tests::run_mcp_stdio_without_test_transport_reports_error_child ... ignored
[INFO] [stdout] test mcp::tests::tooltest_worker_thread_exits_when_sender_dropped ... ok
[INFO] [stdout] test tests::run_state_machine_mode_returns_failure_for_unreachable_http ... ok
[INFO] [stdout] test tests::run_stdio_exits_on_invalid_env_entry ... ok
[INFO] [stdout] test tests::run_stdio_invalid_env_returns_exit_code_2 ... ok
[INFO] [stdout] test tests::run_stdio_returns_failure_when_command_missing ... ok
[INFO] [stdout] test tests::run_stdio_missing_command_returns_exit_code_1 ... ok
[INFO] [stdout] test tests::run_mcp_stdio_exit_immediately_reports_error_on_panic ... ok
[INFO] [stdout] test tests::run_mcp_stdio_bad_transport_reports_error ... ok
[INFO] [stdout] test tests::tooltest_input_accepts_valid_sequence_len ... ok
[INFO] [stdout] test tests::run_mcp_stdio_exits_successfully ... ok
[INFO] [stdout] test tests::tooltest_input_builds_http_target_from_cli ... ok
[INFO] [stdout] test tests::tooltest_input_builds_tool_filters_from_blocklist ... ok
[INFO] [stdout] test tests::tooltest_input_builds_stdio_target_from_cli ... ok
[INFO] [stdout] test tests::run_mcp_stdio_panic_transport_reports_error ... ok
[INFO] [stdout] test tests::tooltest_input_rejects_inverted_sequence_len ... ok
[INFO] [stdout] test tests::tooltest_input_rejects_config_command ... ok
[INFO] [stdout] test tests::tooltest_input_rejects_zero_min_sequence_len ... ok
[INFO] [stdout] test tests::trace_file_sink_new_fails_for_directory ... ok
[INFO] [stdout] test tests::tooltest_input_omits_tool_filters_when_empty ... ok
[INFO] [stdout] test tests::tooltest_input_builds_tool_filters_from_allowlist ... ok
[INFO] [stdout] test tests::trace_file_sink_writes_header_and_records_trace ... ok
[INFO] [stdout] test tests::trace_file_sink_record_ignores_serialize_error ... ok
[INFO] [stdout] test tests::trace_file_sink_record_ignores_write_error ... ok
[INFO] [stdout] test tests::trace_file_sink_record_ignores_poisoned_lock ... ok
[INFO] [stdout] test tests::tooltest_input_rejects_mcp_command ... ok
[INFO] [stdout] test tests::trace_file_sink_new_reports_header_write_error ... ok
[INFO] [stdout] test tests::run_mcp_stdio_without_test_transport_reports_error ... ok
[INFO] [stdout] test tests::run_mcp_stdio_waits_for_transport_shutdown ... ok
[INFO] [stdout] 
[INFO] [stdout] test result: ok. 146 passed; 0 failed; 1 ignored; 0 measured; 0 filtered out; finished in 1.43s
[INFO] [stdout] 
[INFO] [stderr]      Running tests/cli_tests.rs (/opt/rustwide/target/debug/deps/cli_tests-59dfb80c32c7a551)
[INFO] [stdout] 
[INFO] [stdout] running 63 tests
[INFO] [stdout] test cli_rejects_pre_run_hook_failure_with_details ... ok
[INFO] [stdout] test cli_rejects_pre_run_hook_start_failure ... ok
[INFO] [stdout] test cli_can_enable_lenient_sourcing_via_flag ... ok
[INFO] [stdout] test cli_pre_run_hook_inherits_stdio_env_and_cwd ... ok
[INFO] [stdout] test cli_allows_tool_allowlist_match ... ok
[INFO] [stdout] test cli_can_disable_lenient_sourcing_via_flag ... ok
[INFO] [stdout] test cli_rejects_tool_allowlist_with_invalid_extra_tools ... ok
[INFO] [stdout] test config_default_emits_default_tooltest_toml ... ok
[INFO] [stdout] test http_command_reports_failure ... ok
[INFO] [stdout] test cli_rejects_tool_allowlist_miss ... ok
[INFO] [stdout] test http_command_accepts_auth_token ... ok
[INFO] [stdout] test run_http_failure_returns_exit_code_1 ... ok
[INFO] [stdout] test run_invalid_sequence_len_returns_exit_code_2 ... ok
[INFO] [stdout] test run_invalid_state_machine_config_returns_exit_code_2 ... ok
[INFO] [stdout] test run_invalid_uncallable_limit_returns_exit_code_2 ... ok
[INFO] [stdout] test cli_allows_tool_allowlist_with_extra_tools ... ok
[INFO] [stdout] test cli_rejects_tool_blocklist_match ... ok
[INFO] [stdout] test sequence_len_inverted_exits_with_json_error ... ok
[INFO] [stdout] test run_missing_state_machine_config_file_returns_exit_code_2 ... ok
[INFO] [stdout] test sequence_len_inverted_exits ... ok
[INFO] [stdout] test sequence_len_zero_exits ... ok
[INFO] [stdout] test run_http_failure_with_dump_corpus_skips_output ... ok
[INFO] [stdout] test state_machine_config_invalid_json_exits ... ok
[INFO] [stdout] test state_machine_config_unknown_field_inline_exits ... ok
[INFO] [stdout] test state_machine_config_invalid_json_exits_with_json_error ... ok
[INFO] [stdout] test state_machine_config_unknown_field_file_exits ... ok
[INFO] [stdout] test cli_reports_pre_run_hook_failure_during_execution ... ok
[INFO] [stdout] test cli_runs_pre_run_hook_before_validation ... ok
[INFO] [stdout] test run_stdio_success_returns_exit_code_0 ... ok
[INFO] [stdout] test stdio_command_accepts_lenient_sourcing_flag ... ok
[INFO] [stdout] test run_stdio_reports_success_with_env_and_cwd ... ok
[INFO] [stdout] test state_machine_schema_warning_emits_human_warning_code ... ok
[INFO] [stdout] test state_machine_config_does_not_trigger_coverage_validation ... ok
[INFO] [stdout] test state_machine_coverage_warnings_reported ... ok
[INFO] [stdout] test stdio_command_logs_corpus_deltas_to_stderr ... ok
[INFO] [stdout] test stdio_command_accepts_mine_text_flag ... ok
[INFO] [stdout] test stdio_command_includes_corpus_dump_in_json ... ok
[INFO] [stdout] test stdio_command_rejects_bad_env_entry ... ok
[INFO] [stdout] test stdio_command_rejects_empty_env_key ... ok
[INFO] [stdout] test stdio_command_omits_uncallable_traces_in_json_by_default ... ok
[INFO] [stdout] test stdio_command_accepts_required_object_value ... ok
[INFO] [stdout] test stdio_command_omits_uncallable_traces_by_default ... ok
[INFO] [stdout] test stdio_command_dumps_corpus_to_stderr_when_not_json ... ok
[INFO] [stdout] test stdio_command_parses_uncallable_trace_timestamps ... ok
[INFO] [stdout] test stdio_command_positive_error_omits_coverage_output ... ok
[INFO] [stdout] test stdio_command_reports_coverage_warning_for_missing_number ... ok
[INFO] [stdout] test stdio_command_runs_playwright_mcp ... ok
[INFO] [stdout] test stdio_command_reports_coverage_warning_for_missing_integer ... ok
[INFO] [stdout] test test_server_binary_runs_with_empty_input ... ok
[INFO] [stdout] test test_server_exits_cleanly_without_input ... ok
[INFO] [stdout] test test_server_exits_on_expectation_failure ... ok
[INFO] [stdout] test stdio_command_reports_coverage_warning_for_missing_string ... ok
[INFO] [stdout] test test_server_exits_on_forced_cwd_error ... ok
[INFO] [stdout] test stdio_command_passes_args ... ok
[INFO] [stdout] test stdio_command_reports_success_with_state_machine_mode ... ok
[INFO] [stdout] test trace_all_rejects_directory_path ... ok
[INFO] [stdout] test stdio_command_reports_uncallable_traces_in_human_output ... ok
[INFO] [stdout] test stdio_command_reports_uncallable_traces_in_json ... ok
[INFO] [stdout] test stdio_command_sets_cwd ... ok
[INFO] [stdout] test trace_all_emits_trace_lines ... ok
[INFO] [stdout] test stdio_command_reports_success ... ok
[INFO] [stdout] test tooltest_dogfoods_tooltest_stdio ... ok
[INFO] [stdout] test tooltest_dogfoods_tooltest_stdio_via_shell_wrapper ... ok
[INFO] [stdout] 
[INFO] [stdout] test result: ok. 63 passed; 0 failed; 0 ignored; 0 measured; 0 filtered out; finished in 29.91s
[INFO] [stdout] 
[INFO] [stderr]      Running tests/flaky_stdio_server_bin_tests.rs (/opt/rustwide/target/debug/deps/flaky_stdio_server_bin_tests-6db70e8c6b52c79b)
[INFO] [stdout] 
[INFO] [stdout] running 1 test
[INFO] [stdout] test flaky_stdio_server_crashes_on_crash_bucket ... ok
[INFO] [stdout] 
[INFO] [stdout] test result: ok. 1 passed; 0 failed; 0 ignored; 0 measured; 0 filtered out; finished in 0.02s
[INFO] [stdout] 
[INFO] [stderr]      Running tests/flaky_stdio_server_tests.rs (/opt/rustwide/target/debug/deps/flaky_stdio_server_tests-d4e5ac17e2070caf)
[INFO] [stdout] 
[INFO] [stdout] running 25 tests
[INFO] [stdout] test flaky_stdio_server::tests::hash_value_is_stable_for_same_input ... ok
[INFO] [stdout] test flaky_stdio_server::tests::extract_value_reports_missing_and_invalid ... ok
[INFO] [stdout] test flaky_stdio_server::tests::handle_message_handles_requests_and_ignores_notifications ... ok
[INFO] [stdout] test flaky_stdio_server::tests::failing_writer_flush_reports_error ... ok
[INFO] [stdout] test flaky_stdio_server::tests::handle_message_ignores_unknown_request ... ok
[INFO] [stdout] test flaky_stdio_server::tests::run_server_breaks_on_read_error ... ok
[INFO] [stdout] test flaky_stdio_server::tests::run_server_handles_empty_invalid_and_ignored_lines ... ok
[INFO] [stdout] test flaky_stdio_server::tests::run_server_stdout_noise_flush_error ... ok
[INFO] [stdout] test flaky_stdio_server::tests::run_server_breaks_on_write_error ... ok
[INFO] [stdout] test flaky_stdio_server::tests::run_server_stdout_noise_response_write_error ... ok
[INFO] [stdout] test flaky_stdio_server::tests::success_payload_includes_expected_fields ... ok
[INFO] [stdout] test flaky_stdio_server::tests::run_server_stdout_noise_write_error ... ok
[INFO] [stdout] test flaky_stdio_server::tests::run_server_handles_list_tools_request ... ok
[INFO] [stdout] test flaky_stdio_server::tests::run_server_emits_stdout_noise_and_response ... ok
[INFO] [stdout] test flaky_stdio_server::tests::tool_response_handles_error_and_success_buckets ... ok
[INFO] [stdout] test flaky_stdio_server::tests::tool_response_returns_stdout_noise_action ... ok
[INFO] [stdout] test flaky_stdio_server::tests::tool_response_reports_missing_arguments ... ok
[INFO] [stdout] test flaky_stdio_server::tests::tool_stub_includes_output_schema ... ok
[INFO] [stdout] test flaky_stdio_server::tests::tool_with_schemas_allows_missing_output_schema ... ok
[INFO] [stdout] test flaky_stdio_server::tests::write_response_writes_json ... ok
[INFO] [stdout] test flaky_stdio_server::tests::write_response_propagates_flush_error ... ok
[INFO] [stdout] test flaky_stdio_server::tests::write_response_propagates_write_error ... ok
[INFO] [stdout] test flaky_stdio_server::tests::call_result_from_response_panics_on_error_message ... ok
[INFO] [stdout] test flaky_stdio_server::tests::find_value_for_bucket_panics_on_unreachable_target ... ok
[INFO] [stdout] test flaky_stdio_server::tests::call_result_from_response_panics_on_unexpected_result ... ok
[INFO] [stdout] 
[INFO] [stdout] test result: ok. 25 passed; 0 failed; 0 ignored; 0 measured; 0 filtered out; finished in 0.42s
[INFO] [stdout] 
[INFO] [stderr]      Running tests/manifest_tests.rs (/opt/rustwide/target/debug/deps/manifest_tests-e6d31988a891706b)
[INFO] [stdout] 
[INFO] [stdout] running 1 test
[INFO] [stderr]      Running tests/test_server_tests.rs (/opt/rustwide/target/debug/deps/test_server_tests-165f5a8838da6356)
[INFO] [stdout] test tooltest_manifest_has_no_tooltest_test_support_publish_dependency ... ok
[INFO] [stdout] 
[INFO] [stdout] test result: ok. 1 passed; 0 failed; 0 ignored; 0 measured; 0 filtered out; finished in 0.01s
[INFO] [stdout] 
[INFO] [stdout] 
[INFO] [stdout] running 52 tests
[INFO] [stdout] test failing_writer_flush_reports_error ... ok
[INFO] [stdout] test current_dir_errors_when_forced ... ok
[INFO] [stdout] test env_guard_restores_previous_value ... ok
[INFO] [stdout] test handle_message_ignores_notifications ... ok
[INFO] [stdout] test handle_message_ignores_unhandled_requests ... ok
[INFO] [stdout] test list_tools_helpers_report_errors_in_cli_tests ... ok
[INFO] [stdout] test handle_message_includes_extra_tool_from_env ... ok
[INFO] [stdout] test handle_message_includes_invalid_tool_when_enabled ... ok
[INFO] [stdout] test handle_message_includes_multiple_extra_tools_from_env ... ok
[INFO] [stdout] test env_guard_removes_when_unset ... ok
[INFO] [stdout] test main_reports_expectation_failure ... ok
[INFO] [stdout] test run_server_handles_call_tool_request ... ok
[INFO] [stdout] test run_server_handles_read_errors ... ok
[INFO] [stdout] test run_server_handles_initialize_request ... ok
[INFO] [stdout] test run_server_reports_write_errors ... ok
[INFO] [stdout] test run_server_skips_invalid_and_empty_lines ... ok
[INFO] [stdout] test invalid_tool_stub_builds_string_input_schema ... ok
[INFO] [stdout] test run_server_skips_unhandled_requests ... ok
[INFO] [stdout] test test_server::tests::env_guard_restores_previous_value ... ok
[INFO] [stdout] test test_server::tests::handle_message_handles_initialize ... ok
[INFO] [stdout] test test_server::tests::handle_message_ignores_error ... ok
[INFO] [stdout] test test_server::tests::handle_message_ignores_notifications ... ok
[INFO] [stdout] test test_server::tests::run_server_emits_responses ... ok
[INFO] [stdout] test test_server::tests::handle_message_ignores_unhandled_request ... ok
[INFO] [stdout] test test_server::tests::run_server_handles_empty_input ... ok
[INFO] [stdout] test test_server::tests::run_server_skips_empty_and_invalid_input ... ok
[INFO] [stdout] test test_server::tests::select_lines_accepts_stdin_when_allowed ... ok
[INFO] [stdout] test test_server::tests::select_lines_returns_empty_iterator_when_disabled ... ok
[INFO] [stdout] test test_server::tests::select_lines_returns_empty_iterator_when_stdin_blocked ... ok
[INFO] [stdout] test test_server::tests::select_lines_uses_inline_payload_when_provided ... ok
[INFO] [stdout] test test_server::tests::tool_stub_includes_defs_when_warning_env_set ... ok
[INFO] [stdout] test run_main_reports_failure_without_exiting ... ok
[INFO] [stdout] test test_server::tests::run_with_empty_input ... FAILED
[INFO] [stdout] test run_main_succeeds_with_empty_input ... ok
[INFO] [stdout] test test_server::tests::validate_expectations_checks_value_type ... FAILED
[INFO] [stdout] test test_server::tests::write_response_writes_to_stdout ... ok
[INFO] [stdout] test test_server::tests::validate_expectations_succeeds_without_env ... ok
[INFO] [stdout] test tool_stub_uses_invalid_output_schema_when_env_set ... ok
[INFO] [stdout] test validate_expectations_accepts_existing_arg ... ok
[INFO] [stdout] test validate_expectations_accepts_valid_value_type ... ok
[INFO] [stdout] test run_main_accepts_in_memory_stdin ... ok
[INFO] [stdout] test run_server_handles_call_tool_request_with_error ... ok
[INFO] [stdout] test run_server_handles_list_tools_request ... ok
[INFO] [stdout] test run_succeeds_with_empty_input ... ok
[INFO] [stdout] test validate_expectations_errors_on_missing_arg ... ok
[INFO] [stdout] test validate_expectations_errors_on_cwd_mismatch ... ok
[INFO] [stdout] test validate_expectations_accepts_matching_cwd ... ok
[INFO] [stdout] test validate_expectations_errors_on_unreadable_cwd ... ok
[INFO] [stdout] test validate_expectations_succeeds_without_expectations ... ok
[INFO] [stdout] test write_response_reports_flush_errors ... ok
[INFO] [stdout] test tool_stub_requires_value_when_env_set ... ok
[INFO] [stdout] test validate_expectations_rejects_invalid_value_type ... ok
[INFO] [stdout] 
[INFO] [stdout] failures:
[INFO] [stdout] 
[INFO] [stdout] ---- test_server::tests::run_with_empty_input stdout ----
[INFO] [stdout] 
[INFO] [stdout] thread 'test_server::tests::run_with_empty_input' (4496) panicked at tooltest/tests/../src/test_server.rs:507:38:
[INFO] [stdout] run should succeed: "expected arg 'missing-arg' not found"
[INFO] [stdout] stack backtrace:
[INFO] [stdout]    0:     0x63951617ce81 - std[70759c8f55707aa4]::backtrace_rs::backtrace::libunwind::trace
[INFO] [stdout]                                at /rustc/dfb0accb7f508ae8be965d8629557221c889dd98/library/std/src/../../backtrace/src/backtrace/libunwind.rs:117:9
[INFO] [stdout]    1:     0x63951617ce81 - std[70759c8f55707aa4]::backtrace_rs::backtrace::trace_unsynchronized::<std[70759c8f55707aa4]::sys::backtrace::_print_fmt::{closure#1}>
[INFO] [stdout]                                at /rustc/dfb0accb7f508ae8be965d8629557221c889dd98/library/std/src/../../backtrace/src/backtrace/mod.rs:66:14
[INFO] [stdout]    2:     0x63951617ce81 - std[70759c8f55707aa4]::sys::backtrace::_print_fmt
[INFO] [stdout]                                at /rustc/dfb0accb7f508ae8be965d8629557221c889dd98/library/std/src/sys/backtrace.rs:74:9
[INFO] [stdout]    3:     0x63951617ce81 - <<std[70759c8f55707aa4]::sys::backtrace::BacktraceLock>::print::DisplayBacktrace as core[df12db4294e9bfd3]::fmt::Display>::fmt
[INFO] [stdout]                                at /rustc/dfb0accb7f508ae8be965d8629557221c889dd98/library/std/src/sys/backtrace.rs:44:26
[INFO] [stdout]    4:     0x63951619536a - <core[df12db4294e9bfd3]::fmt::rt::Argument>::fmt
[INFO] [stdout]                                at /rustc/dfb0accb7f508ae8be965d8629557221c889dd98/library/core/src/fmt/rt.rs:152:76
[INFO] [stdout]    5:     0x63951619536a - core[df12db4294e9bfd3]::fmt::write
[INFO] [stdout]    6:     0x639516182b1c - core[df12db4294e9bfd3]::io::write::default_write_fmt::<alloc[2182bb758b4b3781]::vec::Vec<u8>>
[INFO] [stdout]                                at /rustc/dfb0accb7f508ae8be965d8629557221c889dd98/library/core/src/io/write.rs:402:11
[INFO] [stdout]    7:     0x639516182b1c - <alloc[2182bb758b4b3781]::vec::Vec<u8> as core[df12db4294e9bfd3]::io::write::Write>::write_fmt
[INFO] [stdout]                                at /rustc/dfb0accb7f508ae8be965d8629557221c889dd98/library/core/src/io/write.rs:335:13
[INFO] [stdout]    8:     0x639516158ed6 - <std[70759c8f55707aa4]::sys::backtrace::BacktraceLock>::print
[INFO] [stdout]                                at /rustc/dfb0accb7f508ae8be965d8629557221c889dd98/library/std/src/sys/backtrace.rs:47:9
[INFO] [stdout]    9:     0x639516158ed6 - std[70759c8f55707aa4]::panicking::default_hook::{closure#0}
[INFO] [stdout]                                at /rustc/dfb0accb7f508ae8be965d8629557221c889dd98/library/std/src/panicking.rs:292:27
[INFO] [stdout]   10:     0x639516175369 - std[70759c8f55707aa4]::panicking::default_hook
[INFO] [stdout]                                at /rustc/dfb0accb7f508ae8be965d8629557221c889dd98/library/std/src/panicking.rs:316:9
[INFO] [stdout]   11:     0x639515c5b800 - <alloc[2182bb758b4b3781]::boxed::Box<dyn for<'a, 'b> core[df12db4294e9bfd3]::ops::function::Fn<(&'a std[70759c8f55707aa4]::panic::PanicHookInfo<'b>,), Output = ()> + core[df12db4294e9bfd3]::marker::Send + core[df12db4294e9bfd3]::marker::Sync> as core[df12db4294e9bfd3]::ops::function::Fn<(&std[70759c8f55707aa4]::panic::PanicHookInfo,)>>::call
[INFO] [stdout]                                at /rustc/dfb0accb7f508ae8be965d8629557221c889dd98/library/alloc/src/boxed.rs:2334:9
[INFO] [stdout]   12:     0x639515c5b800 - test[9d35eded1c95d3be]::test_main_inner::<test[9d35eded1c95d3be]::test_main_static::{closure#0}>::{closure#0}
[INFO] [stdout]                                at /rustc/dfb0accb7f508ae8be965d8629557221c889dd98/library/test/src/lib.rs:155:21
[INFO] [stdout]   13:     0x639516175522 - <alloc[2182bb758b4b3781]::boxed::Box<dyn for<'a, 'b> core[df12db4294e9bfd3]::ops::function::Fn<(&'a std[70759c8f55707aa4]::panic::PanicHookInfo<'b>,), Output = ()> + core[df12db4294e9bfd3]::marker::Send + core[df12db4294e9bfd3]::marker::Sync> as core[df12db4294e9bfd3]::ops::function::Fn<(&std[70759c8f55707aa4]::panic::PanicHookInfo,)>>::call
[INFO] [stdout]                                at /rustc/dfb0accb7f508ae8be965d8629557221c889dd98/library/alloc/src/boxed.rs:2334:9
[INFO] [stdout]   14:     0x639516175522 - std[70759c8f55707aa4]::panicking::panic_with_hook
[INFO] [stdout]                                at /rustc/dfb0accb7f508ae8be965d8629557221c889dd98/library/std/src/panicking.rs:823:13
[INFO] [stdout]   15:     0x639516158f82 - std[70759c8f55707aa4]::panicking::panic_handler::{closure#0}
[INFO] [stdout]                                at /rustc/dfb0accb7f508ae8be965d8629557221c889dd98/library/std/src/panicking.rs:688:13
[INFO] [stdout]   16:     0x639516151a49 - std[70759c8f55707aa4]::sys::backtrace::__rust_end_short_backtrace::<std[70759c8f55707aa4]::panicking::panic_handler::{closure#0}, !>
[INFO] [stdout]                                at /rustc/dfb0accb7f508ae8be965d8629557221c889dd98/library/std/src/sys/backtrace.rs:182:18
[INFO] [stdout]   17:     0x639516159e1d - __rustc[8fa7c3cbc660c2b3]::rust_begin_unwind
[INFO] [stdout]                                at /rustc/dfb0accb7f508ae8be965d8629557221c889dd98/library/std/src/panicking.rs:679:5
[INFO] [stdout]   18:     0x639516195c0c - core[df12db4294e9bfd3]::panicking::panic_fmt
[INFO] [stdout]                                at /rustc/dfb0accb7f508ae8be965d8629557221c889dd98/library/core/src/panicking.rs:80:14
[INFO] [stdout]   19:     0x639516195962 - core[df12db4294e9bfd3]::result::unwrap_failed
[INFO] [stdout]                                at /rustc/dfb0accb7f508ae8be965d8629557221c889dd98/library/core/src/result.rs:1871:5
[INFO] [stdout]   20:     0x639515bfe871 - <core[df12db4294e9bfd3]::result::Result<(), alloc[2182bb758b4b3781]::string::String>>::expect
[INFO] [stdout]                                at /rustc/dfb0accb7f508ae8be965d8629557221c889dd98/library/core/src/result.rs:1184:23
[INFO] [stdout]   21:     0x639515c4c16b - test_server_tests[af1c2b2d19a8aa16]::test_server::tests::run_with_empty_input
[INFO] [stdout]                                at /opt/rustwide/workdir/tooltest/tests/../src/test_server.rs:507:38
[INFO] [stdout]   22:     0x639515c457b7 - test_server_tests[af1c2b2d19a8aa16]::test_server::tests::run_with_empty_input::{closure#0}
[INFO] [stdout]                                at /opt/rustwide/workdir/tooltest/tests/../src/test_server.rs:504:30
[INFO] [stdout]   23:     0x639515c2c986 - <test_server_tests[af1c2b2d19a8aa16]::test_server::tests::run_with_empty_input::{closure#0} as core[df12db4294e9bfd3]::ops::function::FnOnce<()>>::call_once
[INFO] [stdout]                                at /rustc/dfb0accb7f508ae8be965d8629557221c889dd98/library/core/src/ops/function.rs:250:5
[INFO] [stdout]   24:     0x639515c4eaeb - <fn() -> core[df12db4294e9bfd3]::result::Result<(), alloc[2182bb758b4b3781]::string::String> as core[df12db4294e9bfd3]::ops::function::FnOnce<()>>::call_once
[INFO] [stdout]                                at /rustc/dfb0accb7f508ae8be965d8629557221c889dd98/library/core/src/ops/function.rs:250:5
[INFO] [stdout]   25:     0x639515c4eaeb - test[9d35eded1c95d3be]::__rust_begin_short_backtrace::<core[df12db4294e9bfd3]::result::Result<(), alloc[2182bb758b4b3781]::string::String>, fn() -> core[df12db4294e9bfd3]::result::Result<(), alloc[2182bb758b4b3781]::string::String>>
[INFO] [stdout]                                at /rustc/dfb0accb7f508ae8be965d8629557221c889dd98/library/test/src/lib.rs:733:18
[INFO] [stdout]   26:     0x639515c5c155 - test[9d35eded1c95d3be]::run_test_in_process::{closure#0}
[INFO] [stdout]                                at /rustc/dfb0accb7f508ae8be965d8629557221c889dd98/library/test/src/lib.rs:756:74
[INFO] [stdout]   27:     0x639515c5c155 - <core[df12db4294e9bfd3]::panic::unwind_safe::AssertUnwindSafe<test[9d35eded1c95d3be]::run_test_in_process::{closure#0}> as core[df12db4294e9bfd3]::ops::function::FnOnce<()>>::call_once
[INFO] [stdout]                                at /rustc/dfb0accb7f508ae8be965d8629557221c889dd98/library/core/src/panic/unwind_safe.rs:275:9
[INFO] [stdout]   28:     0x639515c5c155 - std[70759c8f55707aa4]::panicking::catch_unwind::do_call::<core[df12db4294e9bfd3]::panic::unwind_safe::AssertUnwindSafe<test[9d35eded1c95d3be]::run_test_in_process::{closure#0}>, core[df12db4294e9bfd3]::result::Result<(), alloc[2182bb758b4b3781]::string::String>>
[INFO] [stdout]                                at /rustc/dfb0accb7f508ae8be965d8629557221c889dd98/library/std/src/panicking.rs:576:43
[INFO] [stdout]   29:     0x639515c5c155 - std[70759c8f55707aa4]::panicking::catch_unwind::<core[df12db4294e9bfd3]::result::Result<(), alloc[2182bb758b4b3781]::string::String>, core[df12db4294e9bfd3]::panic::unwind_safe::AssertUnwindSafe<test[9d35eded1c95d3be]::run_test_in_process::{closure#0}>>
[INFO] [stdout]                                at /rustc/dfb0accb7f508ae8be965d8629557221c889dd98/library/std/src/panicking.rs:544:19
[INFO] [stdout]   30:     0x639515c5c155 - std[70759c8f55707aa4]::panic::catch_unwind::<core[df12db4294e9bfd3]::panic::unwind_safe::AssertUnwindSafe<test[9d35eded1c95d3be]::run_test_in_process::{closure#0}>, core[df12db4294e9bfd3]::result::Result<(), alloc[2182bb758b4b3781]::string::String>>
[INFO] [stdout]                                at /rustc/dfb0accb7f508ae8be965d8629557221c889dd98/library/std/src/panic.rs:359:14
[INFO] [stdout]   31:     0x639515c5c155 - test[9d35eded1c95d3be]::run_test_in_process
[INFO] [stdout]                                at /rustc/dfb0accb7f508ae8be965d8629557221c889dd98/library/test/src/lib.rs:756:27
[INFO] [stdout]   32:     0x639515c5c155 - test[9d35eded1c95d3be]::run_test::{closure#0}
[INFO] [stdout]                                at /rustc/dfb0accb7f508ae8be965d8629557221c889dd98/library/test/src/lib.rs:677:43
[INFO] [stdout]   33:     0x639515c55a14 - test[9d35eded1c95d3be]::run_test::{closure#1}
[INFO] [stdout]                                at /rustc/dfb0accb7f508ae8be965d8629557221c889dd98/library/test/src/lib.rs:707:41
[INFO] [stdout]   34:     0x639515c55a14 - std[70759c8f55707aa4]::sys::backtrace::__rust_begin_short_backtrace::<test[9d35eded1c95d3be]::run_test::{closure#1}, ()>
[INFO] [stdout]                                at /rustc/dfb0accb7f508ae8be965d8629557221c889dd98/library/std/src/sys/backtrace.rs:166:18
[INFO] [stdout]   35:     0x639515c5f2b2 - std[70759c8f55707aa4]::thread::lifecycle::spawn_unchecked::<test[9d35eded1c95d3be]::run_test::{closure#1}, ()>::{closure#1}::{closure#0}
[INFO] [stdout]                                at /rustc/dfb0accb7f508ae8be965d8629557221c889dd98/library/std/src/thread/lifecycle.rs:70:13
[INFO] [stdout]   36:     0x639515c5f2b2 - <core[df12db4294e9bfd3]::panic::unwind_safe::AssertUnwindSafe<std[70759c8f55707aa4]::thread::lifecycle::spawn_unchecked<test[9d35eded1c95d3be]::run_test::{closure#1}, ()>::{closure#1}::{closure#0}> as core[df12db4294e9bfd3]::ops::function::FnOnce<()>>::call_once
[INFO] [stdout]                                at /rustc/dfb0accb7f508ae8be965d8629557221c889dd98/library/core/src/panic/unwind_safe.rs:275:9
[INFO] [stdout]   37:     0x639515c5f2b2 - std[70759c8f55707aa4]::panicking::catch_unwind::do_call::<core[df12db4294e9bfd3]::panic::unwind_safe::AssertUnwindSafe<std[70759c8f55707aa4]::thread::lifecycle::spawn_unchecked<test[9d35eded1c95d3be]::run_test::{closure#1}, ()>::{closure#1}::{closure#0}>, ()>
[INFO] [stdout]                                at /rustc/dfb0accb7f508ae8be965d8629557221c889dd98/library/std/src/panicking.rs:576:43
[INFO] [stdout]   38:     0x639515c5f2b2 - std[70759c8f55707aa4]::panicking::catch_unwind::<(), core[df12db4294e9bfd3]::panic::unwind_safe::AssertUnwindSafe<std[70759c8f55707aa4]::thread::lifecycle::spawn_unchecked<test[9d35eded1c95d3be]::run_test::{closure#1}, ()>::{closure#1}::{closure#0}>>
[INFO] [stdout]                                at /rustc/dfb0accb7f508ae8be965d8629557221c889dd98/library/std/src/panicking.rs:544:19
[INFO] [stdout]   39:     0x639515c5f2b2 - std[70759c8f55707aa4]::panic::catch_unwind::<core[df12db4294e9bfd3]::panic::unwind_safe::AssertUnwindSafe<std[70759c8f55707aa4]::thread::lifecycle::spawn_unchecked<test[9d35eded1c95d3be]::run_test::{closure#1}, ()>::{closure#1}::{closure#0}>, ()>
[INFO] [stdout]                                at /rustc/dfb0accb7f508ae8be965d8629557221c889dd98/library/std/src/panic.rs:359:14
[INFO] [stdout]   40:     0x639515c5f2b2 - std[70759c8f55707aa4]::thread::lifecycle::spawn_unchecked::<test[9d35eded1c95d3be]::run_test::{closure#1}, ()>::{closure#1}
[INFO] [stdout]                                at /rustc/dfb0accb7f508ae8be965d8629557221c889dd98/library/std/src/thread/lifecycle.rs:68:26
[INFO] [stdout]   41:     0x639515c5f2b2 - <std[70759c8f55707aa4]::thread::lifecycle::spawn_unchecked<test[9d35eded1c95d3be]::run_test::{closure#1}, ()>::{closure#1} as core[df12db4294e9bfd3]::ops::function::FnOnce<()>>::call_once::{shim:vtable#0}
[INFO] [stdout]                                at /rustc/dfb0accb7f508ae8be965d8629557221c889dd98/library/core/src/ops/function.rs:250:5
[INFO] [stdout]   42:     0x63951617c759 - <alloc[2182bb758b4b3781]::boxed::Box<dyn core[df12db4294e9bfd3]::ops::function::FnOnce<(), Output = ()> + core[df12db4294e9bfd3]::marker::Send> as core[df12db4294e9bfd3]::ops::function::FnOnce<()>>::call_once
[INFO] [stdout]                                at /rustc/dfb0accb7f508ae8be965d8629557221c889dd98/library/alloc/src/boxed.rs:2320:9
[INFO] [stdout]   43:     0x63951617c759 - <std[70759c8f55707aa4]::sys::thread::unix::Thread>::new::thread_start
[INFO] [stdout]                                at /rustc/dfb0accb7f508ae8be965d8629557221c889dd98/library/std/src/sys/thread/unix.rs:123:17
[INFO] [stdout]   44:     0x72ca764addfa - <unknown>
[INFO] [stdout]   45:     0x72ca765413d4 - clone
[INFO] [stdout]   46:                0x0 - <unknown>
[INFO] [stdout] 
[INFO] [stdout] ---- test_server::tests::validate_expectations_checks_value_type stdout ----
[INFO] [stdout] 
[INFO] [stdout] thread 'test_server::tests::validate_expectations_checks_value_type' (4502) panicked at tooltest/tests/../src/test_server.rs:500:33:
[INFO] [stdout] string is valid: "expected arg 'missing-arg' not found"
[INFO] [stdout] stack backtrace:
[INFO] [stdout]    0:     0x63951617ce81 - std[70759c8f55707aa4]::backtrace_rs::backtrace::libunwind::trace
[INFO] [stdout]                                at /rustc/dfb0accb7f508ae8be965d8629557221c889dd98/library/std/src/../../backtrace/src/backtrace/libunwind.rs:117:9
[INFO] [stdout]    1:     0x63951617ce81 - std[70759c8f55707aa4]::backtrace_rs::backtrace::trace_unsynchronized::<std[70759c8f55707aa4]::sys::backtrace::_print_fmt::{closure#1}>
[INFO] [stdout]                                at /rustc/dfb0accb7f508ae8be965d8629557221c889dd98/library/std/src/../../backtrace/src/backtrace/mod.rs:66:14
[INFO] [stdout]    2:     0x63951617ce81 - std[70759c8f55707aa4]::sys::backtrace::_print_fmt
[INFO] [stdout]                                at /rustc/dfb0accb7f508ae8be965d8629557221c889dd98/library/std/src/sys/backtrace.rs:74:9
[INFO] [stdout]    3:     0x63951617ce81 - <<std[70759c8f55707aa4]::sys::backtrace::BacktraceLock>::print::DisplayBacktrace as core[df12db4294e9bfd3]::fmt::Display>::fmt
[INFO] [stdout]                                at /rustc/dfb0accb7f508ae8be965d8629557221c889dd98/library/std/src/sys/backtrace.rs:44:26
[INFO] [stdout]    4:     0x63951619536a - <core[df12db4294e9bfd3]::fmt::rt::Argument>::fmt
[INFO] [stdout]                                at /rustc/dfb0accb7f508ae8be965d8629557221c889dd98/library/core/src/fmt/rt.rs:152:76
[INFO] [stdout]    5:     0x63951619536a - core[df12db4294e9bfd3]::fmt::write
[INFO] [stdout]    6:     0x639516182b1c - core[df12db4294e9bfd3]::io::write::default_write_fmt::<alloc[2182bb758b4b3781]::vec::Vec<u8>>
[INFO] [stdout]                                at /rustc/dfb0accb7f508ae8be965d8629557221c889dd98/library/core/src/io/write.rs:402:11
[INFO] [stdout]    7:     0x639516182b1c - <alloc[2182bb758b4b3781]::vec::Vec<u8> as core[df12db4294e9bfd3]::io::write::Write>::write_fmt
[INFO] [stdout]                                at /rustc/dfb0accb7f508ae8be965d8629557221c889dd98/library/core/src/io/write.rs:335:13
[INFO] [stdout]    8:     0x639516158ed6 - <std[70759c8f55707aa4]::sys::backtrace::BacktraceLock>::print
[INFO] [stdout]                                at /rustc/dfb0accb7f508ae8be965d8629557221c889dd98/library/std/src/sys/backtrace.rs:47:9
[INFO] [stdout]    9:     0x639516158ed6 - std[70759c8f55707aa4]::panicking::default_hook::{closure#0}
[INFO] [stdout]                                at /rustc/dfb0accb7f508ae8be965d8629557221c889dd98/library/std/src/panicking.rs:292:27
[INFO] [stdout]   10:     0x639516175369 - std[70759c8f55707aa4]::panicking::default_hook
[INFO] [stdout]                                at /rustc/dfb0accb7f508ae8be965d8629557221c889dd98/library/std/src/panicking.rs:316:9
[INFO] [stdout]   11:     0x639515c5b800 - <alloc[2182bb758b4b3781]::boxed::Box<dyn for<'a, 'b> core[df12db4294e9bfd3]::ops::function::Fn<(&'a std[70759c8f55707aa4]::panic::PanicHookInfo<'b>,), Output = ()> + core[df12db4294e9bfd3]::marker::Send + core[df12db4294e9bfd3]::marker::Sync> as core[df12db4294e9bfd3]::ops::function::Fn<(&std[70759c8f55707aa4]::panic::PanicHookInfo,)>>::call
[INFO] [stdout]                                at /rustc/dfb0accb7f508ae8be965d8629557221c889dd98/library/alloc/src/boxed.rs:2334:9
[INFO] [stdout]   12:     0x639515c5b800 - test[9d35eded1c95d3be]::test_main_inner::<test[9d35eded1c95d3be]::test_main_static::{closure#0}>::{closure#0}
[INFO] [stdout]                                at /rustc/dfb0accb7f508ae8be965d8629557221c889dd98/library/test/src/lib.rs:155:21
[INFO] [stdout]   13:     0x639516175522 - <alloc[2182bb758b4b3781]::boxed::Box<dyn for<'a, 'b> core[df12db4294e9bfd3]::ops::function::Fn<(&'a std[70759c8f55707aa4]::panic::PanicHookInfo<'b>,), Output = ()> + core[df12db4294e9bfd3]::marker::Send + core[df12db4294e9bfd3]::marker::Sync> as core[df12db4294e9bfd3]::ops::function::Fn<(&std[70759c8f55707aa4]::panic::PanicHookInfo,)>>::call
[INFO] [stdout]                                at /rustc/dfb0accb7f508ae8be965d8629557221c889dd98/library/alloc/src/boxed.rs:2334:9
[INFO] [stdout]   14:     0x639516175522 - std[70759c8f55707aa4]::panicking::panic_with_hook
[INFO] [stdout]                                at /rustc/dfb0accb7f508ae8be965d8629557221c889dd98/library/std/src/panicking.rs:823:13
[INFO] [stdout]   15:     0x639516158f82 - std[70759c8f55707aa4]::panicking::panic_handler::{closure#0}
[INFO] [stdout]                                at /rustc/dfb0accb7f508ae8be965d8629557221c889dd98/library/std/src/panicking.rs:688:13
[INFO] [stdout]   16:     0x639516151a49 - std[70759c8f55707aa4]::sys::backtrace::__rust_end_short_backtrace::<std[70759c8f55707aa4]::panicking::panic_handler::{closure#0}, !>
[INFO] [stdout]                                at /rustc/dfb0accb7f508ae8be965d8629557221c889dd98/library/std/src/sys/backtrace.rs:182:18
[INFO] [stdout]   17:     0x639516159e1d - __rustc[8fa7c3cbc660c2b3]::rust_begin_unwind
[INFO] [stdout]                                at /rustc/dfb0accb7f508ae8be965d8629557221c889dd98/library/std/src/panicking.rs:679:5
[INFO] [stdout]   18:     0x639516195c0c - core[df12db4294e9bfd3]::panicking::panic_fmt
[INFO] [stdout]                                at /rustc/dfb0accb7f508ae8be965d8629557221c889dd98/library/core/src/panicking.rs:80:14
[INFO] [stdout]   19:     0x639516195962 - core[df12db4294e9bfd3]::result::unwrap_failed
[INFO] [stdout]                                at /rustc/dfb0accb7f508ae8be965d8629557221c889dd98/library/core/src/result.rs:1871:5
[INFO] [stdout]   20:     0x639515bfe871 - <core[df12db4294e9bfd3]::result::Result<(), alloc[2182bb758b4b3781]::string::String>>::expect
[INFO] [stdout]                                at /rustc/dfb0accb7f508ae8be965d8629557221c889dd98/library/core/src/result.rs:1184:23
[INFO] [stdout]   21:     0x639515c4d5c8 - test_server_tests[af1c2b2d19a8aa16]::test_server::tests::validate_expectations_checks_value_type
[INFO] [stdout]                                at /opt/rustwide/workdir/tooltest/tests/../src/test_server.rs:500:33
[INFO] [stdout]   22:     0x639515c45967 - test_server_tests[af1c2b2d19a8aa16]::test_server::tests::validate_expectations_checks_value_type::{closure#0}
[INFO] [stdout]                                at /opt/rustwide/workdir/tooltest/tests/../src/test_server.rs:498:49
[INFO] [stdout]   23:     0x639515c2caa6 - <test_server_tests[af1c2b2d19a8aa16]::test_server::tests::validate_expectations_checks_value_type::{closure#0} as core[df12db4294e9bfd3]::ops::function::FnOnce<()>>::call_once
[INFO] [stdout]                                at /rustc/dfb0accb7f508ae8be965d8629557221c889dd98/library/core/src/ops/function.rs:250:5
[INFO] [stdout]   24:     0x639515c4eaeb - <fn() -> core[df12db4294e9bfd3]::result::Result<(), alloc[2182bb758b4b3781]::string::String> as core[df12db4294e9bfd3]::ops::function::FnOnce<()>>::call_once
[INFO] [stdout]                                at /rustc/dfb0accb7f508ae8be965d8629557221c889dd98/library/core/src/ops/function.rs:250:5
[INFO] [stdout]   25:     0x639515c4eaeb - test[9d35eded1c95d3be]::__rust_begin_short_backtrace::<core[df12db4294e9bfd3]::result::Result<(), alloc[2182bb758b4b3781]::string::String>, fn() -> core[df12db4294e9bfd3]::result::Result<(), alloc[2182bb758b4b3781]::string::String>>
[INFO] [stdout]                                at /rustc/dfb0accb7f508ae8be965d8629557221c889dd98/library/test/src/lib.rs:733:18
[INFO] [stdout]   26:     0x639515c5c155 - test[9d35eded1c95d3be]::run_test_in_process::{closure#0}
[INFO] [stdout]                                at /rustc/dfb0accb7f508ae8be965d8629557221c889dd98/library/test/src/lib.rs:756:74
[INFO] [stdout]   27:     0x639515c5c155 - <core[df12db4294e9bfd3]::panic::unwind_safe::AssertUnwindSafe<test[9d35eded1c95d3be]::run_test_in_process::{closure#0}> as core[df12db4294e9bfd3]::ops::function::FnOnce<()>>::call_once
[INFO] [stdout]                                at /rustc/dfb0accb7f508ae8be965d8629557221c889dd98/library/core/src/panic/unwind_safe.rs:275:9
[INFO] [stdout]   28:     0x639515c5c155 - std[70759c8f55707aa4]::panicking::catch_unwind::do_call::<core[df12db4294e9bfd3]::panic::unwind_safe::AssertUnwindSafe<test[9d35eded1c95d3be]::run_test_in_process::{closure#0}>, core[df12db4294e9bfd3]::result::Result<(), alloc[2182bb758b4b3781]::string::String>>
[INFO] [stdout]                                at /rustc/dfb0accb7f508ae8be965d8629557221c889dd98/library/std/src/panicking.rs:576:43
[INFO] [stdout]   29:     0x639515c5c155 - std[70759c8f55707aa4]::panicking::catch_unwind::<core[df12db4294e9bfd3]::result::Result<(), alloc[2182bb758b4b3781]::string::String>, core[df12db4294e9bfd3]::panic::unwind_safe::AssertUnwindSafe<test[9d35eded1c95d3be]::run_test_in_process::{closure#0}>>
[INFO] [stdout]                                at /rustc/dfb0accb7f508ae8be965d8629557221c889dd98/library/std/src/panicking.rs:544:19
[INFO] [stdout]   30:     0x639515c5c155 - std[70759c8f55707aa4]::panic::catch_unwind::<core[df12db4294e9bfd3]::panic::unwind_safe::AssertUnwindSafe<test[9d35eded1c95d3be]::run_test_in_process::{closure#0}>, core[df12db4294e9bfd3]::result::Result<(), alloc[2182bb758b4b3781]::string::String>>
[INFO] [stdout]                                at /rustc/dfb0accb7f508ae8be965d8629557221c889dd98/library/std/src/panic.rs:359:14
[INFO] [stdout]   31:     0x639515c5c155 - test[9d35eded1c95d3be]::run_test_in_process
[INFO] [stdout]                                at /rustc/dfb0accb7f508ae8be965d8629557221c889dd98/library/test/src/lib.rs:756:27
[INFO] [stdout]   32:     0x639515c5c155 - test[9d35eded1c95d3be]::run_test::{closure#0}
[INFO] [stdout]                                at /rustc/dfb0accb7f508ae8be965d8629557221c889dd98/library/test/src/lib.rs:677:43
[INFO] [stdout]   33:     0x639515c55a14 - test[9d35eded1c95d3be]::run_test::{closure#1}
[INFO] [stdout]                                at /rustc/dfb0accb7f508ae8be965d8629557221c889dd98/library/test/src/lib.rs:707:41
[INFO] [stdout]   34:     0x639515c55a14 - std[70759c8f55707aa4]::sys::backtrace::__rust_begin_short_backtrace::<test[9d35eded1c95d3be]::run_test::{closure#1}, ()>
[INFO] [stdout]                                at /rustc/dfb0accb7f508ae8be965d8629557221c889dd98/library/std/src/sys/backtrace.rs:166:18
[INFO] [stdout]   35:     0x639515c5f2b2 - std[70759c8f55707aa4]::thread::lifecycle::spawn_unchecked::<test[9d35eded1c95d3be]::run_test::{closure#1}, ()>::{closure#1}::{closure#0}
[INFO] [stdout]                                at /rustc/dfb0accb7f508ae8be965d8629557221c889dd98/library/std/src/thread/lifecycle.rs:70:13
[INFO] [stdout]   36:     0x639515c5f2b2 - <core[df12db4294e9bfd3]::panic::unwind_safe::AssertUnwindSafe<std[70759c8f55707aa4]::thread::lifecycle::spawn_unchecked<test[9d35eded1c95d3be]::run_test::{closure#1}, ()>::{closure#1}::{closure#0}> as core[df12db4294e9bfd3]::ops::function::FnOnce<()>>::call_once
[INFO] [stdout]                                at /rustc/dfb0accb7f508ae8be965d8629557221c889dd98/library/core/src/panic/unwind_safe.rs:275:9
[INFO] [stdout]   37:     0x639515c5f2b2 - std[70759c8f55707aa4]::panicking::catch_unwind::do_call::<core[df12db4294e9bfd3]::panic::unwind_safe::AssertUnwindSafe<std[70759c8f55707aa4]::thread::lifecycle::spawn_unchecked<test[9d35eded1c95d3be]::run_test::{closure#1}, ()>::{closure#1}::{closure#0}>, ()>
[INFO] [stdout]                                at /rustc/dfb0accb7f508ae8be965d8629557221c889dd98/library/std/src/panicking.rs:576:43
[INFO] [stdout]   38:     0x639515c5f2b2 - std[70759c8f55707aa4]::panicking::catch_unwind::<(), core[df12db4294e9bfd3]::panic::unwind_safe::AssertUnwindSafe<std[70759c8f55707aa4]::thread::lifecycle::spawn_unchecked<test[9d35eded1c95d3be]::run_test::{closure#1}, ()>::{closure#1}::{closure#0}>>
[INFO] [stdout]                                at /rustc/dfb0accb7f508ae8be965d8629557221c889dd98/library/std/src/panicking.rs:544:19
[INFO] [stdout]   39:     0x639515c5f2b2 - std[70759c8f55707aa4]::panic::catch_unwind::<core[df12db4294e9bfd3]::panic::unwind_safe::AssertUnwindSafe<std[70759c8f55707aa4]::thread::lifecycle::spawn_unchecked<test[9d35eded1c95d3be]::run_test::{closure#1}, ()>::{closure#1}::{closure#0}>, ()>
[INFO] [stdout]                                at /rustc/dfb0accb7f508ae8be965d8629557221c889dd98/library/std/src/panic.rs:359:14
[INFO] [stdout]   40:     0x639515c5f2b2 - std[70759c8f55707aa4]::thread::lifecycle::spawn_unchecked::<test[9d35eded1c95d3be]::run_test::{closure#1}, ()>::{closure#1}
[INFO] [stdout]                                at /rustc/dfb0accb7f508ae8be965d8629557221c889dd98/library/std/src/thread/lifecycle.rs:68:26
[INFO] [stdout]   41:     0x639515c5f2b2 - <std[70759c8f55707aa4]::thread::lifecycle::spawn_unchecked<test[9d35eded1c95d3be]::run_test::{closure#1}, ()>::{closure#1} as core[df12db4294e9bfd3]::ops::function::FnOnce<()>>::call_once::{shim:vtable#0}
[INFO] [stdout]                                at /rustc/dfb0accb7f508ae8be965d8629557221c889dd98/library/core/src/ops/function.rs:250:5
[INFO] [stdout]   42:     0x63951617c759 - <alloc[2182bb758b4b3781]::boxed::Box<dyn core[df12db4294e9bfd3]::ops::function::FnOnce<(), Output = ()> + core[df12db4294e9bfd3]::marker::Send> as core[df12db4294e9bfd3]::ops::function::FnOnce<()>>::call_once
[INFO] [stdout]                                at /rustc/dfb0accb7f508ae8be965d8629557221c889dd98/library/alloc/src/boxed.rs:2320:9
[INFO] [stdout]   43:     0x63951617c759 - <std[70759c8f55707aa4]::sys::thread::unix::Thread>::new::thread_start
[INFO] [stdout]                                at /rustc/dfb0accb7f508ae8be965d8629557221c889dd98/library/std/src/sys/thread/unix.rs:123:17
[INFO] [stdout]   44:     0x72ca764addfa - <unknown>
[INFO] [stdout]   45:     0x72ca765413d4 - clone
[INFO] [stdout]   46:                0x0 - <unknown>
[INFO] [stdout] 
[INFO] [stdout] 
[INFO] [stdout] failures:
[INFO] [stdout]     test_server::tests::run_with_empty_input
[INFO] [stdout]     test_server::tests::validate_expectations_checks_value_type
[INFO] [stdout] 
[INFO] [stdout] test result: FAILED. 50 passed; 2 failed; 0 ignored; 0 measured; 0 filtered out; finished in 0.47s
[INFO] [stdout] 
[INFO] [stderr] error: test failed, to rerun pass `-p tooltest --test test_server_tests`
[INFO] running `Command { std: "docker" "inspect" "3cad3e9aa67d66bc4384079c11739f865534a16134b1657191eec7cc8f420b35", kill_on_drop: false }`
[INFO] running `Command { std: "docker" "rm" "-f" "3cad3e9aa67d66bc4384079c11739f865534a16134b1657191eec7cc8f420b35", kill_on_drop: false }`
[INFO] [stdout] 3cad3e9aa67d66bc4384079c11739f865534a16134b1657191eec7cc8f420b35
