[INFO] cloning repository https://github.com/garypen/rate-limiting
[INFO] running `Command { std: "git" "-c" "credential.helper=" "-c" "credential.helper=/workspace/cargo-home/bin/git-credential-null" "clone" "--bare" "https://github.com/garypen/rate-limiting" "/workspace/cache/git-repos/https%3A%2F%2Fgithub.com%2Fgarypen%2Frate-limiting", kill_on_drop: false }`
[INFO] [stderr] Cloning into bare repository '/workspace/cache/git-repos/https%3A%2F%2Fgithub.com%2Fgarypen%2Frate-limiting'...
[INFO] running `Command { std: "git" "rev-parse" "HEAD", kill_on_drop: false }`
[INFO] [stdout] ccd8585f2b2b51e018c84953c9f5824fe50848c6
[INFO] testing garypen/rate-limiting against 1.100.0-beta.1 for beta-1.100-2
[INFO] running `Command { std: "git" "clone" "/workspace/cache/git-repos/https%3A%2F%2Fgithub.com%2Fgarypen%2Frate-limiting" "/workspace/builds/worker-1-tc2/source", kill_on_drop: false }`
[INFO] [stderr] Cloning into '/workspace/builds/worker-1-tc2/source'...
[INFO] [stderr] done.
[INFO] started tweaking git repo https://github.com/garypen/rate-limiting
[INFO] finished tweaking git repo https://github.com/garypen/rate-limiting
[INFO] tweaked toml for git repo https://github.com/garypen/rate-limiting written to /workspace/builds/worker-1-tc2/source/Cargo.toml
[INFO] validating manifest of git repo https://github.com/garypen/rate-limiting on toolchain 1.100.0-beta.1
[INFO] running `Command { std: CARGO_HOME="/workspace/cargo-home" RUSTUP_HOME="/workspace/rustup-home" "/workspace/cargo-home/bin/cargo" "+1.100.0-beta.1" "metadata" "--manifest-path" "Cargo.toml" "--no-deps", kill_on_drop: false }`
[INFO] crate git repo https://github.com/garypen/rate-limiting already has a lockfile, it will not be regenerated
[INFO] running `Command { std: CARGO_HOME="/workspace/cargo-home" RUSTUP_HOME="/workspace/rustup-home" "/workspace/cargo-home/bin/cargo" "+1.100.0-beta.1" "fetch" "--manifest-path" "Cargo.toml", kill_on_drop: false }`
[INFO] [stderr] warning: unused workspace dependency `tower-test`
[INFO] [stderr]  --> Cargo.toml:7:1
[INFO] [stderr]   |
[INFO] [stderr] 7 | tower-test = "0.4.0"
[INFO] [stderr]   | ^^^^^^^^^^
[INFO] [stderr]   |
[INFO] [stderr]   = note: `cargo::unused_workspace_dependencies` is set to `warn` by default
[INFO] [stderr] help: consider removing the workspace dependency `tower-test`
[INFO] [stderr] warning: workspace (manifest) generated 1 warning
[INFO] [stderr] warning: `package.homepage` is redundant with `package.repository`
[INFO] [stderr]  --> tower-shot/Cargo.toml:7:1
[INFO] [stderr]   |
[INFO] [stderr] 6 | repository.workspace = true
[INFO] [stderr]   | ----------
[INFO] [stderr] 7 | homepage.workspace = true
[INFO] [stderr]   | ^^^^^^^^
[INFO] [stderr]   |
[INFO] [stderr]   = note: `cargo::redundant_homepage` is set to `warn` by default
[INFO] [stderr] help: consider removing `package.homepage`
[INFO] [stderr] warning: `tower-shot` (manifest) generated 1 warning
[INFO] [stderr] warning: `package.homepage` is redundant with `package.repository`
[INFO] [stderr]  --> py-shot-limit/Cargo.toml:8:1
[INFO] [stderr]   |
[INFO] [stderr] 7 | repository.workspace = true
[INFO] [stderr]   | ----------
[INFO] [stderr] 8 | homepage.workspace = true
[INFO] [stderr]   | ^^^^^^^^
[INFO] [stderr]   |
[INFO] [stderr]   = note: `cargo::redundant_homepage` is set to `warn` by default
[INFO] [stderr] help: consider removing `package.homepage`
[INFO] [stderr] warning: `py-shot-limit` (manifest) generated 1 warning
[INFO] [stderr] warning: `package.homepage` is redundant with `package.repository`
[INFO] [stderr]  --> shot-limit/Cargo.toml:8:1
[INFO] [stderr]   |
[INFO] [stderr] 7 | repository.workspace = true
[INFO] [stderr]   | ----------
[INFO] [stderr] 8 | homepage.workspace = true
[INFO] [stderr]   | ^^^^^^^^
[INFO] [stderr]   |
[INFO] [stderr]   = note: `cargo::redundant_homepage` is set to `warn` by default
[INFO] [stderr] help: consider removing `package.homepage`
[INFO] [stderr] warning: `shot-limit` (manifest) generated 1 warning
[INFO] running `Command { std: "docker" "create" "-v" "/var/lib/crater-agent-workspace/builds/worker-1-tc2/source:/opt/rustwide/workdir:ro,Z" "-v" "/var/lib/crater-agent-workspace/builds/worker-1-tc2/target:/opt/rustwide/target:rw,Z" "-v" "/var/lib/crater-agent-workspace/cargo-home:/opt/rustwide/cargo-home:ro,Z" "-v" "/var/lib/crater-agent-workspace/rustup-home:/opt/rustwide/rustup-home:ro,Z" "-m" "1610612736" "--network" "none" "ghcr.io/rust-lang/crates-build-env/linux@sha256:3111399a4047eeb3a02b7a90e478d715f38a8c6669b5c4b49d30a17385265909" "sleep" "infinity", kill_on_drop: false }`
[INFO] [stdout] 64fef30e2d7081328cf49af06b64b68e8a98a95db437db0d05d9260e5fd41545
[INFO] running `Command { std: "docker" "start" "64fef30e2d7081328cf49af06b64b68e8a98a95db437db0d05d9260e5fd41545", kill_on_drop: false }`
[INFO] running `Command { std: "docker" "inspect" "64fef30e2d7081328cf49af06b64b68e8a98a95db437db0d05d9260e5fd41545", kill_on_drop: false }`
[INFO] running `Command { std: "docker" "exec" "-e" "SOURCE_DIR=/opt/rustwide/workdir" "-e" "CARGO_HOME=/opt/rustwide/cargo-home" "-e" "RUSTUP_HOME=/opt/rustwide/rustup-home" "-e" "CARGO_TARGET_DIR=/opt/rustwide/target" "-w" "/opt/rustwide/workdir" "--user" "0:0" "64fef30e2d7081328cf49af06b64b68e8a98a95db437db0d05d9260e5fd41545" "/opt/rustwide/cargo-home/bin/cargo" "+1.100.0-beta.1" "metadata" "--no-deps" "--format-version=1", kill_on_drop: false }`
[INFO] running `Command { std: "docker" "inspect" "64fef30e2d7081328cf49af06b64b68e8a98a95db437db0d05d9260e5fd41545", kill_on_drop: false }`
[INFO] running `Command { std: "docker" "exec" "-e" "SOURCE_DIR=/opt/rustwide/workdir" "-e" "CARGO_HOME=/opt/rustwide/cargo-home" "-e" "RUSTUP_HOME=/opt/rustwide/rustup-home" "-e" "CARGO_TARGET_DIR=/opt/rustwide/target" "-e" "CARGO_INCREMENTAL=0" "-e" "RUST_BACKTRACE=full" "-e" "RUSTFLAGS=--cap-lints=warn" "-e" "RUSTDOCFLAGS=--cap-lints=warn" "-w" "/opt/rustwide/workdir" "--user" "0:0" "64fef30e2d7081328cf49af06b64b68e8a98a95db437db0d05d9260e5fd41545" "/opt/rustwide/cargo-home/bin/cargo" "+1.100.0-beta.1" "build" "--frozen" "--message-format=json", kill_on_drop: false }`
[INFO] [stderr] warning: unused workspace dependency `tower-test`
[INFO] [stderr]  --> Cargo.toml:7:1
[INFO] [stderr]   |
[INFO] [stderr] 7 | tower-test = "0.4.0"
[INFO] [stderr]   | ^^^^^^^^^^
[INFO] [stderr]   |
[INFO] [stderr]   = note: `cargo::unused_workspace_dependencies` is set to `warn` by default
[INFO] [stderr] help: consider removing the workspace dependency `tower-test`
[INFO] [stderr] warning: workspace (manifest) generated 1 warning
[INFO] [stderr] warning: `package.homepage` is redundant with `package.repository`
[INFO] [stderr]  --> py-shot-limit/Cargo.toml:8:1
[INFO] [stderr]   |
[INFO] [stderr] 7 | repository.workspace = true
[INFO] [stderr]   | ----------
[INFO] [stderr] 8 | homepage.workspace = true
[INFO] [stderr]   | ^^^^^^^^
[INFO] [stderr]   |
[INFO] [stderr]   = note: `cargo::redundant_homepage` is set to `warn` by default
[INFO] [stderr] help: consider removing `package.homepage`
[INFO] [stderr] warning: `py-shot-limit` (manifest) generated 1 warning
[INFO] [stderr] warning: `package.homepage` is redundant with `package.repository`
[INFO] [stderr]  --> tower-shot/Cargo.toml:7:1
[INFO] [stderr]   |
[INFO] [stderr] 6 | repository.workspace = true
[INFO] [stderr]   | ----------
[INFO] [stderr] 7 | homepage.workspace = true
[INFO] [stderr]   | ^^^^^^^^
[INFO] [stderr]   |
[INFO] [stderr]   = note: `cargo::redundant_homepage` is set to `warn` by default
[INFO] [stderr] help: consider removing `package.homepage`
[INFO] [stderr] warning: `tower-shot` (manifest) generated 1 warning
[INFO] [stderr] warning: `package.homepage` is redundant with `package.repository`
[INFO] [stderr]  --> shot-limit/Cargo.toml:8:1
[INFO] [stderr]   |
[INFO] [stderr] 7 | repository.workspace = true
[INFO] [stderr]   | ----------
[INFO] [stderr] 8 | homepage.workspace = true
[INFO] [stderr]   | ^^^^^^^^
[INFO] [stderr]   |
[INFO] [stderr]   = note: `cargo::redundant_homepage` is set to `warn` by default
[INFO] [stderr] help: consider removing `package.homepage`
[INFO] [stderr] warning: `shot-limit` (manifest) generated 1 warning
[INFO] [stderr]    Compiling libc v0.2.184
[INFO] [stderr]    Compiling target-lexicon v0.13.4
[INFO] [stderr]    Compiling crossbeam-utils v0.8.21
[INFO] [stderr]    Compiling pin-project-lite v0.2.17
[INFO] [stderr]    Compiling smallvec v1.15.1
[INFO] [stderr]    Compiling bitflags v2.10.0
[INFO] [stderr]    Compiling futures-core v0.3.32
[INFO] [stderr]    Compiling simd-adler32 v0.3.8
[INFO] [stderr]    Compiling rand_core v0.10.0
[INFO] [stderr]    Compiling quote v1.0.45
[INFO] [stderr]    Compiling bytes v1.11.0
[INFO] [stderr]    Compiling futures-sink v0.3.32
[INFO] [stderr]    Compiling minimal-lexical v0.2.1
[INFO] [stderr]    Compiling getrandom v0.4.1
[INFO] [stderr]    Compiling tracing v0.1.44
[INFO] [stderr]    Compiling equivalent v1.0.2
[INFO] [stderr]    Compiling futures-task v0.3.32
[INFO] [stderr]    Compiling hashbrown v0.16.1
[INFO] [stderr]    Compiling cpufeatures v0.3.0
[INFO] [stderr]    Compiling futures-util v0.3.32
[INFO] [stderr]    Compiling tower-layer v0.3.3
[INFO] [stderr]    Compiling chacha20 v0.10.0
[INFO] [stderr]    Compiling sync_wrapper v1.0.2
[INFO] [stderr]    Compiling miniz_oxide v0.8.9
[INFO] [stderr]    Compiling raw-cpuid v11.6.0
[INFO] [stderr]    Compiling nom v7.1.3
[INFO] [stderr]    Compiling tower-service v0.3.3
[INFO] [stderr]    Compiling syn v2.0.117
[INFO] [stderr]    Compiling crossbeam-channel v0.5.15
[INFO] [stderr]    Compiling indexmap v2.12.1
[INFO] [stderr]    Compiling flate2 v1.1.5
[INFO] [stderr]    Compiling pyo3-build-config v0.28.3
[INFO] [stderr]    Compiling errno v0.3.14
[INFO] [stderr]    Compiling parking_lot_core v0.9.12
[INFO] [stderr]    Compiling mio v1.2.0
[INFO] [stderr]    Compiling socket2 v0.6.3
[INFO] [stderr]    Compiling signal-hook-registry v1.4.8
[INFO] [stderr]    Compiling rand v0.10.0
[INFO] [stderr]    Compiling parking_lot v0.12.5
[INFO] [stderr]    Compiling pyo3-macros-backend v0.28.3
[INFO] [stderr]    Compiling pyo3-ffi v0.28.3
[INFO] [stderr]    Compiling pyo3 v0.28.3
[INFO] [stderr]    Compiling quanta v0.12.6
[INFO] [stderr]    Compiling hdrhistogram v7.5.4
[INFO] [stderr]    Compiling shot-limit v0.1.1 (/opt/rustwide/workdir/shot-limit)
[INFO] [stdout] warning: use of deprecated method `std::sync::atomic::Atomic::<usize>::fetch_update`: renamed to `try_update` for consistency
[INFO] [stdout]   --> shot-limit/src/fixed_window.rs:61:18
[INFO] [stdout]    |
[INFO] [stdout] 61 |                 .fetch_update(Ordering::SeqCst, Ordering::SeqCst, |val| {
[INFO] [stdout]    |                  ^^^^^^^^^^^^
[INFO] [stdout]    |
[INFO] [stdout]    = note: `#[warn(deprecated)]` on by default
[INFO] [stdout] help: replace the use of the deprecated method
[INFO] [stdout]    |
[INFO] [stdout] 61 -                 .fetch_update(Ordering::SeqCst, Ordering::SeqCst, |val| {
[INFO] [stdout] 61 +                 .try_update(Ordering::SeqCst, Ordering::SeqCst, |val| {
[INFO] [stdout]    |
[INFO] [stdout] 
[INFO] [stdout] 
[INFO] [stderr]    Compiling tokio-macros v2.7.0
[INFO] [stderr]    Compiling thiserror-impl v2.0.18
[INFO] [stderr]    Compiling tokio v1.51.0
[INFO] [stderr]    Compiling thiserror v2.0.18
[INFO] [stderr]    Compiling opentelemetry v0.31.0
[INFO] [stderr]    Compiling pyo3-macros v0.28.3
[INFO] [stderr]    Compiling tokio-util v0.7.18
[INFO] [stderr]    Compiling tower v0.5.3
[INFO] [stderr]    Compiling py-shot-limit v0.1.1 (/opt/rustwide/workdir/py-shot-limit)
[INFO] [stderr]    Compiling tower-shot v0.1.1 (/opt/rustwide/workdir/tower-shot)
[INFO] [stderr]     Finished `dev` profile [unoptimized + debuginfo] target(s) in 35.39s
[INFO] running `Command { std: "docker" "inspect" "64fef30e2d7081328cf49af06b64b68e8a98a95db437db0d05d9260e5fd41545", kill_on_drop: false }`
[INFO] running `Command { std: "docker" "exec" "-e" "SOURCE_DIR=/opt/rustwide/workdir" "-e" "CARGO_HOME=/opt/rustwide/cargo-home" "-e" "RUSTUP_HOME=/opt/rustwide/rustup-home" "-e" "CARGO_TARGET_DIR=/opt/rustwide/target" "-e" "CARGO_INCREMENTAL=0" "-e" "RUST_BACKTRACE=full" "-e" "RUSTFLAGS=--cap-lints=warn" "-e" "RUSTDOCFLAGS=--cap-lints=warn" "-w" "/opt/rustwide/workdir" "--user" "0:0" "64fef30e2d7081328cf49af06b64b68e8a98a95db437db0d05d9260e5fd41545" "/opt/rustwide/cargo-home/bin/cargo" "+1.100.0-beta.1" "test" "--frozen" "--no-run" "--message-format=json", kill_on_drop: false }`
[INFO] [stderr] warning: unused workspace dependency `tower-test`
[INFO] [stderr]  --> Cargo.toml:7:1
[INFO] [stderr]   |
[INFO] [stderr] 7 | tower-test = "0.4.0"
[INFO] [stderr]   | ^^^^^^^^^^
[INFO] [stderr]   |
[INFO] [stderr]   = note: `cargo::unused_workspace_dependencies` is set to `warn` by default
[INFO] [stderr] help: consider removing the workspace dependency `tower-test`
[INFO] [stderr] warning: workspace (manifest) generated 1 warning
[INFO] [stderr] warning: `package.homepage` is redundant with `package.repository`
[INFO] [stderr]  --> py-shot-limit/Cargo.toml:8:1
[INFO] [stderr]   |
[INFO] [stderr] 7 | repository.workspace = true
[INFO] [stderr]   | ----------
[INFO] [stderr] 8 | homepage.workspace = true
[INFO] [stderr]   | ^^^^^^^^
[INFO] [stderr]   |
[INFO] [stderr]   = note: `cargo::redundant_homepage` is set to `warn` by default
[INFO] [stderr] help: consider removing `package.homepage`
[INFO] [stderr] warning: `py-shot-limit` (manifest) generated 1 warning
[INFO] [stderr] warning: `package.homepage` is redundant with `package.repository`
[INFO] [stderr]  --> tower-shot/Cargo.toml:7:1
[INFO] [stderr]   |
[INFO] [stderr] 6 | repository.workspace = true
[INFO] [stderr]   | ----------
[INFO] [stderr] 7 | homepage.workspace = true
[INFO] [stderr]   | ^^^^^^^^
[INFO] [stderr]   |
[INFO] [stderr]   = note: `cargo::redundant_homepage` is set to `warn` by default
[INFO] [stderr] help: consider removing `package.homepage`
[INFO] [stderr] warning: `tower-shot` (manifest) generated 1 warning
[INFO] [stderr] warning: `package.homepage` is redundant with `package.repository`
[INFO] [stderr]  --> shot-limit/Cargo.toml:8:1
[INFO] [stderr]   |
[INFO] [stderr] 7 | repository.workspace = true
[INFO] [stderr]   | ----------
[INFO] [stderr] 8 | homepage.workspace = true
[INFO] [stderr]   | ^^^^^^^^
[INFO] [stderr]   |
[INFO] [stderr]   = note: `cargo::redundant_homepage` is set to `warn` by default
[INFO] [stderr] help: consider removing `package.homepage`
[INFO] [stderr] warning: `shot-limit` (manifest) generated 1 warning
[INFO] [stderr]    Compiling syn v2.0.117
[INFO] [stderr]    Compiling smallvec v1.15.1
[INFO] [stderr]    Compiling itoa v1.0.17
[INFO] [stderr]    Compiling futures-task v0.3.32
[INFO] [stderr]    Compiling futures-channel v0.3.32
[INFO] [stderr]    Compiling futures-io v0.3.32
[INFO] [stderr]    Compiling foldhash v0.2.0
[INFO] [stderr]    Compiling allocator-api2 v0.2.21
[INFO] [stderr]    Compiling log v0.4.29
[INFO] [stderr]    Compiling serde_core v1.0.228
[INFO] [stderr]    Compiling zerocopy v0.8.31
[INFO] [stderr]    Compiling serde v1.0.228
[INFO] [stderr]    Compiling httparse v1.10.1
[INFO] [stderr]    Compiling zmij v1.0.6
[INFO] [stderr]    Compiling nom v7.1.3
[INFO] [stderr]    Compiling parking_lot_core v0.9.12
[INFO] [stderr]    Compiling sync_wrapper v1.0.2
[INFO] [stderr]    Compiling serde_json v1.0.148
[INFO] [stderr]    Compiling getrandom v0.3.4
[INFO] [stderr]    Compiling either v1.15.0
[INFO] [stderr]    Compiling http v1.4.0
[INFO] [stderr]    Compiling form_urlencoded v1.2.2
[INFO] [stderr]    Compiling ipnet v2.11.0
[INFO] [stderr]    Compiling base64 v0.22.1
[INFO] [stderr]    Compiling ryu v1.0.22
[INFO] [stderr]    Compiling find-msvc-tools v0.1.6
[INFO] [stderr]    Compiling anyhow v1.0.100
[INFO] [stderr]    Compiling parking_lot v0.12.5
[INFO] [stderr]    Compiling itertools v0.13.0
[INFO] [stderr]    Compiling cc v1.2.51
[INFO] [stderr]    Compiling anstyle-parse v1.0.0
[INFO] [stderr]    Compiling crossbeam-epoch v0.9.18
[INFO] [stderr]    Compiling anstyle-query v1.1.5
[INFO] [stderr]    Compiling rand_core v0.9.3
[INFO] [stderr]    Compiling portable-atomic v1.13.0
[INFO] [stderr]    Compiling rayon-core v1.13.0
[INFO] [stderr]    Compiling hashbrown v0.16.1
[INFO] [stderr]    Compiling matchit v0.8.4
[INFO] [stderr]    Compiling anstream v1.0.0
[INFO] [stderr]    Compiling plotters-backend v0.3.7
[INFO] [stderr]    Compiling crossbeam-deque v0.8.6
[INFO] [stderr]    Compiling ciborium-io v0.2.2
[INFO] [stderr]    Compiling clap_lex v1.1.0
[INFO] [stderr]    Compiling hashbrown v0.14.5
[INFO] [stderr]    Compiling regex-automata v0.4.13
[INFO] [stderr]    Compiling spinning_top v0.3.0
[INFO] [stderr]    Compiling clap_builder v4.6.0
[INFO] [stderr]    Compiling http-body v1.0.1
[INFO] [stderr]    Compiling http-body-util v0.1.3
[INFO] [stderr]    Compiling plotters-svg v0.3.7
[INFO] [stderr]    Compiling cast v0.3.0
[INFO] [stderr]    Compiling iri-string v0.7.10
[INFO] [stderr]    Compiling same-file v1.0.6
[INFO] [stderr]    Compiling nonzero_ext v0.3.0
[INFO] [stderr]    Compiling futures-timer v3.0.3
[INFO] [stderr]    Compiling web-time v1.1.0
[INFO] [stderr]    Compiling walkdir v2.5.0
[INFO] [stderr]    Compiling plotters v0.3.7
[INFO] [stdout] warning: use of deprecated method `std::sync::atomic::Atomic::<usize>::fetch_update`: renamed to `try_update` for consistency
[INFO] [stdout]   --> shot-limit/src/fixed_window.rs:61:18
[INFO] [stdout]    |
[INFO] [stdout] 61 |                 .fetch_update(Ordering::SeqCst, Ordering::SeqCst, |val| {
[INFO] [stdout]    |                  ^^^^^^^^^^^^
[INFO] [stdout]    |
[INFO] [stdout]    = note: `#[warn(deprecated)]` on by default
[INFO] [stdout] help: replace the use of the deprecated method
[INFO] [stdout]    |
[INFO] [stdout] 61 -                 .fetch_update(Ordering::SeqCst, Ordering::SeqCst, |val| {
[INFO] [stdout] 61 +                 .try_update(Ordering::SeqCst, Ordering::SeqCst, |val| {
[INFO] [stdout]    |
[INFO] [stdout] 
[INFO] [stdout] 
[INFO] [stderr]    Compiling page_size v0.6.0
[INFO] [stderr]    Compiling dashmap v6.1.0
[INFO] [stderr]    Compiling oorandom v11.1.5
[INFO] [stderr]    Compiling indexmap v2.12.1
[INFO] [stderr]    Compiling anes v0.1.6
[INFO] [stderr]    Compiling rayon v1.11.0
[INFO] [stderr]    Compiling nonempty v0.7.0
[INFO] [stderr]    Compiling humantime v2.3.0
[INFO] [stderr]    Compiling more-asserts v0.3.1
[INFO] [stderr]    Compiling alloca v0.4.0
[INFO] [stderr]    Compiling criterion-plot v0.8.2
[INFO] [stderr]    Compiling serde_path_to_error v0.1.20
[INFO] [stderr]    Compiling hdrhistogram v7.5.4
[INFO] [stderr]    Compiling regex v1.12.2
[INFO] [stderr]    Compiling synstructure v0.13.2
[INFO] [stderr]    Compiling pyo3-macros-backend v0.28.3
[INFO] [stderr]    Compiling tokio-macros v2.7.0
[INFO] [stderr]    Compiling futures-macro v0.3.32
[INFO] [stderr]    Compiling tracing-attributes v0.1.31
[INFO] [stderr]    Compiling zerofrom-derive v0.1.6
[INFO] [stderr]    Compiling yoke-derive v0.8.1
[INFO] [stderr]    Compiling zerocopy-derive v0.8.31
[INFO] [stderr]    Compiling serde_derive v1.0.228
[INFO] [stderr]    Compiling zerovec-derive v0.11.2
[INFO] [stderr]    Compiling displaydoc v0.2.5
[INFO] [stderr]    Compiling thiserror-impl v2.0.18
[INFO] [stderr]    Compiling async-trait v0.1.89
[INFO] [stderr]    Compiling pin-project-internal v1.1.10
[INFO] [stderr]    Compiling prost-derive v0.14.1
[INFO] [stderr]    Compiling clap_derive v4.6.0
[INFO] [stderr]    Compiling thiserror-impl v1.0.69
[INFO] [stderr]    Compiling tokio v1.51.0
[INFO] [stderr]    Compiling futures-util v0.3.32
[INFO] [stderr]    Compiling pin-project v1.1.10
[INFO] [stderr]    Compiling prost v0.14.1
[INFO] [stderr]    Compiling zerofrom v0.1.6
[INFO] [stderr]    Compiling thiserror v1.0.69
[INFO] [stderr]    Compiling thiserror v2.0.18
[INFO] [stderr]    Compiling yoke v0.8.1
[INFO] [stderr]    Compiling tracing v0.1.44
[INFO] [stderr]    Compiling forwarded-header-value v0.1.1
[INFO] [stderr]    Compiling zerovec v0.11.5
[INFO] [stderr]    Compiling zerotrie v0.2.3
[INFO] [stderr]    Compiling axum-core v0.5.6
[INFO] [stderr]    Compiling opentelemetry v0.31.0
[INFO] [stderr]    Compiling clap v4.6.0
[INFO] [stderr]    Compiling tinystr v0.8.2
[INFO] [stderr]    Compiling potential_utf v0.1.4
[INFO] [stderr]    Compiling icu_collections v2.1.1
[INFO] [stderr]    Compiling icu_locale_core v2.1.1
[INFO] [stderr]    Compiling ppv-lite86 v0.2.21
[INFO] [stderr]    Compiling half v2.7.1
[INFO] [stderr]    Compiling ciborium-ll v0.2.2
[INFO] [stderr]    Compiling rand_chacha v0.9.0
[INFO] [stderr]    Compiling icu_provider v2.1.1
[INFO] [stderr]    Compiling rand v0.9.2
[INFO] [stderr]    Compiling icu_normalizer v2.1.1
[INFO] [stderr]    Compiling icu_properties v2.1.2
[INFO] [stderr]    Compiling futures-executor v0.3.32
[INFO] [stderr]    Compiling governor v0.10.4
[INFO] [stderr]    Compiling pyo3-macros v0.28.3
[INFO] [stderr]    Compiling serde_urlencoded v0.7.1
[INFO] [stderr]    Compiling tinytemplate v1.2.1
[INFO] [stderr]    Compiling ciborium v0.2.2
[INFO] [stderr]    Compiling futures v0.3.32
[INFO] [stderr]    Compiling pyo3 v0.28.3
[INFO] [stderr]    Compiling idna_adapter v1.2.1
[INFO] [stderr]    Compiling idna v1.1.0
[INFO] [stderr]    Compiling url v2.5.8
[INFO] [stderr]    Compiling tokio-util v0.7.18
[INFO] [stderr]    Compiling tokio-stream v0.1.18
[INFO] [stderr]    Compiling criterion v0.8.2
[INFO] [stderr]    Compiling h2 v0.4.13
[INFO] [stderr]    Compiling tower v0.5.3
[INFO] [stderr]    Compiling opentelemetry_sdk v0.31.0
[INFO] [stderr]    Compiling tower-http v0.6.8
[INFO] [stderr]    Compiling tower-shot v0.1.1 (/opt/rustwide/workdir/tower-shot)
[INFO] [stderr]    Compiling py-shot-limit v0.1.1 (/opt/rustwide/workdir/py-shot-limit)
[INFO] [stderr]    Compiling shot-limit v0.1.1 (/opt/rustwide/workdir/shot-limit)
[INFO] [stdout] warning: use of deprecated method `std::sync::atomic::Atomic::<usize>::fetch_update`: renamed to `try_update` for consistency
[INFO] [stdout]   --> shot-limit/src/fixed_window.rs:61:18
[INFO] [stdout]    |
[INFO] [stdout] 61 |                 .fetch_update(Ordering::SeqCst, Ordering::SeqCst, |val| {
[INFO] [stdout]    |                  ^^^^^^^^^^^^
[INFO] [stdout]    |
[INFO] [stdout]    = note: `#[warn(deprecated)]` on by default
[INFO] [stdout] help: replace the use of the deprecated method
[INFO] [stdout]    |
[INFO] [stdout] 61 -                 .fetch_update(Ordering::SeqCst, Ordering::SeqCst, |val| {
[INFO] [stdout] 61 +                 .try_update(Ordering::SeqCst, Ordering::SeqCst, |val| {
[INFO] [stdout]    |
[INFO] [stdout] 
[INFO] [stdout] 
[INFO] [stderr]    Compiling hyper v1.8.1
[INFO] [stderr]    Compiling hyper-util v0.1.19
[INFO] [stderr]    Compiling hyper-timeout v0.5.2
[INFO] [stderr]    Compiling axum v0.8.8
[INFO] [stderr]    Compiling reqwest v0.12.28
[INFO] [stderr]    Compiling opentelemetry-http v0.31.0
[INFO] [stderr]    Compiling tonic v0.14.2
[INFO] [stderr]    Compiling tonic-prost v0.14.2
[INFO] [stderr]    Compiling tower_governor v0.8.0
[INFO] [stderr]    Compiling opentelemetry-proto v0.31.0
[INFO] [stderr]    Compiling opentelemetry-otlp v0.31.1
[INFO] [stderr]     Finished `test` profile [unoptimized + debuginfo] target(s) in 1m 39s
[INFO] running `Command { std: "docker" "inspect" "64fef30e2d7081328cf49af06b64b68e8a98a95db437db0d05d9260e5fd41545", kill_on_drop: false }`
[INFO] running `Command { std: "docker" "exec" "-e" "SOURCE_DIR=/opt/rustwide/workdir" "-e" "CARGO_HOME=/opt/rustwide/cargo-home" "-e" "RUSTUP_HOME=/opt/rustwide/rustup-home" "-e" "CARGO_TARGET_DIR=/opt/rustwide/target" "-e" "CARGO_INCREMENTAL=0" "-e" "RUST_BACKTRACE=full" "-e" "RUSTFLAGS=--cap-lints=warn" "-e" "RUSTDOCFLAGS=--cap-lints=warn" "-w" "/opt/rustwide/workdir" "--user" "0:0" "64fef30e2d7081328cf49af06b64b68e8a98a95db437db0d05d9260e5fd41545" "/opt/rustwide/cargo-home/bin/cargo" "+1.100.0-beta.1" "test" "--frozen", kill_on_drop: false }`
[INFO] [stderr] warning: unused workspace dependency `tower-test`
[INFO] [stderr]  --> Cargo.toml:7:1
[INFO] [stderr]   |
[INFO] [stderr] 7 | tower-test = "0.4.0"
[INFO] [stderr]   | ^^^^^^^^^^
[INFO] [stderr]   |
[INFO] [stderr]   = note: `cargo::unused_workspace_dependencies` is set to `warn` by default
[INFO] [stderr] help: consider removing the workspace dependency `tower-test`
[INFO] [stderr] warning: workspace (manifest) generated 1 warning
[INFO] [stderr] warning: `package.homepage` is redundant with `package.repository`
[INFO] [stderr]  --> py-shot-limit/Cargo.toml:8:1
[INFO] [stderr]   |
[INFO] [stderr] 7 | repository.workspace = true
[INFO] [stderr]   | ----------
[INFO] [stderr] 8 | homepage.workspace = true
[INFO] [stderr]   | ^^^^^^^^
[INFO] [stderr]   |
[INFO] [stderr]   = note: `cargo::redundant_homepage` is set to `warn` by default
[INFO] [stderr] help: consider removing `package.homepage`
[INFO] [stderr] warning: `py-shot-limit` (manifest) generated 1 warning
[INFO] [stderr] warning: `package.homepage` is redundant with `package.repository`
[INFO] [stderr]  --> tower-shot/Cargo.toml:7:1
[INFO] [stderr]   |
[INFO] [stderr] 6 | repository.workspace = true
[INFO] [stderr]   | ----------
[INFO] [stderr] 7 | homepage.workspace = true
[INFO] [stderr]   | ^^^^^^^^
[INFO] [stderr]   |
[INFO] [stderr]   = note: `cargo::redundant_homepage` is set to `warn` by default
[INFO] [stderr] help: consider removing `package.homepage`
[INFO] [stderr] warning: `tower-shot` (manifest) generated 1 warning
[INFO] [stderr] warning: `package.homepage` is redundant with `package.repository`
[INFO] [stderr]  --> shot-limit/Cargo.toml:8:1
[INFO] [stderr]   |
[INFO] [stderr] 7 | repository.workspace = true
[INFO] [stderr]   | ----------
[INFO] [stderr] 8 | homepage.workspace = true
[INFO] [stderr]   | ^^^^^^^^
[INFO] [stderr]   |
[INFO] [stderr]   = note: `cargo::redundant_homepage` is set to `warn` by default
[INFO] [stderr] help: consider removing `package.homepage`
[INFO] [stderr] warning: `shot-limit` (manifest) generated 1 warning
[INFO] [stderr] warning: use of deprecated method `std::sync::atomic::Atomic::<usize>::fetch_update`: renamed to `try_update` for consistency
[INFO] [stderr]   --> shot-limit/src/fixed_window.rs:61:18
[INFO] [stderr]    |
[INFO] [stderr] 61 |                 .fetch_update(Ordering::SeqCst, Ordering::SeqCst, |val| {
[INFO] [stderr]    |                  ^^^^^^^^^^^^
[INFO] [stderr]    |
[INFO] [stderr]    = note: `#[warn(deprecated)]` on by default
[INFO] [stderr] help: replace the use of the deprecated method
[INFO] [stderr]    |
[INFO] [stderr] 61 -                 .fetch_update(Ordering::SeqCst, Ordering::SeqCst, |val| {
[INFO] [stderr] 61 +                 .try_update(Ordering::SeqCst, Ordering::SeqCst, |val| {
[INFO] [stderr]    |
[INFO] [stderr] 
[INFO] [stderr] warning: `shot-limit` (lib) generated 1 warning (run `cargo fix --lib -p shot-limit` to apply 1 suggestion)
[INFO] [stderr] warning: `shot-limit` (lib test) generated 1 warning (1 duplicate)
[INFO] [stderr]     Finished `test` profile [unoptimized + debuginfo] target(s) in 0.46s
[INFO] [stderr]      Running unittests src/lib.rs (/opt/rustwide/target/debug/build/py-shot-limit/ded1167e89cfe445/out/py_shot_limit-ded1167e89cfe445)
[INFO] [stdout] 
[INFO] [stdout] running 1 test
[INFO] [stderr] Error: [Errno 30] Read-only file system: '/opt/rustwide/workdir/py-shot-limit/.venv'
[INFO] [stdout] test python_tests::python_integration_tests::run_python_tests ... FAILED
[INFO] [stdout] 
[INFO] [stdout] failures:
[INFO] [stdout] 
[INFO] [stdout] ---- python_tests::python_integration_tests::run_python_tests stdout ----
[INFO] [stdout] Creating Python virtual environment...
[INFO] [stdout] 
[INFO] [stdout] thread 'python_tests::python_integration_tests::run_python_tests' (3195) panicked at py-shot-limit/src/python_tests.rs:22:9:
[INFO] [stdout] Failed to create virtual environment
[INFO] [stdout] stack backtrace:
[INFO] [stdout]    0:     0x5fd6ebd3b571 - std[617be2ca0a6fd877]::backtrace_rs::backtrace::libunwind::trace
[INFO] [stdout]                                at /rustc/e3feeb59cd1bdd011a2bfcc0747b55125d9b8527/library/std/src/../../backtrace/src/backtrace/libunwind.rs:117:9
[INFO] [stdout]    1:     0x5fd6ebd3b571 - std[617be2ca0a6fd877]::backtrace_rs::backtrace::trace_unsynchronized::<std[617be2ca0a6fd877]::sys::backtrace::_print_fmt::{closure#1}>
[INFO] [stderr] error: test failed, to rerun pass `-p py-shot-limit --lib`
[INFO] [stdout]                                at /rustc/e3feeb59cd1bdd011a2bfcc0747b55125d9b8527/library/std/src/../../backtrace/src/backtrace/mod.rs:66:14
[INFO] [stdout]    2:     0x5fd6ebd3b571 - std[617be2ca0a6fd877]::sys::backtrace::_print_fmt
[INFO] [stdout]                                at /rustc/e3feeb59cd1bdd011a2bfcc0747b55125d9b8527/library/std/src/sys/backtrace.rs:74:9
[INFO] [stdout]    3:     0x5fd6ebd3b571 - <<std[617be2ca0a6fd877]::sys::backtrace::BacktraceLock>::print::DisplayBacktrace as core[a373ad73a504971]::fmt::Display>::fmt
[INFO] [stdout]                                at /rustc/e3feeb59cd1bdd011a2bfcc0747b55125d9b8527/library/std/src/sys/backtrace.rs:44:26
[INFO] [stdout]    4:     0x5fd6ebd4f47a - <core[a373ad73a504971]::fmt::rt::Argument>::fmt
[INFO] [stdout]                                at /rustc/e3feeb59cd1bdd011a2bfcc0747b55125d9b8527/library/core/src/fmt/rt.rs:152:76
[INFO] [stdout]    5:     0x5fd6ebd4f47a - core[a373ad73a504971]::fmt::write
[INFO] [stdout]    6:     0x5fd6ebd3f78c - core[a373ad73a504971]::io::write::default_write_fmt::<alloc[2e1b2a31b91974c5]::vec::Vec<u8>>
[INFO] [stdout]                                at /rustc/e3feeb59cd1bdd011a2bfcc0747b55125d9b8527/library/core/src/io/write.rs:402:11
[INFO] [stdout]    7:     0x5fd6ebd3f78c - <alloc[2e1b2a31b91974c5]::vec::Vec<u8> as core[a373ad73a504971]::io::write::Write>::write_fmt
[INFO] [stdout]                                at /rustc/e3feeb59cd1bdd011a2bfcc0747b55125d9b8527/library/core/src/io/write.rs:335:13
[INFO] [stdout]    8:     0x5fd6ebd177d6 - <std[617be2ca0a6fd877]::sys::backtrace::BacktraceLock>::print
[INFO] [stdout]                                at /rustc/e3feeb59cd1bdd011a2bfcc0747b55125d9b8527/library/std/src/sys/backtrace.rs:47:9
[INFO] [stdout]    9:     0x5fd6ebd177d6 - std[617be2ca0a6fd877]::panicking::default_hook::{closure#0}
[INFO] [stdout]                                at /rustc/e3feeb59cd1bdd011a2bfcc0747b55125d9b8527/library/std/src/panicking.rs:289:27
[INFO] [stdout]   10:     0x5fd6ebd33c09 - std[617be2ca0a6fd877]::panicking::default_hook
[INFO] [stdout]                                at /rustc/e3feeb59cd1bdd011a2bfcc0747b55125d9b8527/library/std/src/panicking.rs:313:9
[INFO] [stdout]   11:     0x5fd6ebccdec0 - <alloc[2e1b2a31b91974c5]::boxed::Box<dyn for<'a, 'b> core[a373ad73a504971]::ops::function::Fn<(&'a std[617be2ca0a6fd877]::panic::PanicHookInfo<'b>,), Output = ()> + core[a373ad73a504971]::marker::Sync + core[a373ad73a504971]::marker::Send> as core[a373ad73a504971]::ops::function::Fn<(&std[617be2ca0a6fd877]::panic::PanicHookInfo,)>>::call
[INFO] [stdout]                                at /rustc/e3feeb59cd1bdd011a2bfcc0747b55125d9b8527/library/alloc/src/boxed.rs:2328:9
[INFO] [stdout]   12:     0x5fd6ebccdec0 - test[aada8e7e76ba119b]::test_main_inner::{closure#0}
[INFO] [stdout]                                at /rustc/e3feeb59cd1bdd011a2bfcc0747b55125d9b8527/library/test/src/lib.rs:137:21
[INFO] [stdout]   13:     0x5fd6ebd33dc2 - <alloc[2e1b2a31b91974c5]::boxed::Box<dyn for<'a, 'b> core[a373ad73a504971]::ops::function::Fn<(&'a std[617be2ca0a6fd877]::panic::PanicHookInfo<'b>,), Output = ()> + core[a373ad73a504971]::marker::Sync + core[a373ad73a504971]::marker::Send> as core[a373ad73a504971]::ops::function::Fn<(&std[617be2ca0a6fd877]::panic::PanicHookInfo,)>>::call
[INFO] [stdout]                                at /rustc/e3feeb59cd1bdd011a2bfcc0747b55125d9b8527/library/alloc/src/boxed.rs:2328:9
[INFO] [stdout]   14:     0x5fd6ebd33dc2 - std[617be2ca0a6fd877]::panicking::panic_with_hook
[INFO] [stdout]                                at /rustc/e3feeb59cd1bdd011a2bfcc0747b55125d9b8527/library/std/src/panicking.rs:819:13
[INFO] [stdout]   15:     0x5fd6ebd178b4 - std[617be2ca0a6fd877]::panicking::panic_handler::{closure#0}
[INFO] [stdout]                                at /rustc/e3feeb59cd1bdd011a2bfcc0747b55125d9b8527/library/std/src/panicking.rs:678:13
[INFO] [stdout]   16:     0x5fd6ebd10599 - std[617be2ca0a6fd877]::sys::backtrace::__rust_end_short_backtrace::<std[617be2ca0a6fd877]::panicking::panic_handler::{closure#0}, !>
[INFO] [stdout]                                at /rustc/e3feeb59cd1bdd011a2bfcc0747b55125d9b8527/library/std/src/sys/backtrace.rs:182:18
[INFO] [stdout]   17:     0x5fd6ebd1848d - __rustc[ea4f61d10b84890b]::rust_begin_unwind
[INFO] [stdout]                                at /rustc/e3feeb59cd1bdd011a2bfcc0747b55125d9b8527/library/std/src/panicking.rs:676:5
[INFO] [stdout]   18:     0x5fd6ebd4fbac - core[a373ad73a504971]::panicking::panic_fmt
[INFO] [stdout]                                at /rustc/e3feeb59cd1bdd011a2bfcc0747b55125d9b8527/library/core/src/panicking.rs:80:14
[INFO] [stdout]   19:     0x5fd6ebcc0460 - py_shot_limit[890c697d9d19cc91]::python_tests::python_integration_tests::run_python_tests
[INFO] [stdout]                                at /opt/rustwide/workdir/py-shot-limit/src/python_tests.rs:22:9
[INFO] [stdout]   20:     0x5fd6ebcbf227 - py_shot_limit[890c697d9d19cc91]::python_tests::python_integration_tests::run_python_tests::{closure#0}
[INFO] [stdout]                                at /opt/rustwide/workdir/py-shot-limit/src/python_tests.rs:6:26
[INFO] [stdout]   21:     0x5fd6ebcc12d6 - <py_shot_limit[890c697d9d19cc91]::python_tests::python_integration_tests::run_python_tests::{closure#0} as core[a373ad73a504971]::ops::function::FnOnce<()>>::call_once
[INFO] [stdout]                                at /rustc/e3feeb59cd1bdd011a2bfcc0747b55125d9b8527/library/core/src/ops/function.rs:250:5
[INFO] [stdout]   22:     0x5fd6ebcc130b - <fn() -> core[a373ad73a504971]::result::Result<(), alloc[2e1b2a31b91974c5]::string::String> as core[a373ad73a504971]::ops::function::FnOnce<()>>::call_once
[INFO] [stdout]                                at /rustc/e3feeb59cd1bdd011a2bfcc0747b55125d9b8527/library/core/src/ops/function.rs:250:5
[INFO] [stdout]   23:     0x5fd6ebcc130b - test[aada8e7e76ba119b]::__rust_begin_short_backtrace::<core[a373ad73a504971]::result::Result<(), alloc[2e1b2a31b91974c5]::string::String>, fn() -> core[a373ad73a504971]::result::Result<(), alloc[2e1b2a31b91974c5]::string::String>>
[INFO] [stdout]                                at /rustc/e3feeb59cd1bdd011a2bfcc0747b55125d9b8527/library/test/src/lib.rs:701:18
[INFO] [stdout]   24:     0x5fd6ebcce4e5 - test[aada8e7e76ba119b]::run_test_in_process::{closure#0}
[INFO] [stdout]                                at /rustc/e3feeb59cd1bdd011a2bfcc0747b55125d9b8527/library/test/src/lib.rs:724:74
[INFO] [stdout]   25:     0x5fd6ebcce4e5 - <core[a373ad73a504971]::panic::unwind_safe::AssertUnwindSafe<test[aada8e7e76ba119b]::run_test_in_process::{closure#0}> as core[a373ad73a504971]::ops::function::FnOnce<()>>::call_once
[INFO] [stdout]                                at /rustc/e3feeb59cd1bdd011a2bfcc0747b55125d9b8527/library/core/src/panic/unwind_safe.rs:275:9
[INFO] [stdout]   26:     0x5fd6ebcce4e5 - std[617be2ca0a6fd877]::panicking::catch_unwind::do_call::<core[a373ad73a504971]::panic::unwind_safe::AssertUnwindSafe<test[aada8e7e76ba119b]::run_test_in_process::{closure#0}>, core[a373ad73a504971]::result::Result<(), alloc[2e1b2a31b91974c5]::string::String>>
[INFO] [stdout]                                at /rustc/e3feeb59cd1bdd011a2bfcc0747b55125d9b8527/library/std/src/panicking.rs:573:43
[INFO] [stdout]   27:     0x5fd6ebcce4e5 - std[617be2ca0a6fd877]::panicking::catch_unwind::<core[a373ad73a504971]::result::Result<(), alloc[2e1b2a31b91974c5]::string::String>, core[a373ad73a504971]::panic::unwind_safe::AssertUnwindSafe<test[aada8e7e76ba119b]::run_test_in_process::{closure#0}>>
[INFO] [stdout]                                at /rustc/e3feeb59cd1bdd011a2bfcc0747b55125d9b8527/library/std/src/panicking.rs:541:19
[INFO] [stdout]   28:     0x5fd6ebcce4e5 - std[617be2ca0a6fd877]::panic::catch_unwind::<core[a373ad73a504971]::panic::unwind_safe::AssertUnwindSafe<test[aada8e7e76ba119b]::run_test_in_process::{closure#0}>, core[a373ad73a504971]::result::Result<(), alloc[2e1b2a31b91974c5]::string::String>>
[INFO] [stdout]                                at /rustc/e3feeb59cd1bdd011a2bfcc0747b55125d9b8527/library/std/src/panic.rs:359:14
[INFO] [stdout]   29:     0x5fd6ebcce4e5 - test[aada8e7e76ba119b]::run_test_in_process
[INFO] [stdout]                                at /rustc/e3feeb59cd1bdd011a2bfcc0747b55125d9b8527/library/test/src/lib.rs:724:27
[INFO] [stdout]   30:     0x5fd6ebcce4e5 - test[aada8e7e76ba119b]::run_test::{closure#0}
[INFO] [stdout]                                at /rustc/e3feeb59cd1bdd011a2bfcc0747b55125d9b8527/library/test/src/lib.rs:645:43
[INFO] [stdout]   31:     0x5fd6ebcc7dd4 - test[aada8e7e76ba119b]::run_test::{closure#1}
[INFO] [stdout]                                at /rustc/e3feeb59cd1bdd011a2bfcc0747b55125d9b8527/library/test/src/lib.rs:675:41
[INFO] [stdout]   32:     0x5fd6ebcc7dd4 - std[617be2ca0a6fd877]::sys::backtrace::__rust_begin_short_backtrace::<test[aada8e7e76ba119b]::run_test::{closure#1}, ()>
[INFO] [stdout]                                at /rustc/e3feeb59cd1bdd011a2bfcc0747b55125d9b8527/library/std/src/sys/backtrace.rs:166:18
[INFO] [stdout]   33:     0x5fd6ebcd1572 - std[617be2ca0a6fd877]::thread::lifecycle::spawn_unchecked::<test[aada8e7e76ba119b]::run_test::{closure#1}, ()>::{closure#1}::{closure#0}
[INFO] [stdout]                                at /rustc/e3feeb59cd1bdd011a2bfcc0747b55125d9b8527/library/std/src/thread/lifecycle.rs:70:13
[INFO] [stdout]   34:     0x5fd6ebcd1572 - <core[a373ad73a504971]::panic::unwind_safe::AssertUnwindSafe<std[617be2ca0a6fd877]::thread::lifecycle::spawn_unchecked<test[aada8e7e76ba119b]::run_test::{closure#1}, ()>::{closure#1}::{closure#0}> as core[a373ad73a504971]::ops::function::FnOnce<()>>::call_once
[INFO] [stdout]                                at /rustc/e3feeb59cd1bdd011a2bfcc0747b55125d9b8527/library/core/src/panic/unwind_safe.rs:275:9
[INFO] [stdout]   35:     0x5fd6ebcd1572 - std[617be2ca0a6fd877]::panicking::catch_unwind::do_call::<core[a373ad73a504971]::panic::unwind_safe::AssertUnwindSafe<std[617be2ca0a6fd877]::thread::lifecycle::spawn_unchecked<test[aada8e7e76ba119b]::run_test::{closure#1}, ()>::{closure#1}::{closure#0}>, ()>
[INFO] [stdout]                                at /rustc/e3feeb59cd1bdd011a2bfcc0747b55125d9b8527/library/std/src/panicking.rs:573:43
[INFO] [stdout]   36:     0x5fd6ebcd1572 - std[617be2ca0a6fd877]::panicking::catch_unwind::<(), core[a373ad73a504971]::panic::unwind_safe::AssertUnwindSafe<std[617be2ca0a6fd877]::thread::lifecycle::spawn_unchecked<test[aada8e7e76ba119b]::run_test::{closure#1}, ()>::{closure#1}::{closure#0}>>
[INFO] [stdout]                                at /rustc/e3feeb59cd1bdd011a2bfcc0747b55125d9b8527/library/std/src/panicking.rs:541:19
[INFO] [stdout]   37:     0x5fd6ebcd1572 - std[617be2ca0a6fd877]::panic::catch_unwind::<core[a373ad73a504971]::panic::unwind_safe::AssertUnwindSafe<std[617be2ca0a6fd877]::thread::lifecycle::spawn_unchecked<test[aada8e7e76ba119b]::run_test::{closure#1}, ()>::{closure#1}::{closure#0}>, ()>
[INFO] [stdout]                                at /rustc/e3feeb59cd1bdd011a2bfcc0747b55125d9b8527/library/std/src/panic.rs:359:14
[INFO] [stdout]   38:     0x5fd6ebcd1572 - std[617be2ca0a6fd877]::thread::lifecycle::spawn_unchecked::<test[aada8e7e76ba119b]::run_test::{closure#1}, ()>::{closure#1}
[INFO] [stdout]                                at /rustc/e3feeb59cd1bdd011a2bfcc0747b55125d9b8527/library/std/src/thread/lifecycle.rs:68:26
[INFO] [stdout]   39:     0x5fd6ebcd1572 - <std[617be2ca0a6fd877]::thread::lifecycle::spawn_unchecked<test[aada8e7e76ba119b]::run_test::{closure#1}, ()>::{closure#1} as core[a373ad73a504971]::ops::function::FnOnce<()>>::call_once::{shim:vtable#0}
[INFO] [stdout]                                at /rustc/e3feeb59cd1bdd011a2bfcc0747b55125d9b8527/library/core/src/ops/function.rs:250:5
[INFO] [stdout]   40:     0x5fd6ebd3adcf - <alloc[2e1b2a31b91974c5]::boxed::Box<dyn core[a373ad73a504971]::ops::function::FnOnce<(), Output = ()> + core[a373ad73a504971]::marker::Send> as core[a373ad73a504971]::ops::function::FnOnce<()>>::call_once
[INFO] [stdout]                                at /rustc/e3feeb59cd1bdd011a2bfcc0747b55125d9b8527/library/alloc/src/boxed.rs:2314:9
[INFO] [stdout]   41:     0x5fd6ebd3adcf - <std[617be2ca0a6fd877]::sys::thread::unix::Thread>::new::thread_start
[INFO] [stdout]                                at /rustc/e3feeb59cd1bdd011a2bfcc0747b55125d9b8527/library/std/src/sys/thread/unix.rs:127:17
[INFO] [stdout]   42:     0x79848dfccdfa - <unknown>
[INFO] [stdout]   43:     0x79848e0603d4 - clone
[INFO] [stdout]   44:                0x0 - <unknown>
[INFO] [stdout] 
[INFO] [stdout] 
[INFO] [stdout] failures:
[INFO] [stdout]     python_tests::python_integration_tests::run_python_tests
[INFO] [stdout] 
[INFO] [stdout] test result: FAILED. 0 passed; 1 failed; 0 ignored; 0 measured; 0 filtered out; finished in 0.25s
[INFO] [stdout] 
[INFO] running `Command { std: "docker" "inspect" "64fef30e2d7081328cf49af06b64b68e8a98a95db437db0d05d9260e5fd41545", kill_on_drop: false }`
[INFO] running `Command { std: "docker" "rm" "-f" "64fef30e2d7081328cf49af06b64b68e8a98a95db437db0d05d9260e5fd41545", kill_on_drop: false }`
[INFO] [stdout] 64fef30e2d7081328cf49af06b64b68e8a98a95db437db0d05d9260e5fd41545
