[INFO] cloning repository https://github.com/ganity/plux
[INFO] running `Command { std: "git" "-c" "credential.helper=" "-c" "credential.helper=/workspace/cargo-home/bin/git-credential-null" "clone" "--bare" "https://github.com/ganity/plux" "/workspace/cache/git-repos/https%3A%2F%2Fgithub.com%2Fganity%2Fplux", kill_on_drop: false }`
[INFO] [stderr] Cloning into bare repository '/workspace/cache/git-repos/https%3A%2F%2Fgithub.com%2Fganity%2Fplux'...
[INFO] running `Command { std: "git" "rev-parse" "HEAD", kill_on_drop: false }`
[INFO] [stdout] d5ea5b3d68b60e1bcfa32b1056de18f3f6083888
[INFO] testing ganity/plux against 1.100.0-beta.1 for beta-1.100-2
[INFO] running `Command { std: "git" "clone" "/workspace/cache/git-repos/https%3A%2F%2Fgithub.com%2Fganity%2Fplux" "/workspace/builds/worker-7-tc2/source", kill_on_drop: false }`
[INFO] [stderr] Cloning into '/workspace/builds/worker-7-tc2/source'...
[INFO] [stderr] done.
[INFO] started tweaking git repo https://github.com/ganity/plux
[INFO] finished tweaking git repo https://github.com/ganity/plux
[INFO] tweaked toml for git repo https://github.com/ganity/plux written to /workspace/builds/worker-7-tc2/source/Cargo.toml
[INFO] validating manifest of git repo https://github.com/ganity/plux on toolchain 1.100.0-beta.1
[INFO] running `Command { std: CARGO_HOME="/workspace/cargo-home" RUSTUP_HOME="/workspace/rustup-home" "/workspace/cargo-home/bin/cargo" "+1.100.0-beta.1" "metadata" "--manifest-path" "Cargo.toml" "--no-deps", kill_on_drop: false }`
[INFO] crate git repo https://github.com/ganity/plux already has a lockfile, it will not be regenerated
[INFO] running `Command { std: CARGO_HOME="/workspace/cargo-home" RUSTUP_HOME="/workspace/rustup-home" "/workspace/cargo-home/bin/cargo" "+1.100.0-beta.1" "fetch" "--manifest-path" "Cargo.toml", kill_on_drop: false }`
[INFO] running `Command { std: "docker" "create" "-v" "/var/lib/crater-agent-workspace/builds/worker-7-tc2/source:/opt/rustwide/workdir:ro,Z" "-v" "/var/lib/crater-agent-workspace/builds/worker-7-tc2/target:/opt/rustwide/target:rw,Z" "-v" "/var/lib/crater-agent-workspace/cargo-home:/opt/rustwide/cargo-home:ro,Z" "-v" "/var/lib/crater-agent-workspace/rustup-home:/opt/rustwide/rustup-home:ro,Z" "-m" "1610612736" "--network" "none" "ghcr.io/rust-lang/crates-build-env/linux@sha256:3111399a4047eeb3a02b7a90e478d715f38a8c6669b5c4b49d30a17385265909" "sleep" "infinity", kill_on_drop: false }`
[INFO] [stdout] 40ebf56b74df0ec4a73b9cdaf4cc3705ad21fd869f8240b94666ae10368955bf
[INFO] running `Command { std: "docker" "start" "40ebf56b74df0ec4a73b9cdaf4cc3705ad21fd869f8240b94666ae10368955bf", kill_on_drop: false }`
[INFO] running `Command { std: "docker" "inspect" "40ebf56b74df0ec4a73b9cdaf4cc3705ad21fd869f8240b94666ae10368955bf", kill_on_drop: false }`
[INFO] running `Command { std: "docker" "exec" "-e" "SOURCE_DIR=/opt/rustwide/workdir" "-e" "CARGO_HOME=/opt/rustwide/cargo-home" "-e" "RUSTUP_HOME=/opt/rustwide/rustup-home" "-e" "CARGO_TARGET_DIR=/opt/rustwide/target" "-w" "/opt/rustwide/workdir" "--user" "0:0" "40ebf56b74df0ec4a73b9cdaf4cc3705ad21fd869f8240b94666ae10368955bf" "/opt/rustwide/cargo-home/bin/cargo" "+1.100.0-beta.1" "metadata" "--no-deps" "--format-version=1", kill_on_drop: false }`
[INFO] running `Command { std: "docker" "inspect" "40ebf56b74df0ec4a73b9cdaf4cc3705ad21fd869f8240b94666ae10368955bf", kill_on_drop: false }`
[INFO] running `Command { std: "docker" "exec" "-e" "SOURCE_DIR=/opt/rustwide/workdir" "-e" "CARGO_HOME=/opt/rustwide/cargo-home" "-e" "RUSTUP_HOME=/opt/rustwide/rustup-home" "-e" "CARGO_TARGET_DIR=/opt/rustwide/target" "-e" "CARGO_INCREMENTAL=0" "-e" "RUST_BACKTRACE=full" "-e" "RUSTFLAGS=--cap-lints=warn" "-e" "RUSTDOCFLAGS=--cap-lints=warn" "-w" "/opt/rustwide/workdir" "--user" "0:0" "40ebf56b74df0ec4a73b9cdaf4cc3705ad21fd869f8240b94666ae10368955bf" "/opt/rustwide/cargo-home/bin/cargo" "+1.100.0-beta.1" "build" "--frozen" "--message-format=json", kill_on_drop: false }`
[INFO] [stderr]    Compiling proc-macro2 v1.0.107
[INFO] [stderr]    Compiling quote v1.0.47
[INFO] [stderr]    Compiling libc v0.2.189
[INFO] [stderr]    Compiling bitflags v2.13.1
[INFO] [stderr]    Compiling memchr v2.8.3
[INFO] [stderr]    Compiling rustix v1.1.4
[INFO] [stderr]    Compiling linux-raw-sys v0.12.1
[INFO] [stderr]    Compiling shlex v2.0.1
[INFO] [stderr]    Compiling smallvec v1.15.2
[INFO] [stderr]    Compiling pkg-config v0.3.33
[INFO] [stderr]    Compiling serde_core v1.0.229
[INFO] [stderr]    Compiling hashbrown v0.17.1
[INFO] [stderr]    Compiling wayland-client v0.31.15
[INFO] [stderr]    Compiling log v0.4.33
[INFO] [stderr]    Compiling autocfg v1.5.1
[INFO] [stderr]    Compiling simd-adler32 v0.3.10
[INFO] [stderr]    Compiling cc v1.4.0
[INFO] [stderr]    Compiling serde v1.0.229
[INFO] [stderr]    Compiling hashbrown v0.15.5
[INFO] [stderr]    Compiling fixedbitset v0.5.7
[INFO] [stderr]    Compiling signal-hook v0.3.18
[INFO] [stderr]    Compiling miniz_oxide v0.8.9
[INFO] [stderr]    Compiling quick-xml v0.41.0
[INFO] [stderr]    Compiling thiserror v2.0.19
[INFO] [stderr]    Compiling unicode-segmentation v1.13.3
[INFO] [stderr]    Compiling num-traits v0.2.19
[INFO] [stderr]    Compiling nix v0.28.0
[INFO] [stderr]    Compiling nom v8.0.0
[INFO] [stderr]    Compiling wayland-sys v0.31.11
[INFO] [stderr]    Compiling fdeflate v0.3.7
[INFO] [stderr]    Compiling pxfm v0.1.30
[INFO] [stderr]    Compiling anyhow v1.0.104
[INFO] [stderr]    Compiling convert_case v0.10.0
[INFO] [stderr]    Compiling zmij v1.0.23
[INFO] [stderr]    Compiling zune-jpeg v0.5.15
[INFO] [stderr]    Compiling arrayvec v0.7.8
[INFO] [stderr]    Compiling serde_json v1.0.151
[INFO] [stderr]    Compiling itoa v1.0.18
[INFO] [stderr]    Compiling flate2 v1.1.9
[INFO] [stderr]    Compiling bytemuck v1.25.2
[INFO] [stderr]    Compiling x11rb-protocol v0.13.2
[INFO] [stderr]    Compiling winnow v0.7.15
[INFO] [stderr]    Compiling indexmap v2.14.0
[INFO] [stderr]    Compiling vte v0.15.0
[INFO] [stderr]    Compiling syn v3.0.3
[INFO] [stderr]    Compiling syn v2.0.119
[INFO] [stderr]    Compiling png v0.18.1
[INFO] [stderr]    Compiling petgraph v0.8.3
[INFO] [stderr]    Compiling wayland-scanner v0.31.11
[INFO] [stderr]    Compiling wayland-backend v0.3.16
[INFO] [stderr]    Compiling errno v0.3.14
[INFO] [stderr]    Compiling parking_lot_core v0.9.12
[INFO] [stderr]    Compiling signal-hook-registry v1.4.8
[INFO] [stderr]    Compiling mio v1.2.2
[INFO] [stderr]    Compiling os_pipe v1.2.3
[INFO] [stderr]    Compiling parking_lot v0.12.5
[INFO] [stderr]    Compiling serial2 v0.2.37
[INFO] [stderr]    Compiling shell-words v1.1.1
[INFO] [stderr]    Compiling signal-hook-mio v0.2.5
[INFO] [stderr]    Compiling unicode-width v0.2.2
[INFO] [stderr]    Compiling vt100 v0.16.2 (/opt/rustwide/workdir/vendor/vt100)
[INFO] [stderr]    Compiling moxcms v0.8.1
[INFO] [stderr]    Compiling thiserror-impl v1.0.69
[INFO] [stderr]    Compiling derive_more-impl v2.1.1
[INFO] [stderr]    Compiling tree_magic_mini v3.2.2
[INFO] [stderr]    Compiling serde_derive v1.0.229
[INFO] [stderr]    Compiling thiserror-impl v2.0.19
[INFO] [stderr]    Compiling derive_more v2.1.1
[INFO] [stderr]    Compiling thiserror v1.0.69
[INFO] [stderr]    Compiling filedescriptor v0.8.3
[INFO] [stderr]    Compiling portable-pty v0.9.0
[INFO] [stderr]    Compiling serde_spanned v0.6.9
[INFO] [stderr]    Compiling toml_datetime v0.6.11
[INFO] [stderr]    Compiling toml_edit v0.22.27
[INFO] [stderr]    Compiling gethostname v1.1.0
[INFO] [stderr]    Compiling crossterm v0.29.0
[INFO] [stderr]    Compiling x11rb v0.13.2
[INFO] [stderr]    Compiling image v0.25.10
[INFO] [stderr]    Compiling toml v0.8.23
[INFO] [stderr]    Compiling wayland-protocols v0.32.13
[INFO] [stderr]    Compiling wayland-protocols-wlr v0.3.12
[INFO] [stderr]    Compiling wl-clipboard-rs v0.9.3
[INFO] [stderr]    Compiling clipboard-rs v0.3.5
[INFO] [stderr]    Compiling plux v0.1.0 (/opt/rustwide/workdir)
[INFO] [stderr]     Finished `dev` profile [unoptimized + debuginfo] target(s) in 54.42s
[INFO] [stderr] warning: the following packages contain code that will be rejected by a future version of Rust: nix v0.28.0
[INFO] [stderr] note: to see what the problems were, use the option `--future-incompat-report`, or run `cargo report future-incompatibilities --id 1`
[INFO] running `Command { std: "docker" "inspect" "40ebf56b74df0ec4a73b9cdaf4cc3705ad21fd869f8240b94666ae10368955bf", kill_on_drop: false }`
[INFO] running `Command { std: "docker" "exec" "-e" "SOURCE_DIR=/opt/rustwide/workdir" "-e" "CARGO_HOME=/opt/rustwide/cargo-home" "-e" "RUSTUP_HOME=/opt/rustwide/rustup-home" "-e" "CARGO_TARGET_DIR=/opt/rustwide/target" "-e" "CARGO_INCREMENTAL=0" "-e" "RUST_BACKTRACE=full" "-e" "RUSTFLAGS=--cap-lints=warn" "-e" "RUSTDOCFLAGS=--cap-lints=warn" "-w" "/opt/rustwide/workdir" "--user" "0:0" "40ebf56b74df0ec4a73b9cdaf4cc3705ad21fd869f8240b94666ae10368955bf" "/opt/rustwide/cargo-home/bin/cargo" "+1.100.0-beta.1" "test" "--frozen" "--no-run" "--message-format=json", kill_on_drop: false }`
[INFO] [stderr]    Compiling plux v0.1.0 (/opt/rustwide/workdir)
[INFO] [stderr]     Finished `test` profile [unoptimized + debuginfo] target(s) in 5.98s
[INFO] [stderr] warning: the following packages contain code that will be rejected by a future version of Rust: nix v0.28.0
[INFO] [stderr] note: to see what the problems were, use the option `--future-incompat-report`, or run `cargo report future-incompatibilities --id 1`
[INFO] running `Command { std: "docker" "inspect" "40ebf56b74df0ec4a73b9cdaf4cc3705ad21fd869f8240b94666ae10368955bf", kill_on_drop: false }`
[INFO] running `Command { std: "docker" "exec" "-e" "SOURCE_DIR=/opt/rustwide/workdir" "-e" "CARGO_HOME=/opt/rustwide/cargo-home" "-e" "RUSTUP_HOME=/opt/rustwide/rustup-home" "-e" "CARGO_TARGET_DIR=/opt/rustwide/target" "-e" "CARGO_INCREMENTAL=0" "-e" "RUST_BACKTRACE=full" "-e" "RUSTFLAGS=--cap-lints=warn" "-e" "RUSTDOCFLAGS=--cap-lints=warn" "-w" "/opt/rustwide/workdir" "--user" "0:0" "40ebf56b74df0ec4a73b9cdaf4cc3705ad21fd869f8240b94666ae10368955bf" "/opt/rustwide/cargo-home/bin/cargo" "+1.100.0-beta.1" "test" "--frozen", kill_on_drop: false }`
[INFO] [stderr]     Finished `test` profile [unoptimized + debuginfo] target(s) in 0.21s
[INFO] [stderr] warning: the following packages contain code that will be rejected by a future version of Rust: nix v0.28.0
[INFO] [stderr] note: to see what the problems were, use the option `--future-incompat-report`, or run `cargo report future-incompatibilities --id 1`
[INFO] [stdout] 
[INFO] [stdout] running 28 tests
[INFO] [stderr]      Running unittests src/lib.rs (/opt/rustwide/target/debug/build/plux/4c7cba1acdb1abcd/out/plux-4c7cba1acdb1abcd)
[INFO] [stdout] test protocol::tests::rejects_oversized_frame_before_allocation ... ok
[INFO] [stdout] test protocol::tests::copy_round_trip_preserves_rows_outside_the_viewport ... ok
[INFO] [stdout] test protocol::tests::validates_client_tokens ... ok
[INFO] [stdout] test terminal::tests::copies_character_line_and_rectangle_ranges ... ok
[INFO] [stdout] test protocol::tests::snapshot_round_trip_preserves_scroll_metadata ... ok
[INFO] [stdout] test protocol::tests::rejects_unsupported_version ... ok
[INFO] [stdout] test protocol::tests::round_trips_messages ... ok
[INFO] [stdout] test terminal::tests::resize_keeps_a_scrolled_history_marker_near_the_viewport ... ok
[INFO] [stdout] test protocol::tests::rejects_unknown_message_variant ... ok
[INFO] [stdout] test terminal::tests::restores_primary_screen_after_alternate_screen ... ok
[INFO] [stdout] test terminal::tests::retains_scrollback ... ok
[INFO] [stdout] test terminal::tests::terminal_queries_survive_parser_chunk_boundaries ... ok
[INFO] [stdout] test terminal::tests::scrolls_and_searches_history ... ok
[INFO] [stdout] test terminal::tests::resizes_terminal ... ok
[INFO] [stdout] test terminal::tests::unusable_osc52_copy_is_ignored ... ok
[INFO] [stdout] test terminal::tests::shrinking_rows_moves_old_visible_content_into_history ... ok
[INFO] [stdout] test terminal::tests::scrolls_through_multiple_pages ... ok
[INFO] [stdout] test terminal::tests::parses_text_and_attributes ... ok
[INFO] [stdout] test terminal::tests::excludes_non_top_partial_region_from_scrollback ... ok
[INFO] [stdout] test terminal::tests::copies_selection_rows_above_the_current_viewport ... ok
[INFO] [stdout] test terminal::tests::osc52_copy_decodes_unpadded_utf8 ... ok
[INFO] [stdout] test terminal::tests::answers_common_terminal_queries ... ok
[INFO] [stdout] test terminal::tests::history_capacity_uses_actual_cell_cost ... ok
[INFO] [stdout] test terminal::tests::preserves_scrollback_for_top_anchored_partial_region ... ok
[INFO] [stdout] test terminal::tests::resize_preserves_wrapped_logical_lines ... ok
[INFO] [stdout] test terminal::tests::preserves_lines_deleted_from_top_anchored_region ... ok
[INFO] [stdout] test terminal::tests::resize_keeps_wide_characters_intact ... ok
[INFO] [stdout] test terminal::tests::handles_large_and_malformed_output ... ok
[INFO] [stdout] 
[INFO] [stdout] test result: ok. 28 passed; 0 failed; 0 ignored; 0 measured; 0 filtered out; finished in 1.89s
[INFO] [stdout] 
[INFO] [stderr]      Running unittests src/main.rs (/opt/rustwide/target/debug/build/plux/17b99f3bbe7bc2f4/out/plux-17b99f3bbe7bc2f4)
[INFO] [stdout] 
[INFO] [stdout] running 102 tests
[INFO] [stdout] test cli::tests::hidden_upload_accepts_no_shell_arguments ... ok
[INFO] [stdout] test cli::tests::session_name_enters_with_automatic_lifecycle ... ok
[INFO] [stdout] test client::tests::bracketed_paste_in_the_same_input_as_escape_exits_selection ... ok
[INFO] [stdout] test client::tests::clearing_status_restores_the_bottom_row ... ok
[INFO] [stdout] test cli::tests::ssh_target_is_a_top_level_option ... ok
[INFO] [stdout] test client::tests::bracketed_paste_immediately_after_escape_exits_selection_and_is_forwarded ... ok
[INFO] [stdout] test client::tests::bracketed_paste_is_forwarded_as_one_input ... ok
[INFO] [stdout] test client::tests::clipboard_fallback_encoding_is_valid ... ok
[INFO] [stdout] test client::tests::configurable_prefix_and_rename_are_handled ... ok
[INFO] [stdout] test client::tests::due_client_tick_is_not_starved_by_pending_server_events ... ok
[INFO] [stdout] test client::tests::captured_mouse_is_forwarded_to_application ... ok
[INFO] [stdout] test client::tests::dragging_to_top_edge_requests_history_scroll ... ok
[INFO] [stdout] test cli::tests::legacy_attach_flags_remain_compatible ... ok
[INFO] [stdout] test client::tests::legacy_x10_mouse_wheel_scrolls ... ok
[INFO] [stdout] test client::tests::input_is_prioritized_over_backlogged_server_snapshot ... ok
[INFO] [stdout] test client::tests::autoscroll_keeps_endpoint_at_edge_when_snapshot_moves_viewport ... ok
[INFO] [stdout] test cli::tests::run_strips_separator ... ok
[INFO] [stdout] test client::tests::input_burst_yields_to_a_pending_server_event ... ok
[INFO] [stdout] test client::tests::mouse_click_does_not_enter_selection ... ok
[INFO] [stdout] test client::tests::mouse_wheel_is_forwarded_as_page_key_without_scrollback ... ok
[INFO] [stdout] test client::tests::page_up_enters_scroll_mode_directly ... ok
[INFO] [stdout] test client::tests::page_up_is_forwarded_when_scrollback_is_unavailable ... ok
[INFO] [stdout] test client::tests::paste_detector_accepts_a_second_paste_after_the_first ... ok
[INFO] [stdout] test client::tests::paste_detector_handles_split_markers ... ok
[INFO] [stdout] test client::tests::prefix_detaches_without_forwarding ... ok
[INFO] [stdout] test client::tests::regular_input_is_forwarded ... ok
[INFO] [stdout] test client::tests::scroll_mode_takes_over_wheel_from_application ... ok
[INFO] [stdout] test client::tests::scroll_prefix_maps_to_scroll_action ... ok
[INFO] [stdout] test client::tests::search_repeat_and_selection_are_encoded ... ok
[INFO] [stdout] test client::tests::selection_follows_mouse_scrollback ... ok
[INFO] [stdout] test client::tests::selection_overlay_highlights_and_restores_cells ... ok
[INFO] [stdout] test client::tests::mouse_capture_reports_motion_while_dragging ... ok
[INFO] [stdout] test client::tests::server_disconnect_is_not_a_normal_client_close ... ok
[INFO] [stdout] test client::tests::server_snapshots_are_delivered_in_order ... ok
[INFO] [stdout] test client::tests::snapshot_scroll_metadata_moves_selection_and_keeps_it_when_offscreen ... ok
[INFO] [stdout] test client::tests::split_bracketed_paste_after_escape_is_forwarded ... ok
[INFO] [stdout] test client::tests::split_page_up_is_parsed_as_one_sequence ... ok
[INFO] [stdout] test client::tests::mouse_copy_keeps_selection_rows_above_the_viewport ... ok
[INFO] [stdout] test client::tests::mouse_drag_creates_a_copy_selection ... ok
[INFO] [stdout] test client::tests::split_sgr_mouse_is_parsed_as_one_sequence ... ok
[INFO] [stdout] test client::tests::mouse_jitter_within_drag_threshold_does_not_enter_selection ... ok
[INFO] [stdout] test client::tests::split_unknown_csi_is_forwarded_without_corrupting_input ... ok
[INFO] [stdout] test client::tests::mouse_release_on_adjacent_cell_after_plain_click_stays_normal ... ok
[INFO] [stdout] test client::tests::mouse_wheel_is_forwarded_in_alternate_screen ... ok
[INFO] [stdout] test client::tests::status_bar_includes_session_name_in_scroll_mode ... ok
[INFO] [stdout] test client::tests::mouse_wheel_scrolls_when_application_does_not_capture_mouse ... ok
[INFO] [stdout] test config::tests::parses_prefixes ... ok
[INFO] [stdout] test layout::tests::finds_neighbor ... ok
[INFO] [stdout] test layout::tests::small_terminal_falls_back_to_one_pane ... ok
[INFO] [stdout] test layout::tests::splits_and_closes_leaf ... ok
[INFO] [stdout] test client::tests::page_up_is_forwarded_in_alternate_screen ... ok
[INFO] [stdout] test config::tests::parses_sizes ... ok
[INFO] [stdout] test protocol::tests::rejects_unknown_message_variant ... ok
[INFO] [stdout] test protocol::tests::rejects_unsupported_version ... ok
[INFO] [stdout] test protocol::tests::rejects_oversized_frame_before_allocation ... ok
[INFO] [stdout] test pane::tests::kill_does_not_wait_for_the_child_waiter_lock ... ok
[INFO] [stdout] test protocol::tests::round_trips_messages ... ok
[INFO] [stdout] test client::tests::paste_detector_falls_back_for_oversized_unclosed_paste ... ok
[INFO] [stdout] test protocol::tests::copy_round_trip_preserves_rows_outside_the_viewport ... ok
[INFO] [stdout] test protocol::tests::validates_client_tokens ... ok
[INFO] [stdout] test protocol::tests::snapshot_round_trip_preserves_scroll_metadata ... ok
[INFO] [stdout] test pane::tests::shell_writes_to_terminal ... ok
[INFO] [stdout] test terminal::tests::copies_selection_rows_above_the_current_viewport ... ok
[INFO] [stdout] test session::tests::explicit_scroll_accumulates_viewport_delta ... ok
[INFO] [stdout] test terminal::tests::excludes_non_top_partial_region_from_scrollback ... ok
[INFO] [stdout] test terminal::tests::history_capacity_uses_actual_cell_cost ... ok
[INFO] [stdout] test client::tests::paste_detector_releases_a_lone_escape ... ok
[INFO] [stdout] test client::tests::leaving_screen_edge_stops_autoscroll_repeats ... ok
[INFO] [stdout] test session::tests::left_pane_delta_does_not_bleed_into_right_pane ... ok
[INFO] [stdout] test session::tests::refuses_horizontal_split_below_minimum_height ... ok
[INFO] [stdout] test terminal::tests::copies_character_line_and_rectangle_ranges ... ok
[INFO] [stdout] test terminal::tests::answers_common_terminal_queries ... ok
[INFO] [stdout] test socket::tests::only_starts_for_an_absent_or_stale_socket ... ok
[INFO] [stdout] test pane::tests::exit_event_follows_final_output ... ok
[INFO] [stdout] test client::tests::dragging_to_bottom_edge_requests_autoscroll_and_repeats ... ok
[INFO] [stdout] test client::tests::escape_clears_mouse_selection_before_the_next_drag ... ok
[INFO] [stdout] test terminal::tests::parses_text_and_attributes ... ok
[INFO] [stdout] test terminal::tests::resize_keeps_a_scrolled_history_marker_near_the_viewport ... ok
[INFO] [stdout] test session::tests::restarts_exited_focused_pane ... ok
[INFO] [stdout] test terminal::tests::resize_preserves_wrapped_logical_lines ... ok
[INFO] [stdout] test session::tests::session_splits_and_renders_two_panes ... ok
[INFO] [stdout] test terminal::tests::restores_primary_screen_after_alternate_screen ... ok
[INFO] [stdout] test terminal::tests::osc52_copy_decodes_unpadded_utf8 ... ok
[INFO] [stdout] test terminal::tests::preserves_lines_deleted_from_top_anchored_region ... ok
[INFO] [stdout] test terminal::tests::resizes_terminal ... ok
[INFO] [stdout] test terminal::tests::resize_keeps_wide_characters_intact ... ok
[INFO] [stdout] test terminal::tests::preserves_scrollback_for_top_anchored_partial_region ... ok
[INFO] [stdout] test terminal::tests::retains_scrollback ... ok
[INFO] [stdout] test terminal::tests::shrinking_rows_moves_old_visible_content_into_history ... ok
[INFO] [stdout] test terminal::tests::unusable_osc52_copy_is_ignored ... ok
[INFO] [stdout] test transport::tests::remote_bridge_finds_cargo_installed_plux ... ok
[INFO] [stdout] test transport::tests::upload_names_are_sanitized_at_the_boundary ... ok
[INFO] [stdout] test transport::tests::local_connection_interface_is_available ... ok
[INFO] [stdout] test terminal::tests::terminal_queries_survive_parser_chunk_boundaries ... ok
[INFO] [stdout] test terminal::tests::scrolls_and_searches_history ... ok
[INFO] [stdout] test transport::tests::expired_uploads_are_removed ... ok
[INFO] [stdout] test transport::tests::upload_batch_round_trips_files_and_response_paths ... ok
[INFO] [stdout] test transport::tests::failed_upload_batch_removes_every_partial_file ... ok
[INFO] [stdout] test terminal::tests::scrolls_through_multiple_pages ... ok
[INFO] [stdout] test pane::tests::terminal_query_reply_reaches_child_pty ... ok
[INFO] [stdout] test transport::tests::upload_control_cancels_and_reaps_its_ssh_child ... ok
[INFO] [stdout] test terminal::tests::handles_large_and_malformed_output ... ok
[INFO] [stdout] 
[INFO] [stdout] test result: ok. 102 passed; 0 failed; 0 ignored; 0 measured; 0 filtered out; finished in 2.00s
[INFO] [stdout] 
[INFO] [stderr]      Running tests/client_ui.rs (/opt/rustwide/target/debug/build/plux/95138ea2954b121e/out/client_ui-95138ea2954b121e)
[INFO] [stdout] 
[INFO] [stdout] running 6 tests
[INFO] [stdout] test real_client_survives_slow_outer_reader ... ok
[INFO] [stdout] test real_client_coalesces_large_resize_drag ... ok
[INFO] [stdout] test real_client_attaches_renders_input_and_detaches ... ok
[INFO] [stdout] test real_client_survives_one_resize ... ok
[INFO] [stdout] test real_client_split_survives_tiny_resize_and_restores ... ok
[INFO] [stdout] test real_client_continues_mouse_selection_scroll_at_bottom_edge ... ok
[INFO] [stdout] 
[INFO] [stdout] test result: ok. 6 passed; 0 failed; 0 ignored; 0 measured; 0 filtered out; finished in 8.64s
[INFO] [stdout] 
[INFO] [stderr]      Running tests/daemon_lifecycle.rs (/opt/rustwide/target/debug/build/plux/2777ff54c879968a/out/daemon_lifecycle-2777ff54c879968a)
[INFO] [stdout] 
[INFO] [stdout] running 32 tests
[INFO] [stdout] test different_sessions_receive_their_own_output_and_survive_short_requests ... ok
[INFO] [stdout] test attach_to_missing_session_does_not_create_it ... ok
[INFO] [stdout] test copy_request_includes_selection_above_the_viewport ... ok
[INFO] [stdout] test bridges_can_attach_different_sessions_concurrently ... ok
[INFO] [stdout] test disconnected_competing_client_does_not_kill_daemon ... ok
[INFO] [stdout] test invalid_takeover_keeps_current_client_and_daemon_alive ... ok
[INFO] [stdout] test missing_takeover_keeps_current_client_attached ... ok
[INFO] [stdout] test bridge_forwards_protocol_without_extra_output ... ok
[INFO] [stdout] test final_snapshot_arrives_before_process_exit ... ok
[INFO] [stdout] test large_resize_snapshot_survives_temporary_backpressure ... FAILED
[INFO] [stdout] test heartbeat_does_not_cancel_search ... ok
[INFO] [stdout] test concurrent_cold_start_creates_leave_no_daemon_behind ... ok
[INFO] [stdout] test takeover_closes_previous_client_connection ... ok
[INFO] [stdout] test blocked_child_input_is_bounded_without_blocking_short_requests ... ok
[INFO] [stdout] test osc52_copy_from_pane_reaches_attached_client ... ok
[INFO] [stdout] test list_without_daemon_does_not_start_one ... ok
[INFO] [stdout] test pane_exit_does_not_finish_a_split_session ... ok
[INFO] [stdout] test repeated_same_token_reconnects_leave_one_client ... ok
[INFO] [stdout] test resize_burst_applies_only_the_final_pty_size ... ok
[INFO] [stdout] test resize_burst_is_coalesced_without_detaching_client ... ok
[INFO] [stdout] test same_client_token_reconnects_and_heartbeats ... ok
[INFO] [stdout] test scroll_snapshot_replays_full_pty_history ... ok
[INFO] [stdout] test scrollback_preserves_top_anchored_partial_region_output ... ok
[INFO] [stdout] test scrolling_stays_at_history_while_pty_continues_output ... ok
[INFO] [stdout] test search_completes_without_blocking_the_client_protocol ... ok
[INFO] [stdout] test searches_in_different_sessions_complete_independently ... ok
[INFO] [stdout] test stop_terminates_the_daemon_and_removes_its_socket ... ok
[INFO] [stdout] test bridge_keeps_forwarding_after_interactive_attach ... ok
[INFO] [stdout] test takeover_of_other_session_keeps_existing_client_connection ... ok
[INFO] [stdout] test takeover_replaces_only_the_target_session_client ... ok
[INFO] [stdout] test terminal_query_reaches_child_through_daemon ... ok
[INFO] [stderr] error: test failed, to rerun pass `--test daemon_lifecycle`
[INFO] [stdout] test unauthenticated_interactive_client_cannot_hold_attach_slot ... ok
[INFO] [stdout] 
[INFO] [stdout] failures:
[INFO] [stdout] 
[INFO] [stdout] ---- large_resize_snapshot_survives_temporary_backpressure stdout ----
[INFO] [stdout] 
[INFO] [stdout] thread 'large_resize_snapshot_survives_temporary_backpressure' (2177) panicked at tests/daemon_lifecycle.rs:473:5:
[INFO] [stdout] large ANSI fixture did not finish rendering
[INFO] [stdout] stack backtrace:
[INFO] [stdout]    0:     0x640e6baa7051 - std[617be2ca0a6fd877]::backtrace_rs::backtrace::libunwind::trace
[INFO] [stdout]                                at /rustc/e3feeb59cd1bdd011a2bfcc0747b55125d9b8527/library/std/src/../../backtrace/src/backtrace/libunwind.rs:117:9
[INFO] [stdout]    1:     0x640e6baa7051 - std[617be2ca0a6fd877]::backtrace_rs::backtrace::trace_unsynchronized::<std[617be2ca0a6fd877]::sys::backtrace::_print_fmt::{closure#1}>
[INFO] [stdout]                                at /rustc/e3feeb59cd1bdd011a2bfcc0747b55125d9b8527/library/std/src/../../backtrace/src/backtrace/mod.rs:66:14
[INFO] [stdout]    2:     0x640e6baa7051 - std[617be2ca0a6fd877]::sys::backtrace::_print_fmt
[INFO] [stdout]                                at /rustc/e3feeb59cd1bdd011a2bfcc0747b55125d9b8527/library/std/src/sys/backtrace.rs:74:9
[INFO] [stdout]    3:     0x640e6baa7051 - <<std[617be2ca0a6fd877]::sys::backtrace::BacktraceLock>::print::DisplayBacktrace as core[a373ad73a504971]::fmt::Display>::fmt
[INFO] [stdout]                                at /rustc/e3feeb59cd1bdd011a2bfcc0747b55125d9b8527/library/std/src/sys/backtrace.rs:44:26
[INFO] [stdout]    4:     0x640e6babc31a - <core[a373ad73a504971]::fmt::rt::Argument>::fmt
[INFO] [stdout]                                at /rustc/e3feeb59cd1bdd011a2bfcc0747b55125d9b8527/library/core/src/fmt/rt.rs:152:76
[INFO] [stdout]    5:     0x640e6babc31a - core[a373ad73a504971]::fmt::write
[INFO] [stdout]    6:     0x640e6baab8ac - core[a373ad73a504971]::io::write::default_write_fmt::<alloc[2e1b2a31b91974c5]::vec::Vec<u8>>
[INFO] [stdout]                                at /rustc/e3feeb59cd1bdd011a2bfcc0747b55125d9b8527/library/core/src/io/write.rs:402:11
[INFO] [stdout]    7:     0x640e6baab8ac - <alloc[2e1b2a31b91974c5]::vec::Vec<u8> as core[a373ad73a504971]::io::write::Write>::write_fmt
[INFO] [stdout]                                at /rustc/e3feeb59cd1bdd011a2bfcc0747b55125d9b8527/library/core/src/io/write.rs:335:13
[INFO] [stdout]    8:     0x640e6ba81a56 - <std[617be2ca0a6fd877]::sys::backtrace::BacktraceLock>::print
[INFO] [stdout]                                at /rustc/e3feeb59cd1bdd011a2bfcc0747b55125d9b8527/library/std/src/sys/backtrace.rs:47:9
[INFO] [stdout]    9:     0x640e6ba81a56 - std[617be2ca0a6fd877]::panicking::default_hook::{closure#0}
[INFO] [stdout]                                at /rustc/e3feeb59cd1bdd011a2bfcc0747b55125d9b8527/library/std/src/panicking.rs:289:27
[INFO] [stdout]   10:     0x640e6ba9eb39 - std[617be2ca0a6fd877]::panicking::default_hook
[INFO] [stdout]                                at /rustc/e3feeb59cd1bdd011a2bfcc0747b55125d9b8527/library/std/src/panicking.rs:313:9
[INFO] [stdout]   11:     0x640e6b9fdca0 - <alloc[2e1b2a31b91974c5]::boxed::Box<dyn for<'a, 'b> core[a373ad73a504971]::ops::function::Fn<(&'a std[617be2ca0a6fd877]::panic::PanicHookInfo<'b>,), Output = ()> + core[a373ad73a504971]::marker::Sync + core[a373ad73a504971]::marker::Send> as core[a373ad73a504971]::ops::function::Fn<(&std[617be2ca0a6fd877]::panic::PanicHookInfo,)>>::call
[INFO] [stdout]                                at /rustc/e3feeb59cd1bdd011a2bfcc0747b55125d9b8527/library/alloc/src/boxed.rs:2328:9
[INFO] [stdout]   12:     0x640e6b9fdca0 - test[aada8e7e76ba119b]::test_main_inner::{closure#0}
[INFO] [stdout]                                at /rustc/e3feeb59cd1bdd011a2bfcc0747b55125d9b8527/library/test/src/lib.rs:137:21
[INFO] [stdout]   13:     0x640e6ba9ee62 - <alloc[2e1b2a31b91974c5]::boxed::Box<dyn for<'a, 'b> core[a373ad73a504971]::ops::function::Fn<(&'a std[617be2ca0a6fd877]::panic::PanicHookInfo<'b>,), Output = ()> + core[a373ad73a504971]::marker::Sync + core[a373ad73a504971]::marker::Send> as core[a373ad73a504971]::ops::function::Fn<(&std[617be2ca0a6fd877]::panic::PanicHookInfo,)>>::call
[INFO] [stdout]                                at /rustc/e3feeb59cd1bdd011a2bfcc0747b55125d9b8527/library/alloc/src/boxed.rs:2328:9
[INFO] [stdout]   14:     0x640e6ba9ee62 - std[617be2ca0a6fd877]::panicking::panic_with_hook
[INFO] [stdout]                                at /rustc/e3feeb59cd1bdd011a2bfcc0747b55125d9b8527/library/std/src/panicking.rs:819:13
[INFO] [stdout]   15:     0x640e6ba81b34 - std[617be2ca0a6fd877]::panicking::panic_handler::{closure#0}
[INFO] [stdout]                                at /rustc/e3feeb59cd1bdd011a2bfcc0747b55125d9b8527/library/std/src/panicking.rs:678:13
[INFO] [stdout]   16:     0x640e6ba7a6f9 - std[617be2ca0a6fd877]::sys::backtrace::__rust_end_short_backtrace::<std[617be2ca0a6fd877]::panicking::panic_handler::{closure#0}, !>
[INFO] [stdout]                                at /rustc/e3feeb59cd1bdd011a2bfcc0747b55125d9b8527/library/std/src/sys/backtrace.rs:182:18
[INFO] [stdout]   17:     0x640e6ba8270d - __rustc[ea4f61d10b84890b]::rust_begin_unwind
[INFO] [stdout]                                at /rustc/e3feeb59cd1bdd011a2bfcc0747b55125d9b8527/library/std/src/panicking.rs:676:5
[INFO] [stdout]   18:     0x640e6babcb0c - core[a373ad73a504971]::panicking::panic_fmt
[INFO] [stdout]                                at /rustc/e3feeb59cd1bdd011a2bfcc0747b55125d9b8527/library/core/src/panicking.rs:80:14
[INFO] [stdout]   19:     0x640e6b9a98ea - daemon_lifecycle[4050548222c3ff70]::large_resize_snapshot_survives_temporary_backpressure
[INFO] [stdout]                                at /opt/rustwide/workdir/tests/daemon_lifecycle.rs:473:5
[INFO] [stdout]   20:     0x640e6b9982b7 - daemon_lifecycle[4050548222c3ff70]::large_resize_snapshot_survives_temporary_backpressure::{closure#0}
[INFO] [stdout]                                at /opt/rustwide/workdir/tests/daemon_lifecycle.rs:422:59
[INFO] [stdout]   21:     0x640e6b9f0f56 - <daemon_lifecycle[4050548222c3ff70]::large_resize_snapshot_survives_temporary_backpressure::{closure#0} as core[a373ad73a504971]::ops::function::FnOnce<()>>::call_once
[INFO] [stdout]                                at /rustc/e3feeb59cd1bdd011a2bfcc0747b55125d9b8527/library/core/src/ops/function.rs:250:5
[INFO] [stdout]   22:     0x640e6b9f10eb - <fn() -> core[a373ad73a504971]::result::Result<(), alloc[2e1b2a31b91974c5]::string::String> as core[a373ad73a504971]::ops::function::FnOnce<()>>::call_once
[INFO] [stdout]                                at /rustc/e3feeb59cd1bdd011a2bfcc0747b55125d9b8527/library/core/src/ops/function.rs:250:5
[INFO] [stdout]   23:     0x640e6b9f10eb - test[aada8e7e76ba119b]::__rust_begin_short_backtrace::<core[a373ad73a504971]::result::Result<(), alloc[2e1b2a31b91974c5]::string::String>, fn() -> core[a373ad73a504971]::result::Result<(), alloc[2e1b2a31b91974c5]::string::String>>
[INFO] [stdout]                                at /rustc/e3feeb59cd1bdd011a2bfcc0747b55125d9b8527/library/test/src/lib.rs:701:18
[INFO] [stdout]   24:     0x640e6b9fe2c5 - test[aada8e7e76ba119b]::run_test_in_process::{closure#0}
[INFO] [stdout]                                at /rustc/e3feeb59cd1bdd011a2bfcc0747b55125d9b8527/library/test/src/lib.rs:724:74
[INFO] [stdout]   25:     0x640e6b9fe2c5 - <core[a373ad73a504971]::panic::unwind_safe::AssertUnwindSafe<test[aada8e7e76ba119b]::run_test_in_process::{closure#0}> as core[a373ad73a504971]::ops::function::FnOnce<()>>::call_once
[INFO] [stdout]                                at /rustc/e3feeb59cd1bdd011a2bfcc0747b55125d9b8527/library/core/src/panic/unwind_safe.rs:275:9
[INFO] [stdout]   26:     0x640e6b9fe2c5 - std[617be2ca0a6fd877]::panicking::catch_unwind::do_call::<core[a373ad73a504971]::panic::unwind_safe::AssertUnwindSafe<test[aada8e7e76ba119b]::run_test_in_process::{closure#0}>, core[a373ad73a504971]::result::Result<(), alloc[2e1b2a31b91974c5]::string::String>>
[INFO] [stdout]                                at /rustc/e3feeb59cd1bdd011a2bfcc0747b55125d9b8527/library/std/src/panicking.rs:573:43
[INFO] [stdout]   27:     0x640e6b9fe2c5 - std[617be2ca0a6fd877]::panicking::catch_unwind::<core[a373ad73a504971]::result::Result<(), alloc[2e1b2a31b91974c5]::string::String>, core[a373ad73a504971]::panic::unwind_safe::AssertUnwindSafe<test[aada8e7e76ba119b]::run_test_in_process::{closure#0}>>
[INFO] [stdout]                                at /rustc/e3feeb59cd1bdd011a2bfcc0747b55125d9b8527/library/std/src/panicking.rs:541:19
[INFO] [stdout]   28:     0x640e6b9fe2c5 - std[617be2ca0a6fd877]::panic::catch_unwind::<core[a373ad73a504971]::panic::unwind_safe::AssertUnwindSafe<test[aada8e7e76ba119b]::run_test_in_process::{closure#0}>, core[a373ad73a504971]::result::Result<(), alloc[2e1b2a31b91974c5]::string::String>>
[INFO] [stdout]                                at /rustc/e3feeb59cd1bdd011a2bfcc0747b55125d9b8527/library/std/src/panic.rs:359:14
[INFO] [stdout]   29:     0x640e6b9fe2c5 - test[aada8e7e76ba119b]::run_test_in_process
[INFO] [stdout]                                at /rustc/e3feeb59cd1bdd011a2bfcc0747b55125d9b8527/library/test/src/lib.rs:724:27
[INFO] [stdout]   30:     0x640e6b9fe2c5 - test[aada8e7e76ba119b]::run_test::{closure#0}
[INFO] [stdout]                                at /rustc/e3feeb59cd1bdd011a2bfcc0747b55125d9b8527/library/test/src/lib.rs:645:43
[INFO] [stdout]   31:     0x640e6b9f7bb4 - test[aada8e7e76ba119b]::run_test::{closure#1}
[INFO] [stdout]                                at /rustc/e3feeb59cd1bdd011a2bfcc0747b55125d9b8527/library/test/src/lib.rs:675:41
[INFO] [stdout]   32:     0x640e6b9f7bb4 - std[617be2ca0a6fd877]::sys::backtrace::__rust_begin_short_backtrace::<test[aada8e7e76ba119b]::run_test::{closure#1}, ()>
[INFO] [stdout]                                at /rustc/e3feeb59cd1bdd011a2bfcc0747b55125d9b8527/library/std/src/sys/backtrace.rs:166:18
[INFO] [stdout]   33:     0x640e6ba01352 - std[617be2ca0a6fd877]::thread::lifecycle::spawn_unchecked::<test[aada8e7e76ba119b]::run_test::{closure#1}, ()>::{closure#1}::{closure#0}
[INFO] [stdout]                                at /rustc/e3feeb59cd1bdd011a2bfcc0747b55125d9b8527/library/std/src/thread/lifecycle.rs:70:13
[INFO] [stdout]   34:     0x640e6ba01352 - <core[a373ad73a504971]::panic::unwind_safe::AssertUnwindSafe<std[617be2ca0a6fd877]::thread::lifecycle::spawn_unchecked<test[aada8e7e76ba119b]::run_test::{closure#1}, ()>::{closure#1}::{closure#0}> as core[a373ad73a504971]::ops::function::FnOnce<()>>::call_once
[INFO] [stdout]                                at /rustc/e3feeb59cd1bdd011a2bfcc0747b55125d9b8527/library/core/src/panic/unwind_safe.rs:275:9
[INFO] [stdout]   35:     0x640e6ba01352 - std[617be2ca0a6fd877]::panicking::catch_unwind::do_call::<core[a373ad73a504971]::panic::unwind_safe::AssertUnwindSafe<std[617be2ca0a6fd877]::thread::lifecycle::spawn_unchecked<test[aada8e7e76ba119b]::run_test::{closure#1}, ()>::{closure#1}::{closure#0}>, ()>
[INFO] [stdout]                                at /rustc/e3feeb59cd1bdd011a2bfcc0747b55125d9b8527/library/std/src/panicking.rs:573:43
[INFO] [stdout]   36:     0x640e6ba01352 - std[617be2ca0a6fd877]::panicking::catch_unwind::<(), core[a373ad73a504971]::panic::unwind_safe::AssertUnwindSafe<std[617be2ca0a6fd877]::thread::lifecycle::spawn_unchecked<test[aada8e7e76ba119b]::run_test::{closure#1}, ()>::{closure#1}::{closure#0}>>
[INFO] [stdout]                                at /rustc/e3feeb59cd1bdd011a2bfcc0747b55125d9b8527/library/std/src/panicking.rs:541:19
[INFO] [stdout]   37:     0x640e6ba01352 - std[617be2ca0a6fd877]::panic::catch_unwind::<core[a373ad73a504971]::panic::unwind_safe::AssertUnwindSafe<std[617be2ca0a6fd877]::thread::lifecycle::spawn_unchecked<test[aada8e7e76ba119b]::run_test::{closure#1}, ()>::{closure#1}::{closure#0}>, ()>
[INFO] [stdout]                                at /rustc/e3feeb59cd1bdd011a2bfcc0747b55125d9b8527/library/std/src/panic.rs:359:14
[INFO] [stdout]   38:     0x640e6ba01352 - std[617be2ca0a6fd877]::thread::lifecycle::spawn_unchecked::<test[aada8e7e76ba119b]::run_test::{closure#1}, ()>::{closure#1}
[INFO] [stdout]                                at /rustc/e3feeb59cd1bdd011a2bfcc0747b55125d9b8527/library/std/src/thread/lifecycle.rs:68:26
[INFO] [stdout]   39:     0x640e6ba01352 - <std[617be2ca0a6fd877]::thread::lifecycle::spawn_unchecked<test[aada8e7e76ba119b]::run_test::{closure#1}, ()>::{closure#1} as core[a373ad73a504971]::ops::function::FnOnce<()>>::call_once::{shim:vtable#0}
[INFO] [stdout]                                at /rustc/e3feeb59cd1bdd011a2bfcc0747b55125d9b8527/library/core/src/ops/function.rs:250:5
[INFO] [stdout]   40:     0x640e6baa689f - <alloc[2e1b2a31b91974c5]::boxed::Box<dyn core[a373ad73a504971]::ops::function::FnOnce<(), Output = ()> + core[a373ad73a504971]::marker::Send> as core[a373ad73a504971]::ops::function::FnOnce<()>>::call_once
[INFO] [stdout]                                at /rustc/e3feeb59cd1bdd011a2bfcc0747b55125d9b8527/library/alloc/src/boxed.rs:2314:9
[INFO] [stdout]   41:     0x640e6baa689f - <std[617be2ca0a6fd877]::sys::thread::unix::Thread>::new::thread_start
[INFO] [stdout]                                at /rustc/e3feeb59cd1bdd011a2bfcc0747b55125d9b8527/library/std/src/sys/thread/unix.rs:127:17
[INFO] [stdout]   42:     0x79425eb8bdfa - <unknown>
[INFO] [stdout]   43:     0x79425ec1f3d4 - clone
[INFO] [stdout]   44:                0x0 - <unknown>
[INFO] [stdout] 
[INFO] [stdout] 
[INFO] [stdout] failures:
[INFO] [stdout]     large_resize_snapshot_survives_temporary_backpressure
[INFO] [stdout] 
[INFO] [stdout] test result: FAILED. 31 passed; 1 failed; 0 ignored; 0 measured; 0 filtered out; finished in 33.43s
[INFO] [stdout] 
[INFO] running `Command { std: "docker" "inspect" "40ebf56b74df0ec4a73b9cdaf4cc3705ad21fd869f8240b94666ae10368955bf", kill_on_drop: false }`
[INFO] running `Command { std: "docker" "rm" "-f" "40ebf56b74df0ec4a73b9cdaf4cc3705ad21fd869f8240b94666ae10368955bf", kill_on_drop: false }`
[INFO] [stdout] 40ebf56b74df0ec4a73b9cdaf4cc3705ad21fd869f8240b94666ae10368955bf
