[INFO] cloning repository https://github.com/frknaykc/dragonstui
[INFO] running `Command { std: "git" "-c" "credential.helper=" "-c" "credential.helper=/workspace/cargo-home/bin/git-credential-null" "clone" "--bare" "https://github.com/frknaykc/dragonstui" "/workspace/cache/git-repos/https%3A%2F%2Fgithub.com%2Ffrknaykc%2Fdragonstui", kill_on_drop: false }`
[INFO] [stderr] Cloning into bare repository '/workspace/cache/git-repos/https%3A%2F%2Fgithub.com%2Ffrknaykc%2Fdragonstui'...
[INFO] running `Command { std: "git" "rev-parse" "HEAD", kill_on_drop: false }`
[INFO] [stdout] 7956dfbe6b4877932c319f37585960e5244d597c
[INFO] testing frknaykc/dragonstui against 1.99.0-beta.8 for beta-1.100-2
[INFO] running `Command { std: "git" "clone" "/workspace/cache/git-repos/https%3A%2F%2Fgithub.com%2Ffrknaykc%2Fdragonstui" "/workspace/builds/worker-5-tc1/source", kill_on_drop: false }`
[INFO] [stderr] Cloning into '/workspace/builds/worker-5-tc1/source'...
[INFO] [stderr] done.
[INFO] started tweaking git repo https://github.com/frknaykc/dragonstui
[INFO] finished tweaking git repo https://github.com/frknaykc/dragonstui
[INFO] tweaked toml for git repo https://github.com/frknaykc/dragonstui written to /workspace/builds/worker-5-tc1/source/Cargo.toml
[INFO] validating manifest of git repo https://github.com/frknaykc/dragonstui on toolchain 1.99.0-beta.8
[INFO] running `Command { std: CARGO_HOME="/workspace/cargo-home" RUSTUP_HOME="/workspace/rustup-home" "/workspace/cargo-home/bin/cargo" "+1.99.0-beta.8" "metadata" "--manifest-path" "Cargo.toml" "--no-deps", kill_on_drop: false }`
[INFO] crate git repo https://github.com/frknaykc/dragonstui already has a lockfile, it will not be regenerated
[INFO] running `Command { std: CARGO_HOME="/workspace/cargo-home" RUSTUP_HOME="/workspace/rustup-home" "/workspace/cargo-home/bin/cargo" "+1.99.0-beta.8" "fetch" "--manifest-path" "Cargo.toml", kill_on_drop: false }`
[INFO] [stderr]  Downloading crates ...
[INFO] [stderr]   Downloaded signal-hook-mio v0.2.5
[INFO] [stderr]   Downloaded crc32fast v1.5.1
[INFO] [stderr]   Downloaded convert_case v0.10.0
[INFO] [stderr]   Downloaded crossterm v0.29.0
[INFO] [stderr]   Downloaded zlib-rs v0.6.7
[INFO] running `Command { std: "docker" "create" "-v" "/var/lib/crater-agent-workspace/builds/worker-5-tc1/source:/opt/rustwide/workdir:ro,Z" "-v" "/var/lib/crater-agent-workspace/builds/worker-5-tc1/target:/opt/rustwide/target:rw,Z" "-v" "/var/lib/crater-agent-workspace/cargo-home:/opt/rustwide/cargo-home:ro,Z" "-v" "/var/lib/crater-agent-workspace/rustup-home:/opt/rustwide/rustup-home:ro,Z" "-m" "1610612736" "--network" "none" "ghcr.io/rust-lang/crates-build-env/linux@sha256:3111399a4047eeb3a02b7a90e478d715f38a8c6669b5c4b49d30a17385265909" "sleep" "infinity", kill_on_drop: false }`
[INFO] [stdout] edf1d470e76be6f150c0b17d5f02495a72be41f7f322577e9e5384cf3c4419b1
[INFO] running `Command { std: "docker" "start" "edf1d470e76be6f150c0b17d5f02495a72be41f7f322577e9e5384cf3c4419b1", kill_on_drop: false }`
[INFO] running `Command { std: "docker" "inspect" "edf1d470e76be6f150c0b17d5f02495a72be41f7f322577e9e5384cf3c4419b1", kill_on_drop: false }`
[INFO] running `Command { std: "docker" "exec" "-e" "SOURCE_DIR=/opt/rustwide/workdir" "-e" "CARGO_HOME=/opt/rustwide/cargo-home" "-e" "RUSTUP_HOME=/opt/rustwide/rustup-home" "-e" "CARGO_TARGET_DIR=/opt/rustwide/target" "-w" "/opt/rustwide/workdir" "--user" "0:0" "edf1d470e76be6f150c0b17d5f02495a72be41f7f322577e9e5384cf3c4419b1" "/opt/rustwide/cargo-home/bin/cargo" "+1.99.0-beta.8" "metadata" "--no-deps" "--format-version=1", kill_on_drop: false }`
[INFO] running `Command { std: "docker" "inspect" "edf1d470e76be6f150c0b17d5f02495a72be41f7f322577e9e5384cf3c4419b1", kill_on_drop: false }`
[INFO] running `Command { std: "docker" "exec" "-e" "SOURCE_DIR=/opt/rustwide/workdir" "-e" "CARGO_HOME=/opt/rustwide/cargo-home" "-e" "RUSTUP_HOME=/opt/rustwide/rustup-home" "-e" "CARGO_TARGET_DIR=/opt/rustwide/target" "-e" "CARGO_INCREMENTAL=0" "-e" "RUST_BACKTRACE=full" "-e" "RUSTFLAGS=--cap-lints=warn" "-e" "RUSTDOCFLAGS=--cap-lints=warn" "-w" "/opt/rustwide/workdir" "--user" "0:0" "edf1d470e76be6f150c0b17d5f02495a72be41f7f322577e9e5384cf3c4419b1" "/opt/rustwide/cargo-home/bin/cargo" "+1.99.0-beta.8" "build" "--frozen" "--message-format=json", kill_on_drop: false }`
[INFO] [stderr]    Compiling signal-hook v0.3.18
[INFO] [stderr]    Compiling unicode-segmentation v1.13.3
[INFO] [stderr]    Compiling smallvec v1.16.0
[INFO] [stderr]    Compiling serde_core v1.0.229
[INFO] [stderr]    Compiling rustix v1.1.4
[INFO] [stderr]    Compiling log v0.4.34
[INFO] [stderr]    Compiling linux-raw-sys v0.12.1
[INFO] [stderr]    Compiling litrs v1.0.0
[INFO] [stderr]    Compiling unicode-width v0.2.2
[INFO] [stderr]    Compiling syn v2.0.119
[INFO] [stderr]    Compiling mio v1.2.3
[INFO] [stderr]    Compiling parking_lot_core v0.9.12
[INFO] [stderr]    Compiling convert_case v0.10.0
[INFO] [stderr]    Compiling parking_lot v0.12.5
[INFO] [stderr]    Compiling signal-hook-mio v0.2.5
[INFO] [stderr]    Compiling document-features v0.2.12
[INFO] [stderr]    Compiling derive_more-impl v2.1.1
[INFO] [stderr]    Compiling serde_json v1.0.151
[INFO] [stderr]    Compiling derive_more v2.1.1
[INFO] [stderr]    Compiling crossterm v0.29.0
[INFO] [stderr]    Compiling dragons_tui v0.1.0 (/opt/rustwide/workdir)
[INFO] [stderr]     Finished `dev` profile [unoptimized + debuginfo] target(s) in 13.35s
[INFO] running `Command { std: "docker" "inspect" "edf1d470e76be6f150c0b17d5f02495a72be41f7f322577e9e5384cf3c4419b1", kill_on_drop: false }`
[INFO] running `Command { std: "docker" "exec" "-e" "SOURCE_DIR=/opt/rustwide/workdir" "-e" "CARGO_HOME=/opt/rustwide/cargo-home" "-e" "RUSTUP_HOME=/opt/rustwide/rustup-home" "-e" "CARGO_TARGET_DIR=/opt/rustwide/target" "-e" "CARGO_INCREMENTAL=0" "-e" "RUST_BACKTRACE=full" "-e" "RUSTFLAGS=--cap-lints=warn" "-e" "RUSTDOCFLAGS=--cap-lints=warn" "-w" "/opt/rustwide/workdir" "--user" "0:0" "edf1d470e76be6f150c0b17d5f02495a72be41f7f322577e9e5384cf3c4419b1" "/opt/rustwide/cargo-home/bin/cargo" "+1.99.0-beta.8" "test" "--frozen" "--no-run" "--message-format=json", kill_on_drop: false }`
[INFO] [stderr]    Compiling dragons_tui v0.1.0 (/opt/rustwide/workdir)
[INFO] [stderr]     Finished `test` profile [unoptimized + debuginfo] target(s) in 8.61s
[INFO] running `Command { std: "docker" "inspect" "edf1d470e76be6f150c0b17d5f02495a72be41f7f322577e9e5384cf3c4419b1", kill_on_drop: false }`
[INFO] running `Command { std: "docker" "exec" "-e" "SOURCE_DIR=/opt/rustwide/workdir" "-e" "CARGO_HOME=/opt/rustwide/cargo-home" "-e" "RUSTUP_HOME=/opt/rustwide/rustup-home" "-e" "CARGO_TARGET_DIR=/opt/rustwide/target" "-e" "CARGO_INCREMENTAL=0" "-e" "RUST_BACKTRACE=full" "-e" "RUSTFLAGS=--cap-lints=warn" "-e" "RUSTDOCFLAGS=--cap-lints=warn" "-w" "/opt/rustwide/workdir" "--user" "0:0" "edf1d470e76be6f150c0b17d5f02495a72be41f7f322577e9e5384cf3c4419b1" "/opt/rustwide/cargo-home/bin/cargo" "+1.99.0-beta.8" "test" "--frozen", kill_on_drop: false }`
[INFO] [stderr]     Finished `test` profile [unoptimized + debuginfo] target(s) in 0.10s
[INFO] [stdout] 
[INFO] [stderr]      Running unittests src/lib.rs (/opt/rustwide/target/debug/deps/dragons_tui-1d37508f5d21892c)
[INFO] [stdout] running 0 tests
[INFO] [stderr]      Running unittests apps/dashboard/main.rs (/opt/rustwide/target/debug/deps/dragons_tui-eb976e18c59d6ce4)
[INFO] [stdout] 
[INFO] [stdout] test result: ok. 0 passed; 0 failed; 0 ignored; 0 measured; 0 filtered out; finished in 0.00s
[INFO] [stdout] 
[INFO] [stdout] 
[INFO] [stdout] running 33 tests
[INFO] [stdout] test tests::dashboard_routes_focus_navigation_and_ctrl_c ... ok
[INFO] [stdout] test tests::app_starts_in_splash_animates_and_enters_main_after_its_minimum_duration ... ok
[INFO] [stdout] test tests::command_palette_isolates_input_restores_escape_focus_and_executes_filtered_commands ... ok
[INFO] [stdout] test tests::demo_renders_a_theme_styled_braille_canvas_rectangle_diagonal_and_waveform ... ok
[INFO] [stdout] test tests::dashboard_scrolls_output_and_preserves_unsent_input_when_stopped ... ok
[INFO] [stdout] test tests::demo_frame_handles_responsive_and_tiny_terminals ... ok
[INFO] [stdout] test tests::dashboard_routes_output_scroll_keys_without_regressing_other_focuses ... ok
[INFO] [stdout] test tests::dashboard_tick_requests_redraw_only_when_an_animation_frame_changes ... ok
[INFO] [stdout] test tests::app_applies_a_supplied_theme_to_the_splash_and_dashboard ... ok
[INFO] [stdout] test tests::demo_renders_a_theme_styled_multi_character_dragon_animation_frame ... ok
[INFO] [stdout] test tests::demo_frame_renders_agent_status_and_collected_output ... ok
[INFO] [stdout] test tests::demo_renders_dragonfire_progress_gauge_and_activity_sparkline ... ok
[INFO] [stdout] test tests::dashboard_quits_with_q_and_ctrl_c_in_every_focus_without_mutating_input ... ok
[INFO] [stdout] test tests::demo_resize_keeps_output_viewport_within_its_valid_range ... ok
[INFO] [stdout] test tests::demo_frame_uses_constraint_layout_borders_and_unicode_text ... ok
[INFO] [stdout] test tests::demo_runtime_uses_mixed_style_rich_text ... ok
[INFO] [stdout] test tests::mouse_events_are_safe_when_the_dashboard_has_tiny_or_empty_regions ... ok
[INFO] [stdout] test tests::demo_uses_fire_theme_background_and_selected_agent_semantics ... ok
[INFO] [stdout] test tests::demo_uses_theme_colours_custom_border_sets_and_a_strikethrough_rich_span ... ok
[INFO] [stdout] test tests::command_palette_renders_safely_during_the_required_resize_sequence ... ok
[INFO] [stdout] test tests::splash_supports_enter_space_and_quit_shortcuts_without_reaching_dashboard_actions ... ok
[INFO] [stdout] test tests::terminal_guard_emits_mouse_capture_lifecycle_with_screen_cleanup ... ok
[INFO] [stdout] test tests::splash_uses_surface_background_centered_artwork_and_a_styled_initializing_spinner ... ok
[INFO] [stdout] test tests::terminal_guard_disables_raw_mode_when_setup_output_fails ... ok
[INFO] [stdout] test tests::mouse_clicks_focus_interactive_regions_and_select_agents ... ok
[INFO] [stdout] test tests::modal_isolates_input_and_restores_the_previous_focus_on_escape ... ok
[INFO] [stdout] test tests::mouse_wheel_only_scrolls_output_and_ignores_noninteractive_events ... ok
[INFO] [stdout] test tests::terminal_guard_disables_mouse_capture_after_late_setup_failure ... ok
[INFO] [stdout] test tests::splash_centers_clips_and_transitions_without_leaving_artwork_cells_in_main ... ok
[INFO] [stdout] test tests::first_run_dashboard_shows_guidance_without_starting_an_agent ... ok
[INFO] [stdout] test tests::framework_focus_state_routes_tab_shift_tab_mouse_and_cursor_visibility ... ok
[INFO] [stdout] test tests::terminal_guard_restores_raw_mode_after_a_run_error ... ok
[INFO] [stdout] test agent_process::tests::process_sends_input_collects_output_and_stops ... ok
[INFO] [stdout] 
[INFO] [stdout] test result: ok. 33 passed; 0 failed; 0 ignored; 0 measured; 0 filtered out; finished in 0.03s
[INFO] [stdout] 
[INFO] [stderr]      Running unittests tools/measure/dragonstui_measure.rs (/opt/rustwide/target/debug/deps/dragonstui_measure-e8dd5de8e73ce4e2)
[INFO] [stdout] 
[INFO] [stderr]      Running tests/advanced_renderer.rs (/opt/rustwide/target/debug/deps/advanced_renderer-1b18e6b2a2fa7bfc)
[INFO] [stdout] running 0 tests
[INFO] [stdout] 
[INFO] [stdout] test result: ok. 0 passed; 0 failed; 0 ignored; 0 measured; 0 filtered out; finished in 0.00s
[INFO] [stdout] 
[INFO] [stdout] 
[INFO] [stdout] running 2 tests
[INFO] [stdout] test renderer_emits_strikethrough_and_reverse_then_resets_before_plain_cells ... ok
[INFO] [stderr]      Running tests/advanced_style.rs (/opt/rustwide/target/debug/deps/advanced_style-b47f82f70d1b63e0)
[INFO] [stdout] test renderer_does_not_reset_between_consecutive_cells_with_the_same_extended_style ... ok
[INFO] [stdout] 
[INFO] [stdout] test result: ok. 2 passed; 0 failed; 0 ignored; 0 measured; 0 filtered out; finished in 0.00s
[INFO] [stdout] 
[INFO] [stdout] 
[INFO] [stdout] running 2 tests
[INFO] [stdout] test repeated_style_patches_are_deterministic_and_leave_unspecified_values_intact ... ok
[INFO] [stdout] test style_patch_merges_colours_and_attributes_without_mutating_the_base_style ... ok
[INFO] [stdout] 
[INFO] [stdout] test result: ok. 2 passed; 0 failed; 0 ignored; 0 measured; 0 filtered out; finished in 0.00s
[INFO] [stdout] 
[INFO] [stderr]      Running tests/animation.rs (/opt/rustwide/target/debug/deps/animation-503c71ccb4268464)
[INFO] [stdout] 
[INFO] [stdout] running 6 tests
[INFO] [stdout] test independent_frame_durations_progress_at_different_rates ... ok
[INFO] [stdout] test animation_starts_at_its_first_frame_and_only_changes_after_its_frame_duration ... ok
[INFO] [stdout] test looping_animation_catches_up_without_losing_fractional_elapsed_time ... ok
[INFO] [stdout] test non_looping_animation_stops_on_its_final_frame_after_catch_up ... ok
[INFO] [stdout] test empty_zero_duration_and_one_frame_animations_are_safe_noops ... ok
[INFO] [stderr]      Running tests/border_sets.rs (/opt/rustwide/target/debug/deps/border_sets-79960fbb8b7ac5dd)
[INFO] [stdout] test one_frame_non_looping_animation_is_completed_immediately ... ok
[INFO] [stdout] 
[INFO] [stdout] test result: ok. 6 passed; 0 failed; 0 ignored; 0 measured; 0 filtered out; finished in 0.02s
[INFO] [stdout] 
[INFO] [stdout] 
[INFO] [stdout] running 1 test
[INFO] [stderr]      Running tests/buffer_diff.rs (/opt/rustwide/target/debug/deps/buffer_diff-295d1827e0d2674f)
[INFO] [stdout] test panel_uses_square_and_double_border_sets_without_mixing_glyphs_or_styles ... ok
[INFO] [stdout] 
[INFO] [stdout] test result: ok. 1 passed; 0 failed; 0 ignored; 0 measured; 0 filtered out; finished in 0.00s
[INFO] [stdout] 
[INFO] [stdout] 
[INFO] [stdout] running 10 tests
[INFO] [stdout] test initial_buffer_produces_changed_cells_for_every_position ... ok
[INFO] [stdout] test one_changed_cell_produces_one_diff_entry ... ok
[INFO] [stdout] test buffer_writes_and_reads_a_cell ... ok
[INFO] [stdout] test resized_buffers_redraw_every_current_cell ... ok
[INFO] [stdout] test buffer_uses_requested_dimensions_and_blank_cells ... ok
[INFO] [stdout] test clear_resets_every_cell ... ok
[INFO] [stdout] test text_writes_clip_at_the_right_edge ... ok
[INFO] [stdout] test multiple_changed_cells_are_reported_in_row_order ... ok
[INFO] [stdout] test out_of_bounds_writes_are_ignored_without_panicking ... ok
[INFO] [stdout] test identical_buffers_have_no_diff ... ok
[INFO] [stdout] 
[INFO] [stdout] test result: ok. 10 passed; 0 failed; 0 ignored; 0 measured; 0 filtered out; finished in 0.04s
[INFO] [stdout] 
[INFO] [stderr]      Running tests/canvas.rs (/opt/rustwide/target/debug/deps/canvas-55f76db6e3ed928c)
[INFO] [stdout] 
[INFO] [stdout] running 7 tests
[INFO] [stdout] test canvas_maps_all_eight_logical_braille_dots_to_their_unicode_bits ... ok
[INFO] [stdout] test rectangles_draw_an_outline_and_clip_zero_or_outside_edges_safely ... ok
[INFO] [stdout] test rendering_applies_style_offset_clipping_and_blank_overwrite_diffs ... ok
[INFO] [stdout] test points_use_a_two_by_four_logical_grid_and_clear_without_reallocation ... ok
[INFO] [stdout] test lines_cover_horizontal_vertical_diagonal_single_reverse_and_clipped_cases ... ok
[INFO] [stdout] test points_combine_in_a_cell_and_remain_independent_across_cells ... ok
[INFO] [stdout] test oversized_rectangle_clips_its_visible_edge_without_iterating_the_full_width ... ok
[INFO] [stdout] 
[INFO] [stdout] test result: ok. 7 passed; 0 failed; 0 ignored; 0 measured; 0 filtered out; finished in 0.08s
[INFO] [stdout] 
[INFO] [stdout] 
[INFO] [stdout] running 1 test
[INFO] [stdout] test cell_preserves_character_rgb_colours_and_attributes ... ok
[INFO] [stdout] 
[INFO] [stdout] test result: ok. 1 passed; 0 failed; 0 ignored; 0 measured; 0 filtered out; finished in 0.00s
[INFO] [stdout] 
[INFO] [stdout] 
[INFO] [stdout] running 4 tests
[INFO] [stdout] test diff_viewer_renders_kind_styles_and_uses_the_shared_vertical_viewport ... ok
[INFO] [stdout] test unified_diff_tracks_old_and_new_line_numbers_across_multiple_hunks ... ok
[INFO] [stdout] test diff_viewer_reuses_the_scrollbar_for_overflowing_documents ... ok
[INFO] [stdout] test empty_and_malformed_diffs_remain_unambiguous_and_render_safely ... ok
[INFO] [stdout] 
[INFO] [stdout] test result: ok. 4 passed; 0 failed; 0 ignored; 0 measured; 0 filtered out; finished in 0.00s
[INFO] [stdout] 
[INFO] [stderr]      Running tests/cell_style.rs (/opt/rustwide/target/debug/deps/cell_style-a64d615c2fdd3245)
[INFO] [stderr]      Running tests/diff_view.rs (/opt/rustwide/target/debug/deps/diff_view-2538f5772faec001)
[INFO] [stderr]      Running tests/events.rs (/opt/rustwide/target/debug/deps/events-2f41684100d26f77)
[INFO] [stdout] 
[INFO] [stdout] running 4 tests
[INFO] [stdout] test normalizes_special_keys_and_modifiers ... ok
[INFO] [stdout] test normalizes_character_and_ctrl_character_keys ... ok
[INFO] [stdout] test normalizes_mouse_kinds_coordinates_and_modifiers ... ok
[INFO] [stdout] test normalizes_resize_events ... ok
[INFO] [stdout] 
[INFO] [stdout] test result: ok. 4 passed; 0 failed; 0 ignored; 0 measured; 0 filtered out; finished in 0.01s
[INFO] [stdout] 
[INFO] [stdout] 
[INFO] [stdout] running 1 test
[INFO] [stderr]      Running tests/first_run.rs (/opt/rustwide/target/debug/deps/first_run-99b3b43275726113)
[INFO] [stdout] test dashboard_first_run_without_tty_is_actionable ... ok
[INFO] [stdout] 
[INFO] [stdout] test result: ok. 1 passed; 0 failed; 0 ignored; 0 measured; 0 filtered out; finished in 0.02s
[INFO] [stdout] 
[INFO] [stderr]      Running tests/focus.rs (/opt/rustwide/target/debug/deps/focus-4c723923ca3fedd1)
[INFO] [stdout] 
[INFO] [stdout] running 3 tests
[INFO] [stdout] test focus_state_handles_empty_single_and_unknown_focus_ids_without_panicking ... ok
[INFO] [stdout] test focus_state_replaces_order_deduplicates_ids_and_normalizes_removed_focus ... ok
[INFO] [stdout] test focus_state_starts_at_the_first_item_and_wraps_in_both_directions ... ok
[INFO] [stdout] 
[INFO] [stdout] test result: ok. 3 passed; 0 failed; 0 ignored; 0 measured; 0 filtered out; finished in 0.00s
[INFO] [stdout] 
[INFO] [stderr]      Running tests/frame.rs (/opt/rustwide/target/debug/deps/frame-ceed1a0b5463602b)
[INFO] [stdout] 
[INFO] [stdout] running 1 test
[INFO] [stdout] test frame_renders_cells_into_its_buffer ... ok
[INFO] [stdout] 
[INFO] [stdout] test result: ok. 1 passed; 0 failed; 0 ignored; 0 measured; 0 filtered out; finished in 0.00s
[INFO] [stdout] 
[INFO] [stderr]      Running tests/frame_primitives.rs (/opt/rustwide/target/debug/deps/frame_primitives-f5a37581cb88d233)
[INFO] [stdout] 
[INFO] [stdout] running 2 tests
[INFO] [stdout] test draw_border_handles_normal_small_and_partially_out_of_bounds_rects ... ok
[INFO] [stdout] test frame_clips_text_to_its_rect_and_the_buffer ... ok
[INFO] [stdout] 
[INFO] [stdout] test result: ok. 2 passed; 0 failed; 0 ignored; 0 measured; 0 filtered out; finished in 0.00s
[INFO] [stdout] 
[INFO] [stderr]      Running tests/geometry.rs (/opt/rustwide/target/debug/deps/geometry-3b7cf40987c324d8)
[INFO] [stdout] 
[INFO] [stdout] running 4 tests
[INFO] [stdout] test fixed_splits_clamp_to_the_available_space ... ok
[INFO] [stdout] test rect_inner_shrinks_each_edge_without_underflow ... ok
[INFO] [stdout] test rect_bounds_and_inner_use_saturating_arithmetic_near_u16_maximum ... ok
[INFO] [stdout] test rect_reports_bounds_and_contains_only_its_cells ... ok
[INFO] [stdout] 
[INFO] [stdout] test result: ok. 4 passed; 0 failed; 0 ignored; 0 measured; 0 filtered out; finished in 0.00s
[INFO] [stdout] 
[INFO] [stderr]      Running tests/grapheme.rs (/opt/rustwide/target/debug/deps/grapheme-eb97f57a6d3ac6fa)
[INFO] [stdout] 
[INFO] [stdout] running 2 tests
[INFO] [stdout] test text_area_moves_and_deletes_by_grapheme_without_splitting_utf8 ... ok
[INFO] [stdout] test text_input_treats_combining_variation_zwj_and_flag_sequences_as_single_editing_units ... ok
[INFO] [stdout] 
[INFO] [stdout] test result: ok. 2 passed; 0 failed; 0 ignored; 0 measured; 0 filtered out; finished in 0.01s
[INFO] [stdout] 
[INFO] [stderr]      Running tests/inspector.rs (/opt/rustwide/target/debug/deps/inspector-b5174f6546b550d9)
[INFO] [stdout] 
[INFO] [stdout] running 6 tests
[INFO] [stdout] test inspector_layout_resolves_a_horizontal_master_detail_split_with_a_divider ... ok
[INFO] [stdout] test inspector_split_drag_only_starts_on_the_divider_and_preserves_unrelated_selection ... ok
[INFO] [stdout] test inspector_layout_stacks_safely_when_horizontal_minimums_do_not_fit ... ok
[INFO] [stdout] test inspector_layout_clamps_requested_widths_to_both_pane_minimums ... ok
[INFO] [stdout] test inspector_layout_recalculates_without_overflow_for_resizes_and_tiny_rectangles ... ok
[INFO] [stdout] test inspector_split_drag_clamps_and_revalidates_on_terminal_resize ... ok
[INFO] [stdout] 
[INFO] [stdout] test result: ok. 6 passed; 0 failed; 0 ignored; 0 measured; 0 filtered out; finished in 0.01s
[INFO] [stdout] 
[INFO] [stderr]      Running tests/keymap.rs (/opt/rustwide/target/debug/deps/keymap-7523ce36b1e29f35)
[INFO] [stdout] 
[INFO] [stdout] running 1 test
[INFO] [stdout] test key_map_resolves_modifiers_and_replaces_conflicts_deterministically ... ok
[INFO] [stderr]      Running tests/layout.rs (/opt/rustwide/target/debug/deps/layout-9031263de03e367a)
[INFO] [stdout] 
[INFO] [stdout] test result: ok. 1 passed; 0 failed; 0 ignored; 0 measured; 0 filtered out; finished in 0.00s
[INFO] [stdout] 
[INFO] [stdout] 
[INFO] [stdout] running 7 tests
[INFO] [stderr]      Running tests/list.rs (/opt/rustwide/target/debug/deps/list-e9417eebaf0faad8)
[INFO] [stdout] test horizontal_layout_resolves_length_percentage_fill_and_gap ... ok
[INFO] [stdout] test vertical_layout_preserves_cross_axis_and_places_gaps_between_children ... ok
[INFO] [stdout] test length_and_percentage_constraints_clamp_in_declaration_order ... ok
[INFO] [stdout] test nested_layouts_and_small_rects_preserve_geometry_invariants ... ok
[INFO] [stdout] test layout_bounds_hold_for_extreme_origins_dimensions_and_gaps ... ok
[INFO] [stdout] test fill_constraints_share_remaining_space_with_deterministic_rounding ... ok
[INFO] [stdout] test gap_uses_only_between_child_space_and_degrades_when_space_is_tiny ... ok
[INFO] [stdout] 
[INFO] [stdout] test result: ok. 7 passed; 0 failed; 0 ignored; 0 measured; 0 filtered out; finished in 0.00s
[INFO] [stdout] 
[INFO] [stdout] 
[INFO] [stdout] running 2 tests
[INFO] [stdout] test list_renders_selected_items_and_clips_rows ... ok
[INFO] [stdout] test list_state_handles_empty_navigation_and_shrinking_items ... ok
[INFO] [stdout] 
[INFO] [stdout] test result: ok. 2 passed; 0 failed; 0 ignored; 0 measured; 0 filtered out; finished in 0.00s
[INFO] [stdout] 
[INFO] [stdout] 
[INFO] [stderr]      Running tests/overlay.rs (/opt/rustwide/target/debug/deps/overlay-4dca3c2bb6825ac4)
[INFO] [stdout] running 1 test
[INFO] [stdout] test centered_popup_geometry_clamps_to_the_parent_and_modal_overwrites_background ... ok
[INFO] [stdout] 
[INFO] [stdout] test result: ok. 1 passed; 0 failed; 0 ignored; 0 measured; 0 filtered out; finished in 0.00s
[INFO] [stdout] 
[INFO] [stderr]      Running tests/palette.rs (/opt/rustwide/target/debug/deps/palette-1d1fe743671d9b7b)
[INFO] [stdout] 
[INFO] [stdout] running 2 tests
[INFO] [stdout] test palette_filters_case_insensitively_navigates_and_executes_the_selected_command ... ok
[INFO] [stdout] test palette_keeps_empty_results_safe_and_ignores_command_modifiers_in_its_query ... ok
[INFO] [stdout] 
[INFO] [stdout] test result: ok. 2 passed; 0 failed; 0 ignored; 0 measured; 0 filtered out; finished in 0.00s
[INFO] [stdout] 
[INFO] [stderr]      Running tests/panel.rs (/opt/rustwide/target/debug/deps/panel-e6ba7e2c1605a359)
[INFO] [stdout] 
[INFO] [stdout] running 3 tests
[INFO] [stdout] test panel_draws_a_title_and_returns_its_inner_rect ... ok
[INFO] [stdout] test panel_handles_tiny_partial_and_focused_styles ... ok
[INFO] [stdout] test zero_height_panel_does_not_render_its_title_outside_the_target_rect ... ok
[INFO] [stdout] 
[INFO] [stdout] test result: ok. 3 passed; 0 failed; 0 ignored; 0 measured; 0 filtered out; finished in 0.01s
[INFO] [stdout] 
[INFO] [stderr]      Running tests/performance_harness.rs (/opt/rustwide/target/debug/deps/performance_harness-9e3001dec6aec5bb)
[INFO] [stdout] 
[INFO] [stdout] running 1 test
[INFO] [stdout] test measurement_binary_lists_the_required_reproducible_scenarios ... ok
[INFO] [stdout] 
[INFO] [stdout] test result: ok. 1 passed; 0 failed; 0 ignored; 0 measured; 0 filtered out; finished in 0.00s
[INFO] [stdout] 
[INFO] [stderr]      Running tests/progress.rs (/opt/rustwide/target/debug/deps/progress-56fd77a12eec49cc)
[INFO] [stdout] 
[INFO] [stdout] running 5 tests
[INFO] [stdout] test progress_bar_uses_floor_rounding_and_preserves_filled_and_unfilled_styles ... ok
[INFO] [stdout] test progress_changes_only_the_newly_filled_cell_in_a_diff ... ok
[INFO] [stdout] test bars_handle_minimum_middle_and_tiny_targets_without_mutating_outside_the_target ... ok
[INFO] [stdout] test progress_bar_clamps_non_finite_values_and_clips_its_label_below_the_bar ... ok
[INFO] [stdout] test gauge_clamps_its_ratio_and_reuses_the_bar_label_and_style_contract ... ok
[INFO] [stdout] 
[INFO] [stdout] test result: ok. 5 passed; 0 failed; 0 ignored; 0 measured; 0 filtered out; finished in 0.00s
[INFO] [stdout] 
[INFO] [stderr]      Running tests/property_view.rs (/opt/rustwide/target/debug/deps/property_view-95e16959d3c814cc)
[INFO] [stdout] 
[INFO] [stdout] running 2 tests
[INFO] [stdout] test property_view_empty_scrolls_and_recovers_after_content_shrink ... ok
[INFO] [stdout] test property_view_aligns_unicode_labels_and_clips_long_values ... ok
[INFO] [stdout] 
[INFO] [stdout] test result: ok. 2 passed; 0 failed; 0 ignored; 0 measured; 0 filtered out; finished in 0.00s
[INFO] [stdout] 
[INFO] [stderr]      Running tests/rendering.rs (/opt/rustwide/target/debug/deps/rendering-fee95260a22a40c3)
[INFO] [stdout] 
[INFO] [stdout] running 1 test
[INFO] [stdout] test only_q_requests_exit ... ok
[INFO] [stdout] 
[INFO] [stdout] test result: ok. 1 passed; 0 failed; 0 ignored; 0 measured; 0 filtered out; finished in 0.00s
[INFO] [stdout] 
[INFO] [stderr]      Running tests/rendering_hardening.rs (/opt/rustwide/target/debug/deps/rendering_hardening-d9768e392a55230d)
[INFO] [stdout] 
[INFO] [stdout] running 4 tests
[INFO] [stdout] test buffer_text_operations_outside_its_bounds_are_noops ... ok
[INFO] [stdout] test runtime_resize_clears_and_redraws_the_entire_current_frame ... ok
[INFO] [stdout] test renderer_clears_the_old_wide_continuation_after_overwrite ... ok
[INFO] [stdout] test renderer_skips_the_cursor_move_for_a_wide_continuation ... ok
[INFO] [stdout] 
[INFO] [stdout] test result: ok. 4 passed; 0 failed; 0 ignored; 0 measured; 0 filtered out; finished in 0.00s
[INFO] [stdout] 
[INFO] [stderr]      Running tests/rich_text.rs (/opt/rustwide/target/debug/deps/rich_text-d44a8f94950ea2c7)
[INFO] [stdout] 
[INFO] [stdout] running 3 tests
[INFO] [stdout] test line_renders_ordered_spans_with_independent_styles ... ok
[INFO] [stdout] test rich_text_renders_visible_lines_and_clips_vertical_overflow ... ok
[INFO] [stdout] test rich_text_can_apply_one_alignment_to_all_of_its_lines ... ok
[INFO] [stdout] 
[INFO] [stdout] test result: ok. 3 passed; 0 failed; 0 ignored; 0 measured; 0 filtered out; finished in 0.00s
[INFO] [stdout] 
[INFO] [stderr]      Running tests/rich_text_clipping.rs (/opt/rustwide/target/debug/deps/rich_text_clipping-5840de88af5ed1f3)
[INFO] [stdout] 
[INFO] [stdout] running 3 tests
[INFO] [stdout] test line_clips_across_span_boundaries_without_losing_the_visible_span_style ... ok
[INFO] [stderr]      Running tests/rich_text_edges.rs (/opt/rustwide/target/debug/deps/rich_text_edges-29abe61c8f858993)
[INFO] [stdout] test line_clips_inside_first_and_final_spans ... ok
[INFO] [stdout] test rich_text_ignores_zero_height_targets ... ok
[INFO] [stdout] 
[INFO] [stdout] test result: ok. 3 passed; 0 failed; 0 ignored; 0 measured; 0 filtered out; finished in 0.00s
[INFO] [stdout] 
[INFO] [stdout] 
[INFO] [stdout] running 5 tests
[INFO] [stdout] test spans_and_lines_preserve_raw_empty_and_styled_content ... ok
[INFO] [stdout] test rich_line_uses_the_existing_wide_cell_contract_across_span_boundaries ... ok
[INFO] [stdout] test rich_line_clips_at_boundaries_and_ignores_zero_or_outside_rects ... ok
[INFO] [stdout] test rich_style_changes_are_visible_to_diff_but_identical_cells_are_not ... ok
[INFO] [stdout] test rich_line_alignment_uses_display_width_for_turkish_cjk_emoji_and_oversized_content ... ok
[INFO] [stdout] 
[INFO] [stdout] test result: ok. 5 passed; 0 failed; 0 ignored; 0 measured; 0 filtered out; finished in 0.01s
[INFO] [stdout] 
[INFO] [stderr]      Running tests/rich_text_model.rs (/opt/rustwide/target/debug/deps/rich_text_model-c2be422538d95f9f)
[INFO] [stdout] 
[INFO] [stdout] running 1 test
[INFO] [stdout] test single_span_and_empty_line_are_safe_and_preserve_complete_style ... ok
[INFO] [stdout] 
[INFO] [stdout] test result: ok. 1 passed; 0 failed; 0 ignored; 0 measured; 0 filtered out; finished in 0.00s
[INFO] [stdout] 
[INFO] [stderr]      Running tests/runtime.rs (/opt/rustwide/target/debug/deps/runtime-b9d24b777fd3a2ba)
[INFO] [stdout] 
[INFO] [stdout] running 5 tests
[INFO] [stdout] test spinner_starts_advances_and_wraps ... ok
[INFO] [stdout] test tick_due_uses_pure_interval_calculation ... ok
[INFO] [stdout] test spinner_uses_time_based_animation_updates_without_breaking_manual_advance ... ok
[INFO] [stdout] test initial_frame_can_be_rendered_without_a_terminal ... ok
[INFO] [stdout] test spinner_tick_changes_only_its_cell_in_the_diff ... ok
[INFO] [stdout] 
[INFO] [stdout] test result: ok. 5 passed; 0 failed; 0 ignored; 0 measured; 0 filtered out; finished in 0.00s
[INFO] [stdout] 
[INFO] [stderr]      Running tests/scrollbar.rs (/opt/rustwide/target/debug/deps/scrollbar-3fc970041fb9f542)
[INFO] [stdout] 
[INFO] [stdout] running 4 tests
[INFO] [stdout] test scrollbar_thumb_math_is_deterministic_at_top_middle_and_bottom ... ok
[INFO] [stdout] test scrollbar_remains_safe_for_one_or_zero_cell_tracks_and_content_shrink ... ok
[INFO] [stdout] test scrollbar_hides_for_empty_and_non_scrollable_viewports ... ok
[INFO] [stdout] test scrollbar_track_click_and_thumb_drag_clamp_the_shared_viewport_offset ... ok
[INFO] [stdout] 
[INFO] [stdout] test result: ok. 4 passed; 0 failed; 0 ignored; 0 measured; 0 filtered out; finished in 0.00s
[INFO] [stdout] 
[INFO] [stderr]      Running tests/session_host.rs (/opt/rustwide/target/debug/deps/session_host-d338248c2a3f6012)
[INFO] [stdout] 
[INFO] [stdout] running 2 tests
[INFO] [stdout] test session_host_retains_a_bounded_line_oriented_scrollback_and_surfaces_exit ... ok
[INFO] [stdout] test session_host_control_bytes_are_rendered_as_plain_replacements_not_terminal_escapes ... ok
[INFO] [stdout] 
[INFO] [stdout] test result: ok. 2 passed; 0 failed; 0 ignored; 0 measured; 0 filtered out; finished in 0.00s
[INFO] [stdout] 
[INFO] [stderr]      Running tests/showcase_binary.rs (/opt/rustwide/target/debug/deps/showcase_binary-ca1260c8ce273b7e)
[INFO] [stdout] 
[INFO] [stdout] running 1 test
[INFO] [stdout] test showcase_binary_has_a_dependency_free_help_surface ... FAILED
[INFO] [stdout] 
[INFO] [stdout] failures:
[INFO] [stdout] 
[INFO] [stdout] ---- showcase_binary_has_a_dependency_free_help_surface stdout ----
[INFO] [stdout] 
[INFO] [stdout] thread 'showcase_binary_has_a_dependency_free_help_surface' (2177) panicked at tests/showcase_binary.rs:8:10:
[INFO] [stdout] showcase binary should run: Os { code: 2, kind: NotFound, message: "No such file or directory" }
[INFO] [stdout] stack backtrace:
[INFO] [stdout]    0:     0x6051ce25b3b1 - std[70759c8f55707aa4]::backtrace_rs::backtrace::libunwind::trace
[INFO] [stdout]                                at /rustc/dfb0accb7f508ae8be965d8629557221c889dd98/library/std/src/../../backtrace/src/backtrace/libunwind.rs:117:9
[INFO] [stdout]    1:     0x6051ce25b3b1 - std[70759c8f55707aa4]::backtrace_rs::backtrace::trace_unsynchronized::<std[70759c8f55707aa4]::sys::backtrace::_print_fmt::{closure#1}>
[INFO] [stdout]                                at /rustc/dfb0accb7f508ae8be965d8629557221c889dd98/library/std/src/../../backtrace/src/backtrace/mod.rs:66:14
[INFO] [stdout]    2:     0x6051ce25b3b1 - std[70759c8f55707aa4]::sys::backtrace::_print_fmt
[INFO] [stdout]                                at /rustc/dfb0accb7f508ae8be965d8629557221c889dd98/library/std/src/sys/backtrace.rs:74:9
[INFO] [stdout]    3:     0x6051ce25b3b1 - <<std[70759c8f55707aa4]::sys::backtrace::BacktraceLock>::print::DisplayBacktrace as core[df12db4294e9bfd3]::fmt::Display>::fmt
[INFO] [stdout]                                at /rustc/dfb0accb7f508ae8be965d8629557221c889dd98/library/std/src/sys/backtrace.rs:44:26
[INFO] [stdout]    4:     0x6051ce26f58a - <core[df12db4294e9bfd3]::fmt::rt::Argument>::fmt
[INFO] [stdout]                                at /rustc/dfb0accb7f508ae8be965d8629557221c889dd98/library/core/src/fmt/rt.rs:152:76
[INFO] [stdout]    5:     0x6051ce26f58a - core[df12db4294e9bfd3]::fmt::write
[INFO] [stdout]    6:     0x6051ce25f84c - core[df12db4294e9bfd3]::io::write::default_write_fmt::<alloc[2182bb758b4b3781]::vec::Vec<u8>>
[INFO] [stdout]                                at /rustc/dfb0accb7f508ae8be965d8629557221c889dd98/library/core/src/io/write.rs:402:11
[INFO] [stdout]    7:     0x6051ce25f84c - <alloc[2182bb758b4b3781]::vec::Vec<u8> as core[df12db4294e9bfd3]::io::write::Write>::write_fmt
[INFO] [stdout]                                at /rustc/dfb0accb7f508ae8be965d8629557221c889dd98/library/core/src/io/write.rs:335:13
[INFO] [stdout]    8:     0x6051ce2378a6 - <std[70759c8f55707aa4]::sys::backtrace::BacktraceLock>::print
[INFO] [stdout]                                at /rustc/dfb0accb7f508ae8be965d8629557221c889dd98/library/std/src/sys/backtrace.rs:47:9
[INFO] [stdout]    9:     0x6051ce2378a6 - std[70759c8f55707aa4]::panicking::default_hook::{closure#0}
[INFO] [stdout]                                at /rustc/dfb0accb7f508ae8be965d8629557221c889dd98/library/std/src/panicking.rs:292:27
[INFO] [stdout]   10:     0x6051ce253b19 - std[70759c8f55707aa4]::panicking::default_hook
[INFO] [stdout]                                at /rustc/dfb0accb7f508ae8be965d8629557221c889dd98/library/std/src/panicking.rs:316:9
[INFO] [stdout]   11:     0x6051ce1efea0 - <alloc[2182bb758b4b3781]::boxed::Box<dyn for<'a, 'b> core[df12db4294e9bfd3]::ops::function::Fn<(&'a std[70759c8f55707aa4]::panic::PanicHookInfo<'b>,), Output = ()> + core[df12db4294e9bfd3]::marker::Send + core[df12db4294e9bfd3]::marker::Sync> as core[df12db4294e9bfd3]::ops::function::Fn<(&std[70759c8f55707aa4]::panic::PanicHookInfo,)>>::call
[INFO] [stdout]                                at /rustc/dfb0accb7f508ae8be965d8629557221c889dd98/library/alloc/src/boxed.rs:2334:9
[INFO] [stdout]   12:     0x6051ce1efea0 - test[9d35eded1c95d3be]::test_main_inner::<test[9d35eded1c95d3be]::test_main_static::{closure#0}>::{closure#0}
[INFO] [stdout]                                at /rustc/dfb0accb7f508ae8be965d8629557221c889dd98/library/test/src/lib.rs:155:21
[INFO] [stdout]   13:     0x6051ce253cd2 - <alloc[2182bb758b4b3781]::boxed::Box<dyn for<'a, 'b> core[df12db4294e9bfd3]::ops::function::Fn<(&'a std[70759c8f55707aa4]::panic::PanicHookInfo<'b>,), Output = ()> + core[df12db4294e9bfd3]::marker::Send + core[df12db4294e9bfd3]::marker::Sync> as core[df12db4294e9bfd3]::ops::function::Fn<(&std[70759c8f55707aa4]::panic::PanicHookInfo,)>>::call
[INFO] [stdout]                                at /rustc/dfb0accb7f508ae8be965d8629557221c889dd98/library/alloc/src/boxed.rs:2334:9
[INFO] [stdout]   14:     0x6051ce253cd2 - std[70759c8f55707aa4]::panicking::panic_with_hook
[INFO] [stdout]                                at /rustc/dfb0accb7f508ae8be965d8629557221c889dd98/library/std/src/panicking.rs:823:13
[INFO] [stdout]   15:     0x6051ce237952 - std[70759c8f55707aa4]::panicking::panic_handler::{closure#0}
[INFO] [stdout]                                at /rustc/dfb0accb7f508ae8be965d8629557221c889dd98/library/std/src/panicking.rs:688:13
[INFO] [stdout]   16:     0x6051ce2306d9 - std[70759c8f55707aa4]::sys::backtrace::__rust_end_short_backtrace::<std[70759c8f55707aa4]::panicking::panic_handler::{closure#0}, !>
[INFO] [stdout]                                at /rustc/dfb0accb7f508ae8be965d8629557221c889dd98/library/std/src/sys/backtrace.rs:182:18
[INFO] [stdout]   17:     0x6051ce23854d - __rustc[8fa7c3cbc660c2b3]::rust_begin_unwind
[INFO] [stdout]                                at /rustc/dfb0accb7f508ae8be965d8629557221c889dd98/library/std/src/panicking.rs:679:5
[INFO] [stdout]   18:     0x6051ce26fcbc - core[df12db4294e9bfd3]::panicking::panic_fmt
[INFO] [stdout]                                at /rustc/dfb0accb7f508ae8be965d8629557221c889dd98/library/core/src/panicking.rs:80:14
[INFO] [stdout]   19:     0x6051ce26fa92 - core[df12db4294e9bfd3]::result::unwrap_failed
[INFO] [stdout]                                at /rustc/dfb0accb7f508ae8be965d8629557221c889dd98/library/core/src/result.rs:1871:5
[INFO] [stdout]   20:     0x6051ce1de013 - <core[df12db4294e9bfd3]::result::Result<std[70759c8f55707aa4]::process::Output, core[df12db4294e9bfd3]::io::error::Error>>::expect
[INFO] [stdout]                                at /rustc/dfb0accb7f508ae8be965d8629557221c889dd98/library/core/src/result.rs:1184:23
[INFO] [stdout]   21:     0x6051ce1dde27 - showcase_binary[268292ab85752545]::showcase_binary_has_a_dependency_free_help_surface
[INFO] [stdout]                                at /opt/rustwide/workdir/tests/showcase_binary.rs:8:10
[INFO] [stdout]   22:     0x6051ce1dd887 - showcase_binary[268292ab85752545]::showcase_binary_has_a_dependency_free_help_surface::{closure#0}
[INFO] [stdout]                                at /opt/rustwide/workdir/tests/showcase_binary.rs:4:56
[INFO] [stdout]   23:     0x6051ce1e2e16 - <showcase_binary[268292ab85752545]::showcase_binary_has_a_dependency_free_help_surface::{closure#0} as core[df12db4294e9bfd3]::ops::function::FnOnce<()>>::call_once
[INFO] [stdout]                                at /rustc/dfb0accb7f508ae8be965d8629557221c889dd98/library/core/src/ops/function.rs:250:5
[INFO] [stdout]   24:     0x6051ce1e318b - <fn() -> core[df12db4294e9bfd3]::result::Result<(), alloc[2182bb758b4b3781]::string::String> as core[df12db4294e9bfd3]::ops::function::FnOnce<()>>::call_once
[INFO] [stdout]                                at /rustc/dfb0accb7f508ae8be965d8629557221c889dd98/library/core/src/ops/function.rs:250:5
[INFO] [stdout]   25:     0x6051ce1e318b - test[9d35eded1c95d3be]::__rust_begin_short_backtrace::<core[df12db4294e9bfd3]::result::Result<(), alloc[2182bb758b4b3781]::string::String>, fn() -> core[df12db4294e9bfd3]::result::Result<(), alloc[2182bb758b4b3781]::string::String>>
[INFO] [stdout]                                at /rustc/dfb0accb7f508ae8be965d8629557221c889dd98/library/test/src/lib.rs:733:18
[INFO] [stdout]   26:     0x6051ce1f07f5 - test[9d35eded1c95d3be]::run_test_in_process::{closure#0}
[INFO] [stdout]                                at /rustc/dfb0accb7f508ae8be965d8629557221c889dd98/library/test/src/lib.rs:756:74
[INFO] [stdout]   27:     0x6051ce1f07f5 - <core[df12db4294e9bfd3]::panic::unwind_safe::AssertUnwindSafe<test[9d35eded1c95d3be]::run_test_in_process::{closure#0}> as core[df12db4294e9bfd3]::ops::function::FnOnce<()>>::call_once
[INFO] [stdout]                                at /rustc/dfb0accb7f508ae8be965d8629557221c889dd98/library/core/src/panic/unwind_safe.rs:275:9
[INFO] [stdout]   28:     0x6051ce1f07f5 - std[70759c8f55707aa4]::panicking::catch_unwind::do_call::<core[df12db4294e9bfd3]::panic::unwind_safe::AssertUnwindSafe<test[9d35eded1c95d3be]::run_test_in_process::{closure#0}>, core[df12db4294e9bfd3]::result::Result<(), alloc[2182bb758b4b3781]::string::String>>
[INFO] [stdout]                                at /rustc/dfb0accb7f508ae8be965d8629557221c889dd98/library/std/src/panicking.rs:576:43
[INFO] [stdout]   29:     0x6051ce1f07f5 - std[70759c8f55707aa4]::panicking::catch_unwind::<core[df12db4294e9bfd3]::result::Result<(), alloc[2182bb758b4b3781]::string::String>, core[df12db4294e9bfd3]::panic::unwind_safe::AssertUnwindSafe<test[9d35eded1c95d3be]::run_test_in_process::{closure#0}>>
[INFO] [stdout]                                at /rustc/dfb0accb7f508ae8be965d8629557221c889dd98/library/std/src/panicking.rs:544:19
[INFO] [stdout]   30:     0x6051ce1f07f5 - std[70759c8f55707aa4]::panic::catch_unwind::<core[df12db4294e9bfd3]::panic::unwind_safe::AssertUnwindSafe<test[9d35eded1c95d3be]::run_test_in_process::{closure#0}>, core[df12db4294e9bfd3]::result::Result<(), alloc[2182bb758b4b3781]::string::String>>
[INFO] [stdout]                                at /rustc/dfb0accb7f508ae8be965d8629557221c889dd98/library/std/src/panic.rs:359:14
[INFO] [stdout]   31:     0x6051ce1f07f5 - test[9d35eded1c95d3be]::run_test_in_process
[INFO] [stdout]                                at /rustc/dfb0accb7f508ae8be965d8629557221c889dd98/library/test/src/lib.rs:756:27
[INFO] [stdout]   32:     0x6051ce1f07f5 - test[9d35eded1c95d3be]::run_test::{closure#0}
[INFO] [stdout]                                at /rustc/dfb0accb7f508ae8be965d8629557221c889dd98/library/test/src/lib.rs:677:43
[INFO] [stdout]   33:     0x6051ce1ea0b4 - test[9d35eded1c95d3be]::run_test::{closure#1}
[INFO] [stdout]                                at /rustc/dfb0accb7f508ae8be965d8629557221c889dd98/library/test/src/lib.rs:707:41
[INFO] [stdout]   34:     0x6051ce1ea0b4 - std[70759c8f55707aa4]::sys::backtrace::__rust_begin_short_backtrace::<test[9d35eded1c95d3be]::run_test::{closure#1}, ()>
[INFO] [stdout]                                at /rustc/dfb0accb7f508ae8be965d8629557221c889dd98/library/std/src/sys/backtrace.rs:166:18
[INFO] [stdout]   35:     0x6051ce1f3952 - std[70759c8f55707aa4]::thread::lifecycle::spawn_unchecked::<test[9d35eded1c95d3be]::run_test::{closure#1}, ()>::{closure#1}::{closure#0}
[INFO] [stdout]                                at /rustc/dfb0accb7f508ae8be965d8629557221c889dd98/library/std/src/thread/lifecycle.rs:70:13
[INFO] [stdout]   36:     0x6051ce1f3952 - <core[df12db4294e9bfd3]::panic::unwind_safe::AssertUnwindSafe<std[70759c8f55707aa4]::thread::lifecycle::spawn_unchecked<test[9d35eded1c95d3be]::run_test::{closure#1}, ()>::{closure#1}::{closure#0}> as core[df12db4294e9bfd3]::ops::function::FnOnce<()>>::call_once
[INFO] [stdout]                                at /rustc/dfb0accb7f508ae8be965d8629557221c889dd98/library/core/src/panic/unwind_safe.rs:275:9
[INFO] [stdout]   37:     0x6051ce1f3952 - std[70759c8f55707aa4]::panicking::catch_unwind::do_call::<core[df12db4294e9bfd3]::panic::unwind_safe::AssertUnwindSafe<std[70759c8f55707aa4]::thread::lifecycle::spawn_unchecked<test[9d35eded1c95d3be]::run_test::{closure#1}, ()>::{closure#1}::{closure#0}>, ()>
[INFO] [stdout]                                at /rustc/dfb0accb7f508ae8be965d8629557221c889dd98/library/std/src/panicking.rs:576:43
[INFO] [stdout]   38:     0x6051ce1f3952 - std[70759c8f55707aa4]::panicking::catch_unwind::<(), core[df12db4294e9bfd3]::panic::unwind_safe::AssertUnwindSafe<std[70759c8f55707aa4]::thread::lifecycle::spawn_unchecked<test[9d35eded1c95d3be]::run_test::{closure#1}, ()>::{closure#1}::{closure#0}>>
[INFO] [stdout]                                at /rustc/dfb0accb7f508ae8be965d8629557221c889dd98/library/std/src/panicking.rs:544:19
[INFO] [stdout]   39:     0x6051ce1f3952 - std[70759c8f55707aa4]::panic::catch_unwind::<core[df12db4294e9bfd3]::panic::unwind_safe::AssertUnwindSafe<std[70759c8f55707aa4]::thread::lifecycle::spawn_unchecked<test[9d35eded1c95d3be]::run_test::{closure#1}, ()>::{closure#1}::{closure#0}>, ()>
[INFO] [stdout]                                at /rustc/dfb0accb7f508ae8be965d8629557221c889dd98/library/std/src/panic.rs:359:14
[INFO] [stdout]   40:     0x6051ce1f3952 - std[70759c8f55707aa4]::thread::lifecycle::spawn_unchecked::<test[9d35eded1c95d3be]::run_test::{closure#1}, ()>::{closure#1}
[INFO] [stdout]                                at /rustc/dfb0accb7f508ae8be965d8629557221c889dd98/library/std/src/thread/lifecycle.rs:68:26
[INFO] [stdout]   41:     0x6051ce1f3952 - <std[70759c8f55707aa4]::thread::lifecycle::spawn_unchecked<test[9d35eded1c95d3be]::run_test::{closure#1}, ()>::{closure#1} as core[df12db4294e9bfd3]::ops::function::FnOnce<()>>::call_once::{shim:vtable#0}
[INFO] [stdout]                                at /rustc/dfb0accb7f508ae8be965d8629557221c889dd98/library/core/src/ops/function.rs:250:5
[INFO] [stdout]   42:     0x6051ce25ac89 - <alloc[2182bb758b4b3781]::boxed::Box<dyn core[df12db4294e9bfd3]::ops::function::FnOnce<(), Output = ()> + core[df12db4294e9bfd3]::marker::Send> as core[df12db4294e9bfd3]::ops::function::FnOnce<()>>::call_once
[INFO] [stdout]                                at /rustc/dfb0accb7f508ae8be965d8629557221c889dd98/library/alloc/src/boxed.rs:2320:9
[INFO] [stdout]   43:     0x6051ce25ac89 - <std[70759c8f55707aa4]::sys::thread::unix::Thread>::new::thread_start
[INFO] [stdout]                                at /rustc/dfb0accb7f508ae8be965d8629557221c889dd98/library/std/src/sys/thread/unix.rs:123:17
[INFO] [stdout]   44:     0x7667f3a8cdfa - <unknown>
[INFO] [stdout]   45:     0x7667f3b203d4 - clone
[INFO] [stdout]   46:                0x0 - <unknown>
[INFO] [stdout] 
[INFO] [stdout] 
[INFO] [stdout] failures:
[INFO] [stdout]     showcase_binary_has_a_dependency_free_help_surface
[INFO] [stdout] 
[INFO] [stdout] test result: FAILED. 0 passed; 1 failed; 0 ignored; 0 measured; 0 filtered out; finished in 0.03s
[INFO] [stdout] 
[INFO] [stderr] error: test failed, to rerun pass `--test showcase_binary`
[INFO] running `Command { std: "docker" "inspect" "edf1d470e76be6f150c0b17d5f02495a72be41f7f322577e9e5384cf3c4419b1", kill_on_drop: false }`
[INFO] running `Command { std: "docker" "rm" "-f" "edf1d470e76be6f150c0b17d5f02495a72be41f7f322577e9e5384cf3c4419b1", kill_on_drop: false }`
[INFO] [stdout] edf1d470e76be6f150c0b17d5f02495a72be41f7f322577e9e5384cf3c4419b1
