[INFO] cloning repository https://github.com/fleebeee/i18n-puzzles-2025
[INFO] running `Command { std: "git" "-c" "credential.helper=" "-c" "credential.helper=/workspace/cargo-home/bin/git-credential-null" "clone" "--bare" "https://github.com/fleebeee/i18n-puzzles-2025" "/workspace/cache/git-repos/https%3A%2F%2Fgithub.com%2Ffleebeee%2Fi18n-puzzles-2025", kill_on_drop: false }`
[INFO] [stderr] Cloning into bare repository '/workspace/cache/git-repos/https%3A%2F%2Fgithub.com%2Ffleebeee%2Fi18n-puzzles-2025'...
[INFO] running `Command { std: "git" "rev-parse" "HEAD", kill_on_drop: false }`
[INFO] [stdout] 0ac48819bc7833a1a22cb7bd4944b5da6301bf0a
[INFO] testing fleebeee/i18n-puzzles-2025 against 1.100.0-beta.1 for beta-1.100-2
[INFO] running `Command { std: "git" "clone" "/workspace/cache/git-repos/https%3A%2F%2Fgithub.com%2Ffleebeee%2Fi18n-puzzles-2025" "/workspace/builds/worker-0-tc2/source", kill_on_drop: false }`
[INFO] [stderr] Cloning into '/workspace/builds/worker-0-tc2/source'...
[INFO] [stderr] done.
[INFO] removed /workspace/builds/worker-0-tc2/source/.cargo/config.toml
[INFO] started tweaking git repo https://github.com/fleebeee/i18n-puzzles-2025
[INFO] finished tweaking git repo https://github.com/fleebeee/i18n-puzzles-2025
[INFO] tweaked toml for git repo https://github.com/fleebeee/i18n-puzzles-2025 written to /workspace/builds/worker-0-tc2/source/Cargo.toml
[INFO] validating manifest of git repo https://github.com/fleebeee/i18n-puzzles-2025 on toolchain 1.100.0-beta.1
[INFO] running `Command { std: CARGO_HOME="/workspace/cargo-home" RUSTUP_HOME="/workspace/rustup-home" "/workspace/cargo-home/bin/cargo" "+1.100.0-beta.1" "metadata" "--manifest-path" "Cargo.toml" "--no-deps", kill_on_drop: false }`
[INFO] crate git repo https://github.com/fleebeee/i18n-puzzles-2025 already has a lockfile, it will not be regenerated
[INFO] running `Command { std: CARGO_HOME="/workspace/cargo-home" RUSTUP_HOME="/workspace/rustup-home" "/workspace/cargo-home/bin/cargo" "+1.100.0-beta.1" "fetch" "--manifest-path" "Cargo.toml", kill_on_drop: false }`
[INFO] [stderr]     Blocking waiting for file lock on package cache
[INFO] [stderr]     Blocking waiting for file lock on package cache
[INFO] running `Command { std: "docker" "create" "-v" "/var/lib/crater-agent-workspace/builds/worker-0-tc2/source:/opt/rustwide/workdir:ro,Z" "-v" "/var/lib/crater-agent-workspace/builds/worker-0-tc2/target:/opt/rustwide/target:rw,Z" "-v" "/var/lib/crater-agent-workspace/cargo-home:/opt/rustwide/cargo-home:ro,Z" "-v" "/var/lib/crater-agent-workspace/rustup-home:/opt/rustwide/rustup-home:ro,Z" "-m" "1610612736" "--network" "none" "ghcr.io/rust-lang/crates-build-env/linux@sha256:3111399a4047eeb3a02b7a90e478d715f38a8c6669b5c4b49d30a17385265909" "sleep" "infinity", kill_on_drop: false }`
[INFO] [stdout] 8e3e777f9fece8d8532873def4251be0a313afd2fced9dd756eac2c2785a0071
[INFO] running `Command { std: "docker" "start" "8e3e777f9fece8d8532873def4251be0a313afd2fced9dd756eac2c2785a0071", kill_on_drop: false }`
[INFO] running `Command { std: "docker" "inspect" "8e3e777f9fece8d8532873def4251be0a313afd2fced9dd756eac2c2785a0071", kill_on_drop: false }`
[INFO] running `Command { std: "docker" "exec" "-e" "SOURCE_DIR=/opt/rustwide/workdir" "-e" "CARGO_HOME=/opt/rustwide/cargo-home" "-e" "RUSTUP_HOME=/opt/rustwide/rustup-home" "-e" "CARGO_TARGET_DIR=/opt/rustwide/target" "-w" "/opt/rustwide/workdir" "--user" "0:0" "8e3e777f9fece8d8532873def4251be0a313afd2fced9dd756eac2c2785a0071" "/opt/rustwide/cargo-home/bin/cargo" "+1.100.0-beta.1" "metadata" "--no-deps" "--format-version=1", kill_on_drop: false }`
[INFO] running `Command { std: "docker" "inspect" "8e3e777f9fece8d8532873def4251be0a313afd2fced9dd756eac2c2785a0071", kill_on_drop: false }`
[INFO] running `Command { std: "docker" "exec" "-e" "SOURCE_DIR=/opt/rustwide/workdir" "-e" "CARGO_HOME=/opt/rustwide/cargo-home" "-e" "RUSTUP_HOME=/opt/rustwide/rustup-home" "-e" "CARGO_TARGET_DIR=/opt/rustwide/target" "-e" "CARGO_INCREMENTAL=0" "-e" "RUST_BACKTRACE=full" "-e" "RUSTFLAGS=--cap-lints=warn" "-e" "RUSTDOCFLAGS=--cap-lints=warn" "-w" "/opt/rustwide/workdir" "--user" "0:0" "8e3e777f9fece8d8532873def4251be0a313afd2fced9dd756eac2c2785a0071" "/opt/rustwide/cargo-home/bin/cargo" "+1.100.0-beta.1" "build" "--frozen" "--message-format=json", kill_on_drop: false }`
[INFO] [stderr]    Compiling num-traits v0.2.19
[INFO] [stderr]    Compiling siphasher v1.0.1
[INFO] [stderr]    Compiling regex-syntax v0.8.5
[INFO] [stderr]    Compiling rand_core v0.6.4
[INFO] [stderr]    Compiling encoding_index_tests v0.1.4
[INFO] [stderr]    Compiling proc-macro2 v1.0.94
[INFO] [stderr]    Compiling serde v1.0.193
[INFO] [stderr]    Compiling itoa v1.0.9
[INFO] [stderr]    Compiling memchr v2.6.4
[INFO] [stderr]    Compiling rand v0.8.5
[INFO] [stderr]    Compiling anstyle-parse v0.2.6
[INFO] [stderr]    Compiling phf_shared v0.11.3
[INFO] [stderr]    Compiling libc v0.2.171
[INFO] [stderr]    Compiling quote v1.0.40
[INFO] [stderr]    Compiling csv-core v0.1.12
[INFO] [stderr]    Compiling anstyle-query v1.1.2
[INFO] [stderr]    Compiling syn v2.0.100
[INFO] [stderr]    Compiling ryu v1.0.15
[INFO] [stderr]    Compiling phf_generator v0.11.3
[INFO] [stderr]    Compiling colorchoice v1.0.3
[INFO] [stderr]    Compiling phf_codegen v0.11.3
[INFO] [stderr]    Compiling anstyle v1.0.10
[INFO] [stderr]    Compiling semver v1.0.26
[INFO] [stderr]    Compiling anstream v0.6.18
[INFO] [stderr]    Compiling crypto-common v0.1.6
[INFO] [stderr]    Compiling num-integer v0.1.46
[INFO] [stderr]    Compiling inout v0.1.4
[INFO] [stderr]    Compiling heck v0.4.1
[INFO] [stderr]    Compiling anyhow v1.0.97
[INFO] [stderr]    Compiling regex-automata v0.4.9
[INFO] [stderr]    Compiling num-bigint v0.4.6
[INFO] [stderr]    Compiling clap_lex v0.6.0
[INFO] [stderr]    Compiling thiserror v2.0.12
[INFO] [stderr]    Compiling iana-time-zone v0.1.58
[INFO] [stderr]    Compiling strsim v0.10.0
[INFO] [stderr]    Compiling aho-corasick v1.1.3
[INFO] [stderr]    Compiling foldhash v0.1.4
[INFO] [stderr]    Compiling allocator-api2 v0.2.21
[INFO] [stderr]    Compiling clap_builder v4.4.18
[INFO] [stderr]    Compiling chrono v0.4.38
[INFO] [stderr]    Compiling hashbrown v0.15.2
[INFO] [stderr]    Compiling regex v1.11.1
[INFO] [stderr]    Compiling parse-zoneinfo v0.3.1
[INFO] [stderr]    Compiling num-rational v0.4.2
[INFO] [stderr]    Compiling csv v1.3.1
[INFO] [stderr]    Compiling chrono-tz-build v0.4.0
[INFO] [stderr]    Compiling num-iter v0.1.45
[INFO] [stderr]    Compiling cipher v0.4.4
[INFO] [stderr]    Compiling num-complex v0.4.6
[INFO] [stderr]    Compiling either v1.15.0
[INFO] [stderr]    Compiling chrono-tz v0.10.1
[INFO] [stderr]    Compiling codepage-437 v0.1.0
[INFO] [stderr]    Compiling tinyvec v1.9.0
[INFO] [stderr]    Compiling num v0.4.3
[INFO] [stderr]    Compiling thiserror-impl v2.0.12
[INFO] [stderr]    Compiling clap_derive v4.4.7
[INFO] [stderr]    Compiling getrandom v0.3.2
[INFO] [stderr]    Compiling deprecate-until v0.1.1
[INFO] [stderr]    Compiling deranged v0.3.11
[INFO] [stderr]    Compiling blowfish v0.9.1
[INFO] [stderr]    Compiling phf v0.11.3
[INFO] [stderr]    Compiling rayon-core v1.12.1
[INFO] [stderr]    Compiling indexmap v2.9.0
[INFO] [stderr]    Compiling integer-sqrt v0.1.5
[INFO] [stderr]    Compiling encoding-index-korean v1.20141219.5
[INFO] [stderr]    Compiling encoding-index-tradchinese v1.20141219.5
[INFO] [stderr]    Compiling encoding-index-japanese v1.20141219.5
[INFO] [stderr]    Compiling encoding-index-singlebyte v1.20141219.5
[INFO] [stderr]    Compiling encoding-index-simpchinese v1.20141219.5
[INFO] [stderr]    Compiling base64 v0.22.1
[INFO] [stderr]    Compiling subtle v2.6.1
[INFO] [stderr]    Compiling zeroize v1.8.1
[INFO] [stderr]    Compiling time-core v0.1.3
[INFO] [stderr]    Compiling rustc-hash v2.1.1
[INFO] [stderr]    Compiling time v0.3.39
[INFO] [stderr]    Compiling bcrypt v0.17.0
[INFO] [stderr]    Compiling encoding v0.2.33
[INFO] [stderr]    Compiling dateparser v0.2.1
[INFO] [stderr]    Compiling clap v4.4.18
[INFO] [stderr]    Compiling suukon v0.2.0
[INFO] [stderr]    Compiling pathfinding v4.14.0
[INFO] [stderr]    Compiling rayon v1.10.0
[INFO] [stderr]    Compiling unicode-normalization v0.1.24
[INFO] [stderr]    Compiling itertools v0.14.0
[INFO] [stderr]    Compiling tinyjson v2.5.1
[INFO] [stderr]    Compiling diacritics v0.2.2
[INFO] [stderr]    Compiling pico-args v0.5.0
[INFO] [stderr]    Compiling i18n_puzzles v0.11.0 (/opt/rustwide/workdir)
[INFO] [stdout] warning: the `must_use` attribute cannot be used on trait methods in impl blocks
[INFO] [stdout]   --> src/utils/vector2d.rs:68:7
[INFO] [stdout]    |
[INFO] [stdout] 68 |     #[must_use]
[INFO] [stdout]    |       ^^^^^^^^
[INFO] [stdout]    |
[INFO] [stdout]    = help: the `must_use` attribute can be applied to data types, foreign functions, functions, inherent methods, provided trait methods, required trait methods, and traits
[INFO] [stdout]    = warning: this was previously accepted by the compiler but is being phased out; it will become a hard error in a future release!
[INFO] [stdout]    = note: `#[warn(unused_attributes)]` (part of `#[warn(unused)]`) on by default
[INFO] [stdout] 
[INFO] [stdout] 
[INFO] [stdout] warning: the `must_use` attribute cannot be used on trait methods in impl blocks
[INFO] [stdout]   --> src/utils/vector2d.rs:86:7
[INFO] [stdout]    |
[INFO] [stdout] 86 |     #[must_use]
[INFO] [stdout]    |       ^^^^^^^^
[INFO] [stdout]    |
[INFO] [stdout]    = help: the `must_use` attribute can be applied to data types, foreign functions, functions, inherent methods, provided trait methods, required trait methods, and traits
[INFO] [stdout]    = warning: this was previously accepted by the compiler but is being phased out; it will become a hard error in a future release!
[INFO] [stdout] 
[INFO] [stdout] 
[INFO] [stdout] warning: the `must_use` attribute cannot be used on trait methods in impl blocks
[INFO] [stdout]   --> src/utils/vector2d.rs:96:7
[INFO] [stdout]    |
[INFO] [stdout] 96 |     #[must_use]
[INFO] [stdout]    |       ^^^^^^^^
[INFO] [stdout]    |
[INFO] [stdout]    = help: the `must_use` attribute can be applied to data types, foreign functions, functions, inherent methods, provided trait methods, required trait methods, and traits
[INFO] [stdout]    = warning: this was previously accepted by the compiler but is being phased out; it will become a hard error in a future release!
[INFO] [stdout] 
[INFO] [stdout] 
[INFO] [stdout] warning: the `must_use` attribute cannot be used on trait methods in impl blocks
[INFO] [stdout]   --> src/utils/vector3d.rs:58:7
[INFO] [stdout]    |
[INFO] [stdout] 58 |     #[must_use]
[INFO] [stdout]    |       ^^^^^^^^
[INFO] [stdout]    |
[INFO] [stdout]    = help: the `must_use` attribute can be applied to data types, foreign functions, functions, inherent methods, provided trait methods, required trait methods, and traits
[INFO] [stdout]    = warning: this was previously accepted by the compiler but is being phased out; it will become a hard error in a future release!
[INFO] [stdout] 
[INFO] [stdout] 
[INFO] [stdout] warning: the `must_use` attribute cannot be used on trait methods in impl blocks
[INFO] [stdout]   --> src/utils/vector3d.rs:77:7
[INFO] [stdout]    |
[INFO] [stdout] 77 |     #[must_use]
[INFO] [stdout]    |       ^^^^^^^^
[INFO] [stdout]    |
[INFO] [stdout]    = help: the `must_use` attribute can be applied to data types, foreign functions, functions, inherent methods, provided trait methods, required trait methods, and traits
[INFO] [stdout]    = warning: this was previously accepted by the compiler but is being phased out; it will become a hard error in a future release!
[INFO] [stdout] 
[INFO] [stdout] 
[INFO] [stdout] warning: the `must_use` attribute cannot be used on trait methods in impl blocks
[INFO] [stdout]   --> src/utils/vector3d.rs:87:7
[INFO] [stdout]    |
[INFO] [stdout] 87 |     #[must_use]
[INFO] [stdout]    |       ^^^^^^^^
[INFO] [stdout]    |
[INFO] [stdout]    = help: the `must_use` attribute can be applied to data types, foreign functions, functions, inherent methods, provided trait methods, required trait methods, and traits
[INFO] [stdout]    = warning: this was previously accepted by the compiler but is being phased out; it will become a hard error in a future release!
[INFO] [stdout] 
[INFO] [stdout] 
[INFO] [stderr] warning: unused dependency `dateparser`
[INFO] [stderr]  --> Cargo.toml:6:1
[INFO] [stderr]   |
[INFO] [stderr] 6 | dateparser = "0.2.1"
[INFO] [stderr]   | ^^^^^^^^^^^^^^^^^^^^
[INFO] [stderr]   |
[INFO] [stderr]   = note: `cargo::unused_dependencies` is set to `warn` by default
[INFO] [stderr] help: consider removing the dependency on `dateparser`
[INFO] [stderr] warning: unused dependency `encoding_rs`
[INFO] [stderr]  --> Cargo.toml:9:1
[INFO] [stderr]   |
[INFO] [stderr] 9 | encoding_rs = "0.8.35"
[INFO] [stderr]   | ^^^^^^^^^^^^^^^^^^^^^^
[INFO] [stderr]   |
[INFO] [stderr] help: consider removing the dependency on `encoding_rs`
[INFO] [stderr] warning: unused dependency `pathfinding`
[INFO] [stderr]   --> Cargo.toml:13:1
[INFO] [stderr]    |
[INFO] [stderr] 13 | pathfinding = "4.14.0"
[INFO] [stderr]    | ^^^^^^^^^^^^^^^^^^^^^^
[INFO] [stderr]    |
[INFO] [stderr] help: consider removing the dependency on `pathfinding`
[INFO] [stderr] warning: `i18n_puzzles` (manifest) generated 3 warnings
[INFO] [stderr]     Finished `dev` profile [unoptimized + debuginfo] target(s) in 53.80s
[INFO] running `Command { std: "docker" "inspect" "8e3e777f9fece8d8532873def4251be0a313afd2fced9dd756eac2c2785a0071", kill_on_drop: false }`
[INFO] running `Command { std: "docker" "exec" "-e" "SOURCE_DIR=/opt/rustwide/workdir" "-e" "CARGO_HOME=/opt/rustwide/cargo-home" "-e" "RUSTUP_HOME=/opt/rustwide/rustup-home" "-e" "CARGO_TARGET_DIR=/opt/rustwide/target" "-e" "CARGO_INCREMENTAL=0" "-e" "RUST_BACKTRACE=full" "-e" "RUSTFLAGS=--cap-lints=warn" "-e" "RUSTDOCFLAGS=--cap-lints=warn" "-w" "/opt/rustwide/workdir" "--user" "0:0" "8e3e777f9fece8d8532873def4251be0a313afd2fced9dd756eac2c2785a0071" "/opt/rustwide/cargo-home/bin/cargo" "+1.100.0-beta.1" "test" "--frozen" "--no-run" "--message-format=json", kill_on_drop: false }`
[INFO] [stderr]    Compiling i18n_puzzles v0.11.0 (/opt/rustwide/workdir)
[INFO] [stdout] warning: the `must_use` attribute cannot be used on trait methods in impl blocks
[INFO] [stdout]   --> src/utils/vector2d.rs:68:7
[INFO] [stdout]    |
[INFO] [stdout] 68 |     #[must_use]
[INFO] [stdout]    |       ^^^^^^^^
[INFO] [stdout]    |
[INFO] [stdout]    = help: the `must_use` attribute can be applied to data types, foreign functions, functions, inherent methods, provided trait methods, required trait methods, and traits
[INFO] [stdout]    = warning: this was previously accepted by the compiler but is being phased out; it will become a hard error in a future release!
[INFO] [stdout]    = note: `#[warn(unused_attributes)]` (part of `#[warn(unused)]`) on by default
[INFO] [stdout] 
[INFO] [stdout] 
[INFO] [stdout] warning: the `must_use` attribute cannot be used on trait methods in impl blocks
[INFO] [stdout]   --> src/utils/vector2d.rs:86:7
[INFO] [stdout]    |
[INFO] [stdout] 86 |     #[must_use]
[INFO] [stdout]    |       ^^^^^^^^
[INFO] [stdout]    |
[INFO] [stdout]    = help: the `must_use` attribute can be applied to data types, foreign functions, functions, inherent methods, provided trait methods, required trait methods, and traits
[INFO] [stdout]    = warning: this was previously accepted by the compiler but is being phased out; it will become a hard error in a future release!
[INFO] [stdout] 
[INFO] [stdout] 
[INFO] [stdout] warning: the `must_use` attribute cannot be used on trait methods in impl blocks
[INFO] [stdout]   --> src/utils/vector2d.rs:96:7
[INFO] [stdout]    |
[INFO] [stdout] 96 |     #[must_use]
[INFO] [stdout]    |       ^^^^^^^^
[INFO] [stdout]    |
[INFO] [stdout]    = help: the `must_use` attribute can be applied to data types, foreign functions, functions, inherent methods, provided trait methods, required trait methods, and traits
[INFO] [stdout]    = warning: this was previously accepted by the compiler but is being phased out; it will become a hard error in a future release!
[INFO] [stdout] 
[INFO] [stdout] 
[INFO] [stdout] warning: the `must_use` attribute cannot be used on trait methods in impl blocks
[INFO] [stdout]   --> src/utils/vector3d.rs:58:7
[INFO] [stdout]    |
[INFO] [stdout] 58 |     #[must_use]
[INFO] [stdout]    |       ^^^^^^^^
[INFO] [stdout]    |
[INFO] [stdout]    = help: the `must_use` attribute can be applied to data types, foreign functions, functions, inherent methods, provided trait methods, required trait methods, and traits
[INFO] [stdout]    = warning: this was previously accepted by the compiler but is being phased out; it will become a hard error in a future release!
[INFO] [stdout] 
[INFO] [stdout] 
[INFO] [stdout] warning: the `must_use` attribute cannot be used on trait methods in impl blocks
[INFO] [stdout]   --> src/utils/vector3d.rs:77:7
[INFO] [stdout]    |
[INFO] [stdout] 77 |     #[must_use]
[INFO] [stdout]    |       ^^^^^^^^
[INFO] [stdout]    |
[INFO] [stdout]    = help: the `must_use` attribute can be applied to data types, foreign functions, functions, inherent methods, provided trait methods, required trait methods, and traits
[INFO] [stdout]    = warning: this was previously accepted by the compiler but is being phased out; it will become a hard error in a future release!
[INFO] [stdout] 
[INFO] [stdout] 
[INFO] [stdout] warning: the `must_use` attribute cannot be used on trait methods in impl blocks
[INFO] [stdout]   --> src/utils/vector3d.rs:87:7
[INFO] [stdout]    |
[INFO] [stdout] 87 |     #[must_use]
[INFO] [stdout]    |       ^^^^^^^^
[INFO] [stdout]    |
[INFO] [stdout]    = help: the `must_use` attribute can be applied to data types, foreign functions, functions, inherent methods, provided trait methods, required trait methods, and traits
[INFO] [stdout]    = warning: this was previously accepted by the compiler but is being phased out; it will become a hard error in a future release!
[INFO] [stdout] 
[INFO] [stdout] 
[INFO] [stdout] warning: the `must_use` attribute cannot be used on trait methods in impl blocks
[INFO] [stdout]   --> src/utils/vector2d.rs:68:7
[INFO] [stdout]    |
[INFO] [stdout] 68 |     #[must_use]
[INFO] [stdout]    |       ^^^^^^^^
[INFO] [stdout]    |
[INFO] [stdout]    = help: the `must_use` attribute can be applied to data types, foreign functions, functions, inherent methods, provided trait methods, required trait methods, and traits
[INFO] [stdout]    = warning: this was previously accepted by the compiler but is being phased out; it will become a hard error in a future release!
[INFO] [stdout]    = note: `#[warn(unused_attributes)]` (part of `#[warn(unused)]`) on by default
[INFO] [stdout] 
[INFO] [stdout] 
[INFO] [stdout] warning: the `must_use` attribute cannot be used on trait methods in impl blocks
[INFO] [stdout]   --> src/utils/vector2d.rs:86:7
[INFO] [stdout]    |
[INFO] [stdout] 86 |     #[must_use]
[INFO] [stdout]    |       ^^^^^^^^
[INFO] [stdout]    |
[INFO] [stdout]    = help: the `must_use` attribute can be applied to data types, foreign functions, functions, inherent methods, provided trait methods, required trait methods, and traits
[INFO] [stdout]    = warning: this was previously accepted by the compiler but is being phased out; it will become a hard error in a future release!
[INFO] [stdout] 
[INFO] [stdout] 
[INFO] [stdout] warning: the `must_use` attribute cannot be used on trait methods in impl blocks
[INFO] [stdout]   --> src/utils/vector2d.rs:96:7
[INFO] [stdout]    |
[INFO] [stdout] 96 |     #[must_use]
[INFO] [stdout]    |       ^^^^^^^^
[INFO] [stdout]    |
[INFO] [stdout]    = help: the `must_use` attribute can be applied to data types, foreign functions, functions, inherent methods, provided trait methods, required trait methods, and traits
[INFO] [stdout]    = warning: this was previously accepted by the compiler but is being phased out; it will become a hard error in a future release!
[INFO] [stdout] 
[INFO] [stdout] 
[INFO] [stdout] warning: the `must_use` attribute cannot be used on trait methods in impl blocks
[INFO] [stdout]   --> src/utils/vector3d.rs:58:7
[INFO] [stdout]    |
[INFO] [stdout] 58 |     #[must_use]
[INFO] [stdout]    |       ^^^^^^^^
[INFO] [stdout]    |
[INFO] [stdout]    = help: the `must_use` attribute can be applied to data types, foreign functions, functions, inherent methods, provided trait methods, required trait methods, and traits
[INFO] [stdout]    = warning: this was previously accepted by the compiler but is being phased out; it will become a hard error in a future release!
[INFO] [stdout] 
[INFO] [stdout] 
[INFO] [stdout] warning: the `must_use` attribute cannot be used on trait methods in impl blocks
[INFO] [stdout]   --> src/utils/vector3d.rs:77:7
[INFO] [stdout]    |
[INFO] [stdout] 77 |     #[must_use]
[INFO] [stdout]    |       ^^^^^^^^
[INFO] [stdout]    |
[INFO] [stdout]    = help: the `must_use` attribute can be applied to data types, foreign functions, functions, inherent methods, provided trait methods, required trait methods, and traits
[INFO] [stdout]    = warning: this was previously accepted by the compiler but is being phased out; it will become a hard error in a future release!
[INFO] [stdout] 
[INFO] [stdout] 
[INFO] [stdout] warning: the `must_use` attribute cannot be used on trait methods in impl blocks
[INFO] [stdout]   --> src/utils/vector3d.rs:87:7
[INFO] [stdout]    |
[INFO] [stdout] 87 |     #[must_use]
[INFO] [stdout]    |       ^^^^^^^^
[INFO] [stdout]    |
[INFO] [stdout]    = help: the `must_use` attribute can be applied to data types, foreign functions, functions, inherent methods, provided trait methods, required trait methods, and traits
[INFO] [stdout]    = warning: this was previously accepted by the compiler but is being phased out; it will become a hard error in a future release!
[INFO] [stdout] 
[INFO] [stdout] 
[INFO] [stderr]     Finished `test` profile [unoptimized + debuginfo] target(s) in 5.08s
[INFO] running `Command { std: "docker" "inspect" "8e3e777f9fece8d8532873def4251be0a313afd2fced9dd756eac2c2785a0071", kill_on_drop: false }`
[INFO] running `Command { std: "docker" "exec" "-e" "SOURCE_DIR=/opt/rustwide/workdir" "-e" "CARGO_HOME=/opt/rustwide/cargo-home" "-e" "RUSTUP_HOME=/opt/rustwide/rustup-home" "-e" "CARGO_TARGET_DIR=/opt/rustwide/target" "-e" "CARGO_INCREMENTAL=0" "-e" "RUST_BACKTRACE=full" "-e" "RUSTFLAGS=--cap-lints=warn" "-e" "RUSTDOCFLAGS=--cap-lints=warn" "-w" "/opt/rustwide/workdir" "--user" "0:0" "8e3e777f9fece8d8532873def4251be0a313afd2fced9dd756eac2c2785a0071" "/opt/rustwide/cargo-home/bin/cargo" "+1.100.0-beta.1" "test" "--frozen", kill_on_drop: false }`
[INFO] [stderr] warning: the `must_use` attribute cannot be used on trait methods in impl blocks
[INFO] [stderr]   --> src/utils/vector2d.rs:68:7
[INFO] [stderr]    |
[INFO] [stderr] 68 |     #[must_use]
[INFO] [stderr]    |       ^^^^^^^^
[INFO] [stderr]    |
[INFO] [stderr]    = help: the `must_use` attribute can be applied to data types, foreign functions, functions, inherent methods, provided trait methods, required trait methods, and traits
[INFO] [stderr]    = warning: this was previously accepted by the compiler but is being phased out; it will become a hard error in a future release!
[INFO] [stderr]    = note: `#[warn(unused_attributes)]` (part of `#[warn(unused)]`) on by default
[INFO] [stderr] 
[INFO] [stderr] warning: the `must_use` attribute cannot be used on trait methods in impl blocks
[INFO] [stderr]   --> src/utils/vector2d.rs:86:7
[INFO] [stderr]    |
[INFO] [stderr] 86 |     #[must_use]
[INFO] [stderr]    |       ^^^^^^^^
[INFO] [stderr]    |
[INFO] [stderr]    = help: the `must_use` attribute can be applied to data types, foreign functions, functions, inherent methods, provided trait methods, required trait methods, and traits
[INFO] [stderr]    = warning: this was previously accepted by the compiler but is being phased out; it will become a hard error in a future release!
[INFO] [stderr] 
[INFO] [stderr] warning: the `must_use` attribute cannot be used on trait methods in impl blocks
[INFO] [stderr]   --> src/utils/vector2d.rs:96:7
[INFO] [stderr]    |
[INFO] [stderr] 96 |     #[must_use]
[INFO] [stderr]    |       ^^^^^^^^
[INFO] [stderr]    |
[INFO] [stderr]    = help: the `must_use` attribute can be applied to data types, foreign functions, functions, inherent methods, provided trait methods, required trait methods, and traits
[INFO] [stderr]    = warning: this was previously accepted by the compiler but is being phased out; it will become a hard error in a future release!
[INFO] [stderr] 
[INFO] [stderr] warning: the `must_use` attribute cannot be used on trait methods in impl blocks
[INFO] [stderr]   --> src/utils/vector3d.rs:58:7
[INFO] [stderr]    |
[INFO] [stderr] 58 |     #[must_use]
[INFO] [stderr]    |       ^^^^^^^^
[INFO] [stderr]    |
[INFO] [stderr]    = help: the `must_use` attribute can be applied to data types, foreign functions, functions, inherent methods, provided trait methods, required trait methods, and traits
[INFO] [stderr]    = warning: this was previously accepted by the compiler but is being phased out; it will become a hard error in a future release!
[INFO] [stderr] 
[INFO] [stderr] warning: the `must_use` attribute cannot be used on trait methods in impl blocks
[INFO] [stderr]   --> src/utils/vector3d.rs:77:7
[INFO] [stderr]    |
[INFO] [stderr] 77 |     #[must_use]
[INFO] [stderr]    |       ^^^^^^^^
[INFO] [stderr]    |
[INFO] [stderr]    = help: the `must_use` attribute can be applied to data types, foreign functions, functions, inherent methods, provided trait methods, required trait methods, and traits
[INFO] [stderr]    = warning: this was previously accepted by the compiler but is being phased out; it will become a hard error in a future release!
[INFO] [stderr] 
[INFO] [stderr] warning: the `must_use` attribute cannot be used on trait methods in impl blocks
[INFO] [stderr]   --> src/utils/vector3d.rs:87:7
[INFO] [stderr]    |
[INFO] [stderr] 87 |     #[must_use]
[INFO] [stderr]    |       ^^^^^^^^
[INFO] [stderr]    |
[INFO] [stderr]    = help: the `must_use` attribute can be applied to data types, foreign functions, functions, inherent methods, provided trait methods, required trait methods, and traits
[INFO] [stderr]    = warning: this was previously accepted by the compiler but is being phased out; it will become a hard error in a future release!
[INFO] [stderr] 
[INFO] [stderr] warning: `i18n_puzzles` (lib) generated 6 warnings (run `cargo fix --lib -p i18n_puzzles` to apply 6 suggestions)
[INFO] [stderr] warning: `i18n_puzzles` (lib test) generated 6 warnings (6 duplicates)
[INFO] [stderr]     Finished `test` profile [unoptimized + debuginfo] target(s) in 0.16s
[INFO] [stderr]      Running unittests src/lib.rs (/opt/rustwide/target/debug/build/i18n_puzzles/9226817690d21f38/out/i18n_puzzles-9226817690d21f38)
[INFO] [stderr]      Running unittests src/bin/01.rs (/opt/rustwide/target/debug/build/i18n_puzzles/0af99a9d2dbf852f/out/01-0af99a9d2dbf852f)
[INFO] [stdout] 
[INFO] [stdout] running 0 tests
[INFO] [stdout] 
[INFO] [stdout] test result: ok. 0 passed; 0 failed; 0 ignored; 0 measured; 0 filtered out; finished in 0.00s
[INFO] [stdout] 
[INFO] [stdout] 
[INFO] [stdout] running 2 tests
[INFO] [stdout] test tests::test_part_two ... ok
[INFO] [stdout] test tests::test_part_one ... FAILED
[INFO] [stdout] 
[INFO] [stdout] failures:
[INFO] [stdout] 
[INFO] [stdout] ---- tests::test_part_one stdout ----
[INFO] [stdout] 
[INFO] [stdout] thread 'tests::test_part_one' (1978) panicked at src/bin/01.rs:35:9:
[INFO] [stdout] assertion `left == right` failed
[INFO] [stdout]   left: Some(31)
[INFO] [stdout]  right: None
[INFO] [stdout] stack backtrace:
[INFO] [stdout]    0:     0x61bafe1d5351 - std[617be2ca0a6fd877]::backtrace_rs::backtrace::libunwind::trace
[INFO] [stdout]                                at /rustc/e3feeb59cd1bdd011a2bfcc0747b55125d9b8527/library/std/src/../../backtrace/src/backtrace/libunwind.rs:117:9
[INFO] [stdout]    1:     0x61bafe1d5351 - std[617be2ca0a6fd877]::backtrace_rs::backtrace::trace_unsynchronized::<std[617be2ca0a6fd877]::sys::backtrace::_print_fmt::{closure#1}>
[INFO] [stdout]                                at /rustc/e3feeb59cd1bdd011a2bfcc0747b55125d9b8527/library/std/src/../../backtrace/src/backtrace/mod.rs:66:14
[INFO] [stdout]    2:     0x61bafe1d5351 - std[617be2ca0a6fd877]::sys::backtrace::_print_fmt
[INFO] [stdout]                                at /rustc/e3feeb59cd1bdd011a2bfcc0747b55125d9b8527/library/std/src/sys/backtrace.rs:74:9
[INFO] [stdout]    3:     0x61bafe1d5351 - <<std[617be2ca0a6fd877]::sys::backtrace::BacktraceLock>::print::DisplayBacktrace as core[a373ad73a504971]::fmt::Display>::fmt
[INFO] [stdout]                                at /rustc/e3feeb59cd1bdd011a2bfcc0747b55125d9b8527/library/std/src/sys/backtrace.rs:44:26
[INFO] [stdout]    4:     0x61bafe1e92ea - <core[a373ad73a504971]::fmt::rt::Argument>::fmt
[INFO] [stdout]                                at /rustc/e3feeb59cd1bdd011a2bfcc0747b55125d9b8527/library/core/src/fmt/rt.rs:152:76
[INFO] [stdout]    5:     0x61bafe1e92ea - core[a373ad73a504971]::fmt::write
[INFO] [stdout]    6:     0x61bafe1d956c - core[a373ad73a504971]::io::write::default_write_fmt::<alloc[2e1b2a31b91974c5]::vec::Vec<u8>>
[INFO] [stdout]                                at /rustc/e3feeb59cd1bdd011a2bfcc0747b55125d9b8527/library/core/src/io/write.rs:402:11
[INFO] [stdout]    7:     0x61bafe1d956c - <alloc[2e1b2a31b91974c5]::vec::Vec<u8> as core[a373ad73a504971]::io::write::Write>::write_fmt
[INFO] [stdout]                                at /rustc/e3feeb59cd1bdd011a2bfcc0747b55125d9b8527/library/core/src/io/write.rs:335:13
[INFO] [stdout]    8:     0x61bafe1b12c6 - <std[617be2ca0a6fd877]::sys::backtrace::BacktraceLock>::print
[INFO] [stdout]                                at /rustc/e3feeb59cd1bdd011a2bfcc0747b55125d9b8527/library/std/src/sys/backtrace.rs:47:9
[INFO] [stdout]    9:     0x61bafe1b12c6 - std[617be2ca0a6fd877]::panicking::default_hook::{closure#0}
[INFO] [stdout]                                at /rustc/e3feeb59cd1bdd011a2bfcc0747b55125d9b8527/library/std/src/panicking.rs:289:27
[INFO] [stdout]   10:     0x61bafe1cd689 - std[617be2ca0a6fd877]::panicking::default_hook
[INFO] [stdout]                                at /rustc/e3feeb59cd1bdd011a2bfcc0747b55125d9b8527/library/std/src/panicking.rs:313:9
[INFO] [stdout]   11:     0x61bafe167800 - <alloc[2e1b2a31b91974c5]::boxed::Box<dyn for<'a, 'b> core[a373ad73a504971]::ops::function::Fn<(&'a std[617be2ca0a6fd877]::panic::PanicHookInfo<'b>,), Output = ()> + core[a373ad73a504971]::marker::Sync + core[a373ad73a504971]::marker::Send> as core[a373ad73a504971]::ops::function::Fn<(&std[617be2ca0a6fd877]::panic::PanicHookInfo,)>>::call
[INFO] [stdout]                                at /rustc/e3feeb59cd1bdd011a2bfcc0747b55125d9b8527/library/alloc/src/boxed.rs:2328:9
[INFO] [stdout]   12:     0x61bafe167800 - test[aada8e7e76ba119b]::test_main_inner::{closure#0}
[INFO] [stdout]                                at /rustc/e3feeb59cd1bdd011a2bfcc0747b55125d9b8527/library/test/src/lib.rs:137:21
[INFO] [stdout]   13:     0x61bafe1cd842 - <alloc[2e1b2a31b91974c5]::boxed::Box<dyn for<'a, 'b> core[a373ad73a504971]::ops::function::Fn<(&'a std[617be2ca0a6fd877]::panic::PanicHookInfo<'b>,), Output = ()> + core[a373ad73a504971]::marker::Sync + core[a373ad73a504971]::marker::Send> as core[a373ad73a504971]::ops::function::Fn<(&std[617be2ca0a6fd877]::panic::PanicHookInfo,)>>::call
[INFO] [stdout]                                at /rustc/e3feeb59cd1bdd011a2bfcc0747b55125d9b8527/library/alloc/src/boxed.rs:2328:9
[INFO] [stdout]   14:     0x61bafe1cd842 - std[617be2ca0a6fd877]::panicking::panic_with_hook
[INFO] [stdout]                                at /rustc/e3feeb59cd1bdd011a2bfcc0747b55125d9b8527/library/std/src/panicking.rs:819:13
[INFO] [stdout]   15:     0x61bafe1b1372 - std[617be2ca0a6fd877]::panicking::panic_handler::{closure#0}
[INFO] [stdout]                                at /rustc/e3feeb59cd1bdd011a2bfcc0747b55125d9b8527/library/std/src/panicking.rs:685:13
[INFO] [stdout]   16:     0x61bafe1a9ef9 - std[617be2ca0a6fd877]::sys::backtrace::__rust_end_short_backtrace::<std[617be2ca0a6fd877]::panicking::panic_handler::{closure#0}, !>
[INFO] [stdout]                                at /rustc/e3feeb59cd1bdd011a2bfcc0747b55125d9b8527/library/std/src/sys/backtrace.rs:182:18
[INFO] [stdout]   17:     0x61bafe1b1f7d - __rustc[ea4f61d10b84890b]::rust_begin_unwind
[INFO] [stdout]                                at /rustc/e3feeb59cd1bdd011a2bfcc0747b55125d9b8527/library/std/src/panicking.rs:676:5
[INFO] [stdout]   18:     0x61bafe1e9a1c - core[a373ad73a504971]::panicking::panic_fmt
[INFO] [stdout]                                at /rustc/e3feeb59cd1bdd011a2bfcc0747b55125d9b8527/library/core/src/panicking.rs:80:14
[INFO] [stdout]   19:     0x61bafe1e9933 - core[a373ad73a504971]::panicking::assert_failed_inner
[INFO] [stdout]                                at /rustc/e3feeb59cd1bdd011a2bfcc0747b55125d9b8527/library/core/src/panicking.rs:452:17
[INFO] [stdout]   20:     0x61bafe158d9d - core[a373ad73a504971]::panicking::assert_failed::<core[a373ad73a504971]::option::Option<u64>, core[a373ad73a504971]::option::Option<u64>>
[INFO] [stdout]                                at /rustc/e3feeb59cd1bdd011a2bfcc0747b55125d9b8527/library/core/src/panicking.rs:407:5
[INFO] [stdout]   21:     0x61bafe159607 - 01[f1138d34f763f2ca]::tests::test_part_one
[INFO] [stdout]                                at /opt/rustwide/workdir/src/bin/01.rs:35:9
[INFO] [stdout]   22:     0x61bafe1590c7 - 01[f1138d34f763f2ca]::tests::test_part_one::{closure#0}
[INFO] [stdout]                                at /opt/rustwide/workdir/src/bin/01.rs:33:23
[INFO] [stdout]   23:     0x61bafe15abd6 - <01[f1138d34f763f2ca]::tests::test_part_one::{closure#0} as core[a373ad73a504971]::ops::function::FnOnce<()>>::call_once
[INFO] [stdout]                                at /rustc/e3feeb59cd1bdd011a2bfcc0747b55125d9b8527/library/core/src/ops/function.rs:250:5
[INFO] [stdout]   24:     0x61bafe15ac4b - <fn() -> core[a373ad73a504971]::result::Result<(), alloc[2e1b2a31b91974c5]::string::String> as core[a373ad73a504971]::ops::function::FnOnce<()>>::call_once
[INFO] [stdout]                                at /rustc/e3feeb59cd1bdd011a2bfcc0747b55125d9b8527/library/core/src/ops/function.rs:250:5
[INFO] [stdout]   25:     0x61bafe15ac4b - test[aada8e7e76ba119b]::__rust_begin_short_backtrace::<core[a373ad73a504971]::result::Result<(), alloc[2e1b2a31b91974c5]::string::String>, fn() -> core[a373ad73a504971]::result::Result<(), alloc[2e1b2a31b91974c5]::string::String>>
[INFO] [stdout]                                at /rustc/e3feeb59cd1bdd011a2bfcc0747b55125d9b8527/library/test/src/lib.rs:701:18
[INFO] [stdout]   26:     0x61bafe167e25 - test[aada8e7e76ba119b]::run_test_in_process::{closure#0}
[INFO] [stdout]                                at /rustc/e3feeb59cd1bdd011a2bfcc0747b55125d9b8527/library/test/src/lib.rs:724:74
[INFO] [stdout]   27:     0x61bafe167e25 - <core[a373ad73a504971]::panic::unwind_safe::AssertUnwindSafe<test[aada8e7e76ba119b]::run_test_in_process::{closure#0}> as core[a373ad73a504971]::ops::function::FnOnce<()>>::call_once
[INFO] [stdout]                                at /rustc/e3feeb59cd1bdd011a2bfcc0747b55125d9b8527/library/core/src/panic/unwind_safe.rs:275:9
[INFO] [stdout]   28:     0x61bafe167e25 - std[617be2ca0a6fd877]::panicking::catch_unwind::do_call::<core[a373ad73a504971]::panic::unwind_safe::AssertUnwindSafe<test[aada8e7e76ba119b]::run_test_in_process::{closure#0}>, core[a373ad73a504971]::result::Result<(), alloc[2e1b2a31b91974c5]::string::String>>
[INFO] [stdout]                                at /rustc/e3feeb59cd1bdd011a2bfcc0747b55125d9b8527/library/std/src/panicking.rs:573:43
[INFO] [stdout]   29:     0x61bafe167e25 - std[617be2ca0a6fd877]::panicking::catch_unwind::<core[a373ad73a504971]::result::Result<(), alloc[2e1b2a31b91974c5]::string::String>, core[a373ad73a504971]::panic::unwind_safe::AssertUnwindSafe<test[aada8e7e76ba119b]::run_test_in_process::{closure#0}>>
[INFO] [stdout]                                at /rustc/e3feeb59cd1bdd011a2bfcc0747b55125d9b8527/library/std/src/panicking.rs:541:19
[INFO] [stdout]   30:     0x61bafe167e25 - std[617be2ca0a6fd877]::panic::catch_unwind::<core[a373ad73a504971]::panic::unwind_safe::AssertUnwindSafe<test[aada8e7e76ba119b]::run_test_in_process::{closure#0}>, core[a373ad73a504971]::result::Result<(), alloc[2e1b2a31b91974c5]::string::String>>
[INFO] [stdout]                                at /rustc/e3feeb59cd1bdd011a2bfcc0747b55125d9b8527/library/std/src/panic.rs:359:14
[INFO] [stdout]   31:     0x61bafe167e25 - test[aada8e7e76ba119b]::run_test_in_process
[INFO] [stdout]                                at /rustc/e3feeb59cd1bdd011a2bfcc0747b55125d9b8527/library/test/src/lib.rs:724:27
[INFO] [stdout]   32:     0x61bafe167e25 - test[aada8e7e76ba119b]::run_test::{closure#0}
[INFO] [stdout]                                at /rustc/e3feeb59cd1bdd011a2bfcc0747b55125d9b8527/library/test/src/lib.rs:645:43
[INFO] [stdout]   33:     0x61bafe161714 - test[aada8e7e76ba119b]::run_test::{closure#1}
[INFO] [stdout]                                at /rustc/e3feeb59cd1bdd011a2bfcc0747b55125d9b8527/library/test/src/lib.rs:675:41
[INFO] [stdout]   34:     0x61bafe161714 - std[617be2ca0a6fd877]::sys::backtrace::__rust_begin_short_backtrace::<test[aada8e7e76ba119b]::run_test::{closure#1}, ()>
[INFO] [stdout]                                at /rustc/e3feeb59cd1bdd011a2bfcc0747b55125d9b8527/library/std/src/sys/backtrace.rs:166:18
[INFO] [stdout]   35:     0x61bafe16aeb2 - std[617be2ca0a6fd877]::thread::lifecycle::spawn_unchecked::<test[aada8e7e76ba119b]::run_test::{closure#1}, ()>::{closure#1}::{closure#0}
[INFO] [stdout]                                at /rustc/e3feeb59cd1bdd011a2bfcc0747b55125d9b8527/library/std/src/thread/lifecycle.rs:70:13
[INFO] [stdout]   36:     0x61bafe16aeb2 - <core[a373ad73a504971]::panic::unwind_safe::AssertUnwindSafe<std[617be2ca0a6fd877]::thread::lifecycle::spawn_unchecked<test[aada8e7e76ba119b]::run_test::{closure#1}, ()>::{closure#1}::{closure#0}> as core[a373ad73a504971]::ops::function::FnOnce<()>>::call_once
[INFO] [stdout]                                at /rustc/e3feeb59cd1bdd011a2bfcc0747b55125d9b8527/library/core/src/panic/unwind_safe.rs:275:9
[INFO] [stdout]   37:     0x61bafe16aeb2 - std[617be2ca0a6fd877]::panicking::catch_unwind::do_call::<core[a373ad73a504971]::panic::unwind_safe::AssertUnwindSafe<std[617be2ca0a6fd877]::thread::lifecycle::spawn_unchecked<test[aada8e7e76ba119b]::run_test::{closure#1}, ()>::{closure#1}::{closure#0}>, ()>
[INFO] [stdout]                                at /rustc/e3feeb59cd1bdd011a2bfcc0747b55125d9b8527/library/std/src/panicking.rs:573:43
[INFO] [stdout]   38:     0x61bafe16aeb2 - std[617be2ca0a6fd877]::panicking::catch_unwind::<(), core[a373ad73a504971]::panic::unwind_safe::AssertUnwindSafe<std[617be2ca0a6fd877]::thread::lifecycle::spawn_unchecked<test[aada8e7e76ba119b]::run_test::{closure#1}, ()>::{closure#1}::{closure#0}>>
[INFO] [stdout]                                at /rustc/e3feeb59cd1bdd011a2bfcc0747b55125d9b8527/library/std/src/panicking.rs:541:19
[INFO] [stdout]   39:     0x61bafe16aeb2 - std[617be2ca0a6fd877]::panic::catch_unwind::<core[a373ad73a504971]::panic::unwind_safe::AssertUnwindSafe<std[617be2ca0a6fd877]::thread::lifecycle::spawn_unchecked<test[aada8e7e76ba119b]::run_test::{closure#1}, ()>::{closure#1}::{closure#0}>, ()>
[INFO] [stdout]                                at /rustc/e3feeb59cd1bdd011a2bfcc0747b55125d9b8527/library/std/src/panic.rs:359:14
[INFO] [stdout]   40:     0x61bafe16aeb2 - std[617be2ca0a6fd877]::thread::lifecycle::spawn_unchecked::<test[aada8e7e76ba119b]::run_test::{closure#1}, ()>::{closure#1}
[INFO] [stdout]                                at /rustc/e3feeb59cd1bdd011a2bfcc0747b55125d9b8527/library/std/src/thread/lifecycle.rs:68:26
[INFO] [stdout]   41:     0x61bafe16aeb2 - <std[617be2ca0a6fd877]::thread::lifecycle::spawn_unchecked<test[aada8e7e76ba119b]::run_test::{closure#1}, ()>::{closure#1} as core[a373ad73a504971]::ops::function::FnOnce<()>>::call_once::{shim:vtable#0}
[INFO] [stdout]                                at /rustc/e3feeb59cd1bdd011a2bfcc0747b55125d9b8527/library/core/src/ops/function.rs:250:5
[INFO] [stdout]   42:     0x61bafe1d484f - <alloc[2e1b2a31b91974c5]::boxed::Box<dyn core[a373ad73a504971]::ops::function::FnOnce<(), Output = ()> + core[a373ad73a504971]::marker::Send> as core[a373ad73a504971]::ops::function::FnOnce<()>>::call_once
[INFO] [stdout]                                at /rustc/e3feeb59cd1bdd011a2bfcc0747b55125d9b8527/library/alloc/src/boxed.rs:2314:9
[INFO] [stdout]   43:     0x61bafe1d484f - <std[617be2ca0a6fd877]::sys::thread::unix::Thread>::new::thread_start
[INFO] [stdout]                                at /rustc/e3feeb59cd1bdd011a2bfcc0747b55125d9b8527/library/std/src/sys/thread/unix.rs:127:17
[INFO] [stdout]   44:     0x78c527652dfa - <unknown>
[INFO] [stdout]   45:     0x78c5276e63d4 - clone
[INFO] [stdout]   46:                0x0 - <unknown>
[INFO] [stdout] 
[INFO] [stdout] 
[INFO] [stdout] failures:
[INFO] [stdout]     tests::test_part_one
[INFO] [stdout] 
[INFO] [stdout] test result: FAILED. 1 passed; 1 failed; 0 ignored; 0 measured; 0 filtered out; finished in 0.07s
[INFO] [stdout] 
[INFO] [stderr] error: test failed, to rerun pass `--bin 01`
[INFO] running `Command { std: "docker" "inspect" "8e3e777f9fece8d8532873def4251be0a313afd2fced9dd756eac2c2785a0071", kill_on_drop: false }`
[INFO] running `Command { std: "docker" "rm" "-f" "8e3e777f9fece8d8532873def4251be0a313afd2fced9dd756eac2c2785a0071", kill_on_drop: false }`
[INFO] [stdout] 8e3e777f9fece8d8532873def4251be0a313afd2fced9dd756eac2c2785a0071
