[INFO] cloning repository https://github.com/fireinrain/cfrp-detector-rs
[INFO] running `Command { std: "git" "-c" "credential.helper=" "-c" "credential.helper=/workspace/cargo-home/bin/git-credential-null" "clone" "--bare" "https://github.com/fireinrain/cfrp-detector-rs" "/workspace/cache/git-repos/https%3A%2F%2Fgithub.com%2Ffireinrain%2Fcfrp-detector-rs", kill_on_drop: false }`
[INFO] [stderr] Cloning into bare repository '/workspace/cache/git-repos/https%3A%2F%2Fgithub.com%2Ffireinrain%2Fcfrp-detector-rs'...
[INFO] running `Command { std: "git" "rev-parse" "HEAD", kill_on_drop: false }`
[INFO] [stdout] 0cc32d405f05333236f2d754e3f0e4c42aa99653
[INFO] testing fireinrain/cfrp-detector-rs against 1.99.0-beta.8 for beta-1.100-2
[INFO] running `Command { std: "git" "clone" "/workspace/cache/git-repos/https%3A%2F%2Fgithub.com%2Ffireinrain%2Fcfrp-detector-rs" "/workspace/builds/worker-1-tc1/source", kill_on_drop: false }`
[INFO] [stderr] Cloning into '/workspace/builds/worker-1-tc1/source'...
[INFO] [stderr] done.
[INFO] started tweaking git repo https://github.com/fireinrain/cfrp-detector-rs
[INFO] finished tweaking git repo https://github.com/fireinrain/cfrp-detector-rs
[INFO] tweaked toml for git repo https://github.com/fireinrain/cfrp-detector-rs written to /workspace/builds/worker-1-tc1/source/Cargo.toml
[INFO] validating manifest of git repo https://github.com/fireinrain/cfrp-detector-rs on toolchain 1.99.0-beta.8
[INFO] running `Command { std: CARGO_HOME="/workspace/cargo-home" RUSTUP_HOME="/workspace/rustup-home" "/workspace/cargo-home/bin/cargo" "+1.99.0-beta.8" "metadata" "--manifest-path" "Cargo.toml" "--no-deps", kill_on_drop: false }`
[INFO] crate git repo https://github.com/fireinrain/cfrp-detector-rs already has a lockfile, it will not be regenerated
[INFO] running `Command { std: CARGO_HOME="/workspace/cargo-home" RUSTUP_HOME="/workspace/rustup-home" "/workspace/cargo-home/bin/cargo" "+1.99.0-beta.8" "fetch" "--manifest-path" "Cargo.toml", kill_on_drop: false }`
[INFO] [stderr]     Updating crates.io index
[INFO] [stderr]  Downloading crates ...
[INFO] [stderr]   Downloaded zerovec-derive v0.11.4
[INFO] [stderr]   Downloaded wasm-bindgen-futures v0.4.77
[INFO] [stderr]   Downloaded zerovec v0.11.7
[INFO] [stderr]   Downloaded toml v1.1.4+spec-1.1.0
[INFO] [stderr]   Downloaded icu_provider v2.3.0
[INFO] [stderr]   Downloaded ipnet v2.12.1
[INFO] [stderr]   Downloaded rustls-webpki v0.103.14
[INFO] [stderr]   Downloaded cc v1.4.3
[INFO] [stderr]   Downloaded aws-lc-rs v1.18.0
[INFO] [stderr]   Downloaded h2 v0.4.15
[INFO] [stderr]   Downloaded web-sys v0.3.104
[INFO] [stderr]   Downloaded csv-core v0.1.13
[INFO] [stderr]   Downloaded rcgen v0.14.9
[INFO] [stderr]   Downloaded yasna v0.6.0
[INFO] [stderr]   Downloaded csv v1.4.0
[INFO] [stderr]   Downloaded x509-parser v0.18.1
[INFO] [stderr]   Downloaded data-encoding v2.11.1
[INFO] [stderr]   Downloaded zerocopy-derive v0.8.56
[INFO] [stderr]   Downloaded criterion v0.8.2
[INFO] [stderr]   Downloaded zerocopy v0.8.56
[INFO] [stderr]   Downloaded either v1.17.0
[INFO] [stderr]   Downloaded aws-lc-sys v0.44.0
[INFO] [stderr]   Downloaded alloca v0.4.0
[INFO] [stderr]   Downloaded criterion-plot v0.8.2
[INFO] running `Command { std: "docker" "create" "-v" "/var/lib/crater-agent-workspace/builds/worker-1-tc1/source:/opt/rustwide/workdir:ro,Z" "-v" "/var/lib/crater-agent-workspace/builds/worker-1-tc1/target:/opt/rustwide/target:rw,Z" "-v" "/var/lib/crater-agent-workspace/cargo-home:/opt/rustwide/cargo-home:ro,Z" "-v" "/var/lib/crater-agent-workspace/rustup-home:/opt/rustwide/rustup-home:ro,Z" "-m" "1610612736" "--network" "none" "ghcr.io/rust-lang/crates-build-env/linux@sha256:3111399a4047eeb3a02b7a90e478d715f38a8c6669b5c4b49d30a17385265909" "sleep" "infinity", kill_on_drop: false }`
[INFO] [stdout] fb94a0bda8b49964ae7b1ac7e18b33c4ca9de7a456688c020de751eaf00a8005
[INFO] running `Command { std: "docker" "start" "fb94a0bda8b49964ae7b1ac7e18b33c4ca9de7a456688c020de751eaf00a8005", kill_on_drop: false }`
[INFO] running `Command { std: "docker" "inspect" "fb94a0bda8b49964ae7b1ac7e18b33c4ca9de7a456688c020de751eaf00a8005", kill_on_drop: false }`
[INFO] running `Command { std: "docker" "exec" "-e" "SOURCE_DIR=/opt/rustwide/workdir" "-e" "CARGO_HOME=/opt/rustwide/cargo-home" "-e" "RUSTUP_HOME=/opt/rustwide/rustup-home" "-e" "CARGO_TARGET_DIR=/opt/rustwide/target" "-w" "/opt/rustwide/workdir" "--user" "0:0" "fb94a0bda8b49964ae7b1ac7e18b33c4ca9de7a456688c020de751eaf00a8005" "/opt/rustwide/cargo-home/bin/cargo" "+1.99.0-beta.8" "metadata" "--no-deps" "--format-version=1", kill_on_drop: false }`
[INFO] running `Command { std: "docker" "inspect" "fb94a0bda8b49964ae7b1ac7e18b33c4ca9de7a456688c020de751eaf00a8005", kill_on_drop: false }`
[INFO] running `Command { std: "docker" "exec" "-e" "SOURCE_DIR=/opt/rustwide/workdir" "-e" "CARGO_HOME=/opt/rustwide/cargo-home" "-e" "RUSTUP_HOME=/opt/rustwide/rustup-home" "-e" "CARGO_TARGET_DIR=/opt/rustwide/target" "-e" "CARGO_INCREMENTAL=0" "-e" "RUST_BACKTRACE=full" "-e" "RUSTFLAGS=--cap-lints=warn" "-e" "RUSTDOCFLAGS=--cap-lints=warn" "-w" "/opt/rustwide/workdir" "--user" "0:0" "fb94a0bda8b49964ae7b1ac7e18b33c4ca9de7a456688c020de751eaf00a8005" "/opt/rustwide/cargo-home/bin/cargo" "+1.99.0-beta.8" "build" "--frozen" "--message-format=json", kill_on_drop: false }`
[INFO] [stderr]    Compiling libc v0.2.189
[INFO] [stderr]    Compiling futures-core v0.3.34
[INFO] [stderr]    Compiling find-msvc-tools v0.1.11
[INFO] [stderr]    Compiling proc-macro2 v1.0.107
[INFO] [stderr]    Compiling serde_core v1.0.229
[INFO] [stderr]    Compiling fs_extra v1.3.0
[INFO] [stderr]    Compiling futures-sink v0.3.34
[INFO] [stderr]    Compiling smallvec v1.15.2
[INFO] [stderr]    Compiling pkg-config v0.3.34
[INFO] [stderr]    Compiling dunce v1.0.5
[INFO] [stderr]    Compiling futures-channel v0.3.34
[INFO] [stderr]    Compiling litemap v0.8.3
[INFO] [stderr]    Compiling aws-lc-rs v1.18.0
[INFO] [stderr]    Compiling writeable v0.6.4
[INFO] [stderr]    Compiling http v1.5.0
[INFO] [stderr]    Compiling serde v1.0.229
[INFO] [stderr]    Compiling icu_normalizer_data v2.3.0
[INFO] [stderr]    Compiling quote v1.0.47
[INFO] [stderr]    Compiling futures-task v0.3.34
[INFO] [stderr]    Compiling icu_properties_data v2.3.0
[INFO] [stderr]    Compiling futures-io v0.3.34
[INFO] [stderr]    Compiling rustls-pki-types v1.15.1
[INFO] [stderr]    Compiling syn v3.0.3
[INFO] [stderr]    Compiling syn v2.0.119
[INFO] [stderr]    Compiling rustls v0.23.43
[INFO] [stderr]    Compiling proc-macro2-diagnostics v0.10.1
[INFO] [stderr]    Compiling bitflags v2.13.1
[INFO] [stderr]    Compiling form_urlencoded v1.2.2
[INFO] [stderr]    Compiling sync_wrapper v1.0.2
[INFO] [stderr]    Compiling ipnet v2.12.1
[INFO] [stderr]    Compiling yansi v1.0.1
[INFO] [stderr]    Compiling jobserver v0.1.35
[INFO] [stderr]    Compiling errno v0.3.14
[INFO] [stderr]    Compiling signal-hook-registry v1.4.8
[INFO] [stderr]    Compiling mio v1.2.2
[INFO] [stderr]    Compiling cc v1.4.3
[INFO] [stderr]    Compiling socket2 v0.6.5
[INFO] [stderr]    Compiling http-body v1.1.0
[INFO] [stderr]    Compiling rustls-native-certs v0.8.4
[INFO] [stderr]    Compiling uncased v0.9.10
[INFO] [stderr]    Compiling portable-atomic v1.15.0
[INFO] [stderr]    Compiling thiserror v2.0.20
[INFO] [stderr]    Compiling winnow v0.7.15
[INFO] [stderr]    Compiling anyhow v1.0.104
[INFO] [stderr]    Compiling rustix v1.1.4
[INFO] [stderr]    Compiling regex-automata v0.4.18
[INFO] [stderr]    Compiling getrandom v0.4.3
[INFO] [stderr]    Compiling parking_lot_core v0.9.12
[INFO] [stderr]    Compiling cmake v0.1.58
[INFO] [stderr]    Compiling serde_json v1.0.151
[INFO] [stderr]    Compiling http-body-util v0.1.5
[INFO] [stderr]    Compiling figment v0.10.19
[INFO] [stderr]    Compiling aws-lc-sys v0.44.0
[INFO] [stderr]    Compiling csv-core v0.1.13
[INFO] [stderr]    Compiling fastrand v2.5.0
[INFO] [stderr]    Compiling winnow v1.0.4
[INFO] [stderr]    Compiling unicode-width v0.2.2
[INFO] [stderr]    Compiling inlinable_string v0.1.15
[INFO] [stderr]    Compiling console v0.16.4
[INFO] [stderr]    Compiling csv v1.4.0
[INFO] [stderr]    Compiling toml_parser v1.1.3+spec-1.1.0
[INFO] [stderr]    Compiling matchers v0.2.0
[INFO] [stderr]    Compiling tempfile v3.27.0
[INFO] [stderr]    Compiling synstructure v0.13.2
[INFO] [stderr]    Compiling clap_builder v4.6.6
[INFO] [stderr]    Compiling parking_lot v0.12.5
[INFO] [stderr]    Compiling serde_spanned v1.1.1
[INFO] [stderr]    Compiling toml_datetime v1.1.1+spec-1.1.0
[INFO] [stderr]    Compiling unit-prefix v0.5.2
[INFO] [stderr]    Compiling toml_writer v1.1.2+spec-1.1.0
[INFO] [stderr]    Compiling zerovec-derive v0.11.4
[INFO] [stderr]    Compiling displaydoc v0.2.7
[INFO] [stderr]    Compiling tokio-macros v2.7.2
[INFO] [stderr]    Compiling futures-macro v0.3.34
[INFO] [stderr]    Compiling zerofrom-derive v0.1.7
[INFO] [stderr]    Compiling yoke-derive v0.8.2
[INFO] [stderr]    Compiling tokio v1.53.1
[INFO] [stderr]    Compiling tracing-attributes v0.1.31
[INFO] [stderr]    Compiling serde_derive v1.0.229
[INFO] [stderr]    Compiling futures-util v0.3.34
[INFO] [stderr]    Compiling pear_codegen v0.2.9
[INFO] [stderr]    Compiling zerofrom v0.1.8
[INFO] [stderr]    Compiling yoke v0.8.3
[INFO] [stderr]    Compiling zerovec v0.11.7
[INFO] [stderr]    Compiling zerotrie v0.2.5
[INFO] [stderr]    Compiling tracing v0.1.44
[INFO] [stderr]    Compiling thiserror-impl v2.0.20
[INFO] [stderr]    Compiling pear v0.2.9
[INFO] [stderr]    Compiling tinystr v0.8.4
[INFO] [stderr]    Compiling icu_locale_core v2.3.0
[INFO] [stderr]    Compiling potential_utf v0.1.6
[INFO] [stderr]    Compiling icu_collections v2.3.0
[INFO] [stderr]    Compiling clap_derive v4.6.4
[INFO] [stderr]    Compiling icu_provider v2.3.0
[INFO] [stderr]    Compiling icu_properties v2.3.0
[INFO] [stderr]    Compiling icu_normalizer v2.3.0
[INFO] [stderr]    Compiling futures-executor v0.3.34
[INFO] [stderr]    Compiling futures v0.3.34
[INFO] [stderr]    Compiling tracing-subscriber v0.3.23
[INFO] [stderr]    Compiling indicatif v0.18.6
[INFO] [stderr]    Compiling toml v1.1.4+spec-1.1.0
[INFO] [stderr]    Compiling toml_datetime v0.6.11
[INFO] [stderr]    Compiling serde_spanned v0.6.9
[INFO] [stderr]    Compiling clap v4.6.6
[INFO] [stderr]    Compiling toml_edit v0.22.27
[INFO] [stderr]    Compiling tokio-util v0.7.19
[INFO] [stderr]    Compiling idna_adapter v1.2.2
[INFO] [stderr]    Compiling idna v1.1.0
[INFO] [stderr]    Compiling h2 v0.4.15
[INFO] [stderr]    Compiling url v2.5.8
[INFO] [stderr]    Compiling tower v0.5.3
[INFO] [stderr]    Compiling tower-http v0.6.11
[INFO] [stderr]    Compiling toml v0.8.23
[INFO] [stderr]    Compiling hyper v1.11.0
[INFO] [stderr]    Compiling hyper-util v0.1.20
[INFO] [stderr]    Compiling rustls-webpki v0.103.14
[INFO] [stderr]    Compiling tokio-rustls v0.26.4
[INFO] [stderr]    Compiling rustls-platform-verifier v0.7.0
[INFO] [stderr]    Compiling hyper-rustls v0.27.9
[INFO] [stderr]    Compiling reqwest v0.13.4
[INFO] [stderr]    Compiling cfrp-detector v0.1.0 (/opt/rustwide/workdir/crates/cfrp-detector)
[INFO] [stderr]    Compiling cfrp-detector-cli v0.1.0 (/opt/rustwide/workdir/crates/cfrp-detector-cli)
[INFO] [stderr]     Finished `dev` profile [unoptimized + debuginfo] target(s) in 2m 58s
[INFO] running `Command { std: "docker" "inspect" "fb94a0bda8b49964ae7b1ac7e18b33c4ca9de7a456688c020de751eaf00a8005", kill_on_drop: false }`
[INFO] running `Command { std: "docker" "exec" "-e" "SOURCE_DIR=/opt/rustwide/workdir" "-e" "CARGO_HOME=/opt/rustwide/cargo-home" "-e" "RUSTUP_HOME=/opt/rustwide/rustup-home" "-e" "CARGO_TARGET_DIR=/opt/rustwide/target" "-e" "CARGO_INCREMENTAL=0" "-e" "RUST_BACKTRACE=full" "-e" "RUSTFLAGS=--cap-lints=warn" "-e" "RUSTDOCFLAGS=--cap-lints=warn" "-w" "/opt/rustwide/workdir" "--user" "0:0" "fb94a0bda8b49964ae7b1ac7e18b33c4ca9de7a456688c020de751eaf00a8005" "/opt/rustwide/cargo-home/bin/cargo" "+1.99.0-beta.8" "test" "--frozen" "--no-run" "--message-format=json", kill_on_drop: false }`
[INFO] [stderr]    Compiling serde v1.0.229
[INFO] [stderr]    Compiling regex-syntax v0.8.11
[INFO] [stderr]    Compiling zerocopy v0.8.56
[INFO] [stderr]    Compiling hyper v1.11.0
[INFO] [stderr]    Compiling zerocopy-derive v0.8.56
[INFO] [stderr]    Compiling crossbeam-utils v0.8.22
[INFO] [stderr]    Compiling getrandom v0.3.4
[INFO] [stderr]    Compiling crossbeam-epoch v0.9.20
[INFO] [stderr]    Compiling crossbeam-deque v0.8.7
[INFO] [stderr]    Compiling either v1.17.0
[INFO] [stderr]    Compiling ring v0.17.14
[INFO] [stderr]    Compiling rand_core v0.9.5
[INFO] [stderr]    Compiling alloca v0.4.0
[INFO] [stderr]    Compiling time v0.3.55
[INFO] [stderr]    Compiling itertools v0.13.0
[INFO] [stderr]    Compiling getrandom v0.2.17
[INFO] [stderr]    Compiling rayon-core v1.13.0
[INFO] [stderr]    Compiling wait-timeout v0.2.1
[INFO] [stderr]    Compiling bit-vec v0.8.0
[INFO] [stderr]    Compiling quick-error v1.2.3
[INFO] [stderr]    Compiling rusty-fork v0.3.1
[INFO] [stderr]    Compiling bit-set v0.8.0
[INFO] [stderr]    Compiling yasna v0.6.0
[INFO] [stderr]    Compiling rayon v1.12.0
[INFO] [stderr]    Compiling hyper-util v0.1.20
[INFO] [stderr]    Compiling criterion-plot v0.8.2
[INFO] [stderr]    Compiling regex-automata v0.4.18
[INFO] [stderr]    Compiling tinytemplate v1.2.1
[INFO] [stderr]    Compiling rand v0.9.5
[INFO] [stderr]    Compiling rand_xorshift v0.4.0
[INFO] [stderr]    Compiling hyper-rustls v0.27.9
[INFO] [stderr]    Compiling page_size v0.6.0
[INFO] [stderr]    Compiling unarray v0.1.4
[INFO] [stderr]    Compiling toml_datetime v0.6.11
[INFO] [stderr]    Compiling reqwest v0.13.4
[INFO] [stderr]    Compiling serde_spanned v0.6.9
[INFO] [stderr]    Compiling toml_edit v0.22.27
[INFO] [stderr]    Compiling matchers v0.2.0
[INFO] [stderr]    Compiling regex v1.13.1
[INFO] [stderr]    Compiling tracing-subscriber v0.3.23
[INFO] [stderr]    Compiling cfrp-detector v0.1.0 (/opt/rustwide/workdir/crates/cfrp-detector)
[INFO] [stderr]    Compiling rcgen v0.14.9
[INFO] [stderr]    Compiling half v2.7.1
[INFO] [stderr]    Compiling ppv-lite86 v0.2.21
[INFO] [stderr]    Compiling toml v0.8.23
[INFO] [stderr]    Compiling rand_chacha v0.9.0
[INFO] [stderr]    Compiling ciborium-ll v0.2.2
[INFO] [stderr]    Compiling proptest v1.11.0
[INFO] [stderr]    Compiling ciborium v0.2.2
[INFO] [stderr]    Compiling figment v0.10.19
[INFO] [stderr]    Compiling criterion v0.8.2
[INFO] [stderr]    Compiling cfrp-detector-cli v0.1.0 (/opt/rustwide/workdir/crates/cfrp-detector-cli)
[INFO] [stdout] warning: field `sni_check` is never read
[INFO] [stdout]   --> crates/cfrp-detector/tests/support/mock_server.rs:34:9
[INFO] [stdout]    |
[INFO] [stdout] 27 | pub struct MockCfServerConfig {
[INFO] [stdout]    |            ------------------ field in this struct
[INFO] [stdout] ...
[INFO] [stdout] 34 |     pub sni_check: bool,
[INFO] [stdout]    |         ^^^^^^^^^
[INFO] [stdout]    |
[INFO] [stdout]    = note: `MockCfServerConfig` has derived impls for the traits `Clone` and `Debug`, but these are intentionally ignored during dead code analysis
[INFO] [stdout]    = note: `#[warn(dead_code)]` (part of `#[warn(unused)]`) on by default
[INFO] [stdout] 
[INFO] [stdout] 
[INFO] [stdout] warning: fields `config`, `req_count`, and `cert_der` are never read
[INFO] [stdout]   --> crates/cfrp-detector/tests/support/mock_server.rs:41:9
[INFO] [stdout]    |
[INFO] [stdout] 39 | pub struct MockCfServer {
[INFO] [stdout]    |            ------------ fields in this struct
[INFO] [stdout] 40 |     pub addr: SocketAddr,
[INFO] [stdout] 41 |     pub config: MockCfServerConfig,
[INFO] [stdout]    |         ^^^^^^
[INFO] [stdout] 42 |     pub req_count: Arc<Mutex<usize>>,
[INFO] [stdout]    |         ^^^^^^^^^
[INFO] [stdout] 43 |     pub cert_der: Option<Vec<u8>>,
[INFO] [stdout]    |         ^^^^^^^^
[INFO] [stdout] 
[INFO] [stdout] 
[INFO] [stdout] warning: methods `http_base_url` and `request_count` are never used
[INFO] [stdout]    --> crates/cfrp-detector/tests/support/mock_server.rs:247:12
[INFO] [stdout]     |
[INFO] [stdout] 154 | impl MockCfServer {
[INFO] [stdout]     | ----------------- methods in this implementation
[INFO] [stdout] ...
[INFO] [stdout] 247 |     pub fn http_base_url(&self) -> String {
[INFO] [stdout]     |            ^^^^^^^^^^^^^
[INFO] [stdout] ...
[INFO] [stdout] 259 |     pub fn request_count(&self) -> usize {
[INFO] [stdout]     |            ^^^^^^^^^^^^^
[INFO] [stdout] 
[INFO] [stdout] 
[INFO] [stderr]     Finished `test` profile [unoptimized + debuginfo] target(s) in 2m 07s
[INFO] running `Command { std: "docker" "inspect" "fb94a0bda8b49964ae7b1ac7e18b33c4ca9de7a456688c020de751eaf00a8005", kill_on_drop: false }`
[INFO] running `Command { std: "docker" "exec" "-e" "SOURCE_DIR=/opt/rustwide/workdir" "-e" "CARGO_HOME=/opt/rustwide/cargo-home" "-e" "RUSTUP_HOME=/opt/rustwide/rustup-home" "-e" "CARGO_TARGET_DIR=/opt/rustwide/target" "-e" "CARGO_INCREMENTAL=0" "-e" "RUST_BACKTRACE=full" "-e" "RUSTFLAGS=--cap-lints=warn" "-e" "RUSTDOCFLAGS=--cap-lints=warn" "-w" "/opt/rustwide/workdir" "--user" "0:0" "fb94a0bda8b49964ae7b1ac7e18b33c4ca9de7a456688c020de751eaf00a8005" "/opt/rustwide/cargo-home/bin/cargo" "+1.99.0-beta.8" "test" "--frozen", kill_on_drop: false }`
[INFO] [stderr] warning: field `sni_check` is never read
[INFO] [stderr]   --> crates/cfrp-detector/tests/support/mock_server.rs:34:9
[INFO] [stderr]    |
[INFO] [stderr] 27 | pub struct MockCfServerConfig {
[INFO] [stderr]    |            ------------------ field in this struct
[INFO] [stderr] ...
[INFO] [stderr] 34 |     pub sni_check: bool,
[INFO] [stderr]    |         ^^^^^^^^^
[INFO] [stderr]    |
[INFO] [stderr]    = note: `MockCfServerConfig` has derived impls for the traits `Clone` and `Debug`, but these are intentionally ignored during dead code analysis
[INFO] [stderr]    = note: `#[warn(dead_code)]` (part of `#[warn(unused)]`) on by default
[INFO] [stderr] 
[INFO] [stderr] warning: fields `config`, `req_count`, and `cert_der` are never read
[INFO] [stderr]   --> crates/cfrp-detector/tests/support/mock_server.rs:41:9
[INFO] [stderr]    |
[INFO] [stderr] 39 | pub struct MockCfServer {
[INFO] [stderr]    |            ------------ fields in this struct
[INFO] [stderr] 40 |     pub addr: SocketAddr,
[INFO] [stderr] 41 |     pub config: MockCfServerConfig,
[INFO] [stderr]    |         ^^^^^^
[INFO] [stderr] 42 |     pub req_count: Arc<Mutex<usize>>,
[INFO] [stderr]    |         ^^^^^^^^^
[INFO] [stderr] 43 |     pub cert_der: Option<Vec<u8>>,
[INFO] [stderr]    |         ^^^^^^^^
[INFO] [stderr] 
[INFO] [stderr] warning: methods `http_base_url` and `request_count` are never used
[INFO] [stderr]    --> crates/cfrp-detector/tests/support/mock_server.rs:247:12
[INFO] [stderr]     |
[INFO] [stderr] 154 | impl MockCfServer {
[INFO] [stderr]     | ----------------- methods in this implementation
[INFO] [stderr] ...
[INFO] [stderr] 247 |     pub fn http_base_url(&self) -> String {
[INFO] [stderr]     |            ^^^^^^^^^^^^^
[INFO] [stderr] ...
[INFO] [stderr] 259 |     pub fn request_count(&self) -> usize {
[INFO] [stderr]     |            ^^^^^^^^^^^^^
[INFO] [stderr] 
[INFO] [stderr] warning: `cfrp-detector` (test "phase4") generated 3 warnings
[INFO] [stderr]     Finished `test` profile [unoptimized + debuginfo] target(s) in 0.53s
[INFO] [stderr]      Running unittests src/lib.rs (/opt/rustwide/target/debug/deps/cfrp_detector-b5bb83546b77132d)
[INFO] [stdout] 
[INFO] [stdout] running 183 tests
[INFO] [stdout] test cache::tests::rand_like_jitter_within_unit_range ... ok
[INFO] [stdout] test cache::tests::cache_config_clone ... ok
[INFO] [stdout] test cache::tests::chrono_like_date_format ... ok
[INFO] [stdout] test cache::tests::file_cache_new_constructs ... ok
[INFO] [stdout] test cache::tests::retries_exceeded_error_display ... ok
[INFO] [stdout] test cache::tests::should_retry_error_429_when_enabled ... ok
[INFO] [stdout] test cache::tests::cache_config_default_values ... ok
[INFO] [stdout] test cache::tests::file_cache_cleanup_does_not_panic_on_missing_dir ... ok
[INFO] [stdout] test cidr::tests::cidr_cloudflare_ranges_default_is_empty ... ok
[INFO] [stdout] test cidr::tests::cidr_ipnet_parse_single_host_v4 ... ok
[INFO] [stdout] test cidr::tests::cidr_ipnet_parse_valid_v4 ... ok
[INFO] [stdout] test cidr::tests::cidr_from_vec_ignores_invalid ... ok
[INFO] [stdout] test cidr::tests::cidr_ipnet_parse_rejects_invalid ... ok
[INFO] [stdout] test cidr::tests::cidr_ipnet_parse_zero_prefix_v4 ... ok
[INFO] [stdout] test cidr::tests::cidr_cloudflare_ranges_empty ... ok
[INFO] [stdout] test cidr::tests::cidr_ipnet_parse_zero_prefix_v6 ... ok
[INFO] [stdout] test cache::tests::should_retry_error_5xx ... ok
[INFO] [stdout] test cidr::tests::cidr_boundary_outside_prefix ... ok
[INFO] [stdout] test cidr::tests::cidr_boundary_broadcast_address ... ok
[INFO] [stdout] test cidr::tests::cidr_boundary_network_address ... ok
[INFO] [stdout] test cidr::tests::cidr_ipnet_parse_valid_v6 ... ok
[INFO] [stdout] test cidr::tests::cidr_membership_works_for_v4_and_v6 ... ok
[INFO] [stdout] test cidr::tests::cidr_v4_v6_cross_mismatch_returns_false ... ok
[INFO] [stdout] test connector::tests::build_http_request_get_root ... ok
[INFO] [stdout] test connector::tests::build_http_request_includes_extra_headers ... ok
[INFO] [stdout] test connector::tests::build_http_request_with_empty_path_becomes_slash ... ok
[INFO] [stdout] test connector::tests::build_rustls_client_config_succeeds_with_defaults ... ok
[INFO] [stdout] test connector::tests::connector_new_defaults ... ok
[INFO] [stdout] test connector::tests::decode_chunked_single_zero_chunk_ends ... ok
[INFO] [stdout] test connector::tests::decode_chunked_two_chunks ... ok
[INFO] [stdout] test connector::tests::pinned_client_config_default_values ... ok
[INFO] [stdout] test connector::tests::handshake_type_display_and_serde_roundtrip ... ok
[INFO] [stdout] test connector::tests::timing_default_all_none ... ok
[INFO] [stdout] test detector::tests::confidence_ordering_is_not_relied_on_but_variants_exist ... ok
[INFO] [stdout] test detector::tests::detect_batch_concurrency_clamps_to_max ... ok
[INFO] [stdout] test detector::tests::detection_result_confidence_reason_high ... ok
[INFO] [stdout] test detector::tests::detect_batch_concurrency_clamps_to_one ... ok
[INFO] [stdout] test detector::tests::detection_result_confidence_reason_medium ... ok
[INFO] [stdout] test detector::tests::detection_result_confidence_reason_low ... ok
[INFO] [stdout] test detector::tests::detection_result_confidence_reason_none ... ok
[INFO] [stdout] test detector::tests::detector_config_clone ... ok
[INFO] [stdout] test detector::tests::detector_config_default_values ... ok
[INFO] [stdout] test detector::tests::edge_info_partial_construction ... ok
[INFO] [stdout] test cidr::tests::prop_v4_24_boundary ... ok
[INFO] [stdout] test detector::tests::extract_colo_case_and_ws_insensitive ... ok
[INFO] [stdout] test detector::tests::extract_colo_missing_or_empty_returns_none ... ok
[INFO] [stdout] test detector::tests::extract_colo_happy_path ... ok
[INFO] [stdout] test cidr::tests::prop_v4_self_32_contains_self ... ok
[INFO] [stdout] test detector::tests::target_new_with_ipv4 ... ok
[INFO] [stdout] test error::tests::error_data_source_display ... ok
[INFO] [stdout] test cidr::tests::prop_v6_zero_prefix_contains_all_ips ... ok
[INFO] [stdout] test error::tests::error_from_io_error ... ok
[INFO] [stdout] test cidr::tests::prop_v4_zero_prefix_contains_all_ips ... ok
[INFO] [stdout] test cidr::tests::prop_v6_self_128_contains_self ... ok
[INFO] [stdout] test error::tests::error_invalid_port_display ... ok
[INFO] [stdout] test error::tests::error_from_json_error ... ok
[INFO] [stdout] test error::tests::error_http_display ... ok
[INFO] [stdout] test error::tests::error_invalid_ip_display ... ok
[INFO] [stdout] test governor::tests::fd_budget_saturates_to_1 ... ok
[INFO] [stdout] test governor::tests::fd_budget_respects_headroom ... ok
[INFO] [stdout] test governor::tests::governor_disabled_passes_user_through ... ok
[INFO] [stdout] test error::tests::result_type_alias_works ... ok
[INFO] [stdout] test error::tests::error_invalid_target_display ... ok
[INFO] [stdout] test governor::tests::governor_default_config_sane ... ok
[INFO] [stdout] test governor::tests::governor_throttles_on_fd_pressure ... ok
[INFO] [stdout] test governor::tests::mock_fd_counter_increments_and_decrements ... ok
[INFO] [stdout] test governor::tests::resource_error_does_not_classify_normal_error ... ok
[INFO] [stdout] test governor::tests::snapshot_defaults_are_all_off ... ok
[INFO] [stdout] test location::tests::cf_location_fields ... ok
[INFO] [stdout] test governor::tests::governor_throttles_on_resource_error_ratio ... ok
[INFO] [stdout] test governor::tests::resource_error_classify_emfile_like ... ok
[INFO] [stdout] test location::tests::location_store_empty_lookup_returns_none ... ok
[INFO] [stdout] test masscan::tests::asn_task_parse_line_invalid ... ok
[INFO] [stdout] test masscan::tests::asn_task_parse_line_tls_bool_aliases ... ok
[INFO] [stdout] test location::tests::location_store_lookup_case_insensitive ... ok
[INFO] [stdout] test masscan::tests::asn_task_parse_line_valid ... ok
[INFO] [stdout] test masscan::tests::check_masscan_available_existing_custom_path_returns_ok ... ok
[INFO] [stdout] test masscan::tests::check_masscan_available_when_installed_in_ci ... ok
[INFO] [stdout] test masscan::tests::clear_cache_missing_dirs_noop ... ok
[INFO] [stdout] test governor::tests::resource_kind_display_works ... ok
[INFO] [stdout] test location::tests::cf_location_serde_roundtrip ... ok
[INFO] [stdout] test masscan::tests::clear_cache_runs_idempotent_multiple_calls ... ok
[INFO] [stdout] test masscan::tests::masscan_config_default_values ... ok
[INFO] [stdout] test masscan::tests::open_port_struct ... ok
[INFO] [stdout] test masscan::tests::parse_ipip_asn_html_deduplicates ... ok
[INFO] [stdout] test masscan::tests::clear_cache_is_idempotent ... ok
[INFO] [stdout] test masscan::tests::parse_ipip_asn_html_extracts_cidrs_from_link_hrefs ... ok
[INFO] [stdout] test masscan::tests::parse_ipip_asn_html_rejects_ipv6_candidates ... ok
[INFO] [stdout] test masscan::tests::parse_ipip_asn_html_regex_fallback_works ... ok
[INFO] [stdout] test masscan::tests::parse_masscan_output_empty_or_comment_lines ... ok
[INFO] [stdout] test masscan::tests::list_interfaces_nonlinux_returns_default ... ok
[INFO] [stdout] test masscan::tests::parse_masscan_output_format ... ok
[INFO] [stdout] test masscan::tests::parse_masscan_output_malformed ... ok
[INFO] [stdout] test masscan::tests::read_asn_task_file_skips_comments_and_blanks ... ok
[INFO] [stdout] test masscan::tests::read_ip_list_file_skips_comments_and_blanks ... ok
[INFO] [stdout] test masscan::tests::regex_fallback_extracts_cidrs ... ok
[INFO] [stdout] test masscan::tests::regex_fallback_rejects_ipv6 ... ok
[INFO] [stdout] test masscan::tests::resolve_interface_reads_from_setting_file ... ok
[INFO] [stdout] test masscan::tests::resolve_masscan_cmd_custom_path_existing_is_used ... ok
[INFO] [stdout] test masscan::tests::resolve_masscan_cmd_custom_path_nonexistent_falls_back ... ok
[INFO] [stdout] test masscan::tests::resolve_interface_uses_explicit_config ... ok
[INFO] [stdout] test masscan::tests::resolve_masscan_cmd_prefers_local_relative_binary ... ok
[INFO] [stdout] test masscan::tests::save_interface_setting_creates_parent_dirs ... ok
[INFO] [stdout] test masscan::tests::resolve_masscan_cmd_falls_back_to_path_binary ... ok
[INFO] [stdout] test masscan::tests::save_interface_setting_writes_file ... ok
[INFO] [stdout] test masscan::tests::scan_mode_default_is_single_asn ... ok
[INFO] [stdout] test masscan::tests::scanner_new_stores_config ... ok
[INFO] [stdout] test masscan::tests::scan_pipeline_config_default_values ... ok
[INFO] [stdout] test masscan_pipeline::tests::build_output_filename_replaces_three_special_chars ... ok
[INFO] [stdout] test masscan_pipeline::tests::build_output_filename_safe_chars ... ok
[INFO] [stdout] test masscan_pipeline::tests::export_csv_row_defaults_when_result_none ... ok
[INFO] [stdout] test masscan_pipeline::tests::export_csv_row_owned_no_lifetime_trap ... ok
[INFO] [stdout] test masscan_pipeline::tests::export_csv_row_speed_prefers_explicit_over_edge_info ... ok
[INFO] [stdout] test masscan_pipeline::tests::guess_tls_by_port_arbitrary_ports_default_false ... ok
[INFO] [stdout] test masscan_pipeline::tests::guess_tls_by_port_common_https_ports ... ok
[INFO] [stdout] test masscan_pipeline::tests::guess_tls_by_port_common_plain_http_ports ... ok
[INFO] [stdout] test masscan_pipeline::tests::new_pipeline_stores_opts ... ok
[INFO] [stdout] test masscan_pipeline::tests::open_ports_to_targets_handles_zero_port ... ok
[INFO] [stdout] test masscan_pipeline::tests::open_ports_to_targets_maps_ip_and_port ... ok
[INFO] [stdout] test masscan_pipeline::tests::pipeline_asn_task_from_crate_asn_task ... ok
[INFO] [stdout] test masscan::tests::scanner_resolve_masscan_prefers_local_binary_setting ... ok
[INFO] [stdout] test masscan_pipeline::tests::pipeline_asn_task_from_impl_roundtrip ... ok
[INFO] [stdout] test masscan_pipeline::tests::pipeline_options_default_values ... ok
[INFO] [stdout] test masscan_pipeline::tests::pipeline_result_aggregate ... ok
[INFO] [stdout] test masscan_pipeline::tests::pipeline_result_and_output_fields ... ok
[INFO] [stdout] test masscan_pipeline::tests::write_csv_output_creates_file ... ok
[INFO] [stdout] test masscan_pipeline::tests::write_csv_output_creates_nested_parent_dirs ... ok
[INFO] [stdout] test masscan_pipeline::tests::write_csv_output_handles_edge_info ... ok
[INFO] [stdout] test masscan_pipeline::tests::write_csv_output_handles_error_results ... ok
[INFO] [stdout] test model::tests::batch_result_fields ... ok
[INFO] [stdout] test model::tests::batch_result_with_error ... ok
[INFO] [stdout] test model::tests::batch_target_construction ... ok
[INFO] [stdout] test masscan_pipeline::tests::pipeline_output_fields_serializable ... ok
[INFO] [stdout] test model::tests::confidence_equality ... ok
[INFO] [stdout] test model::tests::confidence_serde_uppercase ... ok
[INFO] [stdout] test model::tests::confidence_variants_exist ... ok
[INFO] [stdout] test model::tests::detection_result_default_values ... ok
[INFO] [stdout] test model::tests::edge_info_default_values ... ok
[INFO] [stdout] test model::tests::edge_info_with_fields ... ok
[INFO] [stdout] test model::tests::parse_target_does_not_panic_on_arbitrary_bytes ... ok
[INFO] [stdout] test model::tests::parse_target_happy_v4_with_port ... ok
[INFO] [stdout] test model::tests::parse_target_happy_v6_with_bracket ... ok
[INFO] [stdout] test model::tests::parse_target_rejects_garbage ... ok
[INFO] [stdout] test model::tests::prop_batch_target_serde_roundtrip ... ok
[INFO] [stdout] test model::tests::prop_target_ip_only_uses_default_port ... ok
[INFO] [stdout] test cidr::tests::prop_cidr_parse_does_not_panic ... ok
[INFO] [stdout] test model::tests::protocol_scheme_http ... ok
[INFO] [stdout] test model::tests::protocol_scheme_https ... ok
[INFO] [stdout] test masscan::tests::list_interfaces_linux_parses_proc_net_dev ... FAILED
[INFO] [stdout] test masscan::tests::resolve_interface_setting_file_empty_or_missing_falls_back ... FAILED
[INFO] [stdout] test model::tests::target_display_ipv4_plain ... ok
[INFO] [stdout] test model::tests::protocol_serde_lowercase ... ok
[INFO] [stdout] test model::tests::target_equality_and_hash ... ok
[INFO] [stdout] test model::tests::target_new_constructor ... ok
[INFO] [stdout] test model::tests::target_serde_roundtrip ... ok
[INFO] [stdout] test probe::tests::analyze_headers_cf_ray_header ... ok
[INFO] [stdout] test probe::tests::analyze_headers_no_cloudflare_traits ... ok
[INFO] [stdout] test probe::tests::analyze_headers_server_cloudflare ... ok
[INFO] [stdout] test probe::tests::analyze_headers_server_cloudflare_case_insensitive ... ok
[INFO] [stdout] test probe::tests::http_probe_struct_fields ... ok
[INFO] [stdout] test probe::tests::probe_config_clone ... ok
[INFO] [stdout] test probe::tests::probe_config_default_values ... ok
[INFO] [stdout] test probe::tests::probe_engine_new_constructs ... ok
[INFO] [stdout] test probe::tests::tls_probe_struct_fields ... ok
[INFO] [stdout] test model::tests::prop_target_roundtrip_v6 ... ok
[INFO] [stdout] test probe::tests::unique_snis_empty_domain_treated_as_none ... ok
[INFO] [stdout] test probe::tests::unique_snis_no_domain ... ok
[INFO] [stdout] test probe::tests::unique_snis_dedupes_when_custom_matches_default ... ok
[INFO] [stdout] test probe::tests::unique_snis_with_custom_domain ... ok
[INFO] [stdout] test speedtest::tests::speedtest_clamp_zero_elapsed_to_zero_bps ... ok
[INFO] [stdout] test probe::tests::analyze_headers_both_traits_collects_both_reasons ... ok
[INFO] [stdout] test speedtest::tests::speedtest_config_clone ... ok
[INFO] [stdout] test speedtest::tests::speedtest_bps_calculation_one_second ... ok
[INFO] [stdout] test speedtest::tests::speedtest_config_default_values ... ok
[INFO] [stdout] test speedtest::tests::speedtest_optional_fields_skipped_in_serde_json ... ok
[INFO] [stdout] test speedtest::tests::speedtest_result_struct_fields_all_optional_latencies ... ok
[INFO] [stdout] test model::tests::target_display_is_ipv6_safe ... ok
[INFO] [stdout] test speedtest::tests::speedtest_concurrency_min_is_one ... ok
[INFO] [stdout] test speedtest::tests::speedtest_result_with_timing_populates_latencies ... ok
[INFO] [stdout] test detector::tests::detector_with_data_sources_builds_struct ... ok
[INFO] [stdout] test model::tests::prop_target_roundtrip_v4 ... ok
[INFO] [stdout] test detector::tests::prop_extract_colo_uppercase_roundtrip ... ok
[INFO] [stdout] test detector::tests::prop_extract_colo_never_panics ... ok
[INFO] [stdout] 
[INFO] [stdout] failures:
[INFO] [stdout] 
[INFO] [stdout] ---- masscan::tests::list_interfaces_linux_parses_proc_net_dev stdout ----
[INFO] [stdout] 
[INFO] [stdout] thread 'masscan::tests::list_interfaces_linux_parses_proc_net_dev' (4477) panicked at crates/cfrp-detector/src/masscan.rs:915:9:
[INFO] [stdout] expected at least one network interface
[INFO] [stdout] stack backtrace:
[INFO] [stdout]    0:     0x650ec8959f21 - std[70759c8f55707aa4]::backtrace_rs::backtrace::libunwind::trace
[INFO] [stdout]                                at /rustc/dfb0accb7f508ae8be965d8629557221c889dd98/library/std/src/../../backtrace/src/backtrace/libunwind.rs:117:9
[INFO] [stdout]    1:     0x650ec8959f21 - std[70759c8f55707aa4]::backtrace_rs::backtrace::trace_unsynchronized::<std[70759c8f55707aa4]::sys::backtrace::_print_fmt::{closure#1}>
[INFO] [stdout]                                at /rustc/dfb0accb7f508ae8be965d8629557221c889dd98/library/std/src/../../backtrace/src/backtrace/mod.rs:66:14
[INFO] [stdout]    2:     0x650ec8959f21 - std[70759c8f55707aa4]::sys::backtrace::_print_fmt
[INFO] [stdout]                                at /rustc/dfb0accb7f508ae8be965d8629557221c889dd98/library/std/src/sys/backtrace.rs:74:9
[INFO] [stdout]    3:     0x650ec8959f21 - <<std[70759c8f55707aa4]::sys::backtrace::BacktraceLock>::print::DisplayBacktrace as core[df12db4294e9bfd3]::fmt::Display>::fmt
[INFO] [stdout]                                at /rustc/dfb0accb7f508ae8be965d8629557221c889dd98/library/std/src/sys/backtrace.rs:44:26
[INFO] [stdout]    4:     0x650ec89728fa - <core[df12db4294e9bfd3]::fmt::rt::Argument>::fmt
[INFO] [stdout]                                at /rustc/dfb0accb7f508ae8be965d8629557221c889dd98/library/core/src/fmt/rt.rs:152:76
[INFO] [stdout]    5:     0x650ec89728fa - core[df12db4294e9bfd3]::fmt::write
[INFO] [stdout]    6:     0x650ec895f17c - core[df12db4294e9bfd3]::io::write::default_write_fmt::<alloc[2182bb758b4b3781]::vec::Vec<u8>>
[INFO] [stdout]                                at /rustc/dfb0accb7f508ae8be965d8629557221c889dd98/library/core/src/io/write.rs:402:11
[INFO] [stdout]    7:     0x650ec895f17c - <alloc[2182bb758b4b3781]::vec::Vec<u8> as core[df12db4294e9bfd3]::io::write::Write>::write_fmt
[INFO] [stdout]                                at /rustc/dfb0accb7f508ae8be965d8629557221c889dd98/library/core/src/io/write.rs:335:13
[INFO] [stdout]    8:     0x650ec89321f6 - <std[70759c8f55707aa4]::sys::backtrace::BacktraceLock>::print
[INFO] [stdout]                                at /rustc/dfb0accb7f508ae8be965d8629557221c889dd98/library/std/src/sys/backtrace.rs:47:9
[INFO] [stdout]    9:     0x650ec89321f6 - std[70759c8f55707aa4]::panicking::default_hook::{closure#0}
[INFO] [stdout]                                at /rustc/dfb0accb7f508ae8be965d8629557221c889dd98/library/std/src/panicking.rs:292:27
[INFO] [stdout]   10:     0x650ec8950839 - std[70759c8f55707aa4]::panicking::default_hook
[INFO] [stdout]                                at /rustc/dfb0accb7f508ae8be965d8629557221c889dd98/library/std/src/panicking.rs:316:9
[INFO] [stdout]   11:     0x650ec81fab90 - <alloc[2182bb758b4b3781]::boxed::Box<dyn for<'a, 'b> core[df12db4294e9bfd3]::ops::function::Fn<(&'a std[70759c8f55707aa4]::panic::PanicHookInfo<'b>,), Output = ()> + core[df12db4294e9bfd3]::marker::Send + core[df12db4294e9bfd3]::marker::Sync> as core[df12db4294e9bfd3]::ops::function::Fn<(&std[70759c8f55707aa4]::panic::PanicHookInfo,)>>::call
[INFO] [stdout]                                at /rustc/dfb0accb7f508ae8be965d8629557221c889dd98/library/alloc/src/boxed.rs:2334:9
[INFO] [stdout]   12:     0x650ec81fab90 - test[9d35eded1c95d3be]::test_main_inner::<test[9d35eded1c95d3be]::test_main_static::{closure#0}>::{closure#0}
[INFO] [stdout]                                at /rustc/dfb0accb7f508ae8be965d8629557221c889dd98/library/test/src/lib.rs:155:21
[INFO] [stdout]   13:     0x650ec8950b62 - <alloc[2182bb758b4b3781]::boxed::Box<dyn for<'a, 'b> core[df12db4294e9bfd3]::ops::function::Fn<(&'a std[70759c8f55707aa4]::panic::PanicHookInfo<'b>,), Output = ()> + core[df12db4294e9bfd3]::marker::Send + core[df12db4294e9bfd3]::marker::Sync> as core[df12db4294e9bfd3]::ops::function::Fn<(&std[70759c8f55707aa4]::panic::PanicHookInfo,)>>::call
[INFO] [stdout]                                at /rustc/dfb0accb7f508ae8be965d8629557221c889dd98/library/alloc/src/boxed.rs:2334:9
[INFO] [stdout]   14:     0x650ec8950b62 - std[70759c8f55707aa4]::panicking::panic_with_hook
[INFO] [stdout]                                at /rustc/dfb0accb7f508ae8be965d8629557221c889dd98/library/std/src/panicking.rs:823:13
[INFO] [stdout]   15:     0x650ec89322d4 - std[70759c8f55707aa4]::panicking::panic_handler::{closure#0}
[INFO] [stdout]                                at /rustc/dfb0accb7f508ae8be965d8629557221c889dd98/library/std/src/panicking.rs:681:13
[INFO] [stdout]   16:     0x650ec892abf9 - std[70759c8f55707aa4]::sys::backtrace::__rust_end_short_backtrace::<std[70759c8f55707aa4]::panicking::panic_handler::{closure#0}, !>
[INFO] [stdout]                                at /rustc/dfb0accb7f508ae8be965d8629557221c889dd98/library/std/src/sys/backtrace.rs:182:18
[INFO] [stdout]   17:     0x650ec893314d - __rustc[8fa7c3cbc660c2b3]::rust_begin_unwind
[INFO] [stdout]                                at /rustc/dfb0accb7f508ae8be965d8629557221c889dd98/library/std/src/panicking.rs:679:5
[INFO] [stdout]   18:     0x650ec89731cc - core[df12db4294e9bfd3]::panicking::panic_fmt
[INFO] [stdout]                                at /rustc/dfb0accb7f508ae8be965d8629557221c889dd98/library/core/src/panicking.rs:80:14
[INFO] [stdout]   19:     0x650ec81b4f7d - cfrp_detector[30f6b697e562a2f1]::masscan::tests::list_interfaces_linux_parses_proc_net_dev
[INFO] [stdout]                                at /opt/rustwide/workdir/crates/cfrp-detector/src/masscan.rs:915:9
[INFO] [stdout]   20:     0x650ec81ac8e7 - cfrp_detector[30f6b697e562a2f1]::masscan::tests::list_interfaces_linux_parses_proc_net_dev::{closure#0}
[INFO] [stdout]                                at /opt/rustwide/workdir/crates/cfrp-detector/src/masscan.rs:913:51
[INFO] [stdout]   21:     0x650ec81ab416 - <cfrp_detector[30f6b697e562a2f1]::masscan::tests::list_interfaces_linux_parses_proc_net_dev::{closure#0} as core[df12db4294e9bfd3]::ops::function::FnOnce<()>>::call_once
[INFO] [stdout]                                at /rustc/dfb0accb7f508ae8be965d8629557221c889dd98/library/core/src/ops/function.rs:250:5
[INFO] [stdout]   22:     0x650ec81ede7b - <fn() -> core[df12db4294e9bfd3]::result::Result<(), alloc[2182bb758b4b3781]::string::String> as core[df12db4294e9bfd3]::ops::function::FnOnce<()>>::call_once
[INFO] [stdout]                                at /rustc/dfb0accb7f508ae8be965d8629557221c889dd98/library/core/src/ops/function.rs:250:5
[INFO] [stdout]   23:     0x650ec81ede7b - test[9d35eded1c95d3be]::__rust_begin_short_backtrace::<core[df12db4294e9bfd3]::result::Result<(), alloc[2182bb758b4b3781]::string::String>, fn() -> core[df12db4294e9bfd3]::result::Result<(), alloc[2182bb758b4b3781]::string::String>>
[INFO] [stdout]                                at /rustc/dfb0accb7f508ae8be965d8629557221c889dd98/library/test/src/lib.rs:733:18
[INFO] [stdout]   24:     0x650ec81fb4e5 - test[9d35eded1c95d3be]::run_test_in_process::{closure#0}
[INFO] [stdout]                                at /rustc/dfb0accb7f508ae8be965d8629557221c889dd98/library/test/src/lib.rs:756:74
[INFO] [stdout]   25:     0x650ec81fb4e5 - <core[df12db4294e9bfd3]::panic::unwind_safe::AssertUnwindSafe<test[9d35eded1c95d3be]::run_test_in_process::{closure#0}> as core[df12db4294e9bfd3]::ops::function::FnOnce<()>>::call_once
[INFO] [stdout]                                at /rustc/dfb0accb7f508ae8be965d8629557221c889dd98/library/core/src/panic/unwind_safe.rs:275:9
[INFO] [stdout]   26:     0x650ec81fb4e5 - std[70759c8f55707aa4]::panicking::catch_unwind::do_call::<core[df12db4294e9bfd3]::panic::unwind_safe::AssertUnwindSafe<test[9d35eded1c95d3be]::run_test_in_process::{closure#0}>, core[df12db4294e9bfd3]::result::Result<(), alloc[2182bb758b4b3781]::string::String>>
[INFO] [stdout]                                at /rustc/dfb0accb7f508ae8be965d8629557221c889dd98/library/std/src/panicking.rs:576:43
[INFO] [stdout]   27:     0x650ec81fb4e5 - std[70759c8f55707aa4]::panicking::catch_unwind::<core[df12db4294e9bfd3]::result::Result<(), alloc[2182bb758b4b3781]::string::String>, core[df12db4294e9bfd3]::panic::unwind_safe::AssertUnwindSafe<test[9d35eded1c95d3be]::run_test_in_process::{closure#0}>>
[INFO] [stdout]                                at /rustc/dfb0accb7f508ae8be965d8629557221c889dd98/library/std/src/panicking.rs:544:19
[INFO] [stdout]   28:     0x650ec81fb4e5 - std[70759c8f55707aa4]::panic::catch_unwind::<core[df12db4294e9bfd3]::panic::unwind_safe::AssertUnwindSafe<test[9d35eded1c95d3be]::run_test_in_process::{closure#0}>, core[df12db4294e9bfd3]::result::Result<(), alloc[2182bb758b4b3781]::string::String>>
[INFO] [stdout]                                at /rustc/dfb0accb7f508ae8be965d8629557221c889dd98/library/std/src/panic.rs:359:14
[INFO] [stdout]   29:     0x650ec81fb4e5 - test[9d35eded1c95d3be]::run_test_in_process
[INFO] [stdout]                                at /rustc/dfb0accb7f508ae8be965d8629557221c889dd98/library/test/src/lib.rs:756:27
[INFO] [stdout]   30:     0x650ec81fb4e5 - test[9d35eded1c95d3be]::run_test::{closure#0}
[INFO] [stdout]                                at /rustc/dfb0accb7f508ae8be965d8629557221c889dd98/library/test/src/lib.rs:677:43
[INFO] [stdout]   31:     0x650ec81f4da4 - test[9d35eded1c95d3be]::run_test::{closure#1}
[INFO] [stdout]                                at /rustc/dfb0accb7f508ae8be965d8629557221c889dd98/library/test/src/lib.rs:707:41
[INFO] [stdout]   32:     0x650ec81f4da4 - std[70759c8f55707aa4]::sys::backtrace::__rust_begin_short_backtrace::<test[9d35eded1c95d3be]::run_test::{closure#1}, ()>
[INFO] [stdout]                                at /rustc/dfb0accb7f508ae8be965d8629557221c889dd98/library/std/src/sys/backtrace.rs:166:18
[INFO] [stdout]   33:     0x650ec81fe642 - std[70759c8f55707aa4]::thread::lifecycle::spawn_unchecked::<test[9d35eded1c95d3be]::run_test::{closure#1}, ()>::{closure#1}::{closure#0}
[INFO] [stdout]                                at /rustc/dfb0accb7f508ae8be965d8629557221c889dd98/library/std/src/thread/lifecycle.rs:70:13
[INFO] [stdout]   34:     0x650ec81fe642 - <core[df12db4294e9bfd3]::panic::unwind_safe::AssertUnwindSafe<std[70759c8f55707aa4]::thread::lifecycle::spawn_unchecked<test[9d35eded1c95d3be]::run_test::{closure#1}, ()>::{closure#1}::{closure#0}> as core[df12db4294e9bfd3]::ops::function::FnOnce<()>>::call_once
[INFO] [stdout]                                at /rustc/dfb0accb7f508ae8be965d8629557221c889dd98/library/core/src/panic/unwind_safe.rs:275:9
[INFO] [stdout]   35:     0x650ec81fe642 - std[70759c8f55707aa4]::panicking::catch_unwind::do_call::<core[df12db4294e9bfd3]::panic::unwind_safe::AssertUnwindSafe<std[70759c8f55707aa4]::thread::lifecycle::spawn_unchecked<test[9d35eded1c95d3be]::run_test::{closure#1}, ()>::{closure#1}::{closure#0}>, ()>
[INFO] [stdout]                                at /rustc/dfb0accb7f508ae8be965d8629557221c889dd98/library/std/src/panicking.rs:576:43
[INFO] [stdout]   36:     0x650ec81fe642 - std[70759c8f55707aa4]::panicking::catch_unwind::<(), core[df12db4294e9bfd3]::panic::unwind_safe::AssertUnwindSafe<std[70759c8f55707aa4]::thread::lifecycle::spawn_unchecked<test[9d35eded1c95d3be]::run_test::{closure#1}, ()>::{closure#1}::{closure#0}>>
[INFO] [stdout]                                at /rustc/dfb0accb7f508ae8be965d8629557221c889dd98/library/std/src/panicking.rs:544:19
[INFO] [stdout]   37:     0x650ec81fe642 - std[70759c8f55707aa4]::panic::catch_unwind::<core[df12db4294e9bfd3]::panic::unwind_safe::AssertUnwindSafe<std[70759c8f55707aa4]::thread::lifecycle::spawn_unchecked<test[9d35eded1c95d3be]::run_test::{closure#1}, ()>::{closure#1}::{closure#0}>, ()>
[INFO] [stdout]                                at /rustc/dfb0accb7f508ae8be965d8629557221c889dd98/library/std/src/panic.rs:359:14
[INFO] [stdout]   38:     0x650ec81fe642 - std[70759c8f55707aa4]::thread::lifecycle::spawn_unchecked::<test[9d35eded1c95d3be]::run_test::{closure#1}, ()>::{closure#1}
[INFO] [stdout]                                at /rustc/dfb0accb7f508ae8be965d8629557221c889dd98/library/std/src/thread/lifecycle.rs:68:26
[INFO] [stdout]   39:     0x650ec81fe642 - <std[70759c8f55707aa4]::thread::lifecycle::spawn_unchecked<test[9d35eded1c95d3be]::run_test::{closure#1}, ()>::{closure#1} as core[df12db4294e9bfd3]::ops::function::FnOnce<()>>::call_once::{shim:vtable#0}
[INFO] [stdout]                                at /rustc/dfb0accb7f508ae8be965d8629557221c889dd98/library/core/src/ops/function.rs:250:5
[INFO] [stdout]   40:     0x650ec8958ee9 - <alloc[2182bb758b4b3781]::boxed::Box<dyn core[df12db4294e9bfd3]::ops::function::FnOnce<(), Output = ()> + core[df12db4294e9bfd3]::marker::Send> as core[df12db4294e9bfd3]::ops::function::FnOnce<()>>::call_once
[INFO] [stdout]                                at /rustc/dfb0accb7f508ae8be965d8629557221c889dd98/library/alloc/src/boxed.rs:2320:9
[INFO] [stdout]   41:     0x650ec8958ee9 - <std[70759c8f55707aa4]::sys::thread::unix::Thread>::new::thread_start
[INFO] [stdout]                                at /rustc/dfb0accb7f508ae8be965d8629557221c889dd98/library/std/src/sys/thread/unix.rs:123:17
[INFO] [stdout]   42:     0x72366ffe4dfa - <unknown>
[INFO] [stdout]   43:     0x7236700783d4 - clone
[INFO] [stdout]   44:                0x0 - <unknown>
[INFO] [stdout] 
[INFO] [stdout] ---- masscan::tests::resolve_interface_setting_file_empty_or_missing_falls_back stdout ----
[INFO] [stdout] 
[INFO] [stdout] thread 'masscan::tests::resolve_interface_setting_file_empty_or_missing_falls_back' (4493) panicked at crates/cfrp-detector/src/masscan.rs:881:18:
[INFO] [stdout] list_interfaces 返回 0 个网卡, 不符合任何预期分支
[INFO] [stdout] stack backtrace:
[INFO] [stdout]    0:     0x650ec8959f21 - std[70759c8f55707aa4]::backtrace_rs::backtrace::libunwind::trace
[INFO] [stdout]                                at /rustc/dfb0accb7f508ae8be965d8629557221c889dd98/library/std/src/../../backtrace/src/backtrace/libunwind.rs:117:9
[INFO] [stdout]    1:     0x650ec8959f21 - std[70759c8f55707aa4]::backtrace_rs::backtrace::trace_unsynchronized::<std[70759c8f55707aa4]::sys::backtrace::_print_fmt::{closure#1}>
[INFO] [stdout]                                at /rustc/dfb0accb7f508ae8be965d8629557221c889dd98/library/std/src/../../backtrace/src/backtrace/mod.rs:66:14
[INFO] [stdout]    2:     0x650ec8959f21 - std[70759c8f55707aa4]::sys::backtrace::_print_fmt
[INFO] [stdout]                                at /rustc/dfb0accb7f508ae8be965d8629557221c889dd98/library/std/src/sys/backtrace.rs:74:9
[INFO] [stdout]    3:     0x650ec8959f21 - <<std[70759c8f55707aa4]::sys::backtrace::BacktraceLock>::print::DisplayBacktrace as core[df12db4294e9bfd3]::fmt::Display>::fmt
[INFO] [stdout]                                at /rustc/dfb0accb7f508ae8be965d8629557221c889dd98/library/std/src/sys/backtrace.rs:44:26
[INFO] [stdout]    4:     0x650ec89728fa - <core[df12db4294e9bfd3]::fmt::rt::Argument>::fmt
[INFO] [stdout]                                at /rustc/dfb0accb7f508ae8be965d8629557221c889dd98/library/core/src/fmt/rt.rs:152:76
[INFO] [stdout]    5:     0x650ec89728fa - core[df12db4294e9bfd3]::fmt::write
[INFO] [stdout]    6:     0x650ec895f17c - core[df12db4294e9bfd3]::io::write::default_write_fmt::<alloc[2182bb758b4b3781]::vec::Vec<u8>>
[INFO] [stdout]                                at /rustc/dfb0accb7f508ae8be965d8629557221c889dd98/library/core/src/io/write.rs:402:11
[INFO] [stdout]    7:     0x650ec895f17c - <alloc[2182bb758b4b3781]::vec::Vec<u8> as core[df12db4294e9bfd3]::io::write::Write>::write_fmt
[INFO] [stdout]                                at /rustc/dfb0accb7f508ae8be965d8629557221c889dd98/library/core/src/io/write.rs:335:13
[INFO] [stdout]    8:     0x650ec89321f6 - <std[70759c8f55707aa4]::sys::backtrace::BacktraceLock>::print
[INFO] [stdout]                                at /rustc/dfb0accb7f508ae8be965d8629557221c889dd98/library/std/src/sys/backtrace.rs:47:9
[INFO] [stdout]    9:     0x650ec89321f6 - std[70759c8f55707aa4]::panicking::default_hook::{closure#0}
[INFO] [stdout]                                at /rustc/dfb0accb7f508ae8be965d8629557221c889dd98/library/std/src/panicking.rs:292:27
[INFO] [stdout]   10:     0x650ec8950839 - std[70759c8f55707aa4]::panicking::default_hook
[INFO] [stdout]                                at /rustc/dfb0accb7f508ae8be965d8629557221c889dd98/library/std/src/panicking.rs:316:9
[INFO] [stdout]   11:     0x650ec81fab90 - <alloc[2182bb758b4b3781]::boxed::Box<dyn for<'a, 'b> core[df12db4294e9bfd3]::ops::function::Fn<(&'a std[70759c8f55707aa4]::panic::PanicHookInfo<'b>,), Output = ()> + core[df12db4294e9bfd3]::marker::Send + core[df12db4294e9bfd3]::marker::Sync> as core[df12db4294e9bfd3]::ops::function::Fn<(&std[70759c8f55707aa4]::panic::PanicHookInfo,)>>::call
[INFO] [stdout]                                at /rustc/dfb0accb7f508ae8be965d8629557221c889dd98/library/alloc/src/boxed.rs:2334:9
[INFO] [stdout]   12:     0x650ec81fab90 - test[9d35eded1c95d3be]::test_main_inner::<test[9d35eded1c95d3be]::test_main_static::{closure#0}>::{closure#0}
[INFO] [stdout]                                at /rustc/dfb0accb7f508ae8be965d8629557221c889dd98/library/test/src/lib.rs:155:21
[INFO] [stdout]   13:     0x650ec8950b62 - <alloc[2182bb758b4b3781]::boxed::Box<dyn for<'a, 'b> core[df12db4294e9bfd3]::ops::function::Fn<(&'a std[70759c8f55707aa4]::panic::PanicHookInfo<'b>,), Output = ()> + core[df12db4294e9bfd3]::marker::Send + core[df12db4294e9bfd3]::marker::Sync> as core[df12db4294e9bfd3]::ops::function::Fn<(&std[70759c8f55707aa4]::panic::PanicHookInfo,)>>::call
[INFO] [stdout]                                at /rustc/dfb0accb7f508ae8be965d8629557221c889dd98/library/alloc/src/boxed.rs:2334:9
[INFO] [stdout]   14:     0x650ec8950b62 - std[70759c8f55707aa4]::panicking::panic_with_hook
[INFO] [stdout]                                at /rustc/dfb0accb7f508ae8be965d8629557221c889dd98/library/std/src/panicking.rs:823:13
[INFO] [stdout]   15:     0x650ec89322d4 - std[70759c8f55707aa4]::panicking::panic_handler::{closure#0}
[INFO] [stdout]                                at /rustc/dfb0accb7f508ae8be965d8629557221c889dd98/library/std/src/panicking.rs:681:13
[INFO] [stdout]   16:     0x650ec892abf9 - std[70759c8f55707aa4]::sys::backtrace::__rust_end_short_backtrace::<std[70759c8f55707aa4]::panicking::panic_handler::{closure#0}, !>
[INFO] [stdout]                                at /rustc/dfb0accb7f508ae8be965d8629557221c889dd98/library/std/src/sys/backtrace.rs:182:18
[INFO] [stdout]   17:     0x650ec893314d - __rustc[8fa7c3cbc660c2b3]::rust_begin_unwind
[INFO] [stdout]                                at /rustc/dfb0accb7f508ae8be965d8629557221c889dd98/library/std/src/panicking.rs:679:5
[INFO] [stdout]   18:     0x650ec89731cc - core[df12db4294e9bfd3]::panicking::panic_fmt
[INFO] [stdout]                                at /rustc/dfb0accb7f508ae8be965d8629557221c889dd98/library/core/src/panicking.rs:80:14
[INFO] [stdout]   19:     0x650ec81ba233 - cfrp_detector[30f6b697e562a2f1]::masscan::tests::resolve_interface_setting_file_empty_or_missing_falls_back
[INFO] [stdout]                                at /opt/rustwide/workdir/crates/cfrp-detector/src/masscan.rs:881:18
[INFO] [stdout]   20:     0x650ec81acbe7 - cfrp_detector[30f6b697e562a2f1]::masscan::tests::resolve_interface_setting_file_empty_or_missing_falls_back::{closure#0}
[INFO] [stdout]                                at /opt/rustwide/workdir/crates/cfrp-detector/src/masscan.rs:867:68
[INFO] [stdout]   21:     0x650ec81ab616 - <cfrp_detector[30f6b697e562a2f1]::masscan::tests::resolve_interface_setting_file_empty_or_missing_falls_back::{closure#0} as core[df12db4294e9bfd3]::ops::function::FnOnce<()>>::call_once
[INFO] [stdout]                                at /rustc/dfb0accb7f508ae8be965d8629557221c889dd98/library/core/src/ops/function.rs:250:5
[INFO] [stdout]   22:     0x650ec81ede7b - <fn() -> core[df12db4294e9bfd3]::result::Result<(), alloc[2182bb758b4b3781]::string::String> as core[df12db4294e9bfd3]::ops::function::FnOnce<()>>::call_once
[INFO] [stdout]                                at /rustc/dfb0accb7f508ae8be965d8629557221c889dd98/library/core/src/ops/function.rs:250:5
[INFO] [stdout]   23:     0x650ec81ede7b - test[9d35eded1c95d3be]::__rust_begin_short_backtrace::<core[df12db4294e9bfd3]::result::Result<(), alloc[2182bb758b4b3781]::string::String>, fn() -> core[df12db4294e9bfd3]::result::Result<(), alloc[2182bb758b4b3781]::string::String>>
[INFO] [stdout]                                at /rustc/dfb0accb7f508ae8be965d8629557221c889dd98/library/test/src/lib.rs:733:18
[INFO] [stdout]   24:     0x650ec81fb4e5 - test[9d35eded1c95d3be]::run_test_in_process::{closure#0}
[INFO] [stdout]                                at /rustc/dfb0accb7f508ae8be965d8629557221c889dd98/library/test/src/lib.rs:756:74
[INFO] [stdout]   25:     0x650ec81fb4e5 - <core[df12db4294e9bfd3]::panic::unwind_safe::AssertUnwindSafe<test[9d35eded1c95d3be]::run_test_in_process::{closure#0}> as core[df12db4294e9bfd3]::ops::function::FnOnce<()>>::call_once
[INFO] [stdout]                                at /rustc/dfb0accb7f508ae8be965d8629557221c889dd98/library/core/src/panic/unwind_safe.rs:275:9
[INFO] [stdout]   26:     0x650ec81fb4e5 - std[70759c8f55707aa4]::panicking::catch_unwind::do_call::<core[df12db4294e9bfd3]::panic::unwind_safe::AssertUnwindSafe<test[9d35eded1c95d3be]::run_test_in_process::{closure#0}>, core[df12db4294e9bfd3]::result::Result<(), alloc[2182bb758b4b3781]::string::String>>
[INFO] [stdout]                                at /rustc/dfb0accb7f508ae8be965d8629557221c889dd98/library/std/src/panicking.rs:576:43
[INFO] [stdout]   27:     0x650ec81fb4e5 - std[70759c8f55707aa4]::panicking::catch_unwind::<core[df12db4294e9bfd3]::result::Result<(), alloc[2182bb758b4b3781]::string::String>, core[df12db4294e9bfd3]::panic::unwind_safe::AssertUnwindSafe<test[9d35eded1c95d3be]::run_test_in_process::{closure#0}>>
[INFO] [stdout]                                at /rustc/dfb0accb7f508ae8be965d8629557221c889dd98/library/std/src/panicking.rs:544:19
[INFO] [stdout]   28:     0x650ec81fb4e5 - std[70759c8f55707aa4]::panic::catch_unwind::<core[df12db4294e9bfd3]::panic::unwind_safe::AssertUnwindSafe<test[9d35eded1c95d3be]::run_test_in_process::{closure#0}>, core[df12db4294e9bfd3]::result::Result<(), alloc[2182bb758b4b3781]::string::String>>
[INFO] [stdout]                                at /rustc/dfb0accb7f508ae8be965d8629557221c889dd98/library/std/src/panic.rs:359:14
[INFO] [stdout]   29:     0x650ec81fb4e5 - test[9d35eded1c95d3be]::run_test_in_process
[INFO] [stdout]                                at /rustc/dfb0accb7f508ae8be965d8629557221c889dd98/library/test/src/lib.rs:756:27
[INFO] [stdout]   30:     0x650ec81fb4e5 - test[9d35eded1c95d3be]::run_test::{closure#0}
[INFO] [stdout]                                at /rustc/dfb0accb7f508ae8be965d8629557221c889dd98/library/test/src/lib.rs:677:43
[INFO] [stdout]   31:     0x650ec81f4da4 - test[9d35eded1c95d3be]::run_test::{closure#1}
[INFO] [stdout]                                at /rustc/dfb0accb7f508ae8be965d8629557221c889dd98/library/test/src/lib.rs:707:41
[INFO] [stdout]   32:     0x650ec81f4da4 - std[70759c8f55707aa4]::sys::backtrace::__rust_begin_short_backtrace::<test[9d35eded1c95d3be]::run_test::{closure#1}, ()>
[INFO] [stdout]                                at /rustc/dfb0accb7f508ae8be965d8629557221c889dd98/library/std/src/sys/backtrace.rs:166:18
[INFO] [stdout]   33:     0x650ec81fe642 - std[70759c8f55707aa4]::thread::lifecycle::spawn_unchecked::<test[9d35eded1c95d3be]::run_test::{closure#1}, ()>::{closure#1}::{closure#0}
[INFO] [stdout]                                at /rustc/dfb0accb7f508ae8be965d8629557221c889dd98/library/std/src/thread/lifecycle.rs:70:13
[INFO] [stdout]   34:     0x650ec81fe642 - <core[df12db4294e9bfd3]::panic::unwind_safe::AssertUnwindSafe<std[70759c8f55707aa4]::thread::lifecycle::spawn_unchecked<test[9d35eded1c95d3be]::run_test::{closure#1}, ()>::{closure#1}::{closure#0}> as core[df12db4294e9bfd3]::ops::function::FnOnce<()>>::call_once
[INFO] [stdout]                                at /rustc/dfb0accb7f508ae8be965d8629557221c889dd98/library/core/src/panic/unwind_safe.rs:275:9
[INFO] [stdout]   35:     0x650ec81fe642 - std[70759c8f55707aa4]::panicking::catch_unwind::do_call::<core[df12db4294e9bfd3]::panic::unwind_safe::AssertUnwindSafe<std[70759c8f55707aa4]::thread::lifecycle::spawn_unchecked<test[9d35eded1c95d3be]::run_test::{closure#1}, ()>::{closure#1}::{closure#0}>, ()>
[INFO] [stdout]                                at /rustc/dfb0accb7f508ae8be965d8629557221c889dd98/library/std/src/panicking.rs:576:43
[INFO] [stdout]   36:     0x650ec81fe642 - std[70759c8f55707aa4]::panicking::catch_unwind::<(), core[df12db4294e9bfd3]::panic::unwind_safe::AssertUnwindSafe<std[70759c8f55707aa4]::thread::lifecycle::spawn_unchecked<test[9d35eded1c95d3be]::run_test::{closure#1}, ()>::{closure#1}::{closure#0}>>
[INFO] [stdout]                                at /rustc/dfb0accb7f508ae8be965d8629557221c889dd98/library/std/src/panicking.rs:544:19
[INFO] [stdout]   37:     0x650ec81fe642 - std[70759c8f55707aa4]::panic::catch_unwind::<core[df12db4294e9bfd3]::panic::unwind_safe::AssertUnwindSafe<std[70759c8f55707aa4]::thread::lifecycle::spawn_unchecked<test[9d35eded1c95d3be]::run_test::{closure#1}, ()>::{closure#1}::{closure#0}>, ()>
[INFO] [stdout]                                at /rustc/dfb0accb7f508ae8be965d8629557221c889dd98/library/std/src/panic.rs:359:14
[INFO] [stdout]   38:     0x650ec81fe642 - std[70759c8f55707aa4]::thread::lifecycle::spawn_unchecked::<test[9d35eded1c95d3be]::run_test::{closure#1}, ()>::{closure#1}
[INFO] [stdout]                                at /rustc/dfb0accb7f508ae8be965d8629557221c889dd98/library/std/src/thread/lifecycle.rs:68:26
[INFO] [stdout]   39:     0x650ec81fe642 - <std[70759c8f55707aa4]::thread::lifecycle::spawn_unchecked<test[9d35eded1c95d3be]::run_test::{closure#1}, ()>::{closure#1} as core[df12db4294e9bfd3]::ops::function::FnOnce<()>>::call_once::{shim:vtable#0}
[INFO] [stdout]                                at /rustc/dfb0accb7f508ae8be965d8629557221c889dd98/library/core/src/ops/function.rs:250:5
[INFO] [stdout]   40:     0x650ec8958ee9 - <alloc[2182bb758b4b3781]::boxed::Box<dyn core[df12db4294e9bfd3]::ops::function::FnOnce<(), Output = ()> + core[df12db4294e9bfd3]::marker::Send> as core[df12db4294e9bfd3]::ops::function::FnOnce<()>>::call_once
[INFO] [stdout]                                at /rustc/dfb0accb7f508ae8be965d8629557221c889dd98/library/alloc/src/boxed.rs:2320:9
[INFO] [stdout]   41:     0x650ec8958ee9 - <std[70759c8f55707aa4]::sys::thread::unix::Thread>::new::thread_start
[INFO] [stdout]                                at /rustc/dfb0accb7f508ae8be965d8629557221c889dd98/library/std/src/sys/thread/unix.rs:123:17
[INFO] [stdout]   42:     0x72366ffe4dfa - <unknown>
[INFO] [stdout]   43:     0x7236700783d4 - clone
[INFO] [stdout]   44:                0x0 - <unknown>
[INFO] [stdout] 
[INFO] [stdout] 
[INFO] [stdout] failures:
[INFO] [stdout]     masscan::tests::list_interfaces_linux_parses_proc_net_dev
[INFO] [stdout]     masscan::tests::resolve_interface_setting_file_empty_or_missing_falls_back
[INFO] [stdout] 
[INFO] [stdout] test result: FAILED. 181 passed; 2 failed; 0 ignored; 0 measured; 0 filtered out; finished in 0.97s
[INFO] [stdout] 
[INFO] [stderr] error: test failed, to rerun pass `-p cfrp-detector --lib`
[INFO] running `Command { std: "docker" "inspect" "fb94a0bda8b49964ae7b1ac7e18b33c4ca9de7a456688c020de751eaf00a8005", kill_on_drop: false }`
[INFO] running `Command { std: "docker" "rm" "-f" "fb94a0bda8b49964ae7b1ac7e18b33c4ca9de7a456688c020de751eaf00a8005", kill_on_drop: false }`
[INFO] [stdout] fb94a0bda8b49964ae7b1ac7e18b33c4ca9de7a456688c020de751eaf00a8005
