[INFO] cloning repository https://github.com/eunhhu/miol
[INFO] running `Command { std: "git" "-c" "credential.helper=" "-c" "credential.helper=/workspace/cargo-home/bin/git-credential-null" "clone" "--bare" "https://github.com/eunhhu/miol" "/workspace/cache/git-repos/https%3A%2F%2Fgithub.com%2Feunhhu%2Fmiol", kill_on_drop: false }`
[INFO] [stderr] Cloning into bare repository '/workspace/cache/git-repos/https%3A%2F%2Fgithub.com%2Feunhhu%2Fmiol'...
[INFO] running `Command { std: "git" "rev-parse" "HEAD", kill_on_drop: false }`
[INFO] [stdout] 0a99bb51032f5589c52a017b255d45346bba2e0e
[INFO] testing eunhhu/miol against 1.100.0-beta.1 for beta-1.100-2
[INFO] running `Command { std: "git" "clone" "/workspace/cache/git-repos/https%3A%2F%2Fgithub.com%2Feunhhu%2Fmiol" "/workspace/builds/worker-1-tc2/source", kill_on_drop: false }`
[INFO] [stderr] Cloning into '/workspace/builds/worker-1-tc2/source'...
[INFO] [stderr] done.
[INFO] removed /workspace/builds/worker-1-tc2/source/.cargo/config.toml
[INFO] removed /workspace/builds/worker-1-tc2/source/rust-toolchain.toml
[INFO] started tweaking git repo https://github.com/eunhhu/miol
[INFO] finished tweaking git repo https://github.com/eunhhu/miol
[INFO] tweaked toml for git repo https://github.com/eunhhu/miol written to /workspace/builds/worker-1-tc2/source/Cargo.toml
[INFO] validating manifest of git repo https://github.com/eunhhu/miol on toolchain 1.100.0-beta.1
[INFO] running `Command { std: CARGO_HOME="/workspace/cargo-home" RUSTUP_HOME="/workspace/rustup-home" "/workspace/cargo-home/bin/cargo" "+1.100.0-beta.1" "metadata" "--manifest-path" "Cargo.toml" "--no-deps", kill_on_drop: false }`
[INFO] crate git repo https://github.com/eunhhu/miol already has a lockfile, it will not be regenerated
[INFO] running `Command { std: CARGO_HOME="/workspace/cargo-home" RUSTUP_HOME="/workspace/rustup-home" "/workspace/cargo-home/bin/cargo" "+1.100.0-beta.1" "fetch" "--manifest-path" "Cargo.toml", kill_on_drop: false }`
[INFO] [stderr] warning: unused workspace dependency `orv-cli`
[INFO] [stderr]   --> Cargo.toml:32:25
[INFO] [stderr]    |
[INFO] [stderr] 32 | [workspace.dependencies.orv-cli]
[INFO] [stderr]    |                         ^^^^^^^
[INFO] [stderr]    |
[INFO] [stderr]    = note: `cargo::unused_workspace_dependencies` is set to `warn` by default
[INFO] [stderr] help: consider removing the workspace dependency `orv-cli`
[INFO] [stderr] warning: unused workspace dependency `wgpu`
[INFO] [stderr]   --> Cargo.toml:19:1
[INFO] [stderr]    |
[INFO] [stderr] 19 | wgpu = "29"
[INFO] [stderr]    | ^^^^
[INFO] [stderr]    |
[INFO] [stderr] help: consider removing the workspace dependency `wgpu`
[INFO] [stderr] warning: workspace (manifest) generated 2 warnings
[INFO] [stderr] warning: missing `[lints]` to inherit `[workspace.lints]`
[INFO] [stderr]   --> crates/orv-macros/Cargo.toml
[INFO] [stderr]    = note: `cargo::missing_lints_inheritance` is set to `warn` by default
[INFO] [stderr] help: to inherit `workspace.lints, add:
[INFO] [stderr]    |
[INFO] [stderr] 21 ~ orv-core = { workspace = true }
[INFO] [stderr] 22 + [lints]
[INFO] [stderr] 23 + workspace = true
[INFO] [stderr]    |
[INFO] [stderr] help: to clarify your intent to not inherit, add:
[INFO] [stderr]    |
[INFO] [stderr] 21 ~ orv-core = { workspace = true }
[INFO] [stderr] 22 + [lints]
[INFO] [stderr]    |
[INFO] [stderr] warning: `orv-macros` (manifest) generated 1 warning
[INFO] [stderr]     Blocking waiting for file lock on package cache
[INFO] [stderr]     Blocking waiting for file lock on package cache
[INFO] running `Command { std: "docker" "create" "-v" "/var/lib/crater-agent-workspace/builds/worker-1-tc2/source:/opt/rustwide/workdir:ro,Z" "-v" "/var/lib/crater-agent-workspace/builds/worker-1-tc2/target:/opt/rustwide/target:rw,Z" "-v" "/var/lib/crater-agent-workspace/cargo-home:/opt/rustwide/cargo-home:ro,Z" "-v" "/var/lib/crater-agent-workspace/rustup-home:/opt/rustwide/rustup-home:ro,Z" "-m" "1610612736" "--network" "none" "ghcr.io/rust-lang/crates-build-env/linux@sha256:3111399a4047eeb3a02b7a90e478d715f38a8c6669b5c4b49d30a17385265909" "sleep" "infinity", kill_on_drop: false }`
[INFO] [stdout] f12fd1c95f1e10a05db888b611c0240d73d878b1e5af831f13decdb999ae4a8f
[INFO] running `Command { std: "docker" "start" "f12fd1c95f1e10a05db888b611c0240d73d878b1e5af831f13decdb999ae4a8f", kill_on_drop: false }`
[INFO] running `Command { std: "docker" "inspect" "f12fd1c95f1e10a05db888b611c0240d73d878b1e5af831f13decdb999ae4a8f", kill_on_drop: false }`
[INFO] running `Command { std: "docker" "exec" "-e" "SOURCE_DIR=/opt/rustwide/workdir" "-e" "CARGO_HOME=/opt/rustwide/cargo-home" "-e" "RUSTUP_HOME=/opt/rustwide/rustup-home" "-e" "CARGO_TARGET_DIR=/opt/rustwide/target" "-w" "/opt/rustwide/workdir" "--user" "0:0" "f12fd1c95f1e10a05db888b611c0240d73d878b1e5af831f13decdb999ae4a8f" "/opt/rustwide/cargo-home/bin/cargo" "+1.100.0-beta.1" "metadata" "--no-deps" "--format-version=1", kill_on_drop: false }`
[INFO] running `Command { std: "docker" "inspect" "f12fd1c95f1e10a05db888b611c0240d73d878b1e5af831f13decdb999ae4a8f", kill_on_drop: false }`
[INFO] running `Command { std: "docker" "exec" "-e" "SOURCE_DIR=/opt/rustwide/workdir" "-e" "CARGO_HOME=/opt/rustwide/cargo-home" "-e" "RUSTUP_HOME=/opt/rustwide/rustup-home" "-e" "CARGO_TARGET_DIR=/opt/rustwide/target" "-e" "CARGO_INCREMENTAL=0" "-e" "RUST_BACKTRACE=full" "-e" "RUSTFLAGS=--cap-lints=warn" "-e" "RUSTDOCFLAGS=--cap-lints=warn" "-w" "/opt/rustwide/workdir" "--user" "0:0" "f12fd1c95f1e10a05db888b611c0240d73d878b1e5af831f13decdb999ae4a8f" "/opt/rustwide/cargo-home/bin/cargo" "+1.100.0-beta.1" "build" "--frozen" "--message-format=json", kill_on_drop: false }`
[INFO] [stderr] warning: unused workspace dependency `orv-cli`
[INFO] [stderr]   --> Cargo.toml:32:25
[INFO] [stderr]    |
[INFO] [stderr] 32 | [workspace.dependencies.orv-cli]
[INFO] [stderr]    |                         ^^^^^^^
[INFO] [stderr]    |
[INFO] [stderr]    = note: `cargo::unused_workspace_dependencies` is set to `warn` by default
[INFO] [stderr] help: consider removing the workspace dependency `orv-cli`
[INFO] [stderr] warning: unused workspace dependency `wgpu`
[INFO] [stderr]   --> Cargo.toml:19:1
[INFO] [stderr]    |
[INFO] [stderr] 19 | wgpu = "29"
[INFO] [stderr]    | ^^^^
[INFO] [stderr]    |
[INFO] [stderr] help: consider removing the workspace dependency `wgpu`
[INFO] [stderr] warning: workspace (manifest) generated 2 warnings
[INFO] [stderr] warning: missing `[lints]` to inherit `[workspace.lints]`
[INFO] [stderr]   --> crates/orv-macros/Cargo.toml
[INFO] [stderr]    = note: `cargo::missing_lints_inheritance` is set to `warn` by default
[INFO] [stderr] help: to inherit `workspace.lints, add:
[INFO] [stderr]    |
[INFO] [stderr] 21 ~ orv-core = { workspace = true }
[INFO] [stderr] 22 + [lints]
[INFO] [stderr] 23 + workspace = true
[INFO] [stderr]    |
[INFO] [stderr] help: to clarify your intent to not inherit, add:
[INFO] [stderr]    |
[INFO] [stderr] 21 ~ orv-core = { workspace = true }
[INFO] [stderr] 22 + [lints]
[INFO] [stderr]    |
[INFO] [stderr] warning: `orv-macros` (manifest) generated 1 warning
[INFO] [stderr]    Compiling proc-macro2 v1.0.106
[INFO] [stderr]    Compiling quote v1.0.45
[INFO] [stderr]    Compiling unicode-ident v1.0.24
[INFO] [stderr]    Compiling libc v0.2.183
[INFO] [stderr]    Compiling find-msvc-tools v0.1.9
[INFO] [stderr]    Compiling shlex v1.3.0
[INFO] [stderr]    Compiling cfg-if v1.0.4
[INFO] [stderr]    Compiling serde_core v1.0.228
[INFO] [stderr]    Compiling unicode-width v0.1.14
[INFO] [stderr]    Compiling termcolor v1.4.1
[INFO] [stderr]    Compiling itoa v1.0.18
[INFO] [stderr]    Compiling typenum v1.20.0
[INFO] [stderr]    Compiling bytes v1.11.1
[INFO] [stderr]    Compiling memchr v2.8.0
[INFO] [stderr]    Compiling httparse v1.10.1
[INFO] [stderr]    Compiling pin-project-lite v0.2.17
[INFO] [stderr]    Compiling serde v1.0.228
[INFO] [stderr]    Compiling regex-syntax v0.8.10
[INFO] [stderr]    Compiling once_cell v1.21.4
[INFO] [stderr]    Compiling orv-ids v0.1.0 (/opt/rustwide/workdir/crates/orv-ids)
[INFO] [stderr]    Compiling cc v1.2.61
[INFO] [stderr]    Compiling smallvec v1.15.1
[INFO] [stderr]    Compiling codespan-reporting v0.11.1
[INFO] [stderr]    Compiling thiserror v2.0.18
[INFO] [stderr]    Compiling vcpkg v0.2.15
[INFO] [stderr]    Compiling futures-core v0.3.32
[INFO] [stderr]    Compiling pkg-config v0.3.33
[INFO] [stderr]    Compiling log v0.4.29
[INFO] [stderr]    Compiling zeroize v1.8.2
[INFO] [stderr]    Compiling aho-corasick v1.1.4
[INFO] [stderr]    Compiling rustls-pki-types v1.14.1
[INFO] [stderr]    Compiling zmij v1.0.21
[INFO] [stderr]    Compiling foldhash v0.2.0
[INFO] [stderr]    Compiling http v1.4.0
[INFO] [stderr]    Compiling untrusted v0.9.0
[INFO] [stderr]    Compiling orv-diagnostics v0.1.0 (/opt/rustwide/workdir/crates/orv-diagnostics)
[INFO] [stderr]    Compiling orv-syntax v0.1.0 (/opt/rustwide/workdir/crates/orv-syntax)
[INFO] [stderr]    Compiling orv-hir v0.1.0 (/opt/rustwide/workdir/crates/orv-hir)
[INFO] [stderr]    Compiling generic-array v0.14.7
[INFO] [stderr]    Compiling hashbrown v0.16.1
[INFO] [stderr]    Compiling anstyle-parse v1.0.0
[INFO] [stderr]    Compiling futures-channel v0.3.32
[INFO] [stderr]    Compiling tracing-core v0.1.36
[INFO] [stderr]    Compiling anstyle v1.0.14
[INFO] [stderr]    Compiling colorchoice v1.0.5
[INFO] [stderr]    Compiling is_terminal_polyfill v1.70.2
[INFO] [stderr]    Compiling anstyle-query v1.1.5
[INFO] [stderr]    Compiling rustls v0.23.40
[INFO] [stderr]    Compiling atomic-waker v1.1.2
[INFO] [stderr]    Compiling httpdate v1.0.3
[INFO] [stderr]    Compiling serde_json v1.0.149
[INFO] [stderr]    Compiling base64ct v1.8.3
[INFO] [stderr]    Compiling anstream v1.0.0
[INFO] [stderr]    Compiling fallible-iterator v0.3.0
[INFO] [stderr]    Compiling syn v2.0.117
[INFO] [stderr]    Compiling ring v0.17.14
[INFO] [stderr]    Compiling libsqlite3-sys v0.37.0
[INFO] [stderr]    Compiling http-body v1.0.1
[INFO] [stderr]    Compiling hashlink v0.11.0
[INFO] [stderr]    Compiling getrandom v0.2.17
[INFO] [stderr]    Compiling errno v0.3.14
[INFO] [stderr]    Compiling socket2 v0.6.3
[INFO] [stderr]    Compiling mio v1.2.0
[INFO] [stderr]    Compiling fallible-streaming-iterator v0.1.9
[INFO] [stderr]    Compiling block-buffer v0.10.4
[INFO] [stderr]    Compiling crypto-common v0.1.7
[INFO] [stderr]    Compiling signal-hook-registry v1.4.8
[INFO] [stderr]    Compiling rand_core v0.6.4
[INFO] [stderr]    Compiling digest v0.10.7
[INFO] [stderr]    Compiling clap_lex v1.1.0
[INFO] [stderr]    Compiling base64 v0.22.1
[INFO] [stderr]    Compiling bitflags v2.11.0
[INFO] [stderr]    Compiling lazy_static v1.5.0
[INFO] [stderr]    Compiling winnow v1.0.0
[INFO] [stderr]    Compiling password-hash v0.5.0
[INFO] [stderr]    Compiling blake2 v0.10.6
[INFO] [stderr]    Compiling anyhow v1.0.102
[INFO] [stderr]    Compiling ureq-proto v0.6.0
[INFO] [stderr]    Compiling hmac v0.12.1
[INFO] [stderr]    Compiling sha2 v0.10.9
[INFO] [stderr]    Compiling clap_builder v4.6.0
[INFO] [stderr]    Compiling sharded-slab v0.1.7
[INFO] [stderr]    Compiling regex-automata v0.4.14
[INFO] [stderr]    Compiling http-body-util v0.1.3
[INFO] [stderr]    Compiling argon2 v0.5.3
[INFO] [stderr]    Compiling toml_parser v1.1.0+spec-1.1.0
[INFO] [stderr]    Compiling orv-resolve v0.1.0 (/opt/rustwide/workdir/crates/orv-resolve)
[INFO] [stderr]    Compiling tracing-log v0.2.0
[INFO] [stderr]    Compiling webpki-roots v1.0.7
[INFO] [stderr]    Compiling thread_local v1.1.9
[INFO] [stderr]    Compiling percent-encoding v2.3.2
[INFO] [stderr]    Compiling nu-ansi-term v0.50.3
[INFO] [stderr]    Compiling toml_writer v1.1.0+spec-1.1.0
[INFO] [stderr]    Compiling utf8-zero v0.8.1
[INFO] [stderr]    Compiling toml_datetime v1.1.0+spec-1.1.0
[INFO] [stderr]    Compiling serde_spanned v1.1.0
[INFO] [stderr]    Compiling toml v1.1.0+spec-1.1.0
[INFO] [stderr]    Compiling serde_derive v1.0.228
[INFO] [stderr]    Compiling tokio-macros v2.7.0
[INFO] [stderr]    Compiling thiserror-impl v2.0.18
[INFO] [stderr]    Compiling tracing-attributes v0.1.31
[INFO] [stderr]    Compiling clap_derive v4.6.0
[INFO] [stderr]    Compiling orv-macros v0.1.0 (/opt/rustwide/workdir/crates/orv-macros)
[INFO] [stderr]    Compiling regex v1.12.3
[INFO] [stderr]    Compiling matchers v0.2.0
[INFO] [stderr]    Compiling tokio v1.52.1
[INFO] [stderr]    Compiling orv-analyzer v0.1.0 (/opt/rustwide/workdir/crates/orv-analyzer)
[INFO] [stderr]    Compiling rustls-webpki v0.103.13
[INFO] [stderr]    Compiling tracing v0.1.44
[INFO] [stderr]    Compiling tracing-subscriber v0.3.23
[INFO] [stderr]    Compiling clap v4.6.0
[INFO] [stderr]    Compiling orv-project v0.1.0 (/opt/rustwide/workdir/crates/orv-project)
[INFO] [stderr]    Compiling orv-compiler v0.1.0 (/opt/rustwide/workdir/crates/orv-compiler)
[INFO] [stderr]    Compiling orv-core v0.1.0 (/opt/rustwide/workdir/crates/orv-core)
[INFO] [stderr]    Compiling hyper v1.9.0
[INFO] [stderr]    Compiling hyper-util v0.1.20
[INFO] [stderr]    Compiling rusqlite v0.39.0
[INFO] [stderr]    Compiling ureq v3.3.0
[INFO] [stderr]    Compiling orv-runtime v0.1.0 (/opt/rustwide/workdir/crates/orv-runtime)
[INFO] [stderr]    Compiling orv-cli v0.1.0 (/opt/rustwide/workdir/crates/orv-cli)
[INFO] [stderr] warning: unused dependency `tracing-subscriber`
[INFO] [stderr]   --> crates/orv-cli/Cargo.toml:36:1
[INFO] [stderr]    |
[INFO] [stderr] 36 | tracing-subscriber = { workspace = true }
[INFO] [stderr]    | ^^^^^^^^^^^^^^^^^^^^^^^^^^^^^^^^^^^^^^^^^
[INFO] [stderr]    |
[INFO] [stderr]    = note: `cargo::unused_dependencies` is set to `warn` by default
[INFO] [stderr] help: consider removing the dependency on `tracing-subscriber`
[INFO] [stderr] warning: `orv-cli` (manifest) generated 1 warning
[INFO] [stderr] warning: unused dependency `orv-diagnostics`
[INFO] [stderr]   --> crates/orv-core/Cargo.toml:13:1
[INFO] [stderr]    |
[INFO] [stderr] 13 | orv-diagnostics = { workspace = true }
[INFO] [stderr]    | ^^^^^^^^^^^^^^^^^^^^^^^^^^^^^^^^^^^^^^
[INFO] [stderr]    |
[INFO] [stderr]    = note: `cargo::unused_dependencies` is set to `warn` by default
[INFO] [stderr] help: consider removing the dependency on `orv-diagnostics`
[INFO] [stderr] warning: unused dependency `orv-macros`
[INFO] [stderr]   --> crates/orv-core/Cargo.toml:12:1
[INFO] [stderr]    |
[INFO] [stderr] 12 | orv-macros = { workspace = true }
[INFO] [stderr]    | ^^^^^^^^^^^^^^^^^^^^^^^^^^^^^^^^^
[INFO] [stderr]    |
[INFO] [stderr] help: consider removing the dependency on `orv-macros`
[INFO] [stderr] warning: unused dependency `serde`
[INFO] [stderr]   --> crates/orv-core/Cargo.toml:14:1
[INFO] [stderr]    |
[INFO] [stderr] 14 | serde = { workspace = true }
[INFO] [stderr]    | ^^^^^^^^^^^^^^^^^^^^^^^^^^^^
[INFO] [stderr]    |
[INFO] [stderr] help: consider removing the dependency on `serde`
[INFO] [stderr] warning: unused dependency `thiserror`
[INFO] [stderr]   --> crates/orv-core/Cargo.toml:15:1
[INFO] [stderr]    |
[INFO] [stderr] 15 | thiserror = { workspace = true }
[INFO] [stderr]    | ^^^^^^^^^^^^^^^^^^^^^^^^^^^^^^^^
[INFO] [stderr]    |
[INFO] [stderr] help: consider removing the dependency on `thiserror`
[INFO] [stderr] warning: `orv-core` (manifest) generated 4 warnings
[INFO] [stderr] warning: unused dependency `codespan-reporting`
[INFO] [stderr]   --> crates/orv-diagnostics/Cargo.toml:12:1
[INFO] [stderr]    |
[INFO] [stderr] 12 | codespan-reporting = { workspace = true }
[INFO] [stderr]    | ^^^^^^^^^^^^^^^^^^^^^^^^^^^^^^^^^^^^^^^^^
[INFO] [stderr]    |
[INFO] [stderr]    = note: `cargo::unused_dependencies` is set to `warn` by default
[INFO] [stderr] help: consider removing the dependency on `codespan-reporting`
[INFO] [stderr] warning: `orv-diagnostics` (manifest) generated 1 warning
[INFO] [stderr] warning: unused dependency `syn`
[INFO] [stderr]   --> crates/orv-macros/Cargo.toml:15:1
[INFO] [stderr]    |
[INFO] [stderr] 15 | syn = { workspace = true }
[INFO] [stderr]    | ^^^^^^^^^^^^^^^^^^^^^^^^^^
[INFO] [stderr]    |
[INFO] [stderr]    = note: `cargo::unused_dependencies` is set to `warn` by default
[INFO] [stderr] help: consider removing the dependency on `syn`
[INFO] [stderr] warning: `orv-macros` (manifest) generated 1 warning
[INFO] [stderr] warning: unused dependency `serde`
[INFO] [stderr]   --> crates/orv-project/Cargo.toml:14:1
[INFO] [stderr]    |
[INFO] [stderr] 14 | serde = { workspace = true }
[INFO] [stderr]    | ^^^^^^^^^^^^^^^^^^^^^^^^^^^^
[INFO] [stderr]    |
[INFO] [stderr]    = note: `cargo::unused_dependencies` is set to `warn` by default
[INFO] [stderr] help: consider removing the dependency on `serde`
[INFO] [stderr] warning: `orv-project` (manifest) generated 1 warning
[INFO] [stderr] warning: unused dependency `serde`
[INFO] [stderr]   --> crates/orv-runtime/Cargo.toml:17:1
[INFO] [stderr]    |
[INFO] [stderr] 17 | serde = { workspace = true }
[INFO] [stderr]    | ^^^^^^^^^^^^^^^^^^^^^^^^^^^^
[INFO] [stderr]    |
[INFO] [stderr]    = note: `cargo::unused_dependencies` is set to `warn` by default
[INFO] [stderr] help: consider removing the dependency on `serde`
[INFO] [stderr] warning: `orv-runtime` (manifest) generated 1 warning
[INFO] [stderr]     Finished `dev` profile [unoptimized + debuginfo] target(s) in 1m 21s
[INFO] running `Command { std: "docker" "inspect" "f12fd1c95f1e10a05db888b611c0240d73d878b1e5af831f13decdb999ae4a8f", kill_on_drop: false }`
[INFO] running `Command { std: "docker" "exec" "-e" "SOURCE_DIR=/opt/rustwide/workdir" "-e" "CARGO_HOME=/opt/rustwide/cargo-home" "-e" "RUSTUP_HOME=/opt/rustwide/rustup-home" "-e" "CARGO_TARGET_DIR=/opt/rustwide/target" "-e" "CARGO_INCREMENTAL=0" "-e" "RUST_BACKTRACE=full" "-e" "RUSTFLAGS=--cap-lints=warn" "-e" "RUSTDOCFLAGS=--cap-lints=warn" "-w" "/opt/rustwide/workdir" "--user" "0:0" "f12fd1c95f1e10a05db888b611c0240d73d878b1e5af831f13decdb999ae4a8f" "/opt/rustwide/cargo-home/bin/cargo" "+1.100.0-beta.1" "test" "--frozen" "--no-run" "--message-format=json", kill_on_drop: false }`
[INFO] [stderr] warning: unused workspace dependency `orv-cli`
[INFO] [stderr]   --> Cargo.toml:32:25
[INFO] [stderr]    |
[INFO] [stderr] 32 | [workspace.dependencies.orv-cli]
[INFO] [stderr]    |                         ^^^^^^^
[INFO] [stderr]    |
[INFO] [stderr]    = note: `cargo::unused_workspace_dependencies` is set to `warn` by default
[INFO] [stderr] help: consider removing the workspace dependency `orv-cli`
[INFO] [stderr] warning: unused workspace dependency `wgpu`
[INFO] [stderr]   --> Cargo.toml:19:1
[INFO] [stderr]    |
[INFO] [stderr] 19 | wgpu = "29"
[INFO] [stderr]    | ^^^^
[INFO] [stderr]    |
[INFO] [stderr] help: consider removing the workspace dependency `wgpu`
[INFO] [stderr] warning: workspace (manifest) generated 2 warnings
[INFO] [stderr] warning: missing `[lints]` to inherit `[workspace.lints]`
[INFO] [stderr]   --> crates/orv-macros/Cargo.toml
[INFO] [stderr]    = note: `cargo::missing_lints_inheritance` is set to `warn` by default
[INFO] [stderr] help: to inherit `workspace.lints, add:
[INFO] [stderr]    |
[INFO] [stderr] 21 ~ orv-core = { workspace = true }
[INFO] [stderr] 22 + [lints]
[INFO] [stderr] 23 + workspace = true
[INFO] [stderr]    |
[INFO] [stderr] help: to clarify your intent to not inherit, add:
[INFO] [stderr]    |
[INFO] [stderr] 21 ~ orv-core = { workspace = true }
[INFO] [stderr] 22 + [lints]
[INFO] [stderr]    |
[INFO] [stderr] warning: `orv-macros` (manifest) generated 1 warning
[INFO] [stderr]    Compiling diff v0.1.13
[INFO] [stderr]    Compiling yansi v1.0.1
[INFO] [stderr]    Compiling parking_lot_core v0.9.12
[INFO] [stderr]    Compiling scopeguard v1.2.0
[INFO] [stderr]    Compiling try-lock v0.2.5
[INFO] [stderr]    Compiling lock_api v0.4.14
[INFO] [stderr]    Compiling orv-macros v0.1.0 (/opt/rustwide/workdir/crates/orv-macros)
[INFO] [stderr]    Compiling target-triple v1.0.0
[INFO] [stderr]    Compiling glob v0.3.3
[INFO] [stderr]    Compiling orv-project v0.1.0 (/opt/rustwide/workdir/crates/orv-project)
[INFO] [stderr]    Compiling orv-ids v0.1.0 (/opt/rustwide/workdir/crates/orv-ids)
[INFO] [stderr]    Compiling want v0.3.1
[INFO] [stderr]    Compiling orv-core v0.1.0 (/opt/rustwide/workdir/crates/orv-core)
[INFO] [stderr]    Compiling trybuild v1.0.116
[INFO] [stderr]    Compiling pretty_assertions v1.4.1
[INFO] [stderr]    Compiling parking_lot v0.12.5
[INFO] [stderr]    Compiling tokio v1.52.1
[INFO] [stderr]    Compiling orv-compiler v0.1.0 (/opt/rustwide/workdir/crates/orv-compiler)
[INFO] [stderr]    Compiling orv-resolve v0.1.0 (/opt/rustwide/workdir/crates/orv-resolve)
[INFO] [stderr]    Compiling orv-analyzer v0.1.0 (/opt/rustwide/workdir/crates/orv-analyzer)
[INFO] [stderr]    Compiling orv-diagnostics v0.1.0 (/opt/rustwide/workdir/crates/orv-diagnostics)
[INFO] [stderr]    Compiling orv-hir v0.1.0 (/opt/rustwide/workdir/crates/orv-hir)
[INFO] [stderr]    Compiling orv-syntax v0.1.0 (/opt/rustwide/workdir/crates/orv-syntax)
[INFO] [stderr]    Compiling hyper v1.9.0
[INFO] [stderr]    Compiling hyper-util v0.1.20
[INFO] [stderr]    Compiling orv-runtime v0.1.0 (/opt/rustwide/workdir/crates/orv-runtime)
[INFO] [stderr]    Compiling orv-cli v0.1.0 (/opt/rustwide/workdir/crates/orv-cli)
[INFO] [stderr] warning: unused dependency `orv-diagnostics`
[INFO] [stderr]   --> crates/orv-core/Cargo.toml:13:1
[INFO] [stderr]    |
[INFO] [stderr] 13 | orv-diagnostics = { workspace = true }
[INFO] [stderr]    | ^^^^^^^^^^^^^^^^^^^^^^^^^^^^^^^^^^^^^^
[INFO] [stderr]    |
[INFO] [stderr]    = note: `cargo::unused_dependencies` is set to `warn` by default
[INFO] [stderr] help: consider removing the dependency on `orv-diagnostics`
[INFO] [stderr] warning: unused dependency `orv-macros`
[INFO] [stderr]   --> crates/orv-core/Cargo.toml:12:1
[INFO] [stderr]    |
[INFO] [stderr] 12 | orv-macros = { workspace = true }
[INFO] [stderr]    | ^^^^^^^^^^^^^^^^^^^^^^^^^^^^^^^^^
[INFO] [stderr]    |
[INFO] [stderr] help: consider removing the dependency on `orv-macros`
[INFO] [stderr] warning: unused dependency `serde`
[INFO] [stderr]   --> crates/orv-core/Cargo.toml:14:1
[INFO] [stderr]    |
[INFO] [stderr] 14 | serde = { workspace = true }
[INFO] [stderr]    | ^^^^^^^^^^^^^^^^^^^^^^^^^^^^
[INFO] [stderr]    |
[INFO] [stderr] help: consider removing the dependency on `serde`
[INFO] [stderr] warning: unused dependency `thiserror`
[INFO] [stderr]   --> crates/orv-core/Cargo.toml:15:1
[INFO] [stderr]    |
[INFO] [stderr] 15 | thiserror = { workspace = true }
[INFO] [stderr]    | ^^^^^^^^^^^^^^^^^^^^^^^^^^^^^^^^
[INFO] [stderr]    |
[INFO] [stderr] help: consider removing the dependency on `thiserror`
[INFO] [stderr] warning: `orv-core` (manifest) generated 4 warnings
[INFO] [stderr] warning: unused dependency `codespan-reporting`
[INFO] [stderr]   --> crates/orv-diagnostics/Cargo.toml:12:1
[INFO] [stderr]    |
[INFO] [stderr] 12 | codespan-reporting = { workspace = true }
[INFO] [stderr]    | ^^^^^^^^^^^^^^^^^^^^^^^^^^^^^^^^^^^^^^^^^
[INFO] [stderr]    |
[INFO] [stderr]    = note: `cargo::unused_dependencies` is set to `warn` by default
[INFO] [stderr] help: consider removing the dependency on `codespan-reporting`
[INFO] [stderr] warning: `orv-diagnostics` (manifest) generated 1 warning
[INFO] [stderr] warning: unused dependency `syn`
[INFO] [stderr]   --> crates/orv-macros/Cargo.toml:15:1
[INFO] [stderr]    |
[INFO] [stderr] 15 | syn = { workspace = true }
[INFO] [stderr]    | ^^^^^^^^^^^^^^^^^^^^^^^^^^
[INFO] [stderr]    |
[INFO] [stderr]    = note: `cargo::unused_dependencies` is set to `warn` by default
[INFO] [stderr] help: consider removing the dependency on `syn`
[INFO] [stderr] warning: `orv-macros` (manifest) generated 1 warning
[INFO] [stderr] warning: unused dependency `serde`
[INFO] [stderr]   --> crates/orv-project/Cargo.toml:14:1
[INFO] [stderr]    |
[INFO] [stderr] 14 | serde = { workspace = true }
[INFO] [stderr]    | ^^^^^^^^^^^^^^^^^^^^^^^^^^^^
[INFO] [stderr]    |
[INFO] [stderr]    = note: `cargo::unused_dependencies` is set to `warn` by default
[INFO] [stderr] help: consider removing the dependency on `serde`
[INFO] [stderr] warning: `orv-project` (manifest) generated 1 warning
[INFO] [stderr] warning: unused dependency `serde`
[INFO] [stderr]   --> crates/orv-runtime/Cargo.toml:17:1
[INFO] [stderr]    |
[INFO] [stderr] 17 | serde = { workspace = true }
[INFO] [stderr]    | ^^^^^^^^^^^^^^^^^^^^^^^^^^^^
[INFO] [stderr]    |
[INFO] [stderr]    = note: `cargo::unused_dependencies` is set to `warn` by default
[INFO] [stderr] help: consider removing the dependency on `serde`
[INFO] [stderr] warning: `orv-runtime` (manifest) generated 1 warning
[INFO] [stderr]     Finished `test` profile [unoptimized + debuginfo] target(s) in 1m 15s
[INFO] running `Command { std: "docker" "inspect" "f12fd1c95f1e10a05db888b611c0240d73d878b1e5af831f13decdb999ae4a8f", kill_on_drop: false }`
[INFO] running `Command { std: "docker" "exec" "-e" "SOURCE_DIR=/opt/rustwide/workdir" "-e" "CARGO_HOME=/opt/rustwide/cargo-home" "-e" "RUSTUP_HOME=/opt/rustwide/rustup-home" "-e" "CARGO_TARGET_DIR=/opt/rustwide/target" "-e" "CARGO_INCREMENTAL=0" "-e" "RUST_BACKTRACE=full" "-e" "RUSTFLAGS=--cap-lints=warn" "-e" "RUSTDOCFLAGS=--cap-lints=warn" "-w" "/opt/rustwide/workdir" "--user" "0:0" "f12fd1c95f1e10a05db888b611c0240d73d878b1e5af831f13decdb999ae4a8f" "/opt/rustwide/cargo-home/bin/cargo" "+1.100.0-beta.1" "test" "--frozen", kill_on_drop: false }`
[INFO] [stderr] warning: unused workspace dependency `orv-cli`
[INFO] [stderr]   --> Cargo.toml:32:25
[INFO] [stderr]    |
[INFO] [stderr] 32 | [workspace.dependencies.orv-cli]
[INFO] [stderr]    |                         ^^^^^^^
[INFO] [stderr]    |
[INFO] [stderr]    = note: `cargo::unused_workspace_dependencies` is set to `warn` by default
[INFO] [stderr] help: consider removing the workspace dependency `orv-cli`
[INFO] [stderr] warning: unused workspace dependency `wgpu`
[INFO] [stderr]   --> Cargo.toml:19:1
[INFO] [stderr]    |
[INFO] [stderr] 19 | wgpu = "29"
[INFO] [stderr]    | ^^^^
[INFO] [stderr]    |
[INFO] [stderr] help: consider removing the workspace dependency `wgpu`
[INFO] [stderr] warning: workspace (manifest) generated 2 warnings
[INFO] [stderr] warning: missing `[lints]` to inherit `[workspace.lints]`
[INFO] [stderr]   --> crates/orv-macros/Cargo.toml
[INFO] [stderr]    = note: `cargo::missing_lints_inheritance` is set to `warn` by default
[INFO] [stderr] help: to inherit `workspace.lints, add:
[INFO] [stderr]    |
[INFO] [stderr] 21 ~ orv-core = { workspace = true }
[INFO] [stderr] 22 + [lints]
[INFO] [stderr] 23 + workspace = true
[INFO] [stderr]    |
[INFO] [stderr] help: to clarify your intent to not inherit, add:
[INFO] [stderr]    |
[INFO] [stderr] 21 ~ orv-core = { workspace = true }
[INFO] [stderr] 22 + [lints]
[INFO] [stderr]    |
[INFO] [stderr] warning: `orv-macros` (manifest) generated 1 warning
[INFO] [stderr] warning: unused dependency `orv-diagnostics`
[INFO] [stderr]   --> crates/orv-core/Cargo.toml:13:1
[INFO] [stderr]    |
[INFO] [stderr] 13 | orv-diagnostics = { workspace = true }
[INFO] [stderr]    | ^^^^^^^^^^^^^^^^^^^^^^^^^^^^^^^^^^^^^^
[INFO] [stderr]    |
[INFO] [stderr]    = note: `cargo::unused_dependencies` is set to `warn` by default
[INFO] [stderr] help: consider removing the dependency on `orv-diagnostics`
[INFO] [stderr] warning: unused dependency `orv-macros`
[INFO] [stderr]   --> crates/orv-core/Cargo.toml:12:1
[INFO] [stderr]    |
[INFO] [stderr] 12 | orv-macros = { workspace = true }
[INFO] [stderr]    | ^^^^^^^^^^^^^^^^^^^^^^^^^^^^^^^^^
[INFO] [stderr]    |
[INFO] [stderr] help: consider removing the dependency on `orv-macros`
[INFO] [stderr] warning: unused dependency `serde`
[INFO] [stderr]   --> crates/orv-core/Cargo.toml:14:1
[INFO] [stderr]    |
[INFO] [stderr] 14 | serde = { workspace = true }
[INFO] [stderr]    | ^^^^^^^^^^^^^^^^^^^^^^^^^^^^
[INFO] [stderr]    |
[INFO] [stderr] help: consider removing the dependency on `serde`
[INFO] [stderr] warning: unused dependency `thiserror`
[INFO] [stderr]   --> crates/orv-core/Cargo.toml:15:1
[INFO] [stderr]    |
[INFO] [stderr] 15 | thiserror = { workspace = true }
[INFO] [stderr]    | ^^^^^^^^^^^^^^^^^^^^^^^^^^^^^^^^
[INFO] [stderr]    |
[INFO] [stderr] help: consider removing the dependency on `thiserror`
[INFO] [stderr] warning: `orv-core` (manifest) generated 4 warnings
[INFO] [stderr] warning: unused dependency `codespan-reporting`
[INFO] [stderr]   --> crates/orv-diagnostics/Cargo.toml:12:1
[INFO] [stderr]    |
[INFO] [stderr] 12 | codespan-reporting = { workspace = true }
[INFO] [stderr]    | ^^^^^^^^^^^^^^^^^^^^^^^^^^^^^^^^^^^^^^^^^
[INFO] [stderr]    |
[INFO] [stderr]    = note: `cargo::unused_dependencies` is set to `warn` by default
[INFO] [stderr] help: consider removing the dependency on `codespan-reporting`
[INFO] [stderr] warning: `orv-diagnostics` (manifest) generated 1 warning
[INFO] [stderr] warning: unused dependency `syn`
[INFO] [stderr]   --> crates/orv-macros/Cargo.toml:15:1
[INFO] [stderr]    |
[INFO] [stderr] 15 | syn = { workspace = true }
[INFO] [stderr]    | ^^^^^^^^^^^^^^^^^^^^^^^^^^
[INFO] [stderr]    |
[INFO] [stderr]    = note: `cargo::unused_dependencies` is set to `warn` by default
[INFO] [stderr] help: consider removing the dependency on `syn`
[INFO] [stderr] warning: `orv-macros` (manifest) generated 1 warning
[INFO] [stderr] warning: unused dependency `serde`
[INFO] [stderr]   --> crates/orv-project/Cargo.toml:14:1
[INFO] [stderr]    |
[INFO] [stderr] 14 | serde = { workspace = true }
[INFO] [stderr]    | ^^^^^^^^^^^^^^^^^^^^^^^^^^^^
[INFO] [stderr]    |
[INFO] [stderr]    = note: `cargo::unused_dependencies` is set to `warn` by default
[INFO] [stderr] help: consider removing the dependency on `serde`
[INFO] [stderr] warning: `orv-project` (manifest) generated 1 warning
[INFO] [stderr] warning: unused dependency `serde`
[INFO] [stderr]   --> crates/orv-runtime/Cargo.toml:17:1
[INFO] [stderr]    |
[INFO] [stderr] 17 | serde = { workspace = true }
[INFO] [stderr]    | ^^^^^^^^^^^^^^^^^^^^^^^^^^^^
[INFO] [stderr]    |
[INFO] [stderr]    = note: `cargo::unused_dependencies` is set to `warn` by default
[INFO] [stderr] help: consider removing the dependency on `serde`
[INFO] [stderr] warning: `orv-runtime` (manifest) generated 1 warning
[INFO] [stderr]     Finished `test` profile [unoptimized + debuginfo] target(s) in 0.46s
[INFO] [stderr]      Running unittests src/lib.rs (/opt/rustwide/target/debug/build/orv-analyzer/e2fa631bc2fcc391/out/orv_analyzer-e2fa631bc2fcc391)
[INFO] [stdout] 
[INFO] [stdout] running 66 tests
[INFO] [stdout] test tests::empty_out_lowered_to_out_with_void ... ok
[INFO] [stdout] test tests::expr_slot_has_inferred_type ... ok
[INFO] [stdout] test tests::function_lowered_with_params ... ok
[INFO] [stdout] test tests::function_return_annotation_mismatch_errors ... ok
[INFO] [stdout] test tests::function_return_annotation_matches_body ... ok
[INFO] [stdout] test tests::forward_declared_function_calls_are_type_checked ... ok
[INFO] [stdout] test tests::html_domain_allows_for_loop ... ok
[INFO] [stdout] test tests::explicit_return_stmt_is_checked_against_annotation ... ok
[INFO] [stdout] test tests::ident_carries_name_id ... ok
[INFO] [stdout] test tests::html_domain_lowers_to_block ... ok
[INFO] [stdout] test tests::html_domain_supports_nested_elements ... ok
[INFO] [stdout] test tests::alias_where_modulo_rejects_invalid_literal_annotation ... ok
[INFO] [stdout] test tests::int_range_constraint_rejects_out_of_range_literal ... ok
[INFO] [stdout] test tests::lower_simple_let ... ok
[INFO] [stdout] test tests::out_domain_lowered_to_out_variant ... ok
[INFO] [stdout] test tests::inline_where_bound_rejects_invalid_literal_annotation ... ok
[INFO] [stdout] test tests::nested_return_stmt_in_branch_is_checked_against_annotation ... ok
[INFO] [stdout] test tests::pattern_alias_rejects_bad_string_literal ... ok
[INFO] [stdout] test tests::pattern_alias_accepts_matching_string_literal ... ok
[INFO] [stdout] test tests::nested_routes_allow_empty_suffix_for_prefix_itself ... ok
[INFO] [stdout] test tests::primitive_union_accepts_any_member_type ... ok
[INFO] [stdout] test tests::nested_routes_flatten_with_path_prefix ... ok
[INFO] [stdout] test tests::respond_lowered_to_respond_variant ... ok
[INFO] [stdout] test tests::primitive_union_rejects_non_member_type ... ok
[INFO] [stdout] test tests::route_param_field_allows_static_suffix_segment ... ok
[INFO] [stdout] test tests::route_param_field_must_exist_in_route_path ... ok
[INFO] [stdout] test tests::route_rest_param_field_uses_stripped_name ... ok
[INFO] [stdout] test tests::respond_without_payload_fills_void ... ok
[INFO] [stdout] test tests::route_with_param_preserves_path_string ... ok
[INFO] [stdout] test tests::route_lowered_to_route_variant ... ok
[INFO] [stdout] test tests::server_collects_listen_and_routes ... ok
[INFO] [stdout] test tests::server_empty_block_lowers_to_empty_server ... ok
[INFO] [stdout] test tests::server_preserves_misc_stmts_in_body_stmts ... ok
[INFO] [stdout] test tests::nested_group_prefix_stmts_are_prepended_to_leaf_handlers ... ok
[INFO] [stdout] test tests::server_with_duplicate_listen_keeps_last ... ok
[INFO] [stdout] test tests::string_length_constraint_rejects_short_literal ... ok
[INFO] [stdout] test tests::nested_groups_support_unlimited_depth ... ok
[INFO] [stdout] test tests::string_literal_union_rejects_non_member_literal ... ok
[INFO] [stdout] test tests::struct_annotation_accepts_inline_object_value ... ok
[INFO] [stdout] test tests::template_pattern_understands_ipbyte_placeholder ... ok
[INFO] [stdout] test tests::struct_annotation_rejects_inline_object_field_mismatch ... ok
[INFO] [stdout] test tests::type_alias_tuple_expands_for_annotation_check ... ok
[INFO] [stdout] test tests::builtin_email_type_rejects_bad_literal ... ok
[INFO] [stdout] test tests::struct_array_annotation_accepts_inline_object_elements ... ok
[INFO] [stdout] test tests::cron_valid_five_field_expression_has_no_diagnostic ... ok
[INFO] [stdout] test tests::type_array_literal_homogeneous ... ok
[INFO] [stdout] test tests::type_int_literal_matches_annotation ... ok
[INFO] [stdout] test tests::array_unique_constraint_rejects_duplicate_literals ... ok
[INFO] [stdout] test tests::type_coalesce_strips_nullable ... ok
[INFO] [stdout] test tests::type_alias_inline_object_preserves_field_type_checks ... ok
[INFO] [stdout] test tests::call_arity_mismatch_errors ... ok
[INFO] [stdout] test tests::call_result_type_propagates_to_annotation ... ok
[INFO] [stdout] test tests::call_arg_type_mismatch_errors ... ok
[INFO] [stdout] test tests::cron_invalid_expression_reports_diagnostic ... ok
[INFO] [stdout] test tests::type_comparison_is_bool ... ok
[INFO] [stdout] test tests::type_ident_propagates_through_binary ... ok
[INFO] [stdout] test tests::type_mismatch_int_annotation_with_string ... ok
[INFO] [stdout] test tests::type_int_not_assignable_to_bool_annotation ... ok
[INFO] [stdout] test tests::type_nullable_accepts_inner ... ok
[INFO] [stdout] test tests::type_nullable_accepts_void ... ok
[INFO] [stdout] test tests::type_string_literal_matches_annotation ... ok
[INFO] [stdout] test tests::type_hir_expr_ty_slot_populated ... ok
[INFO] [stdout] test tests::unknown_domain_stays_as_domain_variant ... ok
[INFO] [stdout] test tests::call_args_match_signature ... ok
[INFO] [stdout] test tests::type_param_annotation_visible_in_body ... ok
[INFO] [stdout] test tests::alias_where_contains_regex_rejects_invalid_literal_annotation ... ok
[INFO] [stdout] 
[INFO] [stdout] test result: ok. 66 passed; 0 failed; 0 ignored; 0 measured; 0 filtered out; finished in 0.04s
[INFO] [stdout] 
[INFO] [stderr]      Running unittests src/main.rs (/opt/rustwide/target/debug/build/orv-cli/0028673633b782f1/out/orv-0028673633b782f1)
[INFO] [stdout] 
[INFO] [stdout] running 571 tests
[INFO] [stdout] test build_deploy::benchmark_human_review_tests::benchmark_report_rejects_false_human_review_raw_notes ... ok
[INFO] [stdout] test build_deploy::benchmark_human_review_tests::benchmark_report_rejects_false_human_review_participant_identity ... ok
[INFO] [stdout] test build_deploy::benchmark_human_review_tests::verify_deploy_benchmark_evidence_data_rejects_failed_participant_without_classification ... ok
[INFO] [stdout] test build_deploy::benchmark_human_evidence::tests::benchmark_raw_notes_rejects_instruction_residue_when_template_fields_are_filled ... ok
[INFO] [stdout] test build_deploy::benchmark_human_review_tests::verify_deploy_benchmark_evidence_data_rejects_blank_human_review_notes ... ok
[INFO] [stdout] test build_deploy::benchmark_human_review_tests::benchmark_report_rejects_blank_human_review_text_fields ... ok
[INFO] [stdout] test build_deploy::benchmark_human_evidence::tests::benchmark_raw_notes_rejects_duplicate_identity_fields ... ok
[INFO] [stdout] test build_deploy::benchmark_human_evidence::tests::benchmark_raw_notes_rejects_empty_task_notes_section ... ok
[INFO] [stdout] test build_deploy::benchmark_human_review_tests::verify_deploy_benchmark_evidence_data_rejects_blank_human_review_reviewer ... ok
[INFO] [stdout] test build_deploy::benchmark_human_review_tests::benchmark_report_rejects_false_human_review_no_ai_assistance ... ok
[INFO] [stdout] test build_deploy::benchmark_human_review_tests::benchmark_report_rejects_review_timestamp_before_participant_completion ... ok
[INFO] [stdout] test build_deploy::benchmark_human_review_tests::benchmark_report_rejects_false_human_review_smoke_output ... ok
[INFO] [stdout] test build_deploy::benchmark_human_evidence::tests::benchmark_raw_notes_accepts_custom_human_notes_with_ids_timestamps_and_failure_classification ... ok
[INFO] [stdout] test build_deploy::benchmark_human_review_tests::benchmark_report_requires_failure_classification_for_failed_participant_run ... ok
[INFO] [stdout] test build_deploy::benchmark_human_review_tests::benchmark_report_rejects_non_string_human_review_timestamp ... ok
[INFO] [stdout] test build_deploy::benchmark_human_review_tests::benchmark_report_rejects_non_utc_human_review_timestamp ... ok
[INFO] [stdout] test build_deploy::benchmark_human_review_tests::verify_deploy_benchmark_evidence_data_rejects_false_human_review_smoke_output ... ok
[INFO] [stdout] test build_deploy::commerce_boundary::tests::commerce_provider_rejects_cross_kind_provider_scheme ... ok
[INFO] [stdout] test build_deploy::benchmark_report_tests::verify_deploy_benchmark_evidence_data_with_artifacts_rejects_raw_notes_hash_drift ... ok
[INFO] [stdout] test build_deploy::commerce_boundary::tests::commerce_adapter_kind_for_call_uses_hir_boundary_registry ... ok
[INFO] [stdout] test build_deploy::benchmark_report_tests::benchmark_report_requires_recorded_raw_notes_sha256_for_retained_artifacts ... ok
[INFO] [stdout] test build_deploy::benchmark_human_review_tests::verify_deploy_benchmark_evidence_data_rejects_false_human_review_no_ai_assistance ... ok
[INFO] [stdout] test build_deploy::benchmark_human_review_tests::verify_deploy_benchmark_evidence_data_rejects_false_human_review_participant_identity ... ok
[INFO] [stdout] test build_deploy::benchmark_human_review_tests::verify_deploy_benchmark_evidence_data_rejects_false_human_review_raw_notes ... ok
[INFO] [stdout] test build_deploy::benchmark_human_review_tests::verify_deploy_benchmark_evidence_data_rejects_review_timestamp_before_participant_completion ... ok
[INFO] [stdout] test build_deploy::benchmark_report_tests::benchmark_report_rejects_duplicate_raw_notes_identity_fields ... ok
[INFO] [stdout] test build_deploy::benchmark_report_tests::benchmark_report_fails_smoke_output_artifact_mismatch ... ok
[INFO] [stdout] test build_deploy::benchmark_report_tests::verify_deploy_benchmark_evidence_data_with_artifacts_rejects_raw_notes_identity_drift ... ok
[INFO] [stdout] test build_deploy::benchmark_report_tests::benchmark_report_rejects_smoke_required_marker_drift ... ok
[INFO] [stdout] test build_deploy::benchmark_report_tests::benchmark_report_rejects_malformed_raw_notes_sha256_format ... ok
[INFO] [stdout] test build_deploy::benchmark_report_tests::verify_deploy_benchmark_evidence_data_with_artifacts_rejects_symlinked_raw_notes ... ok
[INFO] [stdout] test build_deploy::commerce_boundary::tests::commerce_adapter_package_uses_hir_owner_descriptor ... ok
[INFO] [stdout] test tests::benchmark::benchmark_report_fails_negative_observation_counts ... ok
[INFO] [stdout] test tests::benchmark::benchmark_report_marks_duplicate_participant_identity_incomplete ... ok
[INFO] [stdout] test tests::benchmark::benchmark_report_marks_invalid_participant_timestamp_incomplete ... ok
[INFO] [stdout] test tests::benchmark::benchmark_report_marks_missing_participant_runs_incomplete ... ok
[INFO] [stdout] test tests::benchmark::benchmark_report_fails_negative_time_values ... ok
[INFO] [stdout] test lsp::position::tests::unicode_positions_clamp_to_crlf_line_ends_and_scalar_boundaries ... ok
[INFO] [stdout] test tests::benchmark::benchmark_report_fails_when_manual_failure_gate_is_triggered ... ok
[INFO] [stdout] test tests::benchmark::benchmark_prepare_subcommand_is_accepted ... ok
[INFO] [stdout] test tests::benchmark::benchmark_report_fails_when_ai_assistance_was_used ... ok
[INFO] [stdout] test tests::benchmark::benchmark_report_marks_failed_participant_run_failed ... ok
[INFO] [stdout] test tests::benchmark::benchmark_report_rejects_participant_count_drift ... ok
[INFO] [stdout] test tests::benchmark::benchmark_report_marks_unknown_participant_status_incomplete ... ok
[INFO] [stdout] test tests::benchmark::benchmark_report_rejects_failure_classification_category_drift ... ok
[INFO] [stdout] test tests::benchmark::benchmark_report_rejects_raw_notes_hash_mismatch ... ok
[INFO] [stdout] test tests::benchmark::benchmark_report_rejects_raw_notes_identity_mismatch ... ok
[INFO] [stdout] test tests::benchmark::benchmark_report_marks_unknown_task_status_incomplete ... ok
[INFO] [stdout] test tests::benchmark::benchmark_report_requires_ai_assistance_evidence_before_pass ... ok
[INFO] [stdout] test tests::benchmark::benchmark_report_marks_wrong_participant_profile_incomplete ... ok
[INFO] [stdout] test tests::benchmark::benchmark_report_rejects_symlinked_participant_note_artifacts_outside_build_dir ... ok
[INFO] [stdout] test tests::benchmark::benchmark_report_requires_manual_failure_gate_evidence_before_pass ... ok
[INFO] [stdout] test tests::benchmark::benchmark_report_requires_failure_classification_for_failed_tasks ... ok
[INFO] [stdout] test tests::benchmark::benchmark_report_requires_non_empty_participant_note_artifacts ... ok
[INFO] [stdout] test tests::benchmark::benchmark_report_requires_recording_status_recorded_before_pass ... ok
[INFO] [stdout] test tests::benchmark::benchmark_report_requires_human_evidence_review_before_pass ... ok
[INFO] [stdout] test tests::benchmark::benchmark_report_requires_notes_for_other_failure_classification ... ok
[INFO] [stdout] test tests::benchmark::benchmark_report_rejects_unfilled_participant_note_templates ... ok
[INFO] [stdout] test tests::benchmark::benchmark_report_requires_manual_config_edit_entries ... ok
[INFO] [stdout] test tests::benchmark::benchmark_report_requires_notes_for_recorded_tasks ... ok
[INFO] [stdout] test tests::benchmark::benchmark_smoke_output_requires_absolute_build_dir ... ok
[INFO] [stdout] test tests::benchmark::benchmark_smoke_output_rejects_duplicate_marker_fields ... ok
[INFO] [stdout] test tests::benchmark::benchmark_smoke_output_requires_http_base_url ... ok
[INFO] [stdout] test tests::benchmark::benchmark_smoke_output_requires_trace_stream_requested ... ok
[INFO] [stdout] test tests::benchmark::benchmark_smoke_output_matches_published_shop_smoke_output_fixture ... ok
[INFO] [stdout] test tests::benchmark::shop_benchmark_sample_evidence_matches_current_contract ... ok
[INFO] [stdout] test tests::build::build_prod_records_static_page_target ... ok
[INFO] [stdout] test tests::build::build_accepts_orv_toml_project_entry ... ok
[INFO] [stdout] test tests::build::build_prod_rejects_test_only_ephemeral_listen_port ... ok
[INFO] [stdout] test tests::build::build_prod_subcommand_flag_is_accepted ... ok
[INFO] [stdout] test tests::build::build_subcommand_is_accepted ... ok
[INFO] [stdout] test tests::build::build_writes_static_html_page_for_html_only_entry ... ok
[INFO] [stdout] test build_deploy::dap_smoke_tests::build_prod_smoke_dap_source_bundle_hash_uses_artifact_hash ... ok
[INFO] [stdout] test tests::build::build_writes_manifest_origin_map_and_project_graph ... ok
[INFO] [stdout] test tests::benchmark::reveal_benchmark_summary_exposes_smoke_output_artifact_match ... ok
[INFO] [stdout] test build_deploy::dap_smoke_tests::verify_build_rejects_deploy_smoke_dap_source_bundle_hash_mismatch ... ok
[INFO] [stdout] test tests::client::build_prod_records_client_bootstrap_targets ... ok
[INFO] [stdout] test tests::client::build_writes_client_bundle_manifest_contract ... ok
[INFO] [stdout] test tests::build::build_prod_writes_env_listen_container_contract ... ok
[INFO] [stdout] test tests::client::build_writes_client_duplicate_signal_slot_cursor_contract ... ok
[INFO] [stdout] test tests::benchmark::benchmark_report_rejects_smoke_route_count_mismatch ... ok
[INFO] [stdout] test tests::client::build_writes_client_multi_signal_text_template_binding_contract ... ok
[INFO] [stdout] test tests::client::build_writes_client_multi_signal_attr_template_binding_contract ... ok
[INFO] [stdout] test tests::client::build_writes_client_reactive_plan_contract ... ok
[INFO] [stdout] test tests::build::build_prod_records_env_configured_http_commerce_endpoints ... ok
[INFO] [stdout] test tests::benchmark::benchmark_report_rejects_smoke_output_artifact_mismatch ... ok
[INFO] [stdout] test tests::benchmark::benchmark_report_requires_retained_participant_note_artifacts ... ok
[INFO] [stdout] test tests::benchmark::benchmark_report_rejects_smoke_build_dir_mismatch ... ok
[INFO] [stdout] test tests::client::build_writes_client_signal_attr_template_binding_contract ... ok
[INFO] [stdout] test tests::client::build_writes_client_signal_attr_comparison_condition_binding_contract ... ok
[INFO] [stdout] test tests::benchmark::benchmark_report_uses_generated_smoke_output_artifact ... ok
[INFO] [stdout] test tests::benchmark::benchmark_report_marks_recorded_evidence_passed ... ok
[INFO] [stdout] test tests::client::build_writes_client_signal_attr_binding_contract ... ok
[INFO] [stdout] test tests::client::build_writes_client_signal_attr_condition_binding_contract ... ok
[INFO] [stdout] test tests::benchmark::benchmark_report_marks_unrecorded_evidence_incomplete ... ok
[INFO] [stdout] test tests::client::build_writes_client_signal_event_toggle_binding_contract ... ok
[INFO] [stdout] test tests::client::build_writes_client_signal_event_input_value_binding_contract ... ok
[INFO] [stdout] test tests::dap_async_runtime::dap_long_running_exposes_async_route_inventory ... ok
[INFO] [stdout] test tests::dap_breakpoints::dap_conditional_breakpoint_skips_false_condition_frame ... ok
[INFO] [stdout] test tests::dap_breakpoints::dap_breakpoint_locations_return_project_graph_lines ... ok
[INFO] [stdout] test tests::dap_async_runtime::dap_long_running_exposes_async_listen_endpoint ... ok
[INFO] [stdout] test tests::dap_breakpoints::dap_continue_stops_at_next_function_breakpoint_frame ... ok
[INFO] [stdout] test tests::dap_breakpoints::dap_data_breakpoint_stops_when_local_changes ... ok
[INFO] [stdout] test tests::client::build_writes_client_signal_event_numeric_input_value_binding_contract ... ok
[INFO] [stdout] test tests::dap_breakpoints::dap_continue_stops_at_next_verified_breakpoint_frame ... ok
[INFO] [stdout] test tests::dap_breakpoints::dap_exception_info_returns_launch_runtime_status ... ok
[INFO] [stdout] test tests::dap_breakpoints::dap_set_breakpoints_accepts_loaded_source_reference ... ok
[INFO] [stdout] test tests::client::build_writes_client_wasm_for_signal_html_entry ... ok
[INFO] [stdout] test tests::dap_breakpoints::dap_set_breakpoints_and_stacktrace_use_verified_breakpoint_line ... ok
[INFO] [stdout] test tests::dap_breakpoints::dap_reverse_continue_stops_at_previous_verified_breakpoint_frame ... ok
[INFO] [stdout] test tests::dap_breakpoints::dap_function_breakpoint_stops_inside_named_function ... ok
[INFO] [stdout] test tests::dap_breakpoints::dap_set_instruction_breakpoints_requires_launch_for_verification ... ok
[INFO] [stdout] test tests::dap_breakpoints::dap_set_breakpoints_rejects_non_executable_lines ... ok
[INFO] [stdout] test tests::dap_breakpoints::dap_set_exception_breakpoints_empty_filters_disable_diagnostic_stop_reason ... ok
[INFO] [stdout] test tests::benchmark::benchmark_report_marks_weak_smoke_output_incomplete ... ok
[INFO] [stdout] test tests::dap_breakpoints::dap_instruction_breakpoint_stops_continue_at_frame ... ok
[INFO] [stdout] test tests::dap_breakpoints::dap_set_exception_breakpoints_accepts_orv_filters ... ok
[INFO] [stdout] test tests::dap_async_runtime::dap_long_running_exposes_async_pause_resume_state ... ok
[INFO] [stdout] test tests::dap_breakpoints::dap_live_continue_stops_at_breakpoint_before_program_end ... ok
[INFO] [stdout] test tests::dap_breakpoints::dap_hit_condition_breakpoint_stops_on_requested_hit ... ok
[INFO] [stdout] test tests::dap_control::dap_cancel_request_is_accepted ... ok
[INFO] [stdout] test tests::dap_control::dap_continue_terminates_session_state ... ok
[INFO] [stdout] test tests::dap_control::dap_locals_follow_current_stopped_line ... ok
[INFO] [stdout] test tests::client::build_writes_client_signal_text_condition_binding_contract ... ok
[INFO] [stdout] test tests::dap_control::dap_debug_control_rejects_unknown_thread_id ... ok
[INFO] [stdout] test tests::dap_control::dap_logpoint_outputs_without_stopping ... ok
[INFO] [stdout] test tests::dap_control::dap_goto_targets_and_goto_move_to_executable_frame ... ok
[INFO] [stdout] test tests::dap_control::dap_disassemble_returns_source_frame_pseudo_instructions ... ok
[INFO] [stdout] test tests::dap_control::dap_hit_condition_modulo_stays_msrv_compatible ... ok
[INFO] [stdout] test tests::client::build_writes_client_signal_event_input_checked_binding_contract ... ok
[INFO] [stdout] test tests::dap_breakpoints::editor_debug_exception_filter_argument_configures_dap_session ... ok
[INFO] [stdout] test tests::dap_control::dap_read_memory_returns_base64_source_frame_bytes ... ok
[INFO] [stdout] test tests::dap_control::dap_next_after_last_executable_line_terminates_session ... ok
[INFO] [stdout] test tests::dap_control::dap_next_advances_to_next_executable_line_and_queues_stopped_event ... ok
[INFO] [stdout] test tests::dap_control::dap_restart_frame_accepts_reported_entry_frame_id ... ok
[INFO] [stdout] test tests::dap_control::dap_restart_reloads_current_program_and_resets_stopped_line ... ok
[INFO] [stdout] test tests::dap_control::dap_next_steps_over_function_call_frames ... ok
[INFO] [stdout] test tests::dap_control::dap_pause_keeps_current_line_and_queues_pause_stopped_event ... ok
[INFO] [stdout] test tests::dap_control::dap_restart_frame_rewinds_current_function_frame ... ok
[INFO] [stdout] test tests::dap_control::dap_set_expression_updates_current_local ... ok
[INFO] [stdout] test tests::dap_control::dap_initialize_returns_debug_capabilities ... ok
[INFO] [stdout] test tests::dap_control::dap_stack_trace_honors_start_frame_and_levels ... ok
[INFO] [stdout] test tests::dap_control::dap_long_running_exposes_env_listen_endpoint ... ok
[INFO] [stdout] test tests::dap_control::dap_long_running_continue_and_pause_queue_events ... ok
[INFO] [stdout] test tests::dap_control::dap_step_out_leaves_current_function_frame ... ok
[INFO] [stdout] test tests::dap_control::dap_step_in_targets_enter_selected_function_frame ... ok
[INFO] [stdout] test tests::dap_control::dap_source_returns_content_by_loaded_source_reference ... ok
[INFO] [stdout] test tests::dap_control::editor_debug_control_sequence_reuses_one_dap_session ... ok
[INFO] [stdout] test tests::dap_control::editor_debug_terminate_control_uses_dap_session ... ok
[INFO] [stdout] test tests::benchmark::benchmark_prepare_seeds_participant_note_artifacts ... ok
[INFO] [stdout] test tests::client::build_writes_client_signal_event_binding_contract ... ok
[INFO] [stdout] test tests::dap_launch::dap_launch_server_program_reports_paused_long_running_runtime ... ok
[INFO] [stdout] test tests::dap_launch::dap_restart_preserves_live_launch_mode ... ok
[INFO] [stdout] test tests::dap_launch::dap_launch_threads_and_stacktrace_use_entry_source ... ok
[INFO] [stdout] test tests::dap_launch::dap_live_launch_defers_output_until_next_step ... ok
[INFO] [stdout] test tests::dap_launch::dap_modules_returns_project_sources_after_launch ... ok
[INFO] [stdout] test tests::dap_control::build_prod_smoke_dap_native_route_summary_uses_actual_route_count ... ok
[INFO] [stdout] test tests::dap_launch::dap_terminate_threads_clears_launch_and_queues_terminated_event ... ok
[INFO] [stdout] test tests::dap_control::editor_debug_terminate_threads_control_uses_dap_session ... ok
[INFO] [stdout] test tests::dap_launch::dap_launch_source_bundle_rehydrates_source_when_original_file_is_missing ... ok
[INFO] [stdout] test tests::dap_runtime::dap_in_process_runtime_exposes_request_trace_path_expression ... ok
[INFO] [stdout] test tests::dap_launch::dap_loaded_sources_returns_project_files_after_launch ... ok
[INFO] [stdout] test tests::dap_launch::dap_source_returns_loaded_file_content_after_launch ... ok
[INFO] [stdout] test tests::dap_runtime::dap_in_process_runtime_flushes_request_trace_path_on_pause ... ok
[INFO] [stdout] test tests::client::build_writes_client_signal_text_template_binding_contract ... ok
[INFO] [stdout] test tests::dap_runtime::dap_live_step_in_rejects_target_id ... ok
[INFO] [stdout] test tests::dap_runtime::dap_stack_trace_names_runtime_function_frame ... ok
[INFO] [stdout] test tests::dap_runtime::dap_locals_reflect_runtime_reassignment_after_step ... ok
[INFO] [stdout] test tests::dap_runtime::dap_next_queues_output_for_reached_runtime_frame ... ok
[INFO] [stdout] test tests::dap_runtime::dap_attach_request_enables_runtime_transport ... ok
[INFO] [stdout] test tests::dap_transport::dap_serve_stdio_subcommand_is_accepted ... ok
[INFO] [stdout] test tests::dap_runtime::dap_step_back_moves_to_previous_runtime_frame ... ok
[INFO] [stdout] test tests::dap_runtime::dap_in_process_runtime_exposes_request_trace_json ... ok
[INFO] [stdout] test tests::dap_transport::dap_stdio_emits_continued_and_terminated_events_after_continue ... ok
[INFO] [stdout] test tests::dap_transport::dap_stdio_emits_stderr_output_event_for_runtime_error_after_launch ... ok
[INFO] [stdout] test tests::dap_transport::dap_stdio_emits_output_event_for_reference_stdout_after_launch ... ok
[INFO] [stdout] test tests::dap_control::verify_build_rejects_deploy_smoke_output_dap_marker_missing ... ok
[INFO] [stdout] test tests::dap_control::verify_build_rejects_deploy_smoke_dap_marker_contract_missing ... ok
[INFO] [stdout] test tests::dap_transport::dap_stdio_serves_content_length_initialize_frame ... ok
[INFO] [stdout] test tests::dap_variables::dap_evaluate_and_completions_include_top_level_locals ... ok
[INFO] [stdout] test tests::dap_runtime::dap_long_running_server_state_uses_server_frame_without_runtime ... ok
[INFO] [stdout] test tests::dap_variables::dap_evaluate_returns_project_runtime_values ... ok
[INFO] [stdout] test tests::dap_variables::dap_completions_returns_evaluable_project_values ... ok
[INFO] [stdout] test tests::dap_variables::dap_scopes_and_variables_expose_project_launch_state ... ok
[INFO] [stdout] test tests::dap_variables::dap_set_variable_updates_current_local_and_evaluate ... ok
[INFO] [stdout] test tests::dap_variables::dap_locals_evaluate_array_and_object_initializers ... ok
[INFO] [stdout] test tests::dap_variables::dap_locals_evaluate_pure_top_level_expressions ... ok
[INFO] [stdout] test tests::dap_variables::dap_scopes_rejects_unknown_frame_id ... ok
[INFO] [stdout] test tests::dap_variables::dap_locals_use_runtime_values_from_function_calls ... ok
[INFO] [stdout] test tests::dap_variables::dap_variables_expose_top_level_locals ... ok
[INFO] [stdout] test tests::dap_variables::dap_variables_honor_named_and_indexed_filters ... ok
[INFO] [stdout] test tests::dap_variables::dap_variables_honor_start_and_count ... ok
[INFO] [stdout] test tests::database::db_migrate_applies_schema_and_history ... ok
[INFO] [stdout] test tests::dap_variables::dap_variables_include_reference_runtime_output ... ok
[INFO] [stdout] test tests::dap_transport::editor_debug_control_uses_dap_stdio_transport ... ok
[INFO] [stdout] test tests::database::db_apply_subcommand_is_accepted ... ok
[INFO] [stdout] test tests::database::db_plan_reports_added_nullable_field_from_applied_snapshot ... ok
[INFO] [stdout] test tests::database::db_migrate_subcommand_is_accepted ... ok
[INFO] [stdout] test tests::database::db_apply_writes_current_schema_snapshot ... ok
[INFO] [stdout] test tests::database::db_recover_archive_subcommand_is_accepted ... ok
[INFO] [stdout] test tests::database::db_plan_subcommand_is_accepted ... ok
[INFO] [stdout] test tests::database::db_restore_wal_subcommand_is_accepted ... ok
[INFO] [stdout] test tests::dap_launch::verify_build_rejects_deploy_smoke_output_dap_source_bundle_marker_missing ... ok
[INFO] [stdout] test tests::dap_launch::verify_build_rejects_deploy_smoke_dap_source_bundle_panel_missing ... ok
[INFO] [stdout] test tests::dap_transport::dap_stdio_emits_initialized_event_after_initialize ... ok
[INFO] [stdout] test tests::database::db_restore_raw_wal_replays_point_in_time_snapshot ... ok
[INFO] [stdout] test tests::database::db_rollback_restores_previous_schema_snapshot ... ok
[INFO] [stdout] test tests::dap_transport::dap_stdio_emits_stopped_event_after_configuration_done ... ok
[INFO] [stdout] test tests::dap_launch::verify_build_rejects_deploy_smoke_dap_source_bundle_count_mismatch ... ok
[INFO] [stdout] test tests::database::db_squash_subcommand_is_accepted ... ok
[INFO] [stdout] test tests::database::db_squash_writes_compacted_history_actions ... ok
[INFO] [stdout] test tests::database::db_rollback_subcommand_is_accepted ... ok
[INFO] [stdout] test tests::database::db_verify_rejects_schema_drift ... ok
[INFO] [stdout] test tests::database::db_apply_appends_migration_history_when_requested ... ok
[INFO] [stdout] test tests::database::db_recover_archive_uses_archived_wal_target ... ok
[INFO] [stdout] test tests::database::db_verify_subcommand_is_accepted ... ok
[INFO] [stdout] test tests::database::db_verify_accepts_current_schema_snapshot ... ok
[INFO] [stdout] test tests::dap_launch::build_prod_smoke_dap_source_bundle_count_uses_actual_file_count ... ok
[INFO] [stdout] test tests::database::db_recover_archive_rejects_wal_hash_mismatch ... ok
[INFO] [stdout] test tests::deploy::deploy_adapter_source_origin_rejects_missing_and_non_call_entries ... ok
[INFO] [stdout] test tests::deploy::init_shop_template_writes_deploy_guide ... ok
[INFO] [stdout] test tests::dev::dev_builds_verifies_and_runs_static_page ... ok
[INFO] [stdout] test tests::deploy::build_prod_mounts_sqlite_db_connect_adapter_file ... ok
[INFO] [stdout] test tests::deploy::deploy_env_check_subcommand_is_accepted ... ok
[INFO] [stdout] test tests::dev::dev_hmr_subcommand_is_accepted ... ok
[INFO] [stdout] test tests::dev::dev_subcommand_is_accepted ... ok
[INFO] [stdout] test tests::dev::dev_watch_loop_subcommand_is_accepted ... ok
[INFO] [stdout] test tests::dev::dev_watch_subcommand_is_accepted ... ok
[INFO] [stdout] test tests::dap_control::editor_export_embeds_dap_debug_wiring ... ok
[INFO] [stdout] test tests::editor_debug::editor_debug_breakpoint_argument_stops_continue_at_line ... ok
[INFO] [stdout] test tests::editor_debug::editor_debug_data_breakpoint_argument_stops_when_local_changes ... ok
[INFO] [stdout] test tests::editor_debug::editor_debug_function_breakpoint_argument_stops_inside_function ... ok
[INFO] [stdout] test tests::editor_debug::editor_debug_subcommand_accepts_control_sequence ... ok
[INFO] [stdout] test tests::editor_debug::editor_debug_subcommand_accepts_exception_filter ... ok
[INFO] [stdout] test tests::editor_debug::editor_debug_subcommand_accepts_data_breakpoint ... ok
[INFO] [stdout] test tests::deploy::deploy_env_check_reports_missing_required_db_adapter_env ... ok
[INFO] [stdout] test tests::editor_debug::editor_debug_subcommand_accepts_function_breakpoint ... ok
[INFO] [stdout] test tests::editor_debug::editor_debug_subcommand_is_accepted ... ok
[INFO] [stdout] test tests::editor_debug::editor_debug_subcommand_accepts_watch_expression ... ok
[INFO] [stdout] test tests::deploy::deploy_env_check_reports_missing_required_provider_credentials ... ok
[INFO] [stdout] test tests::deploy::deploy_env_check_reports_missing_required_db_bridge_endpoint ... ok
[INFO] [stdout] test tests::dev::dev_hmr_reference_server_serves_session_and_event_stream ... ok
[INFO] [stdout] test tests::editor_debug::editor_run_debug_subcommand_accepts_exported_state ... ok
[INFO] [stdout] test tests::client::build_prod_runbook_documents_client_bundle_contract ... ok
[INFO] [stdout] test tests::dev::dev_hmr_serve_subcommand_is_accepted ... ok
[INFO] [stdout] test tests::deploy::build_prod_mounts_file_commerce_adapter_records ... ok
[INFO] [stdout] test tests::editor_desktop::editor_desktop_run_probe_spawns_host_and_reads_ready_json ... ok
[INFO] [stdout] test tests::editor_debug::editor_run_debug_executes_exported_session_runner ... ok
[INFO] [stdout] test tests::editor_export::editor_export_subcommand_is_accepted ... ok
[INFO] [stdout] test tests::editor_debug::editor_run_debug_build_dir_rehydrates_source_bundle_when_original_source_is_missing ... ok
[INFO] [stdout] test tests::deploy::build_prod_writes_deploy_manifest_and_server_entrypoint ... ok
[INFO] [stdout] test tests::deploy::build_prod_records_env_configured_sqlite_db_adapter ... ok
[INFO] [stdout] test tests::editor_debug::editor_run_debug_executes_exported_runner_with_data_breakpoint ... ok
[INFO] [stdout] test tests::editor_debug::editor_run_debug_writes_native_debug_result_panel_contract ... ok
[INFO] [stdout] test tests::editor_debug::editor_export_debug_source_inventory_tracks_imports ... ok
[INFO] [stdout] test tests::editor_debug::editor_run_debug_writes_exported_runner_result_artifact ... ok
[INFO] [stdout] test tests::deploy::build_prod_mounts_file_db_connect_adapter_wal ... ok
[INFO] [stdout] test tests::editor_debug::verify_build_rejects_deploy_preflight_editor_run_debug_command_mismatch ... ok
[INFO] [stdout] test tests::editor_export::editor_export_renders_runtime_frame_inspector ... ok
[INFO] [stdout] test tests::dap_control::verify_build_rejects_deploy_smoke_dap_native_route_count_mismatch ... ok
[INFO] [stdout] test tests::deploy::build_prod_records_http_commerce_adapter_endpoints ... ok
[INFO] [stdout] test tests::editor_export::editor_export_writes_static_editor_shell_and_state ... ok
[INFO] [stdout] test tests::editor_snapshot::editor_reveal_subcommand_is_accepted ... ok
[INFO] [stdout] test tests::editor_snapshot::editor_runtime_outputs_reference_runtime_inspection_panel ... ok
[INFO] [stdout] test tests::editor_production::editor_run_debug_result_summarizes_static_production_targets ... ok
[INFO] [stdout] test tests::editor_snapshot::editor_runtime_subcommand_is_accepted ... ok
[INFO] [stdout] test tests::editor_snapshot::editor_snapshot_subcommand_is_accepted ... ok
[INFO] [stdout] test tests::editor_snapshot::editor_snapshot_outputs_graph_backed_panels ... ok
[INFO] [stdout] test tests::deploy::build_prod_records_external_db_adapter_endpoints_without_volumes ... ok
[INFO] [stdout] test tests::editor_debug::editor_run_debug_executes_exported_runner_with_breakpoint ... ok
[INFO] [stdout] test tests::editor_trace::editor_export_renders_trace_status_filters ... ok
[INFO] [stdout] test tests::editor_trace::editor_export_trace_options_are_accepted ... ok
[INFO] [stdout] test tests::editor_snapshot::editor_reveal_focuses_route_origin_for_native_navigation ... ok
[INFO] [stdout] test tests::editor_host::editor_export_native_host_includes_trace_transport_contract ... ok
[INFO] [stdout] test tests::editor_trace::editor_trace_rejects_extra_trace_frame_key ... ok
[INFO] [stdout] test tests::editor_trace::editor_trace_rejects_extra_trace_root_key ... ok
[INFO] [stdout] test tests::editor_production::editor_run_debug_result_summarizes_native_production_targets ... ok
[INFO] [stdout] test tests::editor_trace::editor_trace_links_request_origin_to_source_navigation ... ok
[INFO] [stdout] test tests::editor_trace::editor_trace_exposes_live_trace_event_stream_transport ... ok
[INFO] [stdout] test tests::editor_trace::editor_trace_rejects_invalid_trace_frame_params_type ... ok
[INFO] [stdout] test tests::editor_trace::editor_trace_rejects_missing_trace_frame_base_key ... ok
[INFO] [stdout] test tests::editor_trace::editor_trace_rejects_invalid_trace_frame_status_type ... ok
[INFO] [stdout] test tests::editor_trace::editor_trace_rejects_trace_frame_count_mismatch ... ok
[INFO] [stdout] test tests::editor_trace::editor_trace_rejects_invalid_trace_frame_origin_id_types ... ok
[INFO] [stdout] test tests::editor_trace::editor_trace_rejects_trace_root_version_and_kind_drift ... ok
[INFO] [stdout] test tests::editor_trace::editor_trace_rejects_missing_trace_frame_count ... ok
[INFO] [stdout] test tests::editor_snapshot::editor_reveal_exposes_commerce_adapter_origin_match ... ok
[INFO] [stdout] test tests::editor_trace::editor_trace_stream_rejects_extra_trace_frame_event_key ... ok
[INFO] [stdout] test tests::editor_production::editor_run_debug_result_summarizes_client_production_targets ... ok
[INFO] [stdout] test tests::editor_trace::editor_trace_stream_rejects_snapshot_replay_frame_drift ... ok
[INFO] [stdout] test tests::editor_trace::editor_trace_stream_rejects_live_frame_gap_after_snapshot_replay ... ok
[INFO] [stdout] test tests::editor_trace::editor_trace_links_response_origin_to_source_navigation ... ok
[INFO] [stdout] test tests::editor_trace::editor_trace_stream_rejects_trace_frame_event_index_drift ... ok
[INFO] [stdout] test tests::editor_trace::editor_trace_stream_rejects_trace_frame_event_version_and_kind_drift ... ok
[INFO] [stdout] test tests::editor_trace::editor_trace_stream_subcommand_accepts_event_stream_snapshot ... ok
[INFO] [stdout] test tests::editor_trace::editor_trace_subcommand_is_accepted ... ok
[INFO] [stdout] test tests::editor_trace::editor_trace_stream_rejects_unwrapped_trace_frame_event ... ok
[INFO] [stdout] test tests::editor_trace::editor_trace_summarizes_request_statuses_for_panels ... ok
[INFO] [stdout] test tests::graph::graph_json_for_path_includes_semantic_origin_map ... ok
[INFO] [stdout] test tests::graph::graph_json_for_path_outputs_schema_nodes_and_edges ... ok
[INFO] [stdout] test tests::graph::graph_json_includes_semantic_origin_edges ... ok
[INFO] [stdout] test tests::editor_production::editor_export_with_build_carries_production_context_into_debug_runner ... ok
[INFO] [stdout] test tests::graph::graph_json_links_semantic_origins_to_ast_nodes ... ok
[INFO] [stdout] test tests::graph::graph_subcommand_is_accepted ... ok
[INFO] [stdout] test tests::graph::graph_view_subcommand_is_accepted ... ok
[INFO] [stdout] test tests::graph::graph_view_writes_static_html_artifact ... ok
[INFO] [stdout] test tests::graph::check_build_reanalyzes_source_bundle_without_original_source ... ok
[INFO] [stdout] test tests::graph::graph_json_exposes_call_edges_from_origin_map ... ok
[INFO] [stdout] test tests::graph::reveal_origin_links_build_artifact_back_to_source_and_route ... ok
[INFO] [stdout] test tests::graph::reveal_origin_links_static_html_to_page_output ... ok
[INFO] [stdout] test tests::editor_trace::editor_trace_stream_consumes_eventsource_trace_snapshot ... ok
[INFO] [stdout] test tests::editor_trace::editor_trace_stream_applies_frame_events_after_snapshot_to_latest ... ok
[INFO] [stdout] test tests::language::client_wasm_i32_const_uses_signed_leb128_boundaries ... ok
[INFO] [stdout] test tests::graph::reveal_subcommand_is_accepted ... ok
[INFO] [stdout] test tests::graph::reveal_origin_links_route_html_to_containing_route_output ... ok
[INFO] [stdout] test tests::editor_trace::editor_trace_stream_appends_live_frame_after_snapshot_replay ... ok
[INFO] [stdout] test tests::language::rendered_diagnostics_use_span_file_source ... ok
[INFO] [stdout] test tests::language::rendered_diagnostics_use_secondary_span_file_source ... ok
[INFO] [stdout] test tests::lsp_completion::lsp_completion_returns_env_names_after_dot ... ok
[INFO] [stdout] test tests::language::project_diagnostics_render_imported_file_source ... ok
[INFO] [stdout] test tests::language::project_diagnostics_report_unknown_route_param_source ... ok
[INFO] [stdout] test tests::lsp_completion::lsp_completion_returns_directive_snippets_at_at_prefix ... ok
[INFO] [stdout] test tests::graph::reveal_origin_exposes_route_policy_contract ... ok
[INFO] [stdout] test tests::lsp_completion::lsp_completion_returns_project_symbols ... ok
[INFO] [stdout] test tests::language::plan_pressure_fixtures_declare_contract_badges ... ok
[INFO] [stdout] test tests::lsp_completion::lsp_signature_help_returns_function_parameters ... ok
[INFO] [stdout] test tests::lsp_completion::lsp_inlay_hint_returns_function_parameter_labels ... ok
[INFO] [stdout] test tests::lsp_completion::lsp_completion_returns_route_methods_inside_route_head ... ok
[INFO] [stdout] test tests::lsp_completion::lsp_completion_returns_route_path_params_after_param_dot ... ok
[INFO] [stdout] test tests::editor_production::editor_export_with_build_embeds_production_client_capabilities ... ok
[INFO] [stdout] test tests::lsp_diagnostics::lsp_code_action_inserts_default_route_path ... ok
[INFO] [stdout] test tests::lsp_diagnostics::lsp_execute_command_reveals_project_graph_source_node ... ok
[INFO] [stdout] test tests::lsp_diagnostics::lsp_code_action_inserts_default_route_method_and_path ... ok
[INFO] [stdout] test tests::lsp_diagnostics::lsp_snapshot_includes_diagnostics_graph_and_document_symbols ... ok
[INFO] [stdout] test tests::lsp_diagnostics::lsp_code_action_returns_reveal_action_for_diagnostic_range ... ok
[INFO] [stdout] test tests::lsp_diagnostics::lsp_text_document_diagnostic_returns_full_report_for_file_uri ... ok
[INFO] [stdout] test tests::lsp_diagnostics::lsp_text_document_diagnostic_filters_imported_file_diagnostics_by_uri ... ok
[INFO] [stdout] test tests::lsp_document::lsp_color_presentation_returns_hex_text_edit ... ok
[INFO] [stdout] test tests::lsp_document::lsp_document_color_returns_hex_literal_ranges ... ok
[INFO] [stdout] test tests::lsp_diagnostics::lsp_workspace_diagnostic_returns_imported_file_diagnostics ... ok
[INFO] [stdout] test tests::lsp_document::lsp_document_link_returns_import_targets ... ok
[INFO] [stdout] test tests::lsp_document::lsp_folding_range_returns_multiline_declarations ... ok
[INFO] [stdout] test tests::lsp_diagnostics::lsp_text_document_diagnostic_uses_open_imported_source_overlay ... ok
[INFO] [stdout] test tests::lsp_document::lsp_linked_editing_range_ignores_builtin_directives ... ok
[INFO] [stdout] test tests::lsp_document::lsp_selection_range_returns_structural_parent_range ... ok
[INFO] [stdout] test tests::lsp_document::lsp_linked_editing_range_returns_identifier_ranges ... ok
[INFO] [stdout] test tests::lsp_domains::lsp_completion_returns_domain_field_names_after_dot ... ok
[INFO] [stdout] test tests::lsp_domains::lsp_document_highlight_returns_domain_field_occurrences ... ok
[INFO] [stdout] test tests::graph::reveal_origin_uses_build_source_bundle_when_original_client_source_is_missing ... ok
[INFO] [stdout] test tests::lsp_domains::lsp_prepare_rename_rejects_domain_field_names ... ok
[INFO] [stdout] test tests::lsp_domains::lsp_references_returns_domain_field_locations ... ok
[INFO] [stdout] test tests::lsp_formatting::lsp_on_type_formatting_indents_new_current_line ... ok
[INFO] [stdout] test tests::lsp_formatting::lsp_range_formatting_uses_surrounding_indent_context ... ok
[INFO] [stdout] test tests::lsp_formatting::lsp_formatting_returns_full_document_text_edit_for_unsaved_content ... ok
[INFO] [stdout] test tests::lsp_navigation::lsp_call_hierarchy_incoming_returns_direct_callers ... ok
[INFO] [stdout] test tests::lsp_navigation::lsp_call_hierarchy_outgoing_returns_direct_calls ... ok
[INFO] [stdout] test tests::lsp_formatting::lsp_on_type_formatting_aligns_closing_brace_line ... ok
[INFO] [stdout] test tests::lsp_navigation::lsp_document_highlight_ignores_language_keywords ... ok
[INFO] [stdout] test tests::lsp_navigation::lsp_hover_returns_request_body_field_summary ... ok
[INFO] [stdout] test tests::lsp_navigation::lsp_initialize_returns_server_capabilities ... ok
[INFO] [stdout] test tests::lsp_navigation::lsp_document_highlight_returns_current_file_identifier_occurrences ... ok
[INFO] [stdout] test tests::lsp_navigation::lsp_did_close_drops_unsaved_content ... ok
[INFO] [stdout] test tests::lsp_navigation::lsp_did_save_without_text_returns_to_disk_content ... ok
[INFO] [stdout] test tests::lsp_navigation::lsp_did_save_with_text_updates_unsaved_content ... ok
[INFO] [stdout] test tests::lsp_navigation::lsp_references_ignore_language_keywords ... ok
[INFO] [stdout] test tests::lsp_navigation::lsp_prepare_call_hierarchy_returns_function_item ... ok
[INFO] [stdout] test tests::lsp_navigation::lsp_prepare_rename_rejects_language_tokens_and_builtin_directives ... ok
[INFO] [stdout] test tests::lsp_navigation::lsp_prepare_rename_returns_identifier_range_and_placeholder ... ok
[INFO] [stdout] test tests::lsp_navigation::lsp_prepare_type_hierarchy_returns_type_item ... ok
[INFO] [stdout] test tests::lsp_navigation::lsp_references_returns_identifier_locations ... ok
[INFO] [stdout] test tests::lsp_navigation::lsp_reveal_subcommand_is_accepted ... ok
[INFO] [stdout] test tests::lsp_navigation::lsp_shutdown_returns_null_result ... ok
[INFO] [stdout] test tests::lsp_navigation::lsp_rename_rejects_keyword_new_name ... ok
[INFO] [stdout] test tests::lsp_navigation::lsp_rename_returns_workspace_edit_for_project_references ... ok
[INFO] [stdout] test tests::lsp_navigation::lsp_snapshot_subcommand_is_accepted ... ok
[INFO] [stdout] test tests::lsp_navigation::lsp_type_definition_returns_type_declaration_location ... ok
[INFO] [stdout] test tests::lsp_navigation::lsp_type_hierarchy_supertypes_and_subtypes_are_empty_without_inheritance ... ok
[INFO] [stdout] test tests::lsp_navigation::lsp_unknown_method_returns_method_not_found_with_method_name ... ok
[INFO] [stdout] test tests::lsp_symbols::lsp_definition_returns_symbol_declaration_location ... ok
[INFO] [stdout] test tests::lsp_symbols::lsp_hover_returns_symbol_summary ... ok
[INFO] [stdout] test tests::lsp_navigation::lsp_hover_returns_env_value_summary ... ok
[INFO] [stdout] test tests::lsp_symbols::lsp_implementation_returns_concrete_symbol_location ... ok
[INFO] [stdout] test tests::lsp_symbols::lsp_declaration_returns_symbol_declaration_location ... ok
[INFO] [stdout] test tests::lsp_symbols::lsp_document_symbol_accepts_percent_encoded_file_uri ... ok
[INFO] [stdout] test tests::lsp_symbols::lsp_semantic_tokens_returns_project_graph_declaration_tokens ... ok
[INFO] [stdout] test tests::lsp_symbols::lsp_workspace_symbol_returns_matching_project_symbols ... ok
[INFO] [stdout] test tests::lsp_symbols::lsp_moniker_returns_project_symbol_identifier ... ok
[INFO] [stdout] test tests::lsp_transport::lsp_serve_stdio_subcommand_is_accepted ... ok
[INFO] [stdout] test tests::lsp_transport::lsp_stdio_document_symbol_uses_did_change_unsaved_content ... ok
[INFO] [stdout] test tests::lsp_transport::lsp_stdio_document_symbol_uses_did_open_unsaved_content ... ok
[INFO] [stdout] test tests::lsp_transport::lsp_stdio_ignores_notifications_without_id ... ok
[INFO] [stdout] test tests::lsp_transport::lsp_stdio_serves_content_length_initialize_frame ... ok
[INFO] [stdout] test tests::lsp_transport::lsp_stdio_document_symbol_returns_symbols_for_file_uri ... ok
[INFO] [stdout] test tests::editor_trace::editor_trace_stream_consumes_trace_frame_events ... ok
[INFO] [stdout] test tests::lsp_navigation::lsp_reveal_uses_build_source_bundle_when_original_source_is_missing ... ok
[INFO] [stdout] test tests::lsp_diagnostics::lsp_code_lens_returns_project_graph_reveal_commands ... ok
[INFO] [stdout] test tests::lsp_navigation::lsp_reveal_exposes_db_adapter_origin_match ... ok
[INFO] [stdout] test tests::deploy::build_prod_records_provider_commerce_adapters ... ok
[INFO] [stdout] test tests::editor_trace::editor_export_embeds_trace_navigation_state ... ok
[INFO] [stdout] test tests::lsp_navigation::lsp_reveal_returns_location_for_build_origin ... ok
[INFO] [stdout] test tests::native::build_lowers_static_response_body_into_native_handler_source ... ok
[INFO] [stdout] test tests::native::build_writes_native_runtime_image_plan_contract ... ok
[INFO] [stdout] test tests::native::build_writes_native_server_handler_source_contract ... ok
[INFO] [stdout] test tests::native::build_writes_native_server_routes_source_contract ... ok
[INFO] [stdout] test tests::native::build_writes_native_server_router_source_contract ... ok
[INFO] [stdout] test tests::editor_host::editor_native_host_bridge_post_runs_trace_action ... ok
[INFO] [stdout] test tests::editor_production::editor_export_with_build_embeds_production_adapter_summary ... ok
[INFO] [stdout] test tests::editor_host::editor_export_native_host_includes_trace_frame_navigation_inventory ... ok
[INFO] [stdout] test tests::editor_trace::editor_run_action_executes_trace_reveal_and_writes_result_artifact ... ok
[INFO] [stdout] test tests::native::build_lowers_mixed_static_and_request_body_field_response_into_native_handler_source ... ok
[INFO] [stdout] test tests::native::build_lowers_query_param_response_into_native_handler_source ... ok
[INFO] [stdout] test tests::native::build_lowers_request_body_field_response_into_native_handler_source ... ok
[INFO] [stdout] test tests::native::native_host_desktop_contract_freezes_public_object_keys_and_types ... ok
[INFO] [stdout] test tests::native::native_host_desktop_run_rejects_extra_session_root_key ... ok
[INFO] [stdout] test tests::native::build_lowers_static_left_ordered_arithmetic_response_into_native_handler_source ... ok
[INFO] [stdout] test tests::native::build_lowers_request_body_response_into_native_handler_source ... ok
[INFO] [stdout] test tests::native::build_lowers_mixed_dynamic_response_into_native_handler_source ... ok
[INFO] [stdout] test tests::native::build_lowers_route_param_response_into_native_handler_source ... ok
[INFO] [stdout] test tests::project::add_and_remove_subcommands_are_accepted ... ok
[INFO] [stdout] test tests::native::native_host_desktop_shell_rejects_empty_planned_platform_shared_contracts ... ok
[INFO] [stdout] test tests::native::build_writes_cargo_checkable_native_launcher_package ... ok
[INFO] [stdout] test tests::native::build_uses_reference_native_launcher_for_dynamic_handlers ... ok
[INFO] [stdout] test tests::native::native_host_desktop_shell_rejects_extra_package_root_key ... ok
[INFO] [stdout] test tests::project::check_accepts_orv_toml_project_entry ... ok
[INFO] [stdout] test tests::native::native_host_desktop_shell_rejects_extra_source_permission_key ... ok
[INFO] [stdout] test tests::project::fetch_subcommand_is_accepted ... ok
[INFO] [stdout] test tests::project::fetch_sends_bearer_token_for_authenticated_http_registry ... ok
[INFO] [stdout] test tests::project::add_and_remove_update_manifest_and_lockfile ... ok
[INFO] [stdout] test tests::project::dev_watch_loop_writes_bounded_event_manifest ... ok
[INFO] [stdout] test tests::project::fetch_downloads_dependency_source_bundle_from_http_registry ... ok
[INFO] [stdout] test tests::project::dev_watch_writes_watch_session_manifest ... ok
[INFO] [stdout] test tests::project::lock_preserves_exact_version_with_build_metadata ... ok
[INFO] [stdout] test tests::project::init_subcommand_is_accepted ... ok
[INFO] [stdout] test tests::project::lock_resolves_prerelease_comparator_version_from_local_registry_index ... ok
[INFO] [stdout] test tests::project::lock_resolves_disjunction_version_from_local_registry_index ... ok
[INFO] [stdout] test tests::project::lock_resolves_caret_version_from_local_registry_index ... ok
[INFO] [stdout] test tests::project::init_writes_project_manifest_and_entry ... ok
[INFO] [stdout] test tests::project::lock_resolves_compound_comparator_version_from_local_registry_index ... ok
[INFO] [stdout] test tests::project::lock_subcommand_is_accepted ... ok
[INFO] [stdout] test tests::project::registry_fetch_uses_https_transport_instead_of_roadmap_error ... ok
[INFO] [stdout] test tests::project::registry_index_uses_https_transport_instead_of_roadmap_error ... ok
[INFO] [stdout] test tests::native::native_host_desktop_shell_rejects_empty_planned_platform_blockers ... ok
[INFO] [stdout] test tests::project::test_summary_runs_only_matching_test_blocks ... ok
[INFO] [stdout] test tests::project::lock_resolves_tilde_version_from_local_registry_index ... ok
[INFO] [stdout] test tests::project::fetch_writes_dependency_source_bundles_from_lockfile ... ok
[INFO] [stdout] test tests::project::workspace_build_subcommand_is_accepted ... ok
[INFO] [stdout] test tests::project::lock_writes_and_checks_deterministic_project_lockfile ... ok
[INFO] [stdout] test tests::project::lock_sends_bearer_token_for_authenticated_http_registry_index ... ok
[INFO] [stdout] test tests::project::workspace_fetch_subcommand_is_accepted ... ok
[INFO] [stdout] test tests::project::lock_resolves_segment_wildcard_versions_from_local_registry_index ... ok
[INFO] [stdout] test tests::project::workspace_graph_merges_member_graphs_and_path_dependency_edges ... ok
[INFO] [stdout] test tests::project::workspace_lock_subcommand_is_accepted ... ok
[INFO] [stdout] test tests::project::workspace_build_writes_member_builds_and_workspace_manifest ... ok
[INFO] [stdout] test tests::project::workspace_graph_rejects_member_path_dependency_version_mismatch ... ok
[INFO] [stdout] test tests::project::workspace_graph_view_writes_static_html_artifact ... ok
[INFO] [stdout] test tests::project::workspace_new_subcommand_is_accepted ... ok
[INFO] [stdout] test tests::project::workspace_lock_writes_member_locks_and_workspace_manifest ... ok
[INFO] [stdout] test tests::project::workspace_graph_subcommand_is_accepted ... ok
[INFO] [stdout] test tests::native::native_host_desktop_shell_rejects_extra_platform_target_key ... ok
[INFO] [stdout] test tests::project::workspace_new_updates_root_manifest_and_creates_member_project ... ok
[INFO] [stdout] test tests::project::workspace_fetch_writes_member_dependency_caches ... ok
[INFO] [stdout] test tests::reveal::reveal_origin_exposes_deploy_preflight_contract ... ok
[INFO] [stdout] test tests::project::dev_hmr_writes_session_manifest_for_client_page ... ok
[INFO] [stdout] test tests::runtime::check_artifact_rehydrates_generated_server_runtime_artifact ... ok
[INFO] [stdout] test tests::runtime::check_artifact_subcommand_is_accepted ... ok
[INFO] [stdout] test tests::reveal::reveal_origin_exposes_deploy_commerce_adapter_contract ... ok
[INFO] [stdout] test tests::runtime::check_build_subcommand_is_accepted ... ok
[INFO] [stdout] test tests::reveal::reveal_origin_links_commerce_connects_to_deploy_adapter_contract ... ok
[INFO] [stdout] test tests::reveal::reveal_origin_links_client_signal_to_client_bundle_targets ... ok
[INFO] [stdout] test tests::runtime::run_artifact_rehydrates_imported_source_bundle ... ok
[INFO] [stdout] test tests::runtime::run_artifact_rehydrates_and_runs_source_bundle ... ok
[INFO] [stdout] test tests::runtime::run_artifact_subcommand_is_accepted ... ok
[INFO] [stdout] test tests::runtime::run_artifact_rejects_corrupt_source_bundle ... ok
[INFO] [stdout] test tests::runtime::run_build_executes_server_launch_artifact_relative_to_build_dir ... ok
[INFO] [stdout] test tests::runtime::check_accepts_all_e2e_fixtures ... ok
[INFO] [stdout] test tests::runtime::run_artifact_trace_option_is_accepted ... ok
[INFO] [stdout] test tests::runtime::run_build_trace_option_is_accepted ... ok
[INFO] [stdout] test tests::runtime::run_build_subcommand_is_accepted ... ok
[INFO] [stdout] test tests::reveal::reveal_origin_exposes_deploy_db_adapter_contract ... ok
[INFO] [stdout] test tests::runtime::test_list_json_discovers_filtered_tests_without_running_them ... ok
[INFO] [stdout] test tests::project::workspace_build_incremental_skips_unchanged_member_builds ... ok
[INFO] [stdout] test tests::runtime::test_subcommand_is_accepted ... ok
[INFO] [stdout] test tests::runtime::test_list_flag_is_accepted ... ok
[INFO] [stdout] test tests::shop::init_accepts_shop_template_flag ... ok
[INFO] [stdout] test tests::runtime::run_build_prints_client_page_shell ... ok
[INFO] [stdout] test tests::runtime::test_summary_discovers_and_runs_matching_tests ... ok
[INFO] [stdout] test tests::runtime::run_build_uses_bundle_plan_instead_of_stale_server_launcher ... ok
[INFO] [stdout] test tests::runtime::test_summary_reports_runtime_failures ... ok
[INFO] [stdout] test tests::unicode::lsp_unicode_stdio_references_and_rename_use_utf16 ... ok
[INFO] [stdout] test tests::runtime::run_build_prints_zero_runtime_static_page ... ok
[INFO] [stdout] test tests::reveal::reveal_origin_links_db_connect_to_deploy_adapter_contract ... ok
[INFO] [stdout] test tests::verify_benchmark::verify_deploy_benchmark_evidence_data_rejects_bad_manual_config_edits ... ok
[INFO] [stdout] test tests::verify_benchmark::verify_deploy_benchmark_evidence_data_rejects_duplicate_participant_ids ... ok
[INFO] [stdout] test tests::verify_benchmark::verify_deploy_benchmark_evidence_data_rejects_invalid_participant_timestamps ... ok
[INFO] [stdout] test tests::runtime::run_build_resolves_relative_persistence_under_build_dir ... ok
[INFO] [stdout] test tests::verify_benchmark::verify_deploy_benchmark_evidence_data_rejects_negative_observation_counts ... ok
[INFO] [stdout] test tests::verify_benchmark::verify_deploy_benchmark_evidence_data_rejects_nested_key_drift ... ok
[INFO] [stdout] test tests::verify_benchmark::verify_deploy_benchmark_evidence_data_rejects_invalid_raw_notes_sha256 ... ok
[INFO] [stdout] test tests::verify_benchmark::verify_deploy_benchmark_evidence_data_rejects_participant_contract_drift ... ok
[INFO] [stdout] test tests::verify_benchmark::verify_deploy_benchmark_evidence_data_rejects_participant_count_drift ... ok
[INFO] [stdout] test tests::verify_benchmark::verify_deploy_benchmark_evidence_data_rejects_participant_profile_drift ... ok
[INFO] [stdout] test tests::verify_benchmark::verify_deploy_benchmark_evidence_data_rejects_other_without_notes ... ok
[INFO] [stdout] test tests::verify_benchmark::verify_deploy_benchmark_evidence_data_rejects_unsafe_raw_notes_paths ... ok
[INFO] [stdout] test tests::verify_benchmark::verify_deploy_benchmark_evidence_rejects_negative_time_values ... ok
[INFO] [stdout] test tests::verify_benchmark::verify_deploy_benchmark_evidence_rejects_unknown_status_values ... ok
[INFO] [stdout] test tests::verify_benchmark::verify_deploy_benchmark_evidence_data_rejects_required_false_gate_type_drift ... ok
[INFO] [stdout] test tests::verify_build::verify_build_rejects_bundle_plan_and_manifest_paired_drift ... ok
[INFO] [stdout] test tests::runtime::check_accepts_plan_and_default_fixtures ... ok
[INFO] [stdout] test tests::verify_benchmark::verify_build_rejects_deploy_benchmark_evidence_extra_smoke_output_contract_key ... ok
[INFO] [stdout] test tests::verify_benchmark::verify_build_rejects_deploy_benchmark_evidence_smoke_output_contract_mismatch ... ok
[INFO] [stdout] test tests::verify_build::verify_build_rejects_invalid_dev_watch_session_manifest ... ok
[INFO] [stdout] test tests::editor_host::editor_export_native_host_includes_trace_adapter_reveal_navigation ... ok
[INFO] [stdout] test tests::verify_build::verify_build_subcommand_is_accepted ... ok
[INFO] [stdout] test tests::verify_build::verify_build_rejects_invalid_dev_hmr_transport_manifest ... ok
[INFO] [stdout] test tests::verify_build::verify_build_rejects_invalid_dev_watch_transport_path ... ok
[INFO] [stdout] test tests::verify_build::verify_build_static_artifact_cases ... ok
[INFO] [stdout] test tests::verify_client::verify_build_rejects_client_js_without_event_arithmetic_actions ... ok
[INFO] [stdout] test tests::verify_client::verify_build_rejects_client_reactive_plan_without_blocker_detail ... ok
[INFO] [stdout] test tests::verify_build::verify_build_rejects_invalid_dev_hmr_session_manifest ... ok
[INFO] [stdout] test tests::verify_client::verify_build_rejects_client_manifest_without_blocker_detail ... ok
[INFO] [stdout] test tests::verify_client::verify_build_rejects_client_reactive_plan_invalid_text_condition ... ok
[INFO] [stdout] test tests::verify_client::verify_build_rejects_client_wasm_without_orv_custom_section ... ok
[INFO] [stdout] test tests::verify_deploy::verify_build_rejects_deploy_commerce_adapter_origin_drift_from_origin_map ... ok
[INFO] [stdout] test tests::verify_build::verify_build_artifact_cases ... ok
[INFO] [stdout] test tests::smoke::build_prod_smoke_test_documents_client_bundle_contract ... ok
[INFO] [stdout] test tests::verify_deploy::verify_build_rejects_deploy_commerce_adapter_mismatch ... ok
[INFO] [stdout] test tests::verify_deploy::verify_build_rejects_deploy_commerce_adapters_extra_request_key ... ok
[INFO] [stdout] test tests::verify_deploy::verify_build_rejects_deploy_db_adapter_origin_drift_from_origin_map ... ok
[INFO] [stdout] test tests::verify_deploy::verify_build_rejects_deploy_commerce_adapters_extra_root_key ... ok
[INFO] [stdout] test tests::verify_deploy::verify_build_rejects_deploy_db_adapter_mismatch ... ok
[INFO] [stdout] test tests::verify_deploy::verify_build_rejects_deploy_container_env_ports_mismatch ... ok
[INFO] [stdout] test tests::verify_deploy::verify_build_rejects_deploy_db_adapters_extra_bridge_key ... ok
[INFO] [stdout] test tests::verify_deploy::verify_deploy_static_artifact_cases ... ok
[INFO] [stdout] test tests::verify_deploy::verify_build_rejects_deploy_routes_mismatch ... ok
[INFO] [stdout] test tests::verify_deploy::verify_build_rejects_deploy_db_adapters_extra_root_key ... ok
[INFO] [stdout] test tests::verify_client::verify_client_production_artifact_cases ... ok
[INFO] [stdout] test tests::verify_graph::verify_build_rejects_project_graph_file_node_source_bundle_index_drift ... ok
[INFO] [stdout] test tests::verify_graph::verify_build_rejects_project_graph_source_file_drift ... ok
[INFO] [stdout] test tests::verify_native::verify_build_rejects_native_server_plan_command_mismatch ... ok
[INFO] [stdout] test tests::verify_graph::verify_build_rejects_server_policy_origin_drift_from_origin_map ... ok
[INFO] [stdout] test tests::verify_native::verify_build_rejects_native_server_launcher_package_mismatch ... ok
[INFO] [stdout] test tests::verify_native::verify_build_rejects_native_server_routes_source_mismatch ... ok
[INFO] [stdout] test tests::verify_client::verify_client_development_artifact_cases ... ok
[INFO] [stdout] test tests::verify_server::verify_artifact_accepts_generated_server_runtime_artifact ... ok
[INFO] [stdout] test tests::verify_server::verify_artifact_subcommand_is_accepted ... ok
[INFO] [stdout] test tests::verify_graph::verify_build_rejects_project_graph_stat_content_drift ... ok
[INFO] [stdout] test tests::verify_server::verify_build_rejects_server_launcher_listen_mismatch ... ok
[INFO] [stdout] test tests::verify_graph::verify_graph_artifact_cases ... ok
[INFO] [stdout] test tests::verify_server::verify_build_rejects_source_bundle_duplicate_file_path ... ok
[INFO] [stdout] test tests::verify_server::verify_build_rejects_invalid_dev_hmr_server_manifest ... ok
[INFO] [stdout] test tests::verify_server::verify_build_rejects_server_source_bundle_drift ... ok
[INFO] [stdout] test tests::verify_smoke::verify_build_rejects_deploy_smoke_origin_assignment_mismatch ... ok
[INFO] [stdout] test tests::verify_smoke::verify_build_rejects_deploy_smoke_response_origin_assignment_mismatch ... ok
[INFO] [stdout] test tests::verify_smoke::verify_build_rejects_deploy_smoke_route_reveal_summary_count_mismatch ... ok
[INFO] [stdout] test tests::verify_native::verify_native_artifact_cases ... ok
[INFO] [stdout] test tests::verify_deploy::verify_deploy_artifact_cases ... ok
[INFO] [stdout] test tests::verify_server::verify_server_artifact_cases ... ok
[INFO] [stdout] test tests::native::generated_native_server_serves_mixed_static_and_request_body_field_response ... FAILED
[INFO] [stdout] test tests::native::generated_native_server_serves_guarded_multi_response_route ... FAILED
[INFO] [stdout] test tests::native::generated_native_server_serves_request_body_float_cast_response ... FAILED
[INFO] [stdout] test tests::native::generated_native_server_serves_mixed_dynamic_response ... FAILED
[INFO] [stdout] test tests::verify_preflight::verify_build_rejects_deploy_preflight_runtime_mirror_mismatches ... ok
[INFO] [stdout] test tests::verify_smoke::verify_build_rejects_deploy_smoke_test_path_mismatch ... ok
[INFO] [stdout] test tests::verify_smoke::verify_smoke_permission_artifact_cases ... ok
[INFO] [stdout] test tests::verify_benchmark::verify_benchmark_artifact_cases ... ok
[INFO] [stdout] test tests::verify_smoke::verify_smoke_artifact_cases ... ok
[INFO] [stdout] test tests::shop::init_shop_template_scaffolds_shopping_routes ... ok
[INFO] [stdout] test tests::verify_preflight::verify_preflight_artifact_cases ... ok
[INFO] [stdout] test tests::native::generated_native_server_serves_route_and_query_numeric_cast_responses ... FAILED
[INFO] [stdout] test tests::native::generated_native_server_serves_request_body_int_cast_response ... FAILED
[INFO] [stdout] test tests::shop::init_shop_template_prod_artifacts_keep_full_service_routes ... ok
[INFO] [stdout] 
[INFO] [stdout] failures:
[INFO] [stdout] 
[INFO] [stdout] ---- tests::native::generated_native_server_serves_mixed_static_and_request_body_field_response stdout ----
[INFO] [stdout] build: wrote /tmp/orv-cli-native-mixed-body-field-server-build-2838-1791296295034096624-360
[INFO] [stdout] build: /tmp/orv-cli-native-mixed-body-field-server-build-2838-1791296295034096624-360 verified
[INFO] [stdout] 
[INFO] [stdout] thread 'tests::native::generated_native_server_serves_mixed_static_and_request_body_field_response' (3333) panicked at crates/orv-cli/src/tests/native.rs:834:10:
[INFO] [stdout] spawn generated native server: Os { code: 2, kind: NotFound, message: "No such file or directory" }
[INFO] [stdout] stack backtrace:
[INFO] [stdout]    0:     0x62337e4de1e1 - std[617be2ca0a6fd877]::backtrace_rs::backtrace::libunwind::trace
[INFO] [stdout]                                at /rustc/e3feeb59cd1bdd011a2bfcc0747b55125d9b8527/library/std/src/../../backtrace/src/backtrace/libunwind.rs:117:9
[INFO] [stdout]    1:     0x62337e4de1e1 - std[617be2ca0a6fd877]::backtrace_rs::backtrace::trace_unsynchronized::<std[617be2ca0a6fd877]::sys::backtrace::_print_fmt::{closure#1}>
[INFO] [stdout]                                at /rustc/e3feeb59cd1bdd011a2bfcc0747b55125d9b8527/library/std/src/../../backtrace/src/backtrace/mod.rs:66:14
[INFO] [stdout]    2:     0x62337e4de1e1 - std[617be2ca0a6fd877]::sys::backtrace::_print_fmt
[INFO] [stdout]                                at /rustc/e3feeb59cd1bdd011a2bfcc0747b55125d9b8527/library/std/src/sys/backtrace.rs:74:9
[INFO] [stdout]    3:     0x62337e4de1e1 - <<std[617be2ca0a6fd877]::sys::backtrace::BacktraceLock>::print::DisplayBacktrace as core[a373ad73a504971]::fmt::Display>::fmt
[INFO] [stdout]                                at /rustc/e3feeb59cd1bdd011a2bfcc0747b55125d9b8527/library/std/src/sys/backtrace.rs:44:26
[INFO] [stdout]    4:     0x62337e4f87ba - <core[a373ad73a504971]::fmt::rt::Argument>::fmt
[INFO] [stdout]                                at /rustc/e3feeb59cd1bdd011a2bfcc0747b55125d9b8527/library/core/src/fmt/rt.rs:152:76
[INFO] [stdout]    5:     0x62337e4f87ba - core[a373ad73a504971]::fmt::write
[INFO] [stdout]    6:     0x62337e4e3dbc - core[a373ad73a504971]::io::write::default_write_fmt::<alloc[2e1b2a31b91974c5]::vec::Vec<u8>>
[INFO] [stdout]                                at /rustc/e3feeb59cd1bdd011a2bfcc0747b55125d9b8527/library/core/src/io/write.rs:402:11
[INFO] [stdout]    7:     0x62337e4e3dbc - <alloc[2e1b2a31b91974c5]::vec::Vec<u8> as core[a373ad73a504971]::io::write::Write>::write_fmt
[INFO] [stdout]                                at /rustc/e3feeb59cd1bdd011a2bfcc0747b55125d9b8527/library/core/src/io/write.rs:335:13
[INFO] [stdout]    8:     0x62337e4b36a6 - <std[617be2ca0a6fd877]::sys::backtrace::BacktraceLock>::print
[INFO] [stdout]                                at /rustc/e3feeb59cd1bdd011a2bfcc0747b55125d9b8527/library/std/src/sys/backtrace.rs:47:9
[INFO] [stdout]    9:     0x62337e4b36a6 - std[617be2ca0a6fd877]::panicking::default_hook::{closure#0}
[INFO] [stdout]                                at /rustc/e3feeb59cd1bdd011a2bfcc0747b55125d9b8527/library/std/src/panicking.rs:289:27
[INFO] [stdout]   10:     0x62337e4d3779 - std[617be2ca0a6fd877]::panicking::default_hook
[INFO] [stdout]                                at /rustc/e3feeb59cd1bdd011a2bfcc0747b55125d9b8527/library/std/src/panicking.rs:313:9
[INFO] [stdout]   11:     0x62337e28aa30 - <alloc[2e1b2a31b91974c5]::boxed::Box<dyn for<'a, 'b> core[a373ad73a504971]::ops::function::Fn<(&'a std[617be2ca0a6fd877]::panic::PanicHookInfo<'b>,), Output = ()> + core[a373ad73a504971]::marker::Sync + core[a373ad73a504971]::marker::Send> as core[a373ad73a504971]::ops::function::Fn<(&std[617be2ca0a6fd877]::panic::PanicHookInfo,)>>::call
[INFO] [stdout]                                at /rustc/e3feeb59cd1bdd011a2bfcc0747b55125d9b8527/library/alloc/src/boxed.rs:2328:9
[INFO] [stdout]   12:     0x62337e28aa30 - test[aada8e7e76ba119b]::test_main_inner::{closure#0}
[INFO] [stdout]                                at /rustc/e3feeb59cd1bdd011a2bfcc0747b55125d9b8527/library/test/src/lib.rs:137:21
[INFO] [stdout]   13:     0x62337e4d3aa2 - <alloc[2e1b2a31b91974c5]::boxed::Box<dyn for<'a, 'b> core[a373ad73a504971]::ops::function::Fn<(&'a std[617be2ca0a6fd877]::panic::PanicHookInfo<'b>,), Output = ()> + core[a373ad73a504971]::marker::Sync + core[a373ad73a504971]::marker::Send> as core[a373ad73a504971]::ops::function::Fn<(&std[617be2ca0a6fd877]::panic::PanicHookInfo,)>>::call
[INFO] [stdout]                                at /rustc/e3feeb59cd1bdd011a2bfcc0747b55125d9b8527/library/alloc/src/boxed.rs:2328:9
[INFO] [stdout]   14:     0x62337e4d3aa2 - std[617be2ca0a6fd877]::panicking::panic_with_hook
[INFO] [stdout]                                at /rustc/e3feeb59cd1bdd011a2bfcc0747b55125d9b8527/library/std/src/panicking.rs:819:13
[INFO] [stdout]   15:     0x62337e4b3752 - std[617be2ca0a6fd877]::panicking::panic_handler::{closure#0}
[INFO] [stdout]                                at /rustc/e3feeb59cd1bdd011a2bfcc0747b55125d9b8527/library/std/src/panicking.rs:685:13
[INFO] [stdout]   16:     0x62337e4ab7d9 - std[617be2ca0a6fd877]::sys::backtrace::__rust_end_short_backtrace::<std[617be2ca0a6fd877]::panicking::panic_handler::{closure#0}, !>
[INFO] [stdout]                                at /rustc/e3feeb59cd1bdd011a2bfcc0747b55125d9b8527/library/std/src/sys/backtrace.rs:182:18
[INFO] [stdout]   17:     0x62337e4b4b9d - __rustc[ea4f61d10b84890b]::rust_begin_unwind
[INFO] [stdout]                                at /rustc/e3feeb59cd1bdd011a2bfcc0747b55125d9b8527/library/std/src/panicking.rs:676:5
[INFO] [stdout]   18:     0x62337e4f908c - core[a373ad73a504971]::panicking::panic_fmt
[INFO] [stdout]                                at /rustc/e3feeb59cd1bdd011a2bfcc0747b55125d9b8527/library/core/src/panicking.rs:80:14
[INFO] [stdout]   19:     0x62337e4f8db2 - core[a373ad73a504971]::result::unwrap_failed
[INFO] [stdout]                                at /rustc/e3feeb59cd1bdd011a2bfcc0747b55125d9b8527/library/core/src/result.rs:1870:5
[INFO] [stdout]   20:     0x62337d2c4456 - <core[a373ad73a504971]::result::Result<std[617be2ca0a6fd877]::process::Child, core[a373ad73a504971]::io::error::Error>>::expect
[INFO] [stdout]                                at /rustc/e3feeb59cd1bdd011a2bfcc0747b55125d9b8527/library/core/src/result.rs:1184:23
[INFO] [stdout]   21:     0x62337d62877b - orv[ded6b3be66d1e9b5]::tests::native::generated_native_server_serves_mixed_static_and_request_body_field_response
[INFO] [stdout]                                at /opt/rustwide/workdir/crates/orv-cli/src/tests/native.rs:834:10
[INFO] [stdout]   22:     0x62337d5eee87 - orv[ded6b3be66d1e9b5]::tests::native::generated_native_server_serves_mixed_static_and_request_body_field_response::{closure#0}
[INFO] [stdout]                                at /opt/rustwide/workdir/crates/orv-cli/src/tests/native.rs:786:81
[INFO] [stdout]   23:     0x62337d3c33f6 - <orv[ded6b3be66d1e9b5]::tests::native::generated_native_server_serves_mixed_static_and_request_body_field_response::{closure#0} as core[a373ad73a504971]::ops::function::FnOnce<()>>::call_once
[INFO] [stdout]                                at /rustc/e3feeb59cd1bdd011a2bfcc0747b55125d9b8527/library/core/src/ops/function.rs:250:5
[INFO] [stdout]   24:     0x62337e27de7b - <fn() -> core[a373ad73a504971]::result::Result<(), alloc[2e1b2a31b91974c5]::string::String> as core[a373ad73a504971]::ops::function::FnOnce<()>>::call_once
[INFO] [stdout]                                at /rustc/e3feeb59cd1bdd011a2bfcc0747b55125d9b8527/library/core/src/ops/function.rs:250:5
[INFO] [stdout]   25:     0x62337e27de7b - test[aada8e7e76ba119b]::__rust_begin_short_backtrace::<core[a373ad73a504971]::result::Result<(), alloc[2e1b2a31b91974c5]::string::String>, fn() -> core[a373ad73a504971]::result::Result<(), alloc[2e1b2a31b91974c5]::string::String>>
[INFO] [stdout]                                at /rustc/e3feeb59cd1bdd011a2bfcc0747b55125d9b8527/library/test/src/lib.rs:701:18
[INFO] [stdout]   26:     0x62337e28b055 - test[aada8e7e76ba119b]::run_test_in_process::{closure#0}
[INFO] [stdout]                                at /rustc/e3feeb59cd1bdd011a2bfcc0747b55125d9b8527/library/test/src/lib.rs:724:74
[INFO] [stdout]   27:     0x62337e28b055 - <core[a373ad73a504971]::panic::unwind_safe::AssertUnwindSafe<test[aada8e7e76ba119b]::run_test_in_process::{closure#0}> as core[a373ad73a504971]::ops::function::FnOnce<()>>::call_once
[INFO] [stdout]                                at /rustc/e3feeb59cd1bdd011a2bfcc0747b55125d9b8527/library/core/src/panic/unwind_safe.rs:275:9
[INFO] [stdout]   28:     0x62337e28b055 - std[617be2ca0a6fd877]::panicking::catch_unwind::do_call::<core[a373ad73a504971]::panic::unwind_safe::AssertUnwindSafe<test[aada8e7e76ba119b]::run_test_in_process::{closure#0}>, core[a373ad73a504971]::result::Result<(), alloc[2e1b2a31b91974c5]::string::String>>
[INFO] [stdout]                                at /rustc/e3feeb59cd1bdd011a2bfcc0747b55125d9b8527/library/std/src/panicking.rs:573:43
[INFO] [stdout]   29:     0x62337e28b055 - std[617be2ca0a6fd877]::panicking::catch_unwind::<core[a373ad73a504971]::result::Result<(), alloc[2e1b2a31b91974c5]::string::String>, core[a373ad73a504971]::panic::unwind_safe::AssertUnwindSafe<test[aada8e7e76ba119b]::run_test_in_process::{closure#0}>>
[INFO] [stdout]                                at /rustc/e3feeb59cd1bdd011a2bfcc0747b55125d9b8527/library/std/src/panicking.rs:541:19
[INFO] [stdout]   30:     0x62337e28b055 - std[617be2ca0a6fd877]::panic::catch_unwind::<core[a373ad73a504971]::panic::unwind_safe::AssertUnwindSafe<test[aada8e7e76ba119b]::run_test_in_process::{closure#0}>, core[a373ad73a504971]::result::Result<(), alloc[2e1b2a31b91974c5]::string::String>>
[INFO] [stdout]                                at /rustc/e3feeb59cd1bdd011a2bfcc0747b55125d9b8527/library/std/src/panic.rs:359:14
[INFO] [stdout]   31:     0x62337e28b055 - test[aada8e7e76ba119b]::run_test_in_process
[INFO] [stdout]                                at /rustc/e3feeb59cd1bdd011a2bfcc0747b55125d9b8527/library/test/src/lib.rs:724:27
[INFO] [stdout]   32:     0x62337e28b055 - test[aada8e7e76ba119b]::run_test::{closure#0}
[INFO] [stdout]                                at /rustc/e3feeb59cd1bdd011a2bfcc0747b55125d9b8527/library/test/src/lib.rs:645:43
[INFO] [stdout]   33:     0x62337e284944 - test[aada8e7e76ba119b]::run_test::{closure#1}
[INFO] [stdout]                                at /rustc/e3feeb59cd1bdd011a2bfcc0747b55125d9b8527/library/test/src/lib.rs:675:41
[INFO] [stdout]   34:     0x62337e284944 - std[617be2ca0a6fd877]::sys::backtrace::__rust_begin_short_backtrace::<test[aada8e7e76ba119b]::run_test::{closure#1}, ()>
[INFO] [stdout]                                at /rustc/e3feeb59cd1bdd011a2bfcc0747b55125d9b8527/library/std/src/sys/backtrace.rs:166:18
[INFO] [stdout]   35:     0x62337e28e0e2 - std[617be2ca0a6fd877]::thread::lifecycle::spawn_unchecked::<test[aada8e7e76ba119b]::run_test::{closure#1}, ()>::{closure#1}::{closure#0}
[INFO] [stdout]                                at /rustc/e3feeb59cd1bdd011a2bfcc0747b55125d9b8527/library/std/src/thread/lifecycle.rs:70:13
[INFO] [stdout]   36:     0x62337e28e0e2 - <core[a373ad73a504971]::panic::unwind_safe::AssertUnwindSafe<std[617be2ca0a6fd877]::thread::lifecycle::spawn_unchecked<test[aada8e7e76ba119b]::run_test::{closure#1}, ()>::{closure#1}::{closure#0}> as core[a373ad73a504971]::ops::function::FnOnce<()>>::call_once
[INFO] [stdout]                                at /rustc/e3feeb59cd1bdd011a2bfcc0747b55125d9b8527/library/core/src/panic/unwind_safe.rs:275:9
[INFO] [stdout]   37:     0x62337e28e0e2 - std[617be2ca0a6fd877]::panicking::catch_unwind::do_call::<core[a373ad73a504971]::panic::unwind_safe::AssertUnwindSafe<std[617be2ca0a6fd877]::thread::lifecycle::spawn_unchecked<test[aada8e7e76ba119b]::run_test::{closure#1}, ()>::{closure#1}::{closure#0}>, ()>
[INFO] [stdout]                                at /rustc/e3feeb59cd1bdd011a2bfcc0747b55125d9b8527/library/std/src/panicking.rs:573:43
[INFO] [stdout]   38:     0x62337e28e0e2 - std[617be2ca0a6fd877]::panicking::catch_unwind::<(), core[a373ad73a504971]::panic::unwind_safe::AssertUnwindSafe<std[617be2ca0a6fd877]::thread::lifecycle::spawn_unchecked<test[aada8e7e76ba119b]::run_test::{closure#1}, ()>::{closure#1}::{closure#0}>>
[INFO] [stdout]                                at /rustc/e3feeb59cd1bdd011a2bfcc0747b55125d9b8527/library/std/src/panicking.rs:541:19
[INFO] [stdout]   39:     0x62337e28e0e2 - std[617be2ca0a6fd877]::panic::catch_unwind::<core[a373ad73a504971]::panic::unwind_safe::AssertUnwindSafe<std[617be2ca0a6fd877]::thread::lifecycle::spawn_unchecked<test[aada8e7e76ba119b]::run_test::{closure#1}, ()>::{closure#1}::{closure#0}>, ()>
[INFO] [stdout]                                at /rustc/e3feeb59cd1bdd011a2bfcc0747b55125d9b8527/library/std/src/panic.rs:359:14
[INFO] [stdout]   40:     0x62337e28e0e2 - std[617be2ca0a6fd877]::thread::lifecycle::spawn_unchecked::<test[aada8e7e76ba119b]::run_test::{closure#1}, ()>::{closure#1}
[INFO] [stdout]                                at /rustc/e3feeb59cd1bdd011a2bfcc0747b55125d9b8527/library/std/src/thread/lifecycle.rs:68:26
[INFO] [stdout]   41:     0x62337e28e0e2 - <std[617be2ca0a6fd877]::thread::lifecycle::spawn_unchecked<test[aada8e7e76ba119b]::run_test::{closure#1}, ()>::{closure#1} as core[a373ad73a504971]::ops::function::FnOnce<()>>::call_once::{shim:vtable#0}
[INFO] [stdout]                                at /rustc/e3feeb59cd1bdd011a2bfcc0747b55125d9b8527/library/core/src/ops/function.rs:250:5
[INFO] [stdout]   42:     0x62337e4dc9af - <alloc[2e1b2a31b91974c5]::boxed::Box<dyn core[a373ad73a504971]::ops::function::FnOnce<(), Output = ()> + core[a373ad73a504971]::marker::Send> as core[a373ad73a504971]::ops::function::FnOnce<()>>::call_once
[INFO] [stdout]                                at /rustc/e3feeb59cd1bdd011a2bfcc0747b55125d9b8527/library/alloc/src/boxed.rs:2314:9
[INFO] [stdout]   43:     0x62337e4dc9af - <std[617be2ca0a6fd877]::sys::thread::unix::Thread>::new::thread_start
[INFO] [stdout]                                at /rustc/e3feeb59cd1bdd011a2bfcc0747b55125d9b8527/library/std/src/sys/thread/unix.rs:127:17
[INFO] [stdout]   44:     0x70c5da547dfa - <unknown>
[INFO] [stdout]   45:     0x70c5da5db3d4 - clone
[INFO] [stdout]   46:                0x0 - <unknown>
[INFO] [stdout] 
[INFO] [stdout] ---- tests::native::generated_native_server_serves_guarded_multi_response_route stdout ----
[INFO] [stdout] build: wrote /tmp/orv-cli-native-guarded-multi-response-server-build-2838-1791296294975187883-356
[INFO] [stdout] build: /tmp/orv-cli-native-guarded-multi-response-server-build-2838-1791296294975187883-356 verified
[INFO] [stdout] 
[INFO] [stdout] thread 'tests::native::generated_native_server_serves_guarded_multi_response_route' (3329) panicked at crates/orv-cli/src/tests/native.rs:1124:10:
[INFO] [stdout] spawn generated guarded native server: Os { code: 2, kind: NotFound, message: "No such file or directory" }
[INFO] [stdout] stack backtrace:
[INFO] [stdout]    0:     0x62337e4de1e1 - std[617be2ca0a6fd877]::backtrace_rs::backtrace::libunwind::trace
[INFO] [stdout]                                at /rustc/e3feeb59cd1bdd011a2bfcc0747b55125d9b8527/library/std/src/../../backtrace/src/backtrace/libunwind.rs:117:9
[INFO] [stdout]    1:     0x62337e4de1e1 - std[617be2ca0a6fd877]::backtrace_rs::backtrace::trace_unsynchronized::<std[617be2ca0a6fd877]::sys::backtrace::_print_fmt::{closure#1}>
[INFO] [stdout]                                at /rustc/e3feeb59cd1bdd011a2bfcc0747b55125d9b8527/library/std/src/../../backtrace/src/backtrace/mod.rs:66:14
[INFO] [stdout]    2:     0x62337e4de1e1 - std[617be2ca0a6fd877]::sys::backtrace::_print_fmt
[INFO] [stdout]                                at /rustc/e3feeb59cd1bdd011a2bfcc0747b55125d9b8527/library/std/src/sys/backtrace.rs:74:9
[INFO] [stdout]    3:     0x62337e4de1e1 - <<std[617be2ca0a6fd877]::sys::backtrace::BacktraceLock>::print::DisplayBacktrace as core[a373ad73a504971]::fmt::Display>::fmt
[INFO] [stdout]                                at /rustc/e3feeb59cd1bdd011a2bfcc0747b55125d9b8527/library/std/src/sys/backtrace.rs:44:26
[INFO] [stdout]    4:     0x62337e4f87ba - <core[a373ad73a504971]::fmt::rt::Argument>::fmt
[INFO] [stdout]                                at /rustc/e3feeb59cd1bdd011a2bfcc0747b55125d9b8527/library/core/src/fmt/rt.rs:152:76
[INFO] [stdout]    5:     0x62337e4f87ba - core[a373ad73a504971]::fmt::write
[INFO] [stdout]    6:     0x62337e4e3dbc - core[a373ad73a504971]::io::write::default_write_fmt::<alloc[2e1b2a31b91974c5]::vec::Vec<u8>>
[INFO] [stdout]                                at /rustc/e3feeb59cd1bdd011a2bfcc0747b55125d9b8527/library/core/src/io/write.rs:402:11
[INFO] [stdout]    7:     0x62337e4e3dbc - <alloc[2e1b2a31b91974c5]::vec::Vec<u8> as core[a373ad73a504971]::io::write::Write>::write_fmt
[INFO] [stdout]                                at /rustc/e3feeb59cd1bdd011a2bfcc0747b55125d9b8527/library/core/src/io/write.rs:335:13
[INFO] [stdout]    8:     0x62337e4b36a6 - <std[617be2ca0a6fd877]::sys::backtrace::BacktraceLock>::print
[INFO] [stdout]                                at /rustc/e3feeb59cd1bdd011a2bfcc0747b55125d9b8527/library/std/src/sys/backtrace.rs:47:9
[INFO] [stdout]    9:     0x62337e4b36a6 - std[617be2ca0a6fd877]::panicking::default_hook::{closure#0}
[INFO] [stdout]                                at /rustc/e3feeb59cd1bdd011a2bfcc0747b55125d9b8527/library/std/src/panicking.rs:289:27
[INFO] [stdout]   10:     0x62337e4d3779 - std[617be2ca0a6fd877]::panicking::default_hook
[INFO] [stdout]                                at /rustc/e3feeb59cd1bdd011a2bfcc0747b55125d9b8527/library/std/src/panicking.rs:313:9
[INFO] [stdout]   11:     0x62337e28aa30 - <alloc[2e1b2a31b91974c5]::boxed::Box<dyn for<'a, 'b> core[a373ad73a504971]::ops::function::Fn<(&'a std[617be2ca0a6fd877]::panic::PanicHookInfo<'b>,), Output = ()> + core[a373ad73a504971]::marker::Sync + core[a373ad73a504971]::marker::Send> as core[a373ad73a504971]::ops::function::Fn<(&std[617be2ca0a6fd877]::panic::PanicHookInfo,)>>::call
[INFO] [stdout]                                at /rustc/e3feeb59cd1bdd011a2bfcc0747b55125d9b8527/library/alloc/src/boxed.rs:2328:9
[INFO] [stdout]   12:     0x62337e28aa30 - test[aada8e7e76ba119b]::test_main_inner::{closure#0}
[INFO] [stdout]                                at /rustc/e3feeb59cd1bdd011a2bfcc0747b55125d9b8527/library/test/src/lib.rs:137:21
[INFO] [stdout]   13:     0x62337e4d3aa2 - <alloc[2e1b2a31b91974c5]::boxed::Box<dyn for<'a, 'b> core[a373ad73a504971]::ops::function::Fn<(&'a std[617be2ca0a6fd877]::panic::PanicHookInfo<'b>,), Output = ()> + core[a373ad73a504971]::marker::Sync + core[a373ad73a504971]::marker::Send> as core[a373ad73a504971]::ops::function::Fn<(&std[617be2ca0a6fd877]::panic::PanicHookInfo,)>>::call
[INFO] [stdout]                                at /rustc/e3feeb59cd1bdd011a2bfcc0747b55125d9b8527/library/alloc/src/boxed.rs:2328:9
[INFO] [stdout]   14:     0x62337e4d3aa2 - std[617be2ca0a6fd877]::panicking::panic_with_hook
[INFO] [stdout]                                at /rustc/e3feeb59cd1bdd011a2bfcc0747b55125d9b8527/library/std/src/panicking.rs:819:13
[INFO] [stdout]   15:     0x62337e4b3752 - std[617be2ca0a6fd877]::panicking::panic_handler::{closure#0}
[INFO] [stdout]                                at /rustc/e3feeb59cd1bdd011a2bfcc0747b55125d9b8527/library/std/src/panicking.rs:685:13
[INFO] [stdout]   16:     0x62337e4ab7d9 - std[617be2ca0a6fd877]::sys::backtrace::__rust_end_short_backtrace::<std[617be2ca0a6fd877]::panicking::panic_handler::{closure#0}, !>
[INFO] [stdout]                                at /rustc/e3feeb59cd1bdd011a2bfcc0747b55125d9b8527/library/std/src/sys/backtrace.rs:182:18
[INFO] [stdout]   17:     0x62337e4b4b9d - __rustc[ea4f61d10b84890b]::rust_begin_unwind
[INFO] [stdout]                                at /rustc/e3feeb59cd1bdd011a2bfcc0747b55125d9b8527/library/std/src/panicking.rs:676:5
[INFO] [stdout]   18:     0x62337e4f908c - core[a373ad73a504971]::panicking::panic_fmt
[INFO] [stdout]                                at /rustc/e3feeb59cd1bdd011a2bfcc0747b55125d9b8527/library/core/src/panicking.rs:80:14
[INFO] [stdout]   19:     0x62337e4f8db2 - core[a373ad73a504971]::result::unwrap_failed
[INFO] [stdout]                                at /rustc/e3feeb59cd1bdd011a2bfcc0747b55125d9b8527/library/core/src/result.rs:1870:5
[INFO] [stdout]   20:     0x62337d2c4456 - <core[a373ad73a504971]::result::Result<std[617be2ca0a6fd877]::process::Child, core[a373ad73a504971]::io::error::Error>>::expect
[INFO] [stdout]                                at /rustc/e3feeb59cd1bdd011a2bfcc0747b55125d9b8527/library/core/src/result.rs:1184:23
[INFO] [stdout]   21:     0x62337d60fa22 - orv[ded6b3be66d1e9b5]::tests::native::generated_native_server_serves_guarded_multi_response_route
[INFO] [stdout]                                at /opt/rustwide/workdir/crates/orv-cli/src/tests/native.rs:1124:10
[INFO] [stdout]   22:     0x62337d5eebb7 - orv[ded6b3be66d1e9b5]::tests::native::generated_native_server_serves_guarded_multi_response_route::{closure#0}
[INFO] [stdout]                                at /opt/rustwide/workdir/crates/orv-cli/src/tests/native.rs:938:65
[INFO] [stdout]   23:     0x62337d3c3216 - <orv[ded6b3be66d1e9b5]::tests::native::generated_native_server_serves_guarded_multi_response_route::{closure#0} as core[a373ad73a504971]::ops::function::FnOnce<()>>::call_once
[INFO] [stdout]                                at /rustc/e3feeb59cd1bdd011a2bfcc0747b55125d9b8527/library/core/src/ops/function.rs:250:5
[INFO] [stdout]   24:     0x62337e27de7b - <fn() -> core[a373ad73a504971]::result::Result<(), alloc[2e1b2a31b91974c5]::string::String> as core[a373ad73a504971]::ops::function::FnOnce<()>>::call_once
[INFO] [stdout]                                at /rustc/e3feeb59cd1bdd011a2bfcc0747b55125d9b8527/library/core/src/ops/function.rs:250:5
[INFO] [stdout]   25:     0x62337e27de7b - test[aada8e7e76ba119b]::__rust_begin_short_backtrace::<core[a373ad73a504971]::result::Result<(), alloc[2e1b2a31b91974c5]::string::String>, fn() -> core[a373ad73a504971]::result::Result<(), alloc[2e1b2a31b91974c5]::string::String>>
[INFO] [stdout]                                at /rustc/e3feeb59cd1bdd011a2bfcc0747b55125d9b8527/library/test/src/lib.rs:701:18
[INFO] [stdout]   26:     0x62337e28b055 - test[aada8e7e76ba119b]::run_test_in_process::{closure#0}
[INFO] [stdout]                                at /rustc/e3feeb59cd1bdd011a2bfcc0747b55125d9b8527/library/test/src/lib.rs:724:74
[INFO] [stdout]   27:     0x62337e28b055 - <core[a373ad73a504971]::panic::unwind_safe::AssertUnwindSafe<test[aada8e7e76ba119b]::run_test_in_process::{closure#0}> as core[a373ad73a504971]::ops::function::FnOnce<()>>::call_once
[INFO] [stdout]                                at /rustc/e3feeb59cd1bdd011a2bfcc0747b55125d9b8527/library/core/src/panic/unwind_safe.rs:275:9
[INFO] [stdout]   28:     0x62337e28b055 - std[617be2ca0a6fd877]::panicking::catch_unwind::do_call::<core[a373ad73a504971]::panic::unwind_safe::AssertUnwindSafe<test[aada8e7e76ba119b]::run_test_in_process::{closure#0}>, core[a373ad73a504971]::result::Result<(), alloc[2e1b2a31b91974c5]::string::String>>
[INFO] [stdout]                                at /rustc/e3feeb59cd1bdd011a2bfcc0747b55125d9b8527/library/std/src/panicking.rs:573:43
[INFO] [stdout]   29:     0x62337e28b055 - std[617be2ca0a6fd877]::panicking::catch_unwind::<core[a373ad73a504971]::result::Result<(), alloc[2e1b2a31b91974c5]::string::String>, core[a373ad73a504971]::panic::unwind_safe::AssertUnwindSafe<test[aada8e7e76ba119b]::run_test_in_process::{closure#0}>>
[INFO] [stdout]                                at /rustc/e3feeb59cd1bdd011a2bfcc0747b55125d9b8527/library/std/src/panicking.rs:541:19
[INFO] [stdout]   30:     0x62337e28b055 - std[617be2ca0a6fd877]::panic::catch_unwind::<core[a373ad73a504971]::panic::unwind_safe::AssertUnwindSafe<test[aada8e7e76ba119b]::run_test_in_process::{closure#0}>, core[a373ad73a504971]::result::Result<(), alloc[2e1b2a31b91974c5]::string::String>>
[INFO] [stdout]                                at /rustc/e3feeb59cd1bdd011a2bfcc0747b55125d9b8527/library/std/src/panic.rs:359:14
[INFO] [stdout]   31:     0x62337e28b055 - test[aada8e7e76ba119b]::run_test_in_process
[INFO] [stdout]                                at /rustc/e3feeb59cd1bdd011a2bfcc0747b55125d9b8527/library/test/src/lib.rs:724:27
[INFO] [stdout]   32:     0x62337e28b055 - test[aada8e7e76ba119b]::run_test::{closure#0}
[INFO] [stdout]                                at /rustc/e3feeb59cd1bdd011a2bfcc0747b55125d9b8527/library/test/src/lib.rs:645:43
[INFO] [stdout]   33:     0x62337e284944 - test[aada8e7e76ba119b]::run_test::{closure#1}
[INFO] [stdout]                                at /rustc/e3feeb59cd1bdd011a2bfcc0747b55125d9b8527/library/test/src/lib.rs:675:41
[INFO] [stdout]   34:     0x62337e284944 - std[617be2ca0a6fd877]::sys::backtrace::__rust_begin_short_backtrace::<test[aada8e7e76ba119b]::run_test::{closure#1}, ()>
[INFO] [stdout]                                at /rustc/e3feeb59cd1bdd011a2bfcc0747b55125d9b8527/library/std/src/sys/backtrace.rs:166:18
[INFO] [stdout]   35:     0x62337e28e0e2 - std[617be2ca0a6fd877]::thread::lifecycle::spawn_unchecked::<test[aada8e7e76ba119b]::run_test::{closure#1}, ()>::{closure#1}::{closure#0}
[INFO] [stdout]                                at /rustc/e3feeb59cd1bdd011a2bfcc0747b55125d9b8527/library/std/src/thread/lifecycle.rs:70:13
[INFO] [stdout]   36:     0x62337e28e0e2 - <core[a373ad73a504971]::panic::unwind_safe::AssertUnwindSafe<std[617be2ca0a6fd877]::thread::lifecycle::spawn_unchecked<test[aada8e7e76ba119b]::run_test::{closure#1}, ()>::{closure#1}::{closure#0}> as core[a373ad73a504971]::ops::function::FnOnce<()>>::call_once
[INFO] [stdout]                                at /rustc/e3feeb59cd1bdd011a2bfcc0747b55125d9b8527/library/core/src/panic/unwind_safe.rs:275:9
[INFO] [stdout]   37:     0x62337e28e0e2 - std[617be2ca0a6fd877]::panicking::catch_unwind::do_call::<core[a373ad73a504971]::panic::unwind_safe::AssertUnwindSafe<std[617be2ca0a6fd877]::thread::lifecycle::spawn_unchecked<test[aada8e7e76ba119b]::run_test::{closure#1}, ()>::{closure#1}::{closure#0}>, ()>
[INFO] [stdout]                                at /rustc/e3feeb59cd1bdd011a2bfcc0747b55125d9b8527/library/std/src/panicking.rs:573:43
[INFO] [stdout]   38:     0x62337e28e0e2 - std[617be2ca0a6fd877]::panicking::catch_unwind::<(), core[a373ad73a504971]::panic::unwind_safe::AssertUnwindSafe<std[617be2ca0a6fd877]::thread::lifecycle::spawn_unchecked<test[aada8e7e76ba119b]::run_test::{closure#1}, ()>::{closure#1}::{closure#0}>>
[INFO] [stderr] error: test failed, to rerun pass `-p orv-cli --bin orv`
[INFO] [stdout]                                at /rustc/e3feeb59cd1bdd011a2bfcc0747b55125d9b8527/library/std/src/panicking.rs:541:19
[INFO] [stdout]   39:     0x62337e28e0e2 - std[617be2ca0a6fd877]::panic::catch_unwind::<core[a373ad73a504971]::panic::unwind_safe::AssertUnwindSafe<std[617be2ca0a6fd877]::thread::lifecycle::spawn_unchecked<test[aada8e7e76ba119b]::run_test::{closure#1}, ()>::{closure#1}::{closure#0}>, ()>
[INFO] [stdout]                                at /rustc/e3feeb59cd1bdd011a2bfcc0747b55125d9b8527/library/std/src/panic.rs:359:14
[INFO] [stdout]   40:     0x62337e28e0e2 - std[617be2ca0a6fd877]::thread::lifecycle::spawn_unchecked::<test[aada8e7e76ba119b]::run_test::{closure#1}, ()>::{closure#1}
[INFO] [stdout]                                at /rustc/e3feeb59cd1bdd011a2bfcc0747b55125d9b8527/library/std/src/thread/lifecycle.rs:68:26
[INFO] [stdout]   41:     0x62337e28e0e2 - <std[617be2ca0a6fd877]::thread::lifecycle::spawn_unchecked<test[aada8e7e76ba119b]::run_test::{closure#1}, ()>::{closure#1} as core[a373ad73a504971]::ops::function::FnOnce<()>>::call_once::{shim:vtable#0}
[INFO] [stdout]                                at /rustc/e3feeb59cd1bdd011a2bfcc0747b55125d9b8527/library/core/src/ops/function.rs:250:5
[INFO] [stdout]   42:     0x62337e4dc9af - <alloc[2e1b2a31b91974c5]::boxed::Box<dyn core[a373ad73a504971]::ops::function::FnOnce<(), Output = ()> + core[a373ad73a504971]::marker::Send> as core[a373ad73a504971]::ops::function::FnOnce<()>>::call_once
[INFO] [stdout]                                at /rustc/e3feeb59cd1bdd011a2bfcc0747b55125d9b8527/library/alloc/src/boxed.rs:2314:9
[INFO] [stdout]   43:     0x62337e4dc9af - <std[617be2ca0a6fd877]::sys::thread::unix::Thread>::new::thread_start
[INFO] [stdout]                                at /rustc/e3feeb59cd1bdd011a2bfcc0747b55125d9b8527/library/std/src/sys/thread/unix.rs:127:17
[INFO] [stdout]   44:     0x70c5da547dfa - <unknown>
[INFO] [stdout]   45:     0x70c5da5db3d4 - clone
[INFO] [stdout]   46:                0x0 - <unknown>
[INFO] [stdout] 
[INFO] [stdout] ---- tests::native::generated_native_server_serves_request_body_float_cast_response stdout ----
[INFO] [stdout] build: wrote /tmp/orv-cli-native-request-body-float-cast-server-build-2838-1791296295059909784-362
[INFO] [stdout] build: /tmp/orv-cli-native-request-body-float-cast-server-build-2838-1791296295059909784-362 verified
[INFO] [stdout] 
[INFO] [stdout] thread 'tests::native::generated_native_server_serves_request_body_float_cast_response' (3335) panicked at crates/orv-cli/src/tests/native.rs:1807:10:
[INFO] [stdout] spawn generated float cast native server: Os { code: 2, kind: NotFound, message: "No such file or directory" }
[INFO] [stdout] stack backtrace:
[INFO] [stdout]    0:     0x62337e4de1e1 - std[617be2ca0a6fd877]::backtrace_rs::backtrace::libunwind::trace
[INFO] [stdout]                                at /rustc/e3feeb59cd1bdd011a2bfcc0747b55125d9b8527/library/std/src/../../backtrace/src/backtrace/libunwind.rs:117:9
[INFO] [stdout]    1:     0x62337e4de1e1 - std[617be2ca0a6fd877]::backtrace_rs::backtrace::trace_unsynchronized::<std[617be2ca0a6fd877]::sys::backtrace::_print_fmt::{closure#1}>
[INFO] [stdout]                                at /rustc/e3feeb59cd1bdd011a2bfcc0747b55125d9b8527/library/std/src/../../backtrace/src/backtrace/mod.rs:66:14
[INFO] [stdout]    2:     0x62337e4de1e1 - std[617be2ca0a6fd877]::sys::backtrace::_print_fmt
[INFO] [stdout]                                at /rustc/e3feeb59cd1bdd011a2bfcc0747b55125d9b8527/library/std/src/sys/backtrace.rs:74:9
[INFO] [stdout]    3:     0x62337e4de1e1 - <<std[617be2ca0a6fd877]::sys::backtrace::BacktraceLock>::print::DisplayBacktrace as core[a373ad73a504971]::fmt::Display>::fmt
[INFO] [stdout]                                at /rustc/e3feeb59cd1bdd011a2bfcc0747b55125d9b8527/library/std/src/sys/backtrace.rs:44:26
[INFO] [stdout]    4:     0x62337e4f87ba - <core[a373ad73a504971]::fmt::rt::Argument>::fmt
[INFO] [stdout]                                at /rustc/e3feeb59cd1bdd011a2bfcc0747b55125d9b8527/library/core/src/fmt/rt.rs:152:76
[INFO] [stdout]    5:     0x62337e4f87ba - core[a373ad73a504971]::fmt::write
[INFO] [stdout]    6:     0x62337e4e3dbc - core[a373ad73a504971]::io::write::default_write_fmt::<alloc[2e1b2a31b91974c5]::vec::Vec<u8>>
[INFO] [stdout]                                at /rustc/e3feeb59cd1bdd011a2bfcc0747b55125d9b8527/library/core/src/io/write.rs:402:11
[INFO] [stdout]    7:     0x62337e4e3dbc - <alloc[2e1b2a31b91974c5]::vec::Vec<u8> as core[a373ad73a504971]::io::write::Write>::write_fmt
[INFO] [stdout]                                at /rustc/e3feeb59cd1bdd011a2bfcc0747b55125d9b8527/library/core/src/io/write.rs:335:13
[INFO] [stdout]    8:     0x62337e4b36a6 - <std[617be2ca0a6fd877]::sys::backtrace::BacktraceLock>::print
[INFO] [stdout]                                at /rustc/e3feeb59cd1bdd011a2bfcc0747b55125d9b8527/library/std/src/sys/backtrace.rs:47:9
[INFO] [stdout]    9:     0x62337e4b36a6 - std[617be2ca0a6fd877]::panicking::default_hook::{closure#0}
[INFO] [stdout]                                at /rustc/e3feeb59cd1bdd011a2bfcc0747b55125d9b8527/library/std/src/panicking.rs:289:27
[INFO] [stdout]   10:     0x62337e4d3779 - std[617be2ca0a6fd877]::panicking::default_hook
[INFO] [stdout]                                at /rustc/e3feeb59cd1bdd011a2bfcc0747b55125d9b8527/library/std/src/panicking.rs:313:9
[INFO] [stdout]   11:     0x62337e28aa30 - <alloc[2e1b2a31b91974c5]::boxed::Box<dyn for<'a, 'b> core[a373ad73a504971]::ops::function::Fn<(&'a std[617be2ca0a6fd877]::panic::PanicHookInfo<'b>,), Output = ()> + core[a373ad73a504971]::marker::Sync + core[a373ad73a504971]::marker::Send> as core[a373ad73a504971]::ops::function::Fn<(&std[617be2ca0a6fd877]::panic::PanicHookInfo,)>>::call
[INFO] [stdout]                                at /rustc/e3feeb59cd1bdd011a2bfcc0747b55125d9b8527/library/alloc/src/boxed.rs:2328:9
[INFO] [stdout]   12:     0x62337e28aa30 - test[aada8e7e76ba119b]::test_main_inner::{closure#0}
[INFO] [stdout]                                at /rustc/e3feeb59cd1bdd011a2bfcc0747b55125d9b8527/library/test/src/lib.rs:137:21
[INFO] [stdout]   13:     0x62337e4d3aa2 - <alloc[2e1b2a31b91974c5]::boxed::Box<dyn for<'a, 'b> core[a373ad73a504971]::ops::function::Fn<(&'a std[617be2ca0a6fd877]::panic::PanicHookInfo<'b>,), Output = ()> + core[a373ad73a504971]::marker::Sync + core[a373ad73a504971]::marker::Send> as core[a373ad73a504971]::ops::function::Fn<(&std[617be2ca0a6fd877]::panic::PanicHookInfo,)>>::call
[INFO] [stdout]                                at /rustc/e3feeb59cd1bdd011a2bfcc0747b55125d9b8527/library/alloc/src/boxed.rs:2328:9
[INFO] [stdout]   14:     0x62337e4d3aa2 - std[617be2ca0a6fd877]::panicking::panic_with_hook
[INFO] [stdout]                                at /rustc/e3feeb59cd1bdd011a2bfcc0747b55125d9b8527/library/std/src/panicking.rs:819:13
[INFO] [stdout]   15:     0x62337e4b3752 - std[617be2ca0a6fd877]::panicking::panic_handler::{closure#0}
[INFO] [stdout]                                at /rustc/e3feeb59cd1bdd011a2bfcc0747b55125d9b8527/library/std/src/panicking.rs:685:13
[INFO] [stdout]   16:     0x62337e4ab7d9 - std[617be2ca0a6fd877]::sys::backtrace::__rust_end_short_backtrace::<std[617be2ca0a6fd877]::panicking::panic_handler::{closure#0}, !>
[INFO] [stdout]                                at /rustc/e3feeb59cd1bdd011a2bfcc0747b55125d9b8527/library/std/src/sys/backtrace.rs:182:18
[INFO] [stdout]   17:     0x62337e4b4b9d - __rustc[ea4f61d10b84890b]::rust_begin_unwind
[INFO] [stdout]                                at /rustc/e3feeb59cd1bdd011a2bfcc0747b55125d9b8527/library/std/src/panicking.rs:676:5
[INFO] [stdout]   18:     0x62337e4f908c - core[a373ad73a504971]::panicking::panic_fmt
[INFO] [stdout]                                at /rustc/e3feeb59cd1bdd011a2bfcc0747b55125d9b8527/library/core/src/panicking.rs:80:14
[INFO] [stdout]   19:     0x62337e4f8db2 - core[a373ad73a504971]::result::unwrap_failed
[INFO] [stdout]                                at /rustc/e3feeb59cd1bdd011a2bfcc0747b55125d9b8527/library/core/src/result.rs:1870:5
[INFO] [stdout]   20:     0x62337d2c4456 - <core[a373ad73a504971]::result::Result<std[617be2ca0a6fd877]::process::Child, core[a373ad73a504971]::io::error::Error>>::expect
[INFO] [stdout]                                at /rustc/e3feeb59cd1bdd011a2bfcc0747b55125d9b8527/library/core/src/result.rs:1184:23
[INFO] [stdout]   21:     0x62337d62036b - orv[ded6b3be66d1e9b5]::tests::native::generated_native_server_serves_request_body_float_cast_response
[INFO] [stdout]                                at /opt/rustwide/workdir/crates/orv-cli/src/tests/native.rs:1807:10
[INFO] [stdout]   22:     0x62337d5eed67 - orv[ded6b3be66d1e9b5]::tests::native::generated_native_server_serves_request_body_float_cast_response::{closure#0}
[INFO] [stdout]                                at /opt/rustwide/workdir/crates/orv-cli/src/tests/native.rs:1726:69
[INFO] [stdout]   23:     0x62337d3c3336 - <orv[ded6b3be66d1e9b5]::tests::native::generated_native_server_serves_request_body_float_cast_response::{closure#0} as core[a373ad73a504971]::ops::function::FnOnce<()>>::call_once
[INFO] [stdout]                                at /rustc/e3feeb59cd1bdd011a2bfcc0747b55125d9b8527/library/core/src/ops/function.rs:250:5
[INFO] [stdout]   24:     0x62337e27de7b - <fn() -> core[a373ad73a504971]::result::Result<(), alloc[2e1b2a31b91974c5]::string::String> as core[a373ad73a504971]::ops::function::FnOnce<()>>::call_once
[INFO] [stdout]                                at /rustc/e3feeb59cd1bdd011a2bfcc0747b55125d9b8527/library/core/src/ops/function.rs:250:5
[INFO] [stdout]   25:     0x62337e27de7b - test[aada8e7e76ba119b]::__rust_begin_short_backtrace::<core[a373ad73a504971]::result::Result<(), alloc[2e1b2a31b91974c5]::string::String>, fn() -> core[a373ad73a504971]::result::Result<(), alloc[2e1b2a31b91974c5]::string::String>>
[INFO] [stdout]                                at /rustc/e3feeb59cd1bdd011a2bfcc0747b55125d9b8527/library/test/src/lib.rs:701:18
[INFO] [stdout]   26:     0x62337e28b055 - test[aada8e7e76ba119b]::run_test_in_process::{closure#0}
[INFO] [stdout]                                at /rustc/e3feeb59cd1bdd011a2bfcc0747b55125d9b8527/library/test/src/lib.rs:724:74
[INFO] [stdout]   27:     0x62337e28b055 - <core[a373ad73a504971]::panic::unwind_safe::AssertUnwindSafe<test[aada8e7e76ba119b]::run_test_in_process::{closure#0}> as core[a373ad73a504971]::ops::function::FnOnce<()>>::call_once
[INFO] [stdout]                                at /rustc/e3feeb59cd1bdd011a2bfcc0747b55125d9b8527/library/core/src/panic/unwind_safe.rs:275:9
[INFO] [stdout]   28:     0x62337e28b055 - std[617be2ca0a6fd877]::panicking::catch_unwind::do_call::<core[a373ad73a504971]::panic::unwind_safe::AssertUnwindSafe<test[aada8e7e76ba119b]::run_test_in_process::{closure#0}>, core[a373ad73a504971]::result::Result<(), alloc[2e1b2a31b91974c5]::string::String>>
[INFO] [stdout]                                at /rustc/e3feeb59cd1bdd011a2bfcc0747b55125d9b8527/library/std/src/panicking.rs:573:43
[INFO] [stdout]   29:     0x62337e28b055 - std[617be2ca0a6fd877]::panicking::catch_unwind::<core[a373ad73a504971]::result::Result<(), alloc[2e1b2a31b91974c5]::string::String>, core[a373ad73a504971]::panic::unwind_safe::AssertUnwindSafe<test[aada8e7e76ba119b]::run_test_in_process::{closure#0}>>
[INFO] [stdout]                                at /rustc/e3feeb59cd1bdd011a2bfcc0747b55125d9b8527/library/std/src/panicking.rs:541:19
[INFO] [stdout]   30:     0x62337e28b055 - std[617be2ca0a6fd877]::panic::catch_unwind::<core[a373ad73a504971]::panic::unwind_safe::AssertUnwindSafe<test[aada8e7e76ba119b]::run_test_in_process::{closure#0}>, core[a373ad73a504971]::result::Result<(), alloc[2e1b2a31b91974c5]::string::String>>
[INFO] [stdout]                                at /rustc/e3feeb59cd1bdd011a2bfcc0747b55125d9b8527/library/std/src/panic.rs:359:14
[INFO] [stdout]   31:     0x62337e28b055 - test[aada8e7e76ba119b]::run_test_in_process
[INFO] [stdout]                                at /rustc/e3feeb59cd1bdd011a2bfcc0747b55125d9b8527/library/test/src/lib.rs:724:27
[INFO] [stdout]   32:     0x62337e28b055 - test[aada8e7e76ba119b]::run_test::{closure#0}
[INFO] [stdout]                                at /rustc/e3feeb59cd1bdd011a2bfcc0747b55125d9b8527/library/test/src/lib.rs:645:43
[INFO] [stdout]   33:     0x62337e284944 - test[aada8e7e76ba119b]::run_test::{closure#1}
[INFO] [stdout]                                at /rustc/e3feeb59cd1bdd011a2bfcc0747b55125d9b8527/library/test/src/lib.rs:675:41
[INFO] [stdout]   34:     0x62337e284944 - std[617be2ca0a6fd877]::sys::backtrace::__rust_begin_short_backtrace::<test[aada8e7e76ba119b]::run_test::{closure#1}, ()>
[INFO] [stdout]                                at /rustc/e3feeb59cd1bdd011a2bfcc0747b55125d9b8527/library/std/src/sys/backtrace.rs:166:18
[INFO] [stdout]   35:     0x62337e28e0e2 - std[617be2ca0a6fd877]::thread::lifecycle::spawn_unchecked::<test[aada8e7e76ba119b]::run_test::{closure#1}, ()>::{closure#1}::{closure#0}
[INFO] [stdout]                                at /rustc/e3feeb59cd1bdd011a2bfcc0747b55125d9b8527/library/std/src/thread/lifecycle.rs:70:13
[INFO] [stdout]   36:     0x62337e28e0e2 - <core[a373ad73a504971]::panic::unwind_safe::AssertUnwindSafe<std[617be2ca0a6fd877]::thread::lifecycle::spawn_unchecked<test[aada8e7e76ba119b]::run_test::{closure#1}, ()>::{closure#1}::{closure#0}> as core[a373ad73a504971]::ops::function::FnOnce<()>>::call_once
[INFO] [stdout]                                at /rustc/e3feeb59cd1bdd011a2bfcc0747b55125d9b8527/library/core/src/panic/unwind_safe.rs:275:9
[INFO] [stdout]   37:     0x62337e28e0e2 - std[617be2ca0a6fd877]::panicking::catch_unwind::do_call::<core[a373ad73a504971]::panic::unwind_safe::AssertUnwindSafe<std[617be2ca0a6fd877]::thread::lifecycle::spawn_unchecked<test[aada8e7e76ba119b]::run_test::{closure#1}, ()>::{closure#1}::{closure#0}>, ()>
[INFO] [stdout]                                at /rustc/e3feeb59cd1bdd011a2bfcc0747b55125d9b8527/library/std/src/panicking.rs:573:43
[INFO] [stdout]   38:     0x62337e28e0e2 - std[617be2ca0a6fd877]::panicking::catch_unwind::<(), core[a373ad73a504971]::panic::unwind_safe::AssertUnwindSafe<std[617be2ca0a6fd877]::thread::lifecycle::spawn_unchecked<test[aada8e7e76ba119b]::run_test::{closure#1}, ()>::{closure#1}::{closure#0}>>
[INFO] [stdout]                                at /rustc/e3feeb59cd1bdd011a2bfcc0747b55125d9b8527/library/std/src/panicking.rs:541:19
[INFO] [stdout]   39:     0x62337e28e0e2 - std[617be2ca0a6fd877]::panic::catch_unwind::<core[a373ad73a504971]::panic::unwind_safe::AssertUnwindSafe<std[617be2ca0a6fd877]::thread::lifecycle::spawn_unchecked<test[aada8e7e76ba119b]::run_test::{closure#1}, ()>::{closure#1}::{closure#0}>, ()>
[INFO] [stdout]                                at /rustc/e3feeb59cd1bdd011a2bfcc0747b55125d9b8527/library/std/src/panic.rs:359:14
[INFO] [stdout]   40:     0x62337e28e0e2 - std[617be2ca0a6fd877]::thread::lifecycle::spawn_unchecked::<test[aada8e7e76ba119b]::run_test::{closure#1}, ()>::{closure#1}
[INFO] [stdout]                                at /rustc/e3feeb59cd1bdd011a2bfcc0747b55125d9b8527/library/std/src/thread/lifecycle.rs:68:26
[INFO] [stdout]   41:     0x62337e28e0e2 - <std[617be2ca0a6fd877]::thread::lifecycle::spawn_unchecked<test[aada8e7e76ba119b]::run_test::{closure#1}, ()>::{closure#1} as core[a373ad73a504971]::ops::function::FnOnce<()>>::call_once::{shim:vtable#0}
[INFO] [stdout]                                at /rustc/e3feeb59cd1bdd011a2bfcc0747b55125d9b8527/library/core/src/ops/function.rs:250:5
[INFO] [stdout]   42:     0x62337e4dc9af - <alloc[2e1b2a31b91974c5]::boxed::Box<dyn core[a373ad73a504971]::ops::function::FnOnce<(), Output = ()> + core[a373ad73a504971]::marker::Send> as core[a373ad73a504971]::ops::function::FnOnce<()>>::call_once
[INFO] [stdout]                                at /rustc/e3feeb59cd1bdd011a2bfcc0747b55125d9b8527/library/alloc/src/boxed.rs:2314:9
[INFO] [stdout]   43:     0x62337e4dc9af - <std[617be2ca0a6fd877]::sys::thread::unix::Thread>::new::thread_start
[INFO] [stdout]                                at /rustc/e3feeb59cd1bdd011a2bfcc0747b55125d9b8527/library/std/src/sys/thread/unix.rs:127:17
[INFO] [stdout]   44:     0x70c5da547dfa - <unknown>
[INFO] [stdout]   45:     0x70c5da5db3d4 - clone
[INFO] [stdout]   46:                0x0 - <unknown>
[INFO] [stdout] 
[INFO] [stdout] ---- tests::native::generated_native_server_serves_mixed_dynamic_response stdout ----
[INFO] [stdout] build: wrote /tmp/orv-cli-native-mixed-dynamic-server-build-2838-1791296294988222633-358
[INFO] [stdout] build: /tmp/orv-cli-native-mixed-dynamic-server-build-2838-1791296294988222633-358 verified
[INFO] [stdout] 
[INFO] [stdout] thread 'tests::native::generated_native_server_serves_mixed_dynamic_response' (3330) panicked at crates/orv-cli/src/tests/native.rs:895:10:
[INFO] [stdout] spawn generated native server: Os { code: 2, kind: NotFound, message: "No such file or directory" }
[INFO] [stdout] stack backtrace:
[INFO] [stdout]    0:     0x62337e4de1e1 - std[617be2ca0a6fd877]::backtrace_rs::backtrace::libunwind::trace
[INFO] [stdout]                                at /rustc/e3feeb59cd1bdd011a2bfcc0747b55125d9b8527/library/std/src/../../backtrace/src/backtrace/libunwind.rs:117:9
[INFO] [stdout]    1:     0x62337e4de1e1 - std[617be2ca0a6fd877]::backtrace_rs::backtrace::trace_unsynchronized::<std[617be2ca0a6fd877]::sys::backtrace::_print_fmt::{closure#1}>
[INFO] [stdout]                                at /rustc/e3feeb59cd1bdd011a2bfcc0747b55125d9b8527/library/std/src/../../backtrace/src/backtrace/mod.rs:66:14
[INFO] [stdout]    2:     0x62337e4de1e1 - std[617be2ca0a6fd877]::sys::backtrace::_print_fmt
[INFO] [stdout]                                at /rustc/e3feeb59cd1bdd011a2bfcc0747b55125d9b8527/library/std/src/sys/backtrace.rs:74:9
[INFO] [stdout]    3:     0x62337e4de1e1 - <<std[617be2ca0a6fd877]::sys::backtrace::BacktraceLock>::print::DisplayBacktrace as core[a373ad73a504971]::fmt::Display>::fmt
[INFO] [stdout]                                at /rustc/e3feeb59cd1bdd011a2bfcc0747b55125d9b8527/library/std/src/sys/backtrace.rs:44:26
[INFO] [stdout]    4:     0x62337e4f87ba - <core[a373ad73a504971]::fmt::rt::Argument>::fmt
[INFO] [stdout]                                at /rustc/e3feeb59cd1bdd011a2bfcc0747b55125d9b8527/library/core/src/fmt/rt.rs:152:76
[INFO] [stdout]    5:     0x62337e4f87ba - core[a373ad73a504971]::fmt::write
[INFO] [stdout]    6:     0x62337e4e3dbc - core[a373ad73a504971]::io::write::default_write_fmt::<alloc[2e1b2a31b91974c5]::vec::Vec<u8>>
[INFO] [stdout]                                at /rustc/e3feeb59cd1bdd011a2bfcc0747b55125d9b8527/library/core/src/io/write.rs:402:11
[INFO] [stdout]    7:     0x62337e4e3dbc - <alloc[2e1b2a31b91974c5]::vec::Vec<u8> as core[a373ad73a504971]::io::write::Write>::write_fmt
[INFO] [stdout]                                at /rustc/e3feeb59cd1bdd011a2bfcc0747b55125d9b8527/library/core/src/io/write.rs:335:13
[INFO] [stdout]    8:     0x62337e4b36a6 - <std[617be2ca0a6fd877]::sys::backtrace::BacktraceLock>::print
[INFO] [stdout]                                at /rustc/e3feeb59cd1bdd011a2bfcc0747b55125d9b8527/library/std/src/sys/backtrace.rs:47:9
[INFO] [stdout]    9:     0x62337e4b36a6 - std[617be2ca0a6fd877]::panicking::default_hook::{closure#0}
[INFO] [stdout]                                at /rustc/e3feeb59cd1bdd011a2bfcc0747b55125d9b8527/library/std/src/panicking.rs:289:27
[INFO] [stdout]   10:     0x62337e4d3779 - std[617be2ca0a6fd877]::panicking::default_hook
[INFO] [stdout]                                at /rustc/e3feeb59cd1bdd011a2bfcc0747b55125d9b8527/library/std/src/panicking.rs:313:9
[INFO] [stdout]   11:     0x62337e28aa30 - <alloc[2e1b2a31b91974c5]::boxed::Box<dyn for<'a, 'b> core[a373ad73a504971]::ops::function::Fn<(&'a std[617be2ca0a6fd877]::panic::PanicHookInfo<'b>,), Output = ()> + core[a373ad73a504971]::marker::Sync + core[a373ad73a504971]::marker::Send> as core[a373ad73a504971]::ops::function::Fn<(&std[617be2ca0a6fd877]::panic::PanicHookInfo,)>>::call
[INFO] [stdout]                                at /rustc/e3feeb59cd1bdd011a2bfcc0747b55125d9b8527/library/alloc/src/boxed.rs:2328:9
[INFO] [stdout]   12:     0x62337e28aa30 - test[aada8e7e76ba119b]::test_main_inner::{closure#0}
[INFO] [stdout]                                at /rustc/e3feeb59cd1bdd011a2bfcc0747b55125d9b8527/library/test/src/lib.rs:137:21
[INFO] [stdout]   13:     0x62337e4d3aa2 - <alloc[2e1b2a31b91974c5]::boxed::Box<dyn for<'a, 'b> core[a373ad73a504971]::ops::function::Fn<(&'a std[617be2ca0a6fd877]::panic::PanicHookInfo<'b>,), Output = ()> + core[a373ad73a504971]::marker::Sync + core[a373ad73a504971]::marker::Send> as core[a373ad73a504971]::ops::function::Fn<(&std[617be2ca0a6fd877]::panic::PanicHookInfo,)>>::call
[INFO] [stdout]                                at /rustc/e3feeb59cd1bdd011a2bfcc0747b55125d9b8527/library/alloc/src/boxed.rs:2328:9
[INFO] [stdout]   14:     0x62337e4d3aa2 - std[617be2ca0a6fd877]::panicking::panic_with_hook
[INFO] [stdout]                                at /rustc/e3feeb59cd1bdd011a2bfcc0747b55125d9b8527/library/std/src/panicking.rs:819:13
[INFO] [stdout]   15:     0x62337e4b3752 - std[617be2ca0a6fd877]::panicking::panic_handler::{closure#0}
[INFO] [stdout]                                at /rustc/e3feeb59cd1bdd011a2bfcc0747b55125d9b8527/library/std/src/panicking.rs:685:13
[INFO] [stdout]   16:     0x62337e4ab7d9 - std[617be2ca0a6fd877]::sys::backtrace::__rust_end_short_backtrace::<std[617be2ca0a6fd877]::panicking::panic_handler::{closure#0}, !>
[INFO] [stdout]                                at /rustc/e3feeb59cd1bdd011a2bfcc0747b55125d9b8527/library/std/src/sys/backtrace.rs:182:18
[INFO] [stdout]   17:     0x62337e4b4b9d - __rustc[ea4f61d10b84890b]::rust_begin_unwind
[INFO] [stdout]                                at /rustc/e3feeb59cd1bdd011a2bfcc0747b55125d9b8527/library/std/src/panicking.rs:676:5
[INFO] [stdout]   18:     0x62337e4f908c - core[a373ad73a504971]::panicking::panic_fmt
[INFO] [stdout]                                at /rustc/e3feeb59cd1bdd011a2bfcc0747b55125d9b8527/library/core/src/panicking.rs:80:14
[INFO] [stdout]   19:     0x62337e4f8db2 - core[a373ad73a504971]::result::unwrap_failed
[INFO] [stdout]                                at /rustc/e3feeb59cd1bdd011a2bfcc0747b55125d9b8527/library/core/src/result.rs:1870:5
[INFO] [stdout]   20:     0x62337d2c4456 - <core[a373ad73a504971]::result::Result<std[617be2ca0a6fd877]::process::Child, core[a373ad73a504971]::io::error::Error>>::expect
[INFO] [stdout]                                at /rustc/e3feeb59cd1bdd011a2bfcc0747b55125d9b8527/library/core/src/result.rs:1184:23
[INFO] [stdout]   21:     0x62337d60bddb - orv[ded6b3be66d1e9b5]::tests::native::generated_native_server_serves_mixed_dynamic_response
[INFO] [stdout]                                at /opt/rustwide/workdir/crates/orv-cli/src/tests/native.rs:895:10
[INFO] [stdout]   22:     0x62337d5eeaf7 - orv[ded6b3be66d1e9b5]::tests::native::generated_native_server_serves_mixed_dynamic_response::{closure#0}
[INFO] [stdout]                                at /opt/rustwide/workdir/crates/orv-cli/src/tests/native.rs:857:59
[INFO] [stdout]   23:     0x62337d3c3196 - <orv[ded6b3be66d1e9b5]::tests::native::generated_native_server_serves_mixed_dynamic_response::{closure#0} as core[a373ad73a504971]::ops::function::FnOnce<()>>::call_once
[INFO] [stdout]                                at /rustc/e3feeb59cd1bdd011a2bfcc0747b55125d9b8527/library/core/src/ops/function.rs:250:5
[INFO] [stdout]   24:     0x62337e27de7b - <fn() -> core[a373ad73a504971]::result::Result<(), alloc[2e1b2a31b91974c5]::string::String> as core[a373ad73a504971]::ops::function::FnOnce<()>>::call_once
[INFO] [stdout]                                at /rustc/e3feeb59cd1bdd011a2bfcc0747b55125d9b8527/library/core/src/ops/function.rs:250:5
[INFO] [stdout]   25:     0x62337e27de7b - test[aada8e7e76ba119b]::__rust_begin_short_backtrace::<core[a373ad73a504971]::result::Result<(), alloc[2e1b2a31b91974c5]::string::String>, fn() -> core[a373ad73a504971]::result::Result<(), alloc[2e1b2a31b91974c5]::string::String>>
[INFO] [stdout]                                at /rustc/e3feeb59cd1bdd011a2bfcc0747b55125d9b8527/library/test/src/lib.rs:701:18
[INFO] [stdout]   26:     0x62337e28b055 - test[aada8e7e76ba119b]::run_test_in_process::{closure#0}
[INFO] [stdout]                                at /rustc/e3feeb59cd1bdd011a2bfcc0747b55125d9b8527/library/test/src/lib.rs:724:74
[INFO] [stdout]   27:     0x62337e28b055 - <core[a373ad73a504971]::panic::unwind_safe::AssertUnwindSafe<test[aada8e7e76ba119b]::run_test_in_process::{closure#0}> as core[a373ad73a504971]::ops::function::FnOnce<()>>::call_once
[INFO] [stdout]                                at /rustc/e3feeb59cd1bdd011a2bfcc0747b55125d9b8527/library/core/src/panic/unwind_safe.rs:275:9
[INFO] [stdout]   28:     0x62337e28b055 - std[617be2ca0a6fd877]::panicking::catch_unwind::do_call::<core[a373ad73a504971]::panic::unwind_safe::AssertUnwindSafe<test[aada8e7e76ba119b]::run_test_in_process::{closure#0}>, core[a373ad73a504971]::result::Result<(), alloc[2e1b2a31b91974c5]::string::String>>
[INFO] [stdout]                                at /rustc/e3feeb59cd1bdd011a2bfcc0747b55125d9b8527/library/std/src/panicking.rs:573:43
[INFO] [stdout]   29:     0x62337e28b055 - std[617be2ca0a6fd877]::panicking::catch_unwind::<core[a373ad73a504971]::result::Result<(), alloc[2e1b2a31b91974c5]::string::String>, core[a373ad73a504971]::panic::unwind_safe::AssertUnwindSafe<test[aada8e7e76ba119b]::run_test_in_process::{closure#0}>>
[INFO] [stdout]                                at /rustc/e3feeb59cd1bdd011a2bfcc0747b55125d9b8527/library/std/src/panicking.rs:541:19
[INFO] [stdout]   30:     0x62337e28b055 - std[617be2ca0a6fd877]::panic::catch_unwind::<core[a373ad73a504971]::panic::unwind_safe::AssertUnwindSafe<test[aada8e7e76ba119b]::run_test_in_process::{closure#0}>, core[a373ad73a504971]::result::Result<(), alloc[2e1b2a31b91974c5]::string::String>>
[INFO] [stdout]                                at /rustc/e3feeb59cd1bdd011a2bfcc0747b55125d9b8527/library/std/src/panic.rs:359:14
[INFO] [stdout]   31:     0x62337e28b055 - test[aada8e7e76ba119b]::run_test_in_process
[INFO] [stdout]                                at /rustc/e3feeb59cd1bdd011a2bfcc0747b55125d9b8527/library/test/src/lib.rs:724:27
[INFO] [stdout]   32:     0x62337e28b055 - test[aada8e7e76ba119b]::run_test::{closure#0}
[INFO] [stdout]                                at /rustc/e3feeb59cd1bdd011a2bfcc0747b55125d9b8527/library/test/src/lib.rs:645:43
[INFO] [stdout]   33:     0x62337e284944 - test[aada8e7e76ba119b]::run_test::{closure#1}
[INFO] [stdout]                                at /rustc/e3feeb59cd1bdd011a2bfcc0747b55125d9b8527/library/test/src/lib.rs:675:41
[INFO] [stdout]   34:     0x62337e284944 - std[617be2ca0a6fd877]::sys::backtrace::__rust_begin_short_backtrace::<test[aada8e7e76ba119b]::run_test::{closure#1}, ()>
[INFO] [stdout]                                at /rustc/e3feeb59cd1bdd011a2bfcc0747b55125d9b8527/library/std/src/sys/backtrace.rs:166:18
[INFO] [stdout]   35:     0x62337e28e0e2 - std[617be2ca0a6fd877]::thread::lifecycle::spawn_unchecked::<test[aada8e7e76ba119b]::run_test::{closure#1}, ()>::{closure#1}::{closure#0}
[INFO] [stdout]                                at /rustc/e3feeb59cd1bdd011a2bfcc0747b55125d9b8527/library/std/src/thread/lifecycle.rs:70:13
[INFO] [stdout]   36:     0x62337e28e0e2 - <core[a373ad73a504971]::panic::unwind_safe::AssertUnwindSafe<std[617be2ca0a6fd877]::thread::lifecycle::spawn_unchecked<test[aada8e7e76ba119b]::run_test::{closure#1}, ()>::{closure#1}::{closure#0}> as core[a373ad73a504971]::ops::function::FnOnce<()>>::call_once
[INFO] [stdout]                                at /rustc/e3feeb59cd1bdd011a2bfcc0747b55125d9b8527/library/core/src/panic/unwind_safe.rs:275:9
[INFO] [stdout]   37:     0x62337e28e0e2 - std[617be2ca0a6fd877]::panicking::catch_unwind::do_call::<core[a373ad73a504971]::panic::unwind_safe::AssertUnwindSafe<std[617be2ca0a6fd877]::thread::lifecycle::spawn_unchecked<test[aada8e7e76ba119b]::run_test::{closure#1}, ()>::{closure#1}::{closure#0}>, ()>
[INFO] [stdout]                                at /rustc/e3feeb59cd1bdd011a2bfcc0747b55125d9b8527/library/std/src/panicking.rs:573:43
[INFO] [stdout]   38:     0x62337e28e0e2 - std[617be2ca0a6fd877]::panicking::catch_unwind::<(), core[a373ad73a504971]::panic::unwind_safe::AssertUnwindSafe<std[617be2ca0a6fd877]::thread::lifecycle::spawn_unchecked<test[aada8e7e76ba119b]::run_test::{closure#1}, ()>::{closure#1}::{closure#0}>>
[INFO] [stdout]                                at /rustc/e3feeb59cd1bdd011a2bfcc0747b55125d9b8527/library/std/src/panicking.rs:541:19
[INFO] [stdout]   39:     0x62337e28e0e2 - std[617be2ca0a6fd877]::panic::catch_unwind::<core[a373ad73a504971]::panic::unwind_safe::AssertUnwindSafe<std[617be2ca0a6fd877]::thread::lifecycle::spawn_unchecked<test[aada8e7e76ba119b]::run_test::{closure#1}, ()>::{closure#1}::{closure#0}>, ()>
[INFO] [stdout]                                at /rustc/e3feeb59cd1bdd011a2bfcc0747b55125d9b8527/library/std/src/panic.rs:359:14
[INFO] [stdout]   40:     0x62337e28e0e2 - std[617be2ca0a6fd877]::thread::lifecycle::spawn_unchecked::<test[aada8e7e76ba119b]::run_test::{closure#1}, ()>::{closure#1}
[INFO] [stdout]                                at /rustc/e3feeb59cd1bdd011a2bfcc0747b55125d9b8527/library/std/src/thread/lifecycle.rs:68:26
[INFO] [stdout]   41:     0x62337e28e0e2 - <std[617be2ca0a6fd877]::thread::lifecycle::spawn_unchecked<test[aada8e7e76ba119b]::run_test::{closure#1}, ()>::{closure#1} as core[a373ad73a504971]::ops::function::FnOnce<()>>::call_once::{shim:vtable#0}
[INFO] [stdout]                                at /rustc/e3feeb59cd1bdd011a2bfcc0747b55125d9b8527/library/core/src/ops/function.rs:250:5
[INFO] [stdout]   42:     0x62337e4dc9af - <alloc[2e1b2a31b91974c5]::boxed::Box<dyn core[a373ad73a504971]::ops::function::FnOnce<(), Output = ()> + core[a373ad73a504971]::marker::Send> as core[a373ad73a504971]::ops::function::FnOnce<()>>::call_once
[INFO] [stdout]                                at /rustc/e3feeb59cd1bdd011a2bfcc0747b55125d9b8527/library/alloc/src/boxed.rs:2314:9
[INFO] [stdout]   43:     0x62337e4dc9af - <std[617be2ca0a6fd877]::sys::thread::unix::Thread>::new::thread_start
[INFO] [stdout]                                at /rustc/e3feeb59cd1bdd011a2bfcc0747b55125d9b8527/library/std/src/sys/thread/unix.rs:127:17
[INFO] [stdout]   44:     0x70c5da547dfa - <unknown>
[INFO] [stdout]   45:     0x70c5da5db3d4 - clone
[INFO] [stdout]   46:                0x0 - <unknown>
[INFO] [stdout] 
[INFO] [stdout] ---- tests::native::generated_native_server_serves_route_and_query_numeric_cast_responses stdout ----
[INFO] [stdout] build: wrote /tmp/orv-cli-native-param-query-cast-server-build-2838-1791296295386938307-366
[INFO] [stdout] build: /tmp/orv-cli-native-param-query-cast-server-build-2838-1791296295386938307-366 verified
[INFO] [stdout] 
[INFO] [stdout] thread 'tests::native::generated_native_server_serves_route_and_query_numeric_cast_responses' (3352) panicked at crates/orv-cli/src/tests/native.rs:1997:10:
[INFO] [stdout] spawn generated param/query cast native server: Os { code: 2, kind: NotFound, message: "No such file or directory" }
[INFO] [stdout] stack backtrace:
[INFO] [stdout]    0:     0x62337e4de1e1 - std[617be2ca0a6fd877]::backtrace_rs::backtrace::libunwind::trace
[INFO] [stdout]                                at /rustc/e3feeb59cd1bdd011a2bfcc0747b55125d9b8527/library/std/src/../../backtrace/src/backtrace/libunwind.rs:117:9
[INFO] [stdout]    1:     0x62337e4de1e1 - std[617be2ca0a6fd877]::backtrace_rs::backtrace::trace_unsynchronized::<std[617be2ca0a6fd877]::sys::backtrace::_print_fmt::{closure#1}>
[INFO] [stdout]                                at /rustc/e3feeb59cd1bdd011a2bfcc0747b55125d9b8527/library/std/src/../../backtrace/src/backtrace/mod.rs:66:14
[INFO] [stdout]    2:     0x62337e4de1e1 - std[617be2ca0a6fd877]::sys::backtrace::_print_fmt
[INFO] [stdout]                                at /rustc/e3feeb59cd1bdd011a2bfcc0747b55125d9b8527/library/std/src/sys/backtrace.rs:74:9
[INFO] [stdout]    3:     0x62337e4de1e1 - <<std[617be2ca0a6fd877]::sys::backtrace::BacktraceLock>::print::DisplayBacktrace as core[a373ad73a504971]::fmt::Display>::fmt
[INFO] [stdout]                                at /rustc/e3feeb59cd1bdd011a2bfcc0747b55125d9b8527/library/std/src/sys/backtrace.rs:44:26
[INFO] [stdout]    4:     0x62337e4f87ba - <core[a373ad73a504971]::fmt::rt::Argument>::fmt
[INFO] [stdout]                                at /rustc/e3feeb59cd1bdd011a2bfcc0747b55125d9b8527/library/core/src/fmt/rt.rs:152:76
[INFO] [stdout]    5:     0x62337e4f87ba - core[a373ad73a504971]::fmt::write
[INFO] [stdout]    6:     0x62337e4e3dbc - core[a373ad73a504971]::io::write::default_write_fmt::<alloc[2e1b2a31b91974c5]::vec::Vec<u8>>
[INFO] [stdout]                                at /rustc/e3feeb59cd1bdd011a2bfcc0747b55125d9b8527/library/core/src/io/write.rs:402:11
[INFO] [stdout]    7:     0x62337e4e3dbc - <alloc[2e1b2a31b91974c5]::vec::Vec<u8> as core[a373ad73a504971]::io::write::Write>::write_fmt
[INFO] [stdout]                                at /rustc/e3feeb59cd1bdd011a2bfcc0747b55125d9b8527/library/core/src/io/write.rs:335:13
[INFO] [stdout]    8:     0x62337e4b36a6 - <std[617be2ca0a6fd877]::sys::backtrace::BacktraceLock>::print
[INFO] [stdout]                                at /rustc/e3feeb59cd1bdd011a2bfcc0747b55125d9b8527/library/std/src/sys/backtrace.rs:47:9
[INFO] [stdout]    9:     0x62337e4b36a6 - std[617be2ca0a6fd877]::panicking::default_hook::{closure#0}
[INFO] [stdout]                                at /rustc/e3feeb59cd1bdd011a2bfcc0747b55125d9b8527/library/std/src/panicking.rs:289:27
[INFO] [stdout]   10:     0x62337e4d3779 - std[617be2ca0a6fd877]::panicking::default_hook
[INFO] [stdout]                                at /rustc/e3feeb59cd1bdd011a2bfcc0747b55125d9b8527/library/std/src/panicking.rs:313:9
[INFO] [stdout]   11:     0x62337e28aa30 - <alloc[2e1b2a31b91974c5]::boxed::Box<dyn for<'a, 'b> core[a373ad73a504971]::ops::function::Fn<(&'a std[617be2ca0a6fd877]::panic::PanicHookInfo<'b>,), Output = ()> + core[a373ad73a504971]::marker::Sync + core[a373ad73a504971]::marker::Send> as core[a373ad73a504971]::ops::function::Fn<(&std[617be2ca0a6fd877]::panic::PanicHookInfo,)>>::call
[INFO] [stdout]                                at /rustc/e3feeb59cd1bdd011a2bfcc0747b55125d9b8527/library/alloc/src/boxed.rs:2328:9
[INFO] [stdout]   12:     0x62337e28aa30 - test[aada8e7e76ba119b]::test_main_inner::{closure#0}
[INFO] [stdout]                                at /rustc/e3feeb59cd1bdd011a2bfcc0747b55125d9b8527/library/test/src/lib.rs:137:21
[INFO] [stdout]   13:     0x62337e4d3aa2 - <alloc[2e1b2a31b91974c5]::boxed::Box<dyn for<'a, 'b> core[a373ad73a504971]::ops::function::Fn<(&'a std[617be2ca0a6fd877]::panic::PanicHookInfo<'b>,), Output = ()> + core[a373ad73a504971]::marker::Sync + core[a373ad73a504971]::marker::Send> as core[a373ad73a504971]::ops::function::Fn<(&std[617be2ca0a6fd877]::panic::PanicHookInfo,)>>::call
[INFO] [stdout]                                at /rustc/e3feeb59cd1bdd011a2bfcc0747b55125d9b8527/library/alloc/src/boxed.rs:2328:9
[INFO] [stdout]   14:     0x62337e4d3aa2 - std[617be2ca0a6fd877]::panicking::panic_with_hook
[INFO] [stdout]                                at /rustc/e3feeb59cd1bdd011a2bfcc0747b55125d9b8527/library/std/src/panicking.rs:819:13
[INFO] [stdout]   15:     0x62337e4b3752 - std[617be2ca0a6fd877]::panicking::panic_handler::{closure#0}
[INFO] [stdout]                                at /rustc/e3feeb59cd1bdd011a2bfcc0747b55125d9b8527/library/std/src/panicking.rs:685:13
[INFO] [stdout]   16:     0x62337e4ab7d9 - std[617be2ca0a6fd877]::sys::backtrace::__rust_end_short_backtrace::<std[617be2ca0a6fd877]::panicking::panic_handler::{closure#0}, !>
[INFO] [stdout]                                at /rustc/e3feeb59cd1bdd011a2bfcc0747b55125d9b8527/library/std/src/sys/backtrace.rs:182:18
[INFO] [stdout]   17:     0x62337e4b4b9d - __rustc[ea4f61d10b84890b]::rust_begin_unwind
[INFO] [stdout]                                at /rustc/e3feeb59cd1bdd011a2bfcc0747b55125d9b8527/library/std/src/panicking.rs:676:5
[INFO] [stdout]   18:     0x62337e4f908c - core[a373ad73a504971]::panicking::panic_fmt
[INFO] [stdout]                                at /rustc/e3feeb59cd1bdd011a2bfcc0747b55125d9b8527/library/core/src/panicking.rs:80:14
[INFO] [stdout]   19:     0x62337e4f8db2 - core[a373ad73a504971]::result::unwrap_failed
[INFO] [stdout]                                at /rustc/e3feeb59cd1bdd011a2bfcc0747b55125d9b8527/library/core/src/result.rs:1870:5
[INFO] [stdout]   20:     0x62337d2c4456 - <core[a373ad73a504971]::result::Result<std[617be2ca0a6fd877]::process::Child, core[a373ad73a504971]::io::error::Error>>::expect
[INFO] [stdout]                                at /rustc/e3feeb59cd1bdd011a2bfcc0747b55125d9b8527/library/core/src/result.rs:1184:23
[INFO] [stdout]   21:     0x62337d625f13 - orv[ded6b3be66d1e9b5]::tests::native::generated_native_server_serves_route_and_query_numeric_cast_responses
[INFO] [stdout]                                at /opt/rustwide/workdir/crates/orv-cli/src/tests/native.rs:1997:10
[INFO] [stdout]   22:     0x62337d5eee27 - orv[ded6b3be66d1e9b5]::tests::native::generated_native_server_serves_route_and_query_numeric_cast_responses::{closure#0}
[INFO] [stdout]                                at /opt/rustwide/workdir/crates/orv-cli/src/tests/native.rs:1895:75
[INFO] [stdout]   23:     0x62337d3c33b6 - <orv[ded6b3be66d1e9b5]::tests::native::generated_native_server_serves_route_and_query_numeric_cast_responses::{closure#0} as core[a373ad73a504971]::ops::function::FnOnce<()>>::call_once
[INFO] [stdout]                                at /rustc/e3feeb59cd1bdd011a2bfcc0747b55125d9b8527/library/core/src/ops/function.rs:250:5
[INFO] [stdout]   24:     0x62337e27de7b - <fn() -> core[a373ad73a504971]::result::Result<(), alloc[2e1b2a31b91974c5]::string::String> as core[a373ad73a504971]::ops::function::FnOnce<()>>::call_once
[INFO] [stdout]                                at /rustc/e3feeb59cd1bdd011a2bfcc0747b55125d9b8527/library/core/src/ops/function.rs:250:5
[INFO] [stdout]   25:     0x62337e27de7b - test[aada8e7e76ba119b]::__rust_begin_short_backtrace::<core[a373ad73a504971]::result::Result<(), alloc[2e1b2a31b91974c5]::string::String>, fn() -> core[a373ad73a504971]::result::Result<(), alloc[2e1b2a31b91974c5]::string::String>>
[INFO] [stdout]                                at /rustc/e3feeb59cd1bdd011a2bfcc0747b55125d9b8527/library/test/src/lib.rs:701:18
[INFO] [stdout]   26:     0x62337e28b055 - test[aada8e7e76ba119b]::run_test_in_process::{closure#0}
[INFO] [stdout]                                at /rustc/e3feeb59cd1bdd011a2bfcc0747b55125d9b8527/library/test/src/lib.rs:724:74
[INFO] [stdout]   27:     0x62337e28b055 - <core[a373ad73a504971]::panic::unwind_safe::AssertUnwindSafe<test[aada8e7e76ba119b]::run_test_in_process::{closure#0}> as core[a373ad73a504971]::ops::function::FnOnce<()>>::call_once
[INFO] [stdout]                                at /rustc/e3feeb59cd1bdd011a2bfcc0747b55125d9b8527/library/core/src/panic/unwind_safe.rs:275:9
[INFO] [stdout]   28:     0x62337e28b055 - std[617be2ca0a6fd877]::panicking::catch_unwind::do_call::<core[a373ad73a504971]::panic::unwind_safe::AssertUnwindSafe<test[aada8e7e76ba119b]::run_test_in_process::{closure#0}>, core[a373ad73a504971]::result::Result<(), alloc[2e1b2a31b91974c5]::string::String>>
[INFO] [stdout]                                at /rustc/e3feeb59cd1bdd011a2bfcc0747b55125d9b8527/library/std/src/panicking.rs:573:43
[INFO] [stdout]   29:     0x62337e28b055 - std[617be2ca0a6fd877]::panicking::catch_unwind::<core[a373ad73a504971]::result::Result<(), alloc[2e1b2a31b91974c5]::string::String>, core[a373ad73a504971]::panic::unwind_safe::AssertUnwindSafe<test[aada8e7e76ba119b]::run_test_in_process::{closure#0}>>
[INFO] [stdout]                                at /rustc/e3feeb59cd1bdd011a2bfcc0747b55125d9b8527/library/std/src/panicking.rs:541:19
[INFO] [stdout]   30:     0x62337e28b055 - std[617be2ca0a6fd877]::panic::catch_unwind::<core[a373ad73a504971]::panic::unwind_safe::AssertUnwindSafe<test[aada8e7e76ba119b]::run_test_in_process::{closure#0}>, core[a373ad73a504971]::result::Result<(), alloc[2e1b2a31b91974c5]::string::String>>
[INFO] [stdout]                                at /rustc/e3feeb59cd1bdd011a2bfcc0747b55125d9b8527/library/std/src/panic.rs:359:14
[INFO] [stdout]   31:     0x62337e28b055 - test[aada8e7e76ba119b]::run_test_in_process
[INFO] [stdout]                                at /rustc/e3feeb59cd1bdd011a2bfcc0747b55125d9b8527/library/test/src/lib.rs:724:27
[INFO] [stdout]   32:     0x62337e28b055 - test[aada8e7e76ba119b]::run_test::{closure#0}
[INFO] [stdout]                                at /rustc/e3feeb59cd1bdd011a2bfcc0747b55125d9b8527/library/test/src/lib.rs:645:43
[INFO] [stdout]   33:     0x62337e284944 - test[aada8e7e76ba119b]::run_test::{closure#1}
[INFO] [stdout]                                at /rustc/e3feeb59cd1bdd011a2bfcc0747b55125d9b8527/library/test/src/lib.rs:675:41
[INFO] [stdout]   34:     0x62337e284944 - std[617be2ca0a6fd877]::sys::backtrace::__rust_begin_short_backtrace::<test[aada8e7e76ba119b]::run_test::{closure#1}, ()>
[INFO] [stdout]                                at /rustc/e3feeb59cd1bdd011a2bfcc0747b55125d9b8527/library/std/src/sys/backtrace.rs:166:18
[INFO] [stdout]   35:     0x62337e28e0e2 - std[617be2ca0a6fd877]::thread::lifecycle::spawn_unchecked::<test[aada8e7e76ba119b]::run_test::{closure#1}, ()>::{closure#1}::{closure#0}
[INFO] [stdout]                                at /rustc/e3feeb59cd1bdd011a2bfcc0747b55125d9b8527/library/std/src/thread/lifecycle.rs:70:13
[INFO] [stdout]   36:     0x62337e28e0e2 - <core[a373ad73a504971]::panic::unwind_safe::AssertUnwindSafe<std[617be2ca0a6fd877]::thread::lifecycle::spawn_unchecked<test[aada8e7e76ba119b]::run_test::{closure#1}, ()>::{closure#1}::{closure#0}> as core[a373ad73a504971]::ops::function::FnOnce<()>>::call_once
[INFO] [stdout]                                at /rustc/e3feeb59cd1bdd011a2bfcc0747b55125d9b8527/library/core/src/panic/unwind_safe.rs:275:9
[INFO] [stdout]   37:     0x62337e28e0e2 - std[617be2ca0a6fd877]::panicking::catch_unwind::do_call::<core[a373ad73a504971]::panic::unwind_safe::AssertUnwindSafe<std[617be2ca0a6fd877]::thread::lifecycle::spawn_unchecked<test[aada8e7e76ba119b]::run_test::{closure#1}, ()>::{closure#1}::{closure#0}>, ()>
[INFO] [stdout]                                at /rustc/e3feeb59cd1bdd011a2bfcc0747b55125d9b8527/library/std/src/panicking.rs:573:43
[INFO] [stdout]   38:     0x62337e28e0e2 - std[617be2ca0a6fd877]::panicking::catch_unwind::<(), core[a373ad73a504971]::panic::unwind_safe::AssertUnwindSafe<std[617be2ca0a6fd877]::thread::lifecycle::spawn_unchecked<test[aada8e7e76ba119b]::run_test::{closure#1}, ()>::{closure#1}::{closure#0}>>
[INFO] [stdout]                                at /rustc/e3feeb59cd1bdd011a2bfcc0747b55125d9b8527/library/std/src/panicking.rs:541:19
[INFO] [stdout]   39:     0x62337e28e0e2 - std[617be2ca0a6fd877]::panic::catch_unwind::<core[a373ad73a504971]::panic::unwind_safe::AssertUnwindSafe<std[617be2ca0a6fd877]::thread::lifecycle::spawn_unchecked<test[aada8e7e76ba119b]::run_test::{closure#1}, ()>::{closure#1}::{closure#0}>, ()>
[INFO] [stdout]                                at /rustc/e3feeb59cd1bdd011a2bfcc0747b55125d9b8527/library/std/src/panic.rs:359:14
[INFO] [stdout]   40:     0x62337e28e0e2 - std[617be2ca0a6fd877]::thread::lifecycle::spawn_unchecked::<test[aada8e7e76ba119b]::run_test::{closure#1}, ()>::{closure#1}
[INFO] [stdout]                                at /rustc/e3feeb59cd1bdd011a2bfcc0747b55125d9b8527/library/std/src/thread/lifecycle.rs:68:26
[INFO] [stdout]   41:     0x62337e28e0e2 - <std[617be2ca0a6fd877]::thread::lifecycle::spawn_unchecked<test[aada8e7e76ba119b]::run_test::{closure#1}, ()>::{closure#1} as core[a373ad73a504971]::ops::function::FnOnce<()>>::call_once::{shim:vtable#0}
[INFO] [stdout]                                at /rustc/e3feeb59cd1bdd011a2bfcc0747b55125d9b8527/library/core/src/ops/function.rs:250:5
[INFO] [stdout]   42:     0x62337e4dc9af - <alloc[2e1b2a31b91974c5]::boxed::Box<dyn core[a373ad73a504971]::ops::function::FnOnce<(), Output = ()> + core[a373ad73a504971]::marker::Send> as core[a373ad73a504971]::ops::function::FnOnce<()>>::call_once
[INFO] [stdout]                                at /rustc/e3feeb59cd1bdd011a2bfcc0747b55125d9b8527/library/alloc/src/boxed.rs:2314:9
[INFO] [stdout]   43:     0x62337e4dc9af - <std[617be2ca0a6fd877]::sys::thread::unix::Thread>::new::thread_start
[INFO] [stdout]                                at /rustc/e3feeb59cd1bdd011a2bfcc0747b55125d9b8527/library/std/src/sys/thread/unix.rs:127:17
[INFO] [stdout]   44:     0x70c5da547dfa - <unknown>
[INFO] [stdout]   45:     0x70c5da5db3d4 - clone
[INFO] [stdout]   46:                0x0 - <unknown>
[INFO] [stdout] 
[INFO] [stdout] ---- tests::native::generated_native_server_serves_request_body_int_cast_response stdout ----
[INFO] [stdout] build: wrote /tmp/orv-cli-native-request-body-int-cast-server-build-2838-1791296295250190905-364
[INFO] [stdout] build: /tmp/orv-cli-native-request-body-int-cast-server-build-2838-1791296295250190905-364 verified
[INFO] [stdout] 
[INFO] [stdout] thread 'tests::native::generated_native_server_serves_request_body_int_cast_response' (3341) panicked at crates/orv-cli/src/tests/native.rs:1523:10:
[INFO] [stdout] spawn generated int cast native server: Os { code: 2, kind: NotFound, message: "No such file or directory" }
[INFO] [stdout] stack backtrace:
[INFO] [stdout]    0:     0x62337e4de1e1 - std[617be2ca0a6fd877]::backtrace_rs::backtrace::libunwind::trace
[INFO] [stdout]                                at /rustc/e3feeb59cd1bdd011a2bfcc0747b55125d9b8527/library/std/src/../../backtrace/src/backtrace/libunwind.rs:117:9
[INFO] [stdout]    1:     0x62337e4de1e1 - std[617be2ca0a6fd877]::backtrace_rs::backtrace::trace_unsynchronized::<std[617be2ca0a6fd877]::sys::backtrace::_print_fmt::{closure#1}>
[INFO] [stdout]                                at /rustc/e3feeb59cd1bdd011a2bfcc0747b55125d9b8527/library/std/src/../../backtrace/src/backtrace/mod.rs:66:14
[INFO] [stdout]    2:     0x62337e4de1e1 - std[617be2ca0a6fd877]::sys::backtrace::_print_fmt
[INFO] [stdout]                                at /rustc/e3feeb59cd1bdd011a2bfcc0747b55125d9b8527/library/std/src/sys/backtrace.rs:74:9
[INFO] [stdout]    3:     0x62337e4de1e1 - <<std[617be2ca0a6fd877]::sys::backtrace::BacktraceLock>::print::DisplayBacktrace as core[a373ad73a504971]::fmt::Display>::fmt
[INFO] [stdout]                                at /rustc/e3feeb59cd1bdd011a2bfcc0747b55125d9b8527/library/std/src/sys/backtrace.rs:44:26
[INFO] [stdout]    4:     0x62337e4f87ba - <core[a373ad73a504971]::fmt::rt::Argument>::fmt
[INFO] [stdout]                                at /rustc/e3feeb59cd1bdd011a2bfcc0747b55125d9b8527/library/core/src/fmt/rt.rs:152:76
[INFO] [stdout]    5:     0x62337e4f87ba - core[a373ad73a504971]::fmt::write
[INFO] [stdout]    6:     0x62337e4e3dbc - core[a373ad73a504971]::io::write::default_write_fmt::<alloc[2e1b2a31b91974c5]::vec::Vec<u8>>
[INFO] [stdout]                                at /rustc/e3feeb59cd1bdd011a2bfcc0747b55125d9b8527/library/core/src/io/write.rs:402:11
[INFO] [stdout]    7:     0x62337e4e3dbc - <alloc[2e1b2a31b91974c5]::vec::Vec<u8> as core[a373ad73a504971]::io::write::Write>::write_fmt
[INFO] [stdout]                                at /rustc/e3feeb59cd1bdd011a2bfcc0747b55125d9b8527/library/core/src/io/write.rs:335:13
[INFO] [stdout]    8:     0x62337e4b36a6 - <std[617be2ca0a6fd877]::sys::backtrace::BacktraceLock>::print
[INFO] [stdout]                                at /rustc/e3feeb59cd1bdd011a2bfcc0747b55125d9b8527/library/std/src/sys/backtrace.rs:47:9
[INFO] [stdout]    9:     0x62337e4b36a6 - std[617be2ca0a6fd877]::panicking::default_hook::{closure#0}
[INFO] [stdout]                                at /rustc/e3feeb59cd1bdd011a2bfcc0747b55125d9b8527/library/std/src/panicking.rs:289:27
[INFO] [stdout]   10:     0x62337e4d3779 - std[617be2ca0a6fd877]::panicking::default_hook
[INFO] [stdout]                                at /rustc/e3feeb59cd1bdd011a2bfcc0747b55125d9b8527/library/std/src/panicking.rs:313:9
[INFO] [stdout]   11:     0x62337e28aa30 - <alloc[2e1b2a31b91974c5]::boxed::Box<dyn for<'a, 'b> core[a373ad73a504971]::ops::function::Fn<(&'a std[617be2ca0a6fd877]::panic::PanicHookInfo<'b>,), Output = ()> + core[a373ad73a504971]::marker::Sync + core[a373ad73a504971]::marker::Send> as core[a373ad73a504971]::ops::function::Fn<(&std[617be2ca0a6fd877]::panic::PanicHookInfo,)>>::call
[INFO] [stdout]                                at /rustc/e3feeb59cd1bdd011a2bfcc0747b55125d9b8527/library/alloc/src/boxed.rs:2328:9
[INFO] [stdout]   12:     0x62337e28aa30 - test[aada8e7e76ba119b]::test_main_inner::{closure#0}
[INFO] [stdout]                                at /rustc/e3feeb59cd1bdd011a2bfcc0747b55125d9b8527/library/test/src/lib.rs:137:21
[INFO] [stdout]   13:     0x62337e4d3aa2 - <alloc[2e1b2a31b91974c5]::boxed::Box<dyn for<'a, 'b> core[a373ad73a504971]::ops::function::Fn<(&'a std[617be2ca0a6fd877]::panic::PanicHookInfo<'b>,), Output = ()> + core[a373ad73a504971]::marker::Sync + core[a373ad73a504971]::marker::Send> as core[a373ad73a504971]::ops::function::Fn<(&std[617be2ca0a6fd877]::panic::PanicHookInfo,)>>::call
[INFO] [stdout]                                at /rustc/e3feeb59cd1bdd011a2bfcc0747b55125d9b8527/library/alloc/src/boxed.rs:2328:9
[INFO] [stdout]   14:     0x62337e4d3aa2 - std[617be2ca0a6fd877]::panicking::panic_with_hook
[INFO] [stdout]                                at /rustc/e3feeb59cd1bdd011a2bfcc0747b55125d9b8527/library/std/src/panicking.rs:819:13
[INFO] [stdout]   15:     0x62337e4b3752 - std[617be2ca0a6fd877]::panicking::panic_handler::{closure#0}
[INFO] [stdout]                                at /rustc/e3feeb59cd1bdd011a2bfcc0747b55125d9b8527/library/std/src/panicking.rs:685:13
[INFO] [stdout]   16:     0x62337e4ab7d9 - std[617be2ca0a6fd877]::sys::backtrace::__rust_end_short_backtrace::<std[617be2ca0a6fd877]::panicking::panic_handler::{closure#0}, !>
[INFO] [stdout]                                at /rustc/e3feeb59cd1bdd011a2bfcc0747b55125d9b8527/library/std/src/sys/backtrace.rs:182:18
[INFO] [stdout]   17:     0x62337e4b4b9d - __rustc[ea4f61d10b84890b]::rust_begin_unwind
[INFO] [stdout]                                at /rustc/e3feeb59cd1bdd011a2bfcc0747b55125d9b8527/library/std/src/panicking.rs:676:5
[INFO] [stdout]   18:     0x62337e4f908c - core[a373ad73a504971]::panicking::panic_fmt
[INFO] [stdout]                                at /rustc/e3feeb59cd1bdd011a2bfcc0747b55125d9b8527/library/core/src/panicking.rs:80:14
[INFO] [stdout]   19:     0x62337e4f8db2 - core[a373ad73a504971]::result::unwrap_failed
[INFO] [stdout]                                at /rustc/e3feeb59cd1bdd011a2bfcc0747b55125d9b8527/library/core/src/result.rs:1870:5
[INFO] [stdout]   20:     0x62337d2c4456 - <core[a373ad73a504971]::result::Result<std[617be2ca0a6fd877]::process::Child, core[a373ad73a504971]::io::error::Error>>::expect
[INFO] [stdout]                                at /rustc/e3feeb59cd1bdd011a2bfcc0747b55125d9b8527/library/core/src/result.rs:1184:23
[INFO] [stdout]   21:     0x62337d619e9b - orv[ded6b3be66d1e9b5]::tests::native::generated_native_server_serves_request_body_int_cast_response
[INFO] [stdout]                                at /opt/rustwide/workdir/crates/orv-cli/src/tests/native.rs:1523:10
[INFO] [stdout]   22:     0x62337d5eecd7 - orv[ded6b3be66d1e9b5]::tests::native::generated_native_server_serves_request_body_int_cast_response::{closure#0}
[INFO] [stdout]                                at /opt/rustwide/workdir/crates/orv-cli/src/tests/native.rs:1388:67
[INFO] [stdout]   23:     0x62337d3c32d6 - <orv[ded6b3be66d1e9b5]::tests::native::generated_native_server_serves_request_body_int_cast_response::{closure#0} as core[a373ad73a504971]::ops::function::FnOnce<()>>::call_once
[INFO] [stdout]                                at /rustc/e3feeb59cd1bdd011a2bfcc0747b55125d9b8527/library/core/src/ops/function.rs:250:5
[INFO] [stdout]   24:     0x62337e27de7b - <fn() -> core[a373ad73a504971]::result::Result<(), alloc[2e1b2a31b91974c5]::string::String> as core[a373ad73a504971]::ops::function::FnOnce<()>>::call_once
[INFO] [stdout]                                at /rustc/e3feeb59cd1bdd011a2bfcc0747b55125d9b8527/library/core/src/ops/function.rs:250:5
[INFO] [stdout]   25:     0x62337e27de7b - test[aada8e7e76ba119b]::__rust_begin_short_backtrace::<core[a373ad73a504971]::result::Result<(), alloc[2e1b2a31b91974c5]::string::String>, fn() -> core[a373ad73a504971]::result::Result<(), alloc[2e1b2a31b91974c5]::string::String>>
[INFO] [stdout]                                at /rustc/e3feeb59cd1bdd011a2bfcc0747b55125d9b8527/library/test/src/lib.rs:701:18
[INFO] [stdout]   26:     0x62337e28b055 - test[aada8e7e76ba119b]::run_test_in_process::{closure#0}
[INFO] [stdout]                                at /rustc/e3feeb59cd1bdd011a2bfcc0747b55125d9b8527/library/test/src/lib.rs:724:74
[INFO] [stdout]   27:     0x62337e28b055 - <core[a373ad73a504971]::panic::unwind_safe::AssertUnwindSafe<test[aada8e7e76ba119b]::run_test_in_process::{closure#0}> as core[a373ad73a504971]::ops::function::FnOnce<()>>::call_once
[INFO] [stdout]                                at /rustc/e3feeb59cd1bdd011a2bfcc0747b55125d9b8527/library/core/src/panic/unwind_safe.rs:275:9
[INFO] [stdout]   28:     0x62337e28b055 - std[617be2ca0a6fd877]::panicking::catch_unwind::do_call::<core[a373ad73a504971]::panic::unwind_safe::AssertUnwindSafe<test[aada8e7e76ba119b]::run_test_in_process::{closure#0}>, core[a373ad73a504971]::result::Result<(), alloc[2e1b2a31b91974c5]::string::String>>
[INFO] [stdout]                                at /rustc/e3feeb59cd1bdd011a2bfcc0747b55125d9b8527/library/std/src/panicking.rs:573:43
[INFO] [stdout]   29:     0x62337e28b055 - std[617be2ca0a6fd877]::panicking::catch_unwind::<core[a373ad73a504971]::result::Result<(), alloc[2e1b2a31b91974c5]::string::String>, core[a373ad73a504971]::panic::unwind_safe::AssertUnwindSafe<test[aada8e7e76ba119b]::run_test_in_process::{closure#0}>>
[INFO] [stdout]                                at /rustc/e3feeb59cd1bdd011a2bfcc0747b55125d9b8527/library/std/src/panicking.rs:541:19
[INFO] [stdout]   30:     0x62337e28b055 - std[617be2ca0a6fd877]::panic::catch_unwind::<core[a373ad73a504971]::panic::unwind_safe::AssertUnwindSafe<test[aada8e7e76ba119b]::run_test_in_process::{closure#0}>, core[a373ad73a504971]::result::Result<(), alloc[2e1b2a31b91974c5]::string::String>>
[INFO] [stdout]                                at /rustc/e3feeb59cd1bdd011a2bfcc0747b55125d9b8527/library/std/src/panic.rs:359:14
[INFO] [stdout]   31:     0x62337e28b055 - test[aada8e7e76ba119b]::run_test_in_process
[INFO] [stdout]                                at /rustc/e3feeb59cd1bdd011a2bfcc0747b55125d9b8527/library/test/src/lib.rs:724:27
[INFO] [stdout]   32:     0x62337e28b055 - test[aada8e7e76ba119b]::run_test::{closure#0}
[INFO] [stdout]                                at /rustc/e3feeb59cd1bdd011a2bfcc0747b55125d9b8527/library/test/src/lib.rs:645:43
[INFO] [stdout]   33:     0x62337e284944 - test[aada8e7e76ba119b]::run_test::{closure#1}
[INFO] [stdout]                                at /rustc/e3feeb59cd1bdd011a2bfcc0747b55125d9b8527/library/test/src/lib.rs:675:41
[INFO] [stdout]   34:     0x62337e284944 - std[617be2ca0a6fd877]::sys::backtrace::__rust_begin_short_backtrace::<test[aada8e7e76ba119b]::run_test::{closure#1}, ()>
[INFO] [stdout]                                at /rustc/e3feeb59cd1bdd011a2bfcc0747b55125d9b8527/library/std/src/sys/backtrace.rs:166:18
[INFO] [stdout]   35:     0x62337e28e0e2 - std[617be2ca0a6fd877]::thread::lifecycle::spawn_unchecked::<test[aada8e7e76ba119b]::run_test::{closure#1}, ()>::{closure#1}::{closure#0}
[INFO] [stdout]                                at /rustc/e3feeb59cd1bdd011a2bfcc0747b55125d9b8527/library/std/src/thread/lifecycle.rs:70:13
[INFO] [stdout]   36:     0x62337e28e0e2 - <core[a373ad73a504971]::panic::unwind_safe::AssertUnwindSafe<std[617be2ca0a6fd877]::thread::lifecycle::spawn_unchecked<test[aada8e7e76ba119b]::run_test::{closure#1}, ()>::{closure#1}::{closure#0}> as core[a373ad73a504971]::ops::function::FnOnce<()>>::call_once
[INFO] [stdout]                                at /rustc/e3feeb59cd1bdd011a2bfcc0747b55125d9b8527/library/core/src/panic/unwind_safe.rs:275:9
[INFO] [stdout]   37:     0x62337e28e0e2 - std[617be2ca0a6fd877]::panicking::catch_unwind::do_call::<core[a373ad73a504971]::panic::unwind_safe::AssertUnwindSafe<std[617be2ca0a6fd877]::thread::lifecycle::spawn_unchecked<test[aada8e7e76ba119b]::run_test::{closure#1}, ()>::{closure#1}::{closure#0}>, ()>
[INFO] [stdout]                                at /rustc/e3feeb59cd1bdd011a2bfcc0747b55125d9b8527/library/std/src/panicking.rs:573:43
[INFO] [stdout]   38:     0x62337e28e0e2 - std[617be2ca0a6fd877]::panicking::catch_unwind::<(), core[a373ad73a504971]::panic::unwind_safe::AssertUnwindSafe<std[617be2ca0a6fd877]::thread::lifecycle::spawn_unchecked<test[aada8e7e76ba119b]::run_test::{closure#1}, ()>::{closure#1}::{closure#0}>>
[INFO] [stdout]                                at /rustc/e3feeb59cd1bdd011a2bfcc0747b55125d9b8527/library/std/src/panicking.rs:541:19
[INFO] [stdout]   39:     0x62337e28e0e2 - std[617be2ca0a6fd877]::panic::catch_unwind::<core[a373ad73a504971]::panic::unwind_safe::AssertUnwindSafe<std[617be2ca0a6fd877]::thread::lifecycle::spawn_unchecked<test[aada8e7e76ba119b]::run_test::{closure#1}, ()>::{closure#1}::{closure#0}>, ()>
[INFO] [stdout]                                at /rustc/e3feeb59cd1bdd011a2bfcc0747b55125d9b8527/library/std/src/panic.rs:359:14
[INFO] [stdout]   40:     0x62337e28e0e2 - std[617be2ca0a6fd877]::thread::lifecycle::spawn_unchecked::<test[aada8e7e76ba119b]::run_test::{closure#1}, ()>::{closure#1}
[INFO] [stdout]                                at /rustc/e3feeb59cd1bdd011a2bfcc0747b55125d9b8527/library/std/src/thread/lifecycle.rs:68:26
[INFO] [stdout]   41:     0x62337e28e0e2 - <std[617be2ca0a6fd877]::thread::lifecycle::spawn_unchecked<test[aada8e7e76ba119b]::run_test::{closure#1}, ()>::{closure#1} as core[a373ad73a504971]::ops::function::FnOnce<()>>::call_once::{shim:vtable#0}
[INFO] [stdout]                                at /rustc/e3feeb59cd1bdd011a2bfcc0747b55125d9b8527/library/core/src/ops/function.rs:250:5
[INFO] [stdout]   42:     0x62337e4dc9af - <alloc[2e1b2a31b91974c5]::boxed::Box<dyn core[a373ad73a504971]::ops::function::FnOnce<(), Output = ()> + core[a373ad73a504971]::marker::Send> as core[a373ad73a504971]::ops::function::FnOnce<()>>::call_once
[INFO] [stdout]                                at /rustc/e3feeb59cd1bdd011a2bfcc0747b55125d9b8527/library/alloc/src/boxed.rs:2314:9
[INFO] [stdout]   43:     0x62337e4dc9af - <std[617be2ca0a6fd877]::sys::thread::unix::Thread>::new::thread_start
[INFO] [stdout]                                at /rustc/e3feeb59cd1bdd011a2bfcc0747b55125d9b8527/library/std/src/sys/thread/unix.rs:127:17
[INFO] [stdout]   44:     0x70c5da547dfa - <unknown>
[INFO] [stdout]   45:     0x70c5da5db3d4 - clone
[INFO] [stdout]   46:                0x0 - <unknown>
[INFO] [stdout] 
[INFO] [stdout] 
[INFO] [stdout] failures:
[INFO] [stdout]     tests::native::generated_native_server_serves_guarded_multi_response_route
[INFO] [stdout]     tests::native::generated_native_server_serves_mixed_dynamic_response
[INFO] [stdout]     tests::native::generated_native_server_serves_mixed_static_and_request_body_field_response
[INFO] [stdout]     tests::native::generated_native_server_serves_request_body_float_cast_response
[INFO] [stdout]     tests::native::generated_native_server_serves_request_body_int_cast_response
[INFO] [stdout]     tests::native::generated_native_server_serves_route_and_query_numeric_cast_responses
[INFO] [stdout] 
[INFO] [stdout] test result: FAILED. 565 passed; 6 failed; 0 ignored; 0 measured; 0 filtered out; finished in 7.28s
[INFO] [stdout] 
[INFO] running `Command { std: "docker" "inspect" "f12fd1c95f1e10a05db888b611c0240d73d878b1e5af831f13decdb999ae4a8f", kill_on_drop: false }`
[INFO] running `Command { std: "docker" "rm" "-f" "f12fd1c95f1e10a05db888b611c0240d73d878b1e5af831f13decdb999ae4a8f", kill_on_drop: false }`
[INFO] [stdout] f12fd1c95f1e10a05db888b611c0240d73d878b1e5af831f13decdb999ae4a8f
