[INFO] cloning repository https://github.com/dannycreations/Krama
[INFO] running `Command { std: "git" "-c" "credential.helper=" "-c" "credential.helper=/workspace/cargo-home/bin/git-credential-null" "clone" "--bare" "https://github.com/dannycreations/Krama" "/workspace/cache/git-repos/https%3A%2F%2Fgithub.com%2Fdannycreations%2FKrama", kill_on_drop: false }`
[INFO] [stderr] Cloning into bare repository '/workspace/cache/git-repos/https%3A%2F%2Fgithub.com%2Fdannycreations%2FKrama'...
[INFO] running `Command { std: "git" "rev-parse" "HEAD", kill_on_drop: false }`
[INFO] [stdout] 872fd9f8b593626fc8a43f2e8053fca6fa7d752b
[INFO] testing dannycreations/Krama against 1.100.0-beta.1 for beta-1.100-2
[INFO] running `Command { std: "git" "clone" "/workspace/cache/git-repos/https%3A%2F%2Fgithub.com%2Fdannycreations%2FKrama" "/workspace/builds/worker-1-tc2/source", kill_on_drop: false }`
[INFO] [stderr] Cloning into '/workspace/builds/worker-1-tc2/source'...
[INFO] [stderr] done.
[INFO] removed /workspace/builds/worker-1-tc2/source/rust-toolchain.toml
[INFO] started tweaking git repo https://github.com/dannycreations/Krama
[INFO] finished tweaking git repo https://github.com/dannycreations/Krama
[INFO] tweaked toml for git repo https://github.com/dannycreations/Krama written to /workspace/builds/worker-1-tc2/source/Cargo.toml
[INFO] validating manifest of git repo https://github.com/dannycreations/Krama on toolchain 1.100.0-beta.1
[INFO] running `Command { std: CARGO_HOME="/workspace/cargo-home" RUSTUP_HOME="/workspace/rustup-home" "/workspace/cargo-home/bin/cargo" "+1.100.0-beta.1" "metadata" "--manifest-path" "Cargo.toml" "--no-deps", kill_on_drop: false }`
[INFO] crate git repo https://github.com/dannycreations/Krama already has a lockfile, it will not be regenerated
[INFO] running `Command { std: CARGO_HOME="/workspace/cargo-home" RUSTUP_HOME="/workspace/rustup-home" "/workspace/cargo-home/bin/cargo" "+1.100.0-beta.1" "fetch" "--manifest-path" "Cargo.toml", kill_on_drop: false }`
[INFO] [stderr] warning: unused workspace dependency `derive_more`
[INFO] [stderr]   --> Cargo.toml:43:25
[INFO] [stderr]    |
[INFO] [stderr] 43 | [workspace.dependencies.derive_more]
[INFO] [stderr]    |                         ^^^^^^^^^^^
[INFO] [stderr]    |
[INFO] [stderr]    = note: `cargo::unused_workspace_dependencies` is set to `warn` by default
[INFO] [stderr] help: consider removing the workspace dependency `derive_more`
[INFO] [stderr] warning: workspace (manifest) generated 1 warning
[INFO] running `Command { std: "docker" "create" "-v" "/var/lib/crater-agent-workspace/builds/worker-1-tc2/source:/opt/rustwide/workdir:ro,Z" "-v" "/var/lib/crater-agent-workspace/builds/worker-1-tc2/target:/opt/rustwide/target:rw,Z" "-v" "/var/lib/crater-agent-workspace/cargo-home:/opt/rustwide/cargo-home:ro,Z" "-v" "/var/lib/crater-agent-workspace/rustup-home:/opt/rustwide/rustup-home:ro,Z" "-m" "1610612736" "--network" "none" "ghcr.io/rust-lang/crates-build-env/linux@sha256:3111399a4047eeb3a02b7a90e478d715f38a8c6669b5c4b49d30a17385265909" "sleep" "infinity", kill_on_drop: false }`
[INFO] [stdout] 8e737d22884bd678f433ff38e11a0ff337a4b072bfcf1080ddf832b75028e393
[INFO] running `Command { std: "docker" "start" "8e737d22884bd678f433ff38e11a0ff337a4b072bfcf1080ddf832b75028e393", kill_on_drop: false }`
[INFO] running `Command { std: "docker" "inspect" "8e737d22884bd678f433ff38e11a0ff337a4b072bfcf1080ddf832b75028e393", kill_on_drop: false }`
[INFO] running `Command { std: "docker" "exec" "-e" "SOURCE_DIR=/opt/rustwide/workdir" "-e" "CARGO_HOME=/opt/rustwide/cargo-home" "-e" "RUSTUP_HOME=/opt/rustwide/rustup-home" "-e" "CARGO_TARGET_DIR=/opt/rustwide/target" "-w" "/opt/rustwide/workdir" "--user" "0:0" "8e737d22884bd678f433ff38e11a0ff337a4b072bfcf1080ddf832b75028e393" "/opt/rustwide/cargo-home/bin/cargo" "+1.100.0-beta.1" "metadata" "--no-deps" "--format-version=1", kill_on_drop: false }`
[INFO] running `Command { std: "docker" "inspect" "8e737d22884bd678f433ff38e11a0ff337a4b072bfcf1080ddf832b75028e393", kill_on_drop: false }`
[INFO] running `Command { std: "docker" "exec" "-e" "SOURCE_DIR=/opt/rustwide/workdir" "-e" "CARGO_HOME=/opt/rustwide/cargo-home" "-e" "RUSTUP_HOME=/opt/rustwide/rustup-home" "-e" "CARGO_TARGET_DIR=/opt/rustwide/target" "-e" "CARGO_INCREMENTAL=0" "-e" "RUST_BACKTRACE=full" "-e" "RUSTFLAGS=--cap-lints=warn" "-e" "RUSTDOCFLAGS=--cap-lints=warn" "-w" "/opt/rustwide/workdir" "--user" "0:0" "8e737d22884bd678f433ff38e11a0ff337a4b072bfcf1080ddf832b75028e393" "/opt/rustwide/cargo-home/bin/cargo" "+1.100.0-beta.1" "build" "--frozen" "--message-format=json", kill_on_drop: false }`
[INFO] [stderr] warning: unused workspace dependency `derive_more`
[INFO] [stderr]   --> Cargo.toml:43:25
[INFO] [stderr]    |
[INFO] [stderr] 43 | [workspace.dependencies.derive_more]
[INFO] [stderr]    |                         ^^^^^^^^^^^
[INFO] [stderr]    |
[INFO] [stderr]    = note: `cargo::unused_workspace_dependencies` is set to `warn` by default
[INFO] [stderr] help: consider removing the workspace dependency `derive_more`
[INFO] [stderr] warning: workspace (manifest) generated 1 warning
[INFO] [stderr]    Compiling proc-macro2 v1.0.103
[INFO] [stderr]    Compiling quote v1.0.42
[INFO] [stderr]    Compiling libc v0.2.178
[INFO] [stderr]    Compiling memchr v2.7.6
[INFO] [stderr]    Compiling pin-project-lite v0.2.16
[INFO] [stderr]    Compiling regex-syntax v0.8.8
[INFO] [stderr]    Compiling futures-sink v0.3.31
[INFO] [stderr]    Compiling cfg-if v1.0.4
[INFO] [stderr]    Compiling futures-core v0.3.31
[INFO] [stderr]    Compiling serde_core v1.0.228
[INFO] [stderr]    Compiling zerocopy v0.8.31
[INFO] [stderr]    Compiling futures-channel v0.3.31
[INFO] [stderr]    Compiling futures-task v0.3.31
[INFO] [stderr]    Compiling slab v0.4.11
[INFO] [stderr]    Compiling beef v0.5.2
[INFO] [stderr]    Compiling futures-io v0.3.31
[INFO] [stderr]    Compiling pin-utils v0.1.0
[INFO] [stderr]    Compiling linkme-impl v0.3.35
[INFO] [stderr]    Compiling aho-corasick v1.1.4
[INFO] [stderr]    Compiling parking_lot_core v0.9.12
[INFO] [stderr]    Compiling getrandom v0.3.4
[INFO] [stderr]    Compiling linkme v0.3.35
[INFO] [stderr]    Compiling bitflags v1.3.2
[INFO] [stderr]    Compiling scopeguard v1.2.0
[INFO] [stderr]    Compiling thiserror v2.0.17
[INFO] [stderr]    Compiling smallvec v1.15.1
[INFO] [stderr]    Compiling concolor-query v0.3.3
[INFO] [stderr]    Compiling lock_api v0.4.14
[INFO] [stderr]    Compiling syn v2.0.111
[INFO] [stderr]    Compiling ahash v0.8.12
[INFO] [stderr]    Compiling equivalent v1.0.2
[INFO] [stderr]    Compiling yansi v1.0.1
[INFO] [stderr]    Compiling is-terminal v0.4.17
[INFO] [stderr]    Compiling mio v1.1.0
[INFO] [stderr]    Compiling concolor v0.1.1
[INFO] [stderr]    Compiling signal-hook-registry v1.4.7
[INFO] [stderr]    Compiling once_cell v1.21.3
[INFO] [stderr]    Compiling utf8parse v0.2.2
[INFO] [stderr]    Compiling regex-automata v0.4.13
[INFO] [stderr]    Compiling hashbrown v0.16.1
[INFO] [stderr]    Compiling unicode-width v0.2.2
[INFO] [stderr]    Compiling bytes v1.11.0
[INFO] [stderr]    Compiling ariadne v0.6.0
[INFO] [stderr]    Compiling anstyle-parse v0.2.7
[INFO] [stderr]    Compiling parking_lot v0.12.5
[INFO] [stderr]    Compiling strum v0.27.2
[INFO] [stderr]    Compiling colorchoice v1.0.4
[INFO] [stderr]    Compiling anstyle-query v1.1.5
[INFO] [stderr]    Compiling is_terminal_polyfill v1.70.2
[INFO] [stderr]    Compiling anstyle v1.0.13
[INFO] [stderr]    Compiling strsim v0.11.1
[INFO] [stderr]    Compiling anyhow v1.0.100
[INFO] [stderr]    Compiling clap_lex v0.7.6
[INFO] [stderr]    Compiling anstream v0.6.21
[INFO] [stderr]    Compiling same-file v1.0.6
[INFO] [stderr]    Compiling path-clean v1.0.1
[INFO] [stderr]    Compiling walkdir v2.5.0
[INFO] [stderr]    Compiling clap_builder v4.5.53
[INFO] [stderr]    Compiling indexmap v2.12.1
[INFO] [stderr]    Compiling futures-macro v0.3.31
[INFO] [stderr]    Compiling thiserror-impl v2.0.17
[INFO] [stderr]    Compiling tokio-macros v2.6.0
[INFO] [stderr]    Compiling strum_macros v0.27.2
[INFO] [stderr]    Compiling krama_macro v0.1.0 (/opt/rustwide/workdir/crates/krama_macro)
[INFO] [stderr]    Compiling futures-util v0.3.31
[INFO] [stderr]    Compiling tokio v1.48.0
[INFO] [stderr]    Compiling clap_derive v4.5.49
[INFO] [stderr]    Compiling logos-codegen v0.16.0
[INFO] [stderr]    Compiling clap v4.5.53
[INFO] [stderr]    Compiling logos-derive v0.16.0
[INFO] [stderr]    Compiling logos v0.16.0
[INFO] [stderr]    Compiling futures-executor v0.3.31
[INFO] [stderr]    Compiling futures v0.3.31
[INFO] [stderr]    Compiling krama_core v0.1.0 (/opt/rustwide/workdir/crates/krama_core)
[INFO] [stderr]    Compiling krama_std v0.1.0 (/opt/rustwide/workdir/crates/krama_std)
[INFO] [stderr]    Compiling krama_runtime v0.1.0 (/opt/rustwide/workdir/crates/krama_runtime)
[INFO] [stderr]    Compiling krama_cli v0.1.0 (/opt/rustwide/workdir/crates/krama_cli)
[INFO] [stderr] warning: unused dependency `tokio`
[INFO] [stderr]   --> crates/krama_core/Cargo.toml:23:1
[INFO] [stderr]    |
[INFO] [stderr] 23 | tokio = { workspace = true, features = ["sync"] }
[INFO] [stderr]    | ^^^^^^^^^^^^^^^^^^^^^^^^^^^^^^^^^^^^^^^^^^^^^^^^^
[INFO] [stderr]    |
[INFO] [stderr]    = note: `cargo::unused_dependencies` is set to `warn` by default
[INFO] [stderr] help: consider removing the dependency on `tokio`
[INFO] [stderr] warning: `krama_core` (manifest) generated 1 warning
[INFO] [stderr]     Finished `dev` profile [unoptimized + debuginfo] target(s) in 52.72s
[INFO] running `Command { std: "docker" "inspect" "8e737d22884bd678f433ff38e11a0ff337a4b072bfcf1080ddf832b75028e393", kill_on_drop: false }`
[INFO] running `Command { std: "docker" "exec" "-e" "SOURCE_DIR=/opt/rustwide/workdir" "-e" "CARGO_HOME=/opt/rustwide/cargo-home" "-e" "RUSTUP_HOME=/opt/rustwide/rustup-home" "-e" "CARGO_TARGET_DIR=/opt/rustwide/target" "-e" "CARGO_INCREMENTAL=0" "-e" "RUST_BACKTRACE=full" "-e" "RUSTFLAGS=--cap-lints=warn" "-e" "RUSTDOCFLAGS=--cap-lints=warn" "-w" "/opt/rustwide/workdir" "--user" "0:0" "8e737d22884bd678f433ff38e11a0ff337a4b072bfcf1080ddf832b75028e393" "/opt/rustwide/cargo-home/bin/cargo" "+1.100.0-beta.1" "test" "--frozen" "--no-run" "--message-format=json", kill_on_drop: false }`
[INFO] [stderr] warning: unused workspace dependency `derive_more`
[INFO] [stderr]   --> Cargo.toml:43:25
[INFO] [stderr]    |
[INFO] [stderr] 43 | [workspace.dependencies.derive_more]
[INFO] [stderr]    |                         ^^^^^^^^^^^
[INFO] [stderr]    |
[INFO] [stderr]    = note: `cargo::unused_workspace_dependencies` is set to `warn` by default
[INFO] [stderr] help: consider removing the workspace dependency `derive_more`
[INFO] [stderr] warning: workspace (manifest) generated 1 warning
[INFO] [stderr]    Compiling krama_core v0.1.0 (/opt/rustwide/workdir/crates/krama_core)
[INFO] [stderr]    Compiling krama_macro v0.1.0 (/opt/rustwide/workdir/crates/krama_macro)
[INFO] [stderr]    Compiling krama_runtime v0.1.0 (/opt/rustwide/workdir/crates/krama_runtime)
[INFO] [stderr]    Compiling krama_std v0.1.0 (/opt/rustwide/workdir/crates/krama_std)
[INFO] [stderr]    Compiling krama_cli v0.1.0 (/opt/rustwide/workdir/crates/krama_cli)
[INFO] [stderr]     Finished `test` profile [unoptimized + debuginfo] target(s) in 14.28s
[INFO] running `Command { std: "docker" "inspect" "8e737d22884bd678f433ff38e11a0ff337a4b072bfcf1080ddf832b75028e393", kill_on_drop: false }`
[INFO] running `Command { std: "docker" "exec" "-e" "SOURCE_DIR=/opt/rustwide/workdir" "-e" "CARGO_HOME=/opt/rustwide/cargo-home" "-e" "RUSTUP_HOME=/opt/rustwide/rustup-home" "-e" "CARGO_TARGET_DIR=/opt/rustwide/target" "-e" "CARGO_INCREMENTAL=0" "-e" "RUST_BACKTRACE=full" "-e" "RUSTFLAGS=--cap-lints=warn" "-e" "RUSTDOCFLAGS=--cap-lints=warn" "-w" "/opt/rustwide/workdir" "--user" "0:0" "8e737d22884bd678f433ff38e11a0ff337a4b072bfcf1080ddf832b75028e393" "/opt/rustwide/cargo-home/bin/cargo" "+1.100.0-beta.1" "test" "--frozen", kill_on_drop: false }`
[INFO] [stderr] warning: unused workspace dependency `derive_more`
[INFO] [stderr]   --> Cargo.toml:43:25
[INFO] [stderr]    |
[INFO] [stderr] 43 | [workspace.dependencies.derive_more]
[INFO] [stderr]    |                         ^^^^^^^^^^^
[INFO] [stderr]    |
[INFO] [stderr]    = note: `cargo::unused_workspace_dependencies` is set to `warn` by default
[INFO] [stderr] help: consider removing the workspace dependency `derive_more`
[INFO] [stderr] warning: workspace (manifest) generated 1 warning
[INFO] [stderr]     Finished `test` profile [unoptimized + debuginfo] target(s) in 0.12s
[INFO] [stderr]      Running unittests src/lib.rs (/opt/rustwide/target/debug/build/krama_cli/fd49a8ed0c3cb1b4/out/krama_cli-fd49a8ed0c3cb1b4)
[INFO] [stdout] 
[INFO] [stdout] running 0 tests
[INFO] [stdout] 
[INFO] [stdout] test result: ok. 0 passed; 0 failed; 0 ignored; 0 measured; 0 filtered out; finished in 0.00s
[INFO] [stdout] 
[INFO] [stderr]      Running unittests src/main.rs (/opt/rustwide/target/debug/build/krama_cli/b0a3c0c7610245a4/out/krama_cli-b0a3c0c7610245a4)
[INFO] [stdout] 
[INFO] [stdout] running 0 tests
[INFO] [stdout] 
[INFO] [stdout] test result: ok. 0 passed; 0 failed; 0 ignored; 0 measured; 0 filtered out; finished in 0.00s
[INFO] [stdout] 
[INFO] [stderr]      Running unittests src/lib.rs (/opt/rustwide/target/debug/build/krama_core/7344e9fa655ce5ae/out/krama_core-7344e9fa655ce5ae)
[INFO] [stdout] 
[INFO] [stdout] running 0 tests
[INFO] [stdout] 
[INFO] [stdout] test result: ok. 0 passed; 0 failed; 0 ignored; 0 measured; 0 filtered out; finished in 0.00s
[INFO] [stdout] 
[INFO] [stderr]      Running unittests src/lib.rs (/opt/rustwide/target/debug/build/krama_macro/4ea14d8aa6f8f6b6/out/krama_macro-4ea14d8aa6f8f6b6)
[INFO] [stdout] 
[INFO] [stdout] running 0 tests
[INFO] [stdout] 
[INFO] [stdout] test result: ok. 0 passed; 0 failed; 0 ignored; 0 measured; 0 filtered out; finished in 0.00s
[INFO] [stdout] 
[INFO] [stdout] 
[INFO] [stdout] running 0 tests
[INFO] [stdout] 
[INFO] [stdout] test result: ok. 0 passed; 0 failed; 0 ignored; 0 measured; 0 filtered out; finished in 0.00s
[INFO] [stdout] 
[INFO] [stderr]      Running unittests src/lib.rs (/opt/rustwide/target/debug/build/krama_runtime/b8bbf7e9eb50333c/out/krama_runtime-b8bbf7e9eb50333c)
[INFO] [stderr]      Running tests/bitwise_test.rs (/opt/rustwide/target/debug/build/krama_runtime/a3a3ebd8d904ce7e/out/bitwise_test-a3a3ebd8d904ce7e)
[INFO] [stdout] 
[INFO] [stdout] running 11 tests
[INFO] [stdout] test bitwise_and ... ok
[INFO] [stdout] test bitwise_and_assignment ... ok
[INFO] [stdout] test bitwise_left_shift_assignment ... ok
[INFO] [stdout] test bitwise_right_shift_assignment ... ok
[INFO] [stdout] test bitwise_xor ... ok
[INFO] [stdout] test bitwise_or ... ok
[INFO] [stdout] test bitwise_or_assignment ... ok
[INFO] [stdout] test bitwise_not ... ok
[INFO] [stdout] test bitwise_xor_assignment ... ok
[INFO] [stdout] test left_shift ... ok
[INFO] [stdout] test right_shift ... ok
[INFO] [stdout] 
[INFO] [stdout] test result: ok. 11 passed; 0 failed; 0 ignored; 0 measured; 0 filtered out; finished in 0.00s
[INFO] [stdout] 
[INFO] [stderr]      Running tests/collection_test.rs (/opt/rustwide/target/debug/build/krama_runtime/84e40962a4cced31/out/collection_test-84e40962a4cced31)
[INFO] [stdout] 
[INFO] [stdout] running 27 tests
[INFO] [stdout] test array_const_immutability ... ok
[INFO] [stdout] test array_fixed_mutate_value ... ok
[INFO] [stdout] test array_index_access ... ok
[INFO] [stdout] test array_index_negative ... ok
[INFO] [stdout] test array_fixed_with_more_elements ... ok
[INFO] [stdout] test array_fixed ... ok
[INFO] [stdout] test array_fixed_immutability_length ... ok
[INFO] [stdout] test array_index_out_of_bounds ... ok
[INFO] [stdout] test array_mutate_length ... ok
[INFO] [stdout] test array_mutate_value ... ok
[INFO] [stdout] test array_value ... ok
[INFO] [stdout] test array_nested_mutation ... ok
[INFO] [stdout] test array_shared_reference_mutation ... ok
[INFO] [stdout] test tuple_index_out_of_bounds ... ok
[INFO] [stdout] test tuple_nested ... ok
[INFO] [stdout] test tuple_update_immutability ... ok
[INFO] [stdout] test tuple_value ... ok
[INFO] [stdout] test tuple_index_access ... ok
[INFO] [stdout] test array_const_update_immutability ... ok
[INFO] [stdout] test tuple_with_type ... ok
[INFO] [stdout] test array_empty ... ok
[INFO] [stdout] test tuple_with_wrong_length ... ok
[INFO] [stdout] test array_fixed_with_less_elements ... ok
[INFO] [stdout] test tuple_with_wrong_type ... ok
[INFO] [stdout] test array_with_mixed_types ... ok
[INFO] [stdout] test tuple_immutability ... ok
[INFO] [stdout] test tuple_index_negative ... ok
[INFO] [stdout] 
[INFO] [stdout] test result: ok. 27 passed; 0 failed; 0 ignored; 0 measured; 0 filtered out; finished in 0.01s
[INFO] [stdout] 
[INFO] [stderr]      Running tests/enum_test.rs (/opt/rustwide/target/debug/build/krama_runtime/707b129969fa87f3/out/enum_test-707b129969fa87f3)
[INFO] [stdout] 
[INFO] [stdout] running 3 tests
[INFO] [stdout] test enum_with_fields ... ok
[INFO] [stdout] test enum_simple ... ok
[INFO] [stdout] test enum_with_multiple_fields ... ok
[INFO] [stdout] 
[INFO] [stdout] test result: ok. 3 passed; 0 failed; 0 ignored; 0 measured; 0 filtered out; finished in 0.00s
[INFO] [stdout] 
[INFO] [stdout] 
[INFO] [stdout] running 18 tests
[INFO] [stderr]      Running tests/function_test.rs (/opt/rustwide/target/debug/build/krama_runtime/f80d193a4f07ca2e/out/function_test-f80d193a4f07ca2e)
[INFO] [stdout] test function_arrow ... ok
[INFO] [stdout] test function_arrow_block ... ok
[INFO] [stdout] test function_arrow_classic ... ok
[INFO] [stdout] test function_arrow_with_default_argument ... ok
[INFO] [stdout] test function_let_bound ... ok
[INFO] [stdout] test function_closure_capture ... ok
[INFO] [stdout] test function_closure_mutation ... ok
[INFO] [stdout] test function_arrow_with_optional_argument ... ok
[INFO] [stdout] test function_missing_argument_after_optional ... ok
[INFO] [stdout] test function_arrow_with_passed_argument ... ok
[INFO] [stdout] hello world
[INFO] [stdout] test function_with_statement ... ok
[INFO] [stdout] test function_with_default_argument ... ok
[INFO] [stdout] test function_const_bound ... ok
[INFO] [stdout] test function_recursion ... ok
[INFO] [stdout] test function_missing_required_argument ... ok
[INFO] [stdout] test function_with_passed_argument ... ok
[INFO] [stdout] test function_with_return_statement ... ok
[INFO] [stdout] test function_invoke ... ok
[INFO] [stdout] 
[INFO] [stdout] test result: ok. 18 passed; 0 failed; 0 ignored; 0 measured; 0 filtered out; finished in 0.01s
[INFO] [stdout] 
[INFO] [stderr]      Running tests/iter_for_in_test.rs (/opt/rustwide/target/debug/build/krama_runtime/d3a6de8f9dfcbc19/out/iter_for_in_test-d3a6de8f9dfcbc19)
[INFO] [stdout] 
[INFO] [stdout] running 9 tests
[INFO] [stdout] test loop_for_in_array ... ok
[INFO] [stdout] test loop_for_in_destructure ... ok
[INFO] [stdout] test loop_for_in_object_keys ... ok
[INFO] [stdout] test loop_for_in_string ... ok
[INFO] [stdout] test loop_for_in_tuple ... ok
[INFO] [stdout] test loop_for_in_with_break ... ok
[INFO] [stdout] test loop_for_in_with_continue ... ok
[INFO] [stdout] test loop_for_in_with_range ... ok
[INFO] [stdout] test loop_for_in_object_kv ... ok
[INFO] [stdout] 
[INFO] [stdout] test result: ok. 9 passed; 0 failed; 0 ignored; 0 measured; 0 filtered out; finished in 0.00s
[INFO] [stdout] 
[INFO] [stdout] 
[INFO] [stdout] running 4 tests
[INFO] [stdout] test iter_while ... ok
[INFO] [stdout] test iter_while_with_continue ... ok
[INFO] [stdout] test iter_while_with_break ... ok
[INFO] [stderr]      Running tests/iter_while_test.rs (/opt/rustwide/target/debug/build/krama_runtime/e553d29ab18cfcd2/out/iter_while_test-e553d29ab18cfcd2)
[INFO] [stdout] test iter_while_with_return ... ok
[INFO] [stdout] 
[INFO] [stdout] test result: ok. 4 passed; 0 failed; 0 ignored; 0 measured; 0 filtered out; finished in 0.00s
[INFO] [stdout] 
[INFO] [stdout] 
[INFO] [stdout] running 15 tests
[INFO] [stdout] test literal_boolean_false ... ok
[INFO] [stdout] test literal_boolean_true ... ok
[INFO] [stdout] test literal_integer_with_separator ... ok
[INFO] [stdout] test literal_scientific_notation ... ok
[INFO] [stdout] test literal_scientific_notation_with_decimal ... ok
[INFO] [stdout] test literal_null ... ok
[INFO] [stdout] test literal_float_with_separator ... ok
[INFO] [stdout] test literal_float ... ok
[INFO] [stdout] test literal_string_concatenation ... ok
[INFO] [stdout] test literal_string ... ok
[INFO] [stdout] test literal_integer ... ok
[INFO] [stdout] test literal_string_index ... ok
[INFO] [stdout] test literal_scientific_notation_with_negative_exponent ... ok
[INFO] [stdout] test literal_string_index_negative ... ok
[INFO] [stdout] test literal_string_index_out_of_bounds ... ok
[INFO] [stdout] 
[INFO] [stdout] test result: ok. 15 passed; 0 failed; 0 ignored; 0 measured; 0 filtered out; finished in 0.00s
[INFO] [stdout] 
[INFO] [stdout] 
[INFO] [stdout] running 7 tests
[INFO] [stdout] test logical_if_elif_else_expression ... ok
[INFO] [stdout] test logical_if_expression_true ... ok
[INFO] [stdout] test logical_if_else_expression ... ok
[INFO] [stdout] test logical_if_expression_truthy_number ... ok
[INFO] [stdout] test logical_short_circuit_and ... ok
[INFO] [stdout] test logical_if_expression_false ... ok
[INFO] [stdout] test logical_short_circuit_or ... ok
[INFO] [stdout] 
[INFO] [stdout] test result: ok. 7 passed; 0 failed; 0 ignored; 0 measured; 0 filtered out; finished in 0.00s
[INFO] [stdout] 
[INFO] [stdout] 
[INFO] [stdout] running 14 tests
[INFO] [stdout] test match_expression_with_assignment ... ok
[INFO] [stdout] test match_expression_with_block_pattern ... ok
[INFO] [stdout] test match_expression_with_char_range_pattern ... ok
[INFO] [stdout] test match_expression_with_else_clause ... ok
[INFO] [stdout] test match_expression_with_multiple_patterns ... ok
[INFO] [stdout] test match_expression_with_range_and_else ... ok
[INFO] [stdout] test match_expression_with_range_pattern ... ok
[INFO] [stdout] test match_string_lexicographical_deeper ... ok
[INFO] [stdout] test match_expression_with_multiple_char_ranges ... ok
[INFO] [stdout] test match_expression_with_literal_pattern ... ok
[INFO] [stdout] test match_string_lexicographical_equal ... ok
[INFO] [stdout] test match_string_lexicographical_prefix ... ok
[INFO] [stdout] test match_with_break_statement ... ok
[INFO] [stdout] test match_with_return_statement ... ok
[INFO] [stdout] 
[INFO] [stdout] test result: ok. 14 passed; 0 failed; 0 ignored; 0 measured; 0 filtered out; finished in 0.00s
[INFO] [stdout] 
[INFO] [stdout] 
[INFO] [stdout] running 5 tests
[INFO] [stdout] test memory_heap_allocation_tracking ... ok
[INFO] [stdout] test memory_stack_depth_tracking ... ok
[INFO] [stdout] test memory_nested_closure_capture_behavior ... ok
[INFO] [stdout] test memory_variable_shadowing_and_stack_integrity ... ok
[INFO] [stdout] test memory_deep_recursion_stack_integrity ... ok
[INFO] [stdout] 
[INFO] [stdout] test result: ok. 5 passed; 0 failed; 0 ignored; 0 measured; 0 filtered out; finished in 0.00s
[INFO] [stdout] 
[INFO] [stdout] 
[INFO] [stdout] running 6 tests
[INFO] [stdout] test module_caching ... ok
[INFO] [stdout] test module_import_with_destructuring ... ok
[INFO] [stdout] test module_member_expression ... ok
[INFO] [stdout] test module_import_with_aliasing ... ok
[INFO] [stderr]      Running tests/literal_test.rs (/opt/rustwide/target/debug/build/krama_runtime/9251b63b12b7951d/out/literal_test-9251b63b12b7951d)
[INFO] [stderr]      Running tests/logical_test.rs (/opt/rustwide/target/debug/build/krama_runtime/2f1b10042bef412f/out/logical_test-2f1b10042bef412f)
[INFO] [stderr]      Running tests/match_test.rs (/opt/rustwide/target/debug/build/krama_runtime/e65957cee42c7c1f/out/match_test-e65957cee42c7c1f)
[INFO] [stderr]      Running tests/memory_test.rs (/opt/rustwide/target/debug/build/krama_runtime/6bd722d4e3ff23da/out/memory_test-6bd722d4e3ff23da)
[INFO] [stderr]      Running tests/module_test.rs (/opt/rustwide/target/debug/build/krama_runtime/7c96eba6ff0c37bb/out/module_test-7c96eba6ff0c37bb)
[INFO] [stdout] test module_import_with_aliasing_and_destructuring ... ok
[INFO] [stdout] test module_file_import ... FAILED
[INFO] [stdout] 
[INFO] [stdout] failures:
[INFO] [stdout] 
[INFO] [stdout] ---- module_file_import stdout ----
[INFO] [stdout] 
[INFO] [stdout] thread 'module_file_import' (2623) panicked at crates/krama_runtime/tests/module_test.rs:50:1:
[INFO] [stdout] called `Result::unwrap()` on an `Err` value: Os { code: 30, kind: ReadOnlyFilesystem, message: "Read-only file system" }
[INFO] [stdout] stack backtrace:
[INFO] [stdout]    0:     0x58eeae173191 - std[617be2ca0a6fd877]::backtrace_rs::backtrace::libunwind::trace
[INFO] [stdout]                                at /rustc/e3feeb59cd1bdd011a2bfcc0747b55125d9b8527/library/std/src/../../backtrace/src/backtrace/libunwind.rs:117:9
[INFO] [stdout]    1:     0x58eeae173191 - std[617be2ca0a6fd877]::backtrace_rs::backtrace::trace_unsynchronized::<std[617be2ca0a6fd877]::sys::backtrace::_print_fmt::{closure#1}>
[INFO] [stdout]                                at /rustc/e3feeb59cd1bdd011a2bfcc0747b55125d9b8527/library/std/src/../../backtrace/src/backtrace/mod.rs:66:14
[INFO] [stdout]    2:     0x58eeae173191 - std[617be2ca0a6fd877]::sys::backtrace::_print_fmt
[INFO] [stdout]                                at /rustc/e3feeb59cd1bdd011a2bfcc0747b55125d9b8527/library/std/src/sys/backtrace.rs:74:9
[INFO] [stdout]    3:     0x58eeae173191 - <<std[617be2ca0a6fd877]::sys::backtrace::BacktraceLock>::print::DisplayBacktrace as core[a373ad73a504971]::fmt::Display>::fmt
[INFO] [stdout]                                at /rustc/e3feeb59cd1bdd011a2bfcc0747b55125d9b8527/library/std/src/sys/backtrace.rs:44:26
[INFO] [stdout]    4:     0x58eeae188e8a - <core[a373ad73a504971]::fmt::rt::Argument>::fmt
[INFO] [stdout]                                at /rustc/e3feeb59cd1bdd011a2bfcc0747b55125d9b8527/library/core/src/fmt/rt.rs:152:76
[INFO] [stdout]    5:     0x58eeae188e8a - core[a373ad73a504971]::fmt::write
[INFO] [stdout]    6:     0x58eeae177acc - core[a373ad73a504971]::io::write::default_write_fmt::<alloc[2e1b2a31b91974c5]::vec::Vec<u8>>
[INFO] [stdout]                                at /rustc/e3feeb59cd1bdd011a2bfcc0747b55125d9b8527/library/core/src/io/write.rs:402:11
[INFO] [stdout]    7:     0x58eeae177acc - <alloc[2e1b2a31b91974c5]::vec::Vec<u8> as core[a373ad73a504971]::io::write::Write>::write_fmt
[INFO] [stdout]                                at /rustc/e3feeb59cd1bdd011a2bfcc0747b55125d9b8527/library/core/src/io/write.rs:335:13
[INFO] [stdout]    8:     0x58eeae14d4b6 - <std[617be2ca0a6fd877]::sys::backtrace::BacktraceLock>::print
[INFO] [stdout]                                at /rustc/e3feeb59cd1bdd011a2bfcc0747b55125d9b8527/library/std/src/sys/backtrace.rs:47:9
[INFO] [stdout]    9:     0x58eeae14d4b6 - std[617be2ca0a6fd877]::panicking::default_hook::{closure#0}
[INFO] [stdout]                                at /rustc/e3feeb59cd1bdd011a2bfcc0747b55125d9b8527/library/std/src/panicking.rs:289:27
[INFO] [stdout]   10:     0x58eeae16aa29 - std[617be2ca0a6fd877]::panicking::default_hook
[INFO] [stdout]                                at /rustc/e3feeb59cd1bdd011a2bfcc0747b55125d9b8527/library/std/src/panicking.rs:313:9
[INFO] [stdout]   11:     0x58eeadf5c0f0 - <alloc[2e1b2a31b91974c5]::boxed::Box<dyn for<'a, 'b> core[a373ad73a504971]::ops::function::Fn<(&'a std[617be2ca0a6fd877]::panic::PanicHookInfo<'b>,), Output = ()> + core[a373ad73a504971]::marker::Sync + core[a373ad73a504971]::marker::Send> as core[a373ad73a504971]::ops::function::Fn<(&std[617be2ca0a6fd877]::panic::PanicHookInfo,)>>::call
[INFO] [stdout]                                at /rustc/e3feeb59cd1bdd011a2bfcc0747b55125d9b8527/library/alloc/src/boxed.rs:2328:9
[INFO] [stdout]   12:     0x58eeadf5c0f0 - test[aada8e7e76ba119b]::test_main_inner::{closure#0}
[INFO] [stdout]                                at /rustc/e3feeb59cd1bdd011a2bfcc0747b55125d9b8527/library/test/src/lib.rs:137:21
[INFO] [stdout]   13:     0x58eeae16ad52 - <alloc[2e1b2a31b91974c5]::boxed::Box<dyn for<'a, 'b> core[a373ad73a504971]::ops::function::Fn<(&'a std[617be2ca0a6fd877]::panic::PanicHookInfo<'b>,), Output = ()> + core[a373ad73a504971]::marker::Sync + core[a373ad73a504971]::marker::Send> as core[a373ad73a504971]::ops::function::Fn<(&std[617be2ca0a6fd877]::panic::PanicHookInfo,)>>::call
[INFO] [stdout]                                at /rustc/e3feeb59cd1bdd011a2bfcc0747b55125d9b8527/library/alloc/src/boxed.rs:2328:9
[INFO] [stdout]   14:     0x58eeae16ad52 - std[617be2ca0a6fd877]::panicking::panic_with_hook
[INFO] [stdout]                                at /rustc/e3feeb59cd1bdd011a2bfcc0747b55125d9b8527/library/std/src/panicking.rs:819:13
[INFO] [stdout]   15:     0x58eeae14d562 - std[617be2ca0a6fd877]::panicking::panic_handler::{closure#0}
[INFO] [stdout]                                at /rustc/e3feeb59cd1bdd011a2bfcc0747b55125d9b8527/library/std/src/panicking.rs:685:13
[INFO] [stdout]   16:     0x58eeae145f29 - std[617be2ca0a6fd877]::sys::backtrace::__rust_end_short_backtrace::<std[617be2ca0a6fd877]::panicking::panic_handler::{closure#0}, !>
[INFO] [stdout]                                at /rustc/e3feeb59cd1bdd011a2bfcc0747b55125d9b8527/library/std/src/sys/backtrace.rs:182:18
[INFO] [stdout]   17:     0x58eeae14e16d - __rustc[ea4f61d10b84890b]::rust_begin_unwind
[INFO] [stdout]                                at /rustc/e3feeb59cd1bdd011a2bfcc0747b55125d9b8527/library/std/src/panicking.rs:676:5
[INFO] [stdout]   18:     0x58eeae1896ac - core[a373ad73a504971]::panicking::panic_fmt
[INFO] [stdout]                                at /rustc/e3feeb59cd1bdd011a2bfcc0747b55125d9b8527/library/core/src/panicking.rs:80:14
[INFO] [stdout]   19:     0x58eeae189402 - core[a373ad73a504971]::result::unwrap_failed
[INFO] [stdout]                                at /rustc/e3feeb59cd1bdd011a2bfcc0747b55125d9b8527/library/core/src/result.rs:1870:5
[INFO] [stdout]   20:     0x58eeadf42cb1 - <core[a373ad73a504971]::result::Result<(), core[a373ad73a504971]::io::error::Error>>::unwrap
[INFO] [stdout]                                at /rustc/e3feeb59cd1bdd011a2bfcc0747b55125d9b8527/library/core/src/result.rs:1232:23
[INFO] [stdout]   21:     0x58eeadf42cb1 - module_test[dd41bfb2f866d865]::module_file_import::{closure#0}
[INFO] [stdout]                                at /opt/rustwide/workdir/crates/krama_runtime/tests/module_test.rs:50:1
[INFO] [stdout]   22:     0x58eeadf48a44 - <core[a373ad73a504971]::pin::Pin<&mut dyn core[a373ad73a504971]::future::future::Future<Output = ()>> as core[a373ad73a504971]::future::future::Future>::poll
[INFO] [stdout]                                at /rustc/e3feeb59cd1bdd011a2bfcc0747b55125d9b8527/library/core/src/future/future.rs:133:9
[INFO] [stdout]   23:     0x58eeadf48a86 - <core[a373ad73a504971]::pin::Pin<&mut core[a373ad73a504971]::pin::Pin<&mut dyn core[a373ad73a504971]::future::future::Future<Output = ()>>> as core[a373ad73a504971]::future::future::Future>::poll
[INFO] [stdout]                                at /rustc/e3feeb59cd1bdd011a2bfcc0747b55125d9b8527/library/core/src/future/future.rs:133:9
[INFO] [stdout]   24:     0x58eeadf423f6 - <tokio[ae62e39f8e83378c]::runtime::scheduler::current_thread::CoreGuard>::block_on::<core[a373ad73a504971]::pin::Pin<&mut core[a373ad73a504971]::pin::Pin<&mut dyn core[a373ad73a504971]::future::future::Future<Output = ()>>>>::{closure#0}::{closure#0}::{closure#0}
[INFO] [stdout]                                at /opt/rustwide/cargo-home/registry/src/index.crates.io-1949cf8c6b5b557f/tokio-1.48.0/src/runtime/scheduler/current_thread/mod.rs:742:70
[INFO] [stdout]   25:     0x58eeadf4235e - tokio[ae62e39f8e83378c]::task::coop::with_budget::<core[a373ad73a504971]::task::poll::Poll<()>, <tokio[ae62e39f8e83378c]::runtime::scheduler::current_thread::CoreGuard>::block_on<core[a373ad73a504971]::pin::Pin<&mut core[a373ad73a504971]::pin::Pin<&mut dyn core[a373ad73a504971]::future::future::Future<Output = ()>>>>::{closure#0}::{closure#0}::{closure#0}>
[INFO] [stdout]                                at /opt/rustwide/cargo-home/registry/src/index.crates.io-1949cf8c6b5b557f/tokio-1.48.0/src/task/coop/mod.rs:167:5
[INFO] [stdout]   26:     0x58eeadf4235e - tokio[ae62e39f8e83378c]::task::coop::budget::<core[a373ad73a504971]::task::poll::Poll<()>, <tokio[ae62e39f8e83378c]::runtime::scheduler::current_thread::CoreGuard>::block_on<core[a373ad73a504971]::pin::Pin<&mut core[a373ad73a504971]::pin::Pin<&mut dyn core[a373ad73a504971]::future::future::Future<Output = ()>>>>::{closure#0}::{closure#0}::{closure#0}>
[INFO] [stdout]                                at /opt/rustwide/cargo-home/registry/src/index.crates.io-1949cf8c6b5b557f/tokio-1.48.0/src/task/coop/mod.rs:133:5
[INFO] [stdout]   27:     0x58eeadf4235e - <tokio[ae62e39f8e83378c]::runtime::scheduler::current_thread::CoreGuard>::block_on::<core[a373ad73a504971]::pin::Pin<&mut core[a373ad73a504971]::pin::Pin<&mut dyn core[a373ad73a504971]::future::future::Future<Output = ()>>>>::{closure#0}::{closure#0}
[INFO] [stdout]                                at /opt/rustwide/cargo-home/registry/src/index.crates.io-1949cf8c6b5b557f/tokio-1.48.0/src/runtime/scheduler/current_thread/mod.rs:742:25
[INFO] [stdout]   28:     0x58eeadf3f042 - <tokio[ae62e39f8e83378c]::runtime::scheduler::current_thread::Context>::enter::<core[a373ad73a504971]::task::poll::Poll<()>, <tokio[ae62e39f8e83378c]::runtime::scheduler::current_thread::CoreGuard>::block_on<core[a373ad73a504971]::pin::Pin<&mut core[a373ad73a504971]::pin::Pin<&mut dyn core[a373ad73a504971]::future::future::Future<Output = ()>>>>::{closure#0}::{closure#0}>
[INFO] [stdout]                                at /opt/rustwide/cargo-home/registry/src/index.crates.io-1949cf8c6b5b557f/tokio-1.48.0/src/runtime/scheduler/current_thread/mod.rs:432:19
[INFO] [stdout]   29:     0x58eeadf4191d - <tokio[ae62e39f8e83378c]::runtime::scheduler::current_thread::CoreGuard>::block_on::<core[a373ad73a504971]::pin::Pin<&mut core[a373ad73a504971]::pin::Pin<&mut dyn core[a373ad73a504971]::future::future::Future<Output = ()>>>>::{closure#0}
[INFO] [stdout]                                at /opt/rustwide/cargo-home/registry/src/index.crates.io-1949cf8c6b5b557f/tokio-1.48.0/src/runtime/scheduler/current_thread/mod.rs:741:44
[INFO] [stdout]   30:     0x58eeadf40c74 - <tokio[ae62e39f8e83378c]::runtime::scheduler::current_thread::CoreGuard>::enter::<<tokio[ae62e39f8e83378c]::runtime::scheduler::current_thread::CoreGuard>::block_on<core[a373ad73a504971]::pin::Pin<&mut core[a373ad73a504971]::pin::Pin<&mut dyn core[a373ad73a504971]::future::future::Future<Output = ()>>>>::{closure#0}, core[a373ad73a504971]::option::Option<()>>::{closure#0}
[INFO] [stdout]                                at /opt/rustwide/cargo-home/registry/src/index.crates.io-1949cf8c6b5b557f/tokio-1.48.0/src/runtime/scheduler/current_thread/mod.rs:829:68
[INFO] [stdout]   31:     0x58eeadf48ce1 - <tokio[ae62e39f8e83378c]::runtime::context::scoped::Scoped<tokio[ae62e39f8e83378c]::runtime::scheduler::Context>>::set::<<tokio[ae62e39f8e83378c]::runtime::scheduler::current_thread::CoreGuard>::enter<<tokio[ae62e39f8e83378c]::runtime::scheduler::current_thread::CoreGuard>::block_on<core[a373ad73a504971]::pin::Pin<&mut core[a373ad73a504971]::pin::Pin<&mut dyn core[a373ad73a504971]::future::future::Future<Output = ()>>>>::{closure#0}, core[a373ad73a504971]::option::Option<()>>::{closure#0}, (alloc[2e1b2a31b91974c5]::boxed::Box<tokio[ae62e39f8e83378c]::runtime::scheduler::current_thread::Core>, core[a373ad73a504971]::option::Option<()>)>
[INFO] [stdout]                                at /opt/rustwide/cargo-home/registry/src/index.crates.io-1949cf8c6b5b557f/tokio-1.48.0/src/runtime/context/scoped.rs:40:9
[INFO] [stdout]   32:     0x58eeadf4ae54 - tokio[ae62e39f8e83378c]::runtime::context::set_scheduler::<(alloc[2e1b2a31b91974c5]::boxed::Box<tokio[ae62e39f8e83378c]::runtime::scheduler::current_thread::Core>, core[a373ad73a504971]::option::Option<()>), <tokio[ae62e39f8e83378c]::runtime::scheduler::current_thread::CoreGuard>::enter<<tokio[ae62e39f8e83378c]::runtime::scheduler::current_thread::CoreGuard>::block_on<core[a373ad73a504971]::pin::Pin<&mut core[a373ad73a504971]::pin::Pin<&mut dyn core[a373ad73a504971]::future::future::Future<Output = ()>>>>::{closure#0}, core[a373ad73a504971]::option::Option<()>>::{closure#0}>::{closure#0}
[INFO] [stdout]                                at /opt/rustwide/cargo-home/registry/src/index.crates.io-1949cf8c6b5b557f/tokio-1.48.0/src/runtime/context.rs:176:38
[INFO] [stdout]   33:     0x58eeadf453d7 - <std[617be2ca0a6fd877]::thread::local::LocalKey<tokio[ae62e39f8e83378c]::runtime::context::Context>>::try_with::<tokio[ae62e39f8e83378c]::runtime::context::set_scheduler<(alloc[2e1b2a31b91974c5]::boxed::Box<tokio[ae62e39f8e83378c]::runtime::scheduler::current_thread::Core>, core[a373ad73a504971]::option::Option<()>), <tokio[ae62e39f8e83378c]::runtime::scheduler::current_thread::CoreGuard>::enter<<tokio[ae62e39f8e83378c]::runtime::scheduler::current_thread::CoreGuard>::block_on<core[a373ad73a504971]::pin::Pin<&mut core[a373ad73a504971]::pin::Pin<&mut dyn core[a373ad73a504971]::future::future::Future<Output = ()>>>>::{closure#0}, core[a373ad73a504971]::option::Option<()>>::{closure#0}>::{closure#0}, (alloc[2e1b2a31b91974c5]::boxed::Box<tokio[ae62e39f8e83378c]::runtime::scheduler::current_thread::Core>, core[a373ad73a504971]::option::Option<()>)>
[INFO] [stdout]                                at /rustc/e3feeb59cd1bdd011a2bfcc0747b55125d9b8527/library/std/src/thread/local.rs:463:12
[INFO] [stdout]   34:     0x58eeadf45029 - <std[617be2ca0a6fd877]::thread::local::LocalKey<tokio[ae62e39f8e83378c]::runtime::context::Context>>::with::<tokio[ae62e39f8e83378c]::runtime::context::set_scheduler<(alloc[2e1b2a31b91974c5]::boxed::Box<tokio[ae62e39f8e83378c]::runtime::scheduler::current_thread::Core>, core[a373ad73a504971]::option::Option<()>), <tokio[ae62e39f8e83378c]::runtime::scheduler::current_thread::CoreGuard>::enter<<tokio[ae62e39f8e83378c]::runtime::scheduler::current_thread::CoreGuard>::block_on<core[a373ad73a504971]::pin::Pin<&mut core[a373ad73a504971]::pin::Pin<&mut dyn core[a373ad73a504971]::future::future::Future<Output = ()>>>>::{closure#0}, core[a373ad73a504971]::option::Option<()>>::{closure#0}>::{closure#0}, (alloc[2e1b2a31b91974c5]::boxed::Box<tokio[ae62e39f8e83378c]::runtime::scheduler::current_thread::Core>, core[a373ad73a504971]::option::Option<()>)>
[INFO] [stdout]                                at /rustc/e3feeb59cd1bdd011a2bfcc0747b55125d9b8527/library/std/src/thread/local.rs:427:20
[INFO] [stdout]   35:     0x58eeadf4acdb - tokio[ae62e39f8e83378c]::runtime::context::set_scheduler::<(alloc[2e1b2a31b91974c5]::boxed::Box<tokio[ae62e39f8e83378c]::runtime::scheduler::current_thread::Core>, core[a373ad73a504971]::option::Option<()>), <tokio[ae62e39f8e83378c]::runtime::scheduler::current_thread::CoreGuard>::enter<<tokio[ae62e39f8e83378c]::runtime::scheduler::current_thread::CoreGuard>::block_on<core[a373ad73a504971]::pin::Pin<&mut core[a373ad73a504971]::pin::Pin<&mut dyn core[a373ad73a504971]::future::future::Future<Output = ()>>>>::{closure#0}, core[a373ad73a504971]::option::Option<()>>::{closure#0}>
[INFO] [stdout]                                at /opt/rustwide/cargo-home/registry/src/index.crates.io-1949cf8c6b5b557f/tokio-1.48.0/src/runtime/context.rs:176:17
[INFO] [stdout]   36:     0x58eeadf40034 - <tokio[ae62e39f8e83378c]::runtime::scheduler::current_thread::CoreGuard>::enter::<<tokio[ae62e39f8e83378c]::runtime::scheduler::current_thread::CoreGuard>::block_on<core[a373ad73a504971]::pin::Pin<&mut core[a373ad73a504971]::pin::Pin<&mut dyn core[a373ad73a504971]::future::future::Future<Output = ()>>>>::{closure#0}, core[a373ad73a504971]::option::Option<()>>
[INFO] [stdout]                                at /opt/rustwide/cargo-home/registry/src/index.crates.io-1949cf8c6b5b557f/tokio-1.48.0/src/runtime/scheduler/current_thread/mod.rs:829:27
[INFO] [stdout]   37:     0x58eeadf40302 - <tokio[ae62e39f8e83378c]::runtime::scheduler::current_thread::CoreGuard>::block_on::<core[a373ad73a504971]::pin::Pin<&mut core[a373ad73a504971]::pin::Pin<&mut dyn core[a373ad73a504971]::future::future::Future<Output = ()>>>>
[INFO] [stdout]                                at /opt/rustwide/cargo-home/registry/src/index.crates.io-1949cf8c6b5b557f/tokio-1.48.0/src/runtime/scheduler/current_thread/mod.rs:729:24
[INFO] [stdout]   38:     0x58eeadf40880 - <tokio[ae62e39f8e83378c]::runtime::scheduler::current_thread::CurrentThread>::block_on::<core[a373ad73a504971]::pin::Pin<&mut dyn core[a373ad73a504971]::future::future::Future<Output = ()>>>::{closure#0}
[INFO] [stdout]                                at /opt/rustwide/cargo-home/registry/src/index.crates.io-1949cf8c6b5b557f/tokio-1.48.0/src/runtime/scheduler/current_thread/mod.rs:200:33
[INFO] [stdout]   39:     0x58eeadf46bc0 - tokio[ae62e39f8e83378c]::runtime::context::runtime::enter_runtime::<<tokio[ae62e39f8e83378c]::runtime::scheduler::current_thread::CurrentThread>::block_on<core[a373ad73a504971]::pin::Pin<&mut dyn core[a373ad73a504971]::future::future::Future<Output = ()>>>::{closure#0}, ()>
[INFO] [stdout]                                at /opt/rustwide/cargo-home/registry/src/index.crates.io-1949cf8c6b5b557f/tokio-1.48.0/src/runtime/context/runtime.rs:65:16
[INFO] [stdout]   40:     0x58eeadf3ec4c - <tokio[ae62e39f8e83378c]::runtime::scheduler::current_thread::CurrentThread>::block_on::<core[a373ad73a504971]::pin::Pin<&mut dyn core[a373ad73a504971]::future::future::Future<Output = ()>>>
[INFO] [stdout]                                at /opt/rustwide/cargo-home/registry/src/index.crates.io-1949cf8c6b5b557f/tokio-1.48.0/src/runtime/scheduler/current_thread/mod.rs:188:9
[INFO] [stdout]   41:     0x58eeadf48450 - <tokio[ae62e39f8e83378c]::runtime::runtime::Runtime>::block_on_inner::<core[a373ad73a504971]::pin::Pin<&mut dyn core[a373ad73a504971]::future::future::Future<Output = ()>>>
[INFO] [stdout]                                at /opt/rustwide/cargo-home/registry/src/index.crates.io-1949cf8c6b5b557f/tokio-1.48.0/src/runtime/runtime.rs:368:52
[INFO] [stdout]   42:     0x58eeadf4854f - <tokio[ae62e39f8e83378c]::runtime::runtime::Runtime>::block_on::<core[a373ad73a504971]::pin::Pin<&mut dyn core[a373ad73a504971]::future::future::Future<Output = ()>>>
[INFO] [stdout]                                at /opt/rustwide/cargo-home/registry/src/index.crates.io-1949cf8c6b5b557f/tokio-1.48.0/src/runtime/runtime.rs:342:18
[INFO] [stdout]   43:     0x58eeadf448e6 - module_test[dd41bfb2f866d865]::module_file_import
[INFO] [stdout]                                at /opt/rustwide/workdir/crates/krama_runtime/src/testing/macros.rs:86:39
[INFO] [stdout]   44:     0x58eeadf42443 - module_test[dd41bfb2f866d865]::module_file_import::{closure#0}
[INFO] [stdout]                                at /opt/rustwide/workdir/crates/krama_runtime/src/testing/macros.rs:80:21
[INFO] [stdout]   45:     0x58eeadf49496 - <module_test[dd41bfb2f866d865]::module_file_import::{closure#0} as core[a373ad73a504971]::ops::function::FnOnce<()>>::call_once
[INFO] [stdout]                                at /rustc/e3feeb59cd1bdd011a2bfcc0747b55125d9b8527/library/core/src/ops/function.rs:250:5
[INFO] [stdout]   46:     0x58eeadf4f53b - <fn() -> core[a373ad73a504971]::result::Result<(), alloc[2e1b2a31b91974c5]::string::String> as core[a373ad73a504971]::ops::function::FnOnce<()>>::call_once
[INFO] [stdout]                                at /rustc/e3feeb59cd1bdd011a2bfcc0747b55125d9b8527/library/core/src/ops/function.rs:250:5
[INFO] [stdout]   47:     0x58eeadf4f53b - test[aada8e7e76ba119b]::__rust_begin_short_backtrace::<core[a373ad73a504971]::result::Result<(), alloc[2e1b2a31b91974c5]::string::String>, fn() -> core[a373ad73a504971]::result::Result<(), alloc[2e1b2a31b91974c5]::string::String>>
[INFO] [stdout]                                at /rustc/e3feeb59cd1bdd011a2bfcc0747b55125d9b8527/library/test/src/lib.rs:701:18
[INFO] [stdout]   48:     0x58eeadf5c715 - test[aada8e7e76ba119b]::run_test_in_process::{closure#0}
[INFO] [stdout]                                at /rustc/e3feeb59cd1bdd011a2bfcc0747b55125d9b8527/library/test/src/lib.rs:724:74
[INFO] [stdout]   49:     0x58eeadf5c715 - <core[a373ad73a504971]::panic::unwind_safe::AssertUnwindSafe<test[aada8e7e76ba119b]::run_test_in_process::{closure#0}> as core[a373ad73a504971]::ops::function::FnOnce<()>>::call_once
[INFO] [stdout]                                at /rustc/e3feeb59cd1bdd011a2bfcc0747b55125d9b8527/library/core/src/panic/unwind_safe.rs:275:9
[INFO] [stdout]   50:     0x58eeadf5c715 - std[617be2ca0a6fd877]::panicking::catch_unwind::do_call::<core[a373ad73a504971]::panic::unwind_safe::AssertUnwindSafe<test[aada8e7e76ba119b]::run_test_in_process::{closure#0}>, core[a373ad73a504971]::result::Result<(), alloc[2e1b2a31b91974c5]::string::String>>
[INFO] [stdout]                                at /rustc/e3feeb59cd1bdd011a2bfcc0747b55125d9b8527/library/std/src/panicking.rs:573:43
[INFO] [stdout]   51:     0x58eeadf5c715 - std[617be2ca0a6fd877]::panicking::catch_unwind::<core[a373ad73a504971]::result::Result<(), alloc[2e1b2a31b91974c5]::string::String>, core[a373ad73a504971]::panic::unwind_safe::AssertUnwindSafe<test[aada8e7e76ba119b]::run_test_in_process::{closure#0}>>
[INFO] [stdout]                                at /rustc/e3feeb59cd1bdd011a2bfcc0747b55125d9b8527/library/std/src/panicking.rs:541:19
[INFO] [stdout]   52:     0x58eeadf5c715 - std[617be2ca0a6fd877]::panic::catch_unwind::<core[a373ad73a504971]::panic::unwind_safe::AssertUnwindSafe<test[aada8e7e76ba119b]::run_test_in_process::{closure#0}>, core[a373ad73a504971]::result::Result<(), alloc[2e1b2a31b91974c5]::string::String>>
[INFO] [stdout]                                at /rustc/e3feeb59cd1bdd011a2bfcc0747b55125d9b8527/library/std/src/panic.rs:359:14
[INFO] [stdout]   53:     0x58eeadf5c715 - test[aada8e7e76ba119b]::run_test_in_process
[INFO] [stdout]                                at /rustc/e3feeb59cd1bdd011a2bfcc0747b55125d9b8527/library/test/src/lib.rs:724:27
[INFO] [stdout]   54:     0x58eeadf5c715 - test[aada8e7e76ba119b]::run_test::{closure#0}
[INFO] [stdout]                                at /rustc/e3feeb59cd1bdd011a2bfcc0747b55125d9b8527/library/test/src/lib.rs:645:43
[INFO] [stdout]   55:     0x58eeadf56004 - test[aada8e7e76ba119b]::run_test::{closure#1}
[INFO] [stdout]                                at /rustc/e3feeb59cd1bdd011a2bfcc0747b55125d9b8527/library/test/src/lib.rs:675:41
[INFO] [stdout]   56:     0x58eeadf56004 - std[617be2ca0a6fd877]::sys::backtrace::__rust_begin_short_backtrace::<test[aada8e7e76ba119b]::run_test::{closure#1}, ()>
[INFO] [stdout]                                at /rustc/e3feeb59cd1bdd011a2bfcc0747b55125d9b8527/library/std/src/sys/backtrace.rs:166:18
[INFO] [stdout]   57:     0x58eeadf5f7a2 - std[617be2ca0a6fd877]::thread::lifecycle::spawn_unchecked::<test[aada8e7e76ba119b]::run_test::{closure#1}, ()>::{closure#1}::{closure#0}
[INFO] [stdout]                                at /rustc/e3feeb59cd1bdd011a2bfcc0747b55125d9b8527/library/std/src/thread/lifecycle.rs:70:13
[INFO] [stdout]   58:     0x58eeadf5f7a2 - <core[a373ad73a504971]::panic::unwind_safe::AssertUnwindSafe<std[617be2ca0a6fd877]::thread::lifecycle::spawn_unchecked<test[aada8e7e76ba119b]::run_test::{closure#1}, ()>::{closure#1}::{closure#0}> as core[a373ad73a504971]::ops::function::FnOnce<()>>::call_once
[INFO] [stdout]                                at /rustc/e3feeb59cd1bdd011a2bfcc0747b55125d9b8527/library/core/src/panic/unwind_safe.rs:275:9
[INFO] [stdout]   59:     0x58eeadf5f7a2 - std[617be2ca0a6fd877]::panicking::catch_unwind::do_call::<core[a373ad73a504971]::panic::unwind_safe::AssertUnwindSafe<std[617be2ca0a6fd877]::thread::lifecycle::spawn_unchecked<test[aada8e7e76ba119b]::run_test::{closure#1}, ()>::{closure#1}::{closure#0}>, ()>
[INFO] [stdout]                                at /rustc/e3feeb59cd1bdd011a2bfcc0747b55125d9b8527/library/std/src/panicking.rs:573:43
[INFO] [stdout]   60:     0x58eeadf5f7a2 - std[617be2ca0a6fd877]::panicking::catch_unwind::<(), core[a373ad73a504971]::panic::unwind_safe::AssertUnwindSafe<std[617be2ca0a6fd877]::thread::lifecycle::spawn_unchecked<test[aada8e7e76ba119b]::run_test::{closure#1}, ()>::{closure#1}::{closure#0}>>
[INFO] [stdout]                                at /rustc/e3feeb59cd1bdd011a2bfcc0747b55125d9b8527/library/std/src/panicking.rs:541:19
[INFO] [stdout]   61:     0x58eeadf5f7a2 - std[617be2ca0a6fd877]::panic::catch_unwind::<core[a373ad73a504971]::panic::unwind_safe::AssertUnwindSafe<std[617be2ca0a6fd877]::thread::lifecycle::spawn_unchecked<test[aada8e7e76ba119b]::run_test::{closure#1}, ()>::{closure#1}::{closure#0}>, ()>
[INFO] [stdout]                                at /rustc/e3feeb59cd1bdd011a2bfcc0747b55125d9b8527/library/std/src/panic.rs:359:14
[INFO] [stdout]   62:     0x58eeadf5f7a2 - std[617be2ca0a6fd877]::thread::lifecycle::spawn_unchecked::<test[aada8e7e76ba119b]::run_test::{closure#1}, ()>::{closure#1}
[INFO] [stdout]                                at /rustc/e3feeb59cd1bdd011a2bfcc0747b55125d9b8527/library/std/src/thread/lifecycle.rs:68:26
[INFO] [stdout]   63:     0x58eeadf5f7a2 - <std[617be2ca0a6fd877]::thread::lifecycle::spawn_unchecked<test[aada8e7e76ba119b]::run_test::{closure#1}, ()>::{closure#1} as core[a373ad73a504971]::ops::function::FnOnce<()>>::call_once::{shim:vtable#0}
[INFO] [stdout]                                at /rustc/e3feeb59cd1bdd011a2bfcc0747b55125d9b8527/library/core/src/ops/function.rs:250:5
[INFO] [stdout]   64:     0x58eeae17218f - <alloc[2e1b2a31b91974c5]::boxed::Box<dyn core[a373ad73a504971]::ops::function::FnOnce<(), Output = ()> + core[a373ad73a504971]::marker::Send> as core[a373ad73a504971]::ops::function::FnOnce<()>>::call_once
[INFO] [stdout]                                at /rustc/e3feeb59cd1bdd011a2bfcc0747b55125d9b8527/library/alloc/src/boxed.rs:2314:9
[INFO] [stdout]   65:     0x58eeae17218f - <std[617be2ca0a6fd877]::sys::thread::unix::Thread>::new::thread_start
[INFO] [stdout]                                at /rustc/e3feeb59cd1bdd011a2bfcc0747b55125d9b8527/library/std/src/sys/thread/unix.rs:127:17
[INFO] [stdout]   66:     0x71b0899c1dfa - <unknown>
[INFO] [stdout]   67:     0x71b089a553d4 - clone
[INFO] [stdout]   68:                0x0 - <unknown>
[INFO] [stdout] 
[INFO] [stdout] 
[INFO] [stdout] failures:
[INFO] [stdout]     module_file_import
[INFO] [stdout] 
[INFO] [stdout] test result: FAILED. 5 passed; 1 failed; 0 ignored; 0 measured; 0 filtered out; finished in 0.11s
[INFO] [stdout] 
[INFO] [stderr] error: test failed, to rerun pass `-p krama_runtime --test module_test`
[INFO] running `Command { std: "docker" "inspect" "8e737d22884bd678f433ff38e11a0ff337a4b072bfcf1080ddf832b75028e393", kill_on_drop: false }`
[INFO] running `Command { std: "docker" "rm" "-f" "8e737d22884bd678f433ff38e11a0ff337a4b072bfcf1080ddf832b75028e393", kill_on_drop: false }`
[INFO] [stdout] 8e737d22884bd678f433ff38e11a0ff337a4b072bfcf1080ddf832b75028e393
