[INFO] cloning repository https://github.com/criccomini/uniffi-bindgen-node-js
[INFO] running `Command { std: "git" "-c" "credential.helper=" "-c" "credential.helper=/workspace/cargo-home/bin/git-credential-null" "clone" "--bare" "https://github.com/criccomini/uniffi-bindgen-node-js" "/workspace/cache/git-repos/https%3A%2F%2Fgithub.com%2Fcriccomini%2Funiffi-bindgen-node-js", kill_on_drop: false }`
[INFO] [stderr] Cloning into bare repository '/workspace/cache/git-repos/https%3A%2F%2Fgithub.com%2Fcriccomini%2Funiffi-bindgen-node-js'...
[INFO] running `Command { std: "git" "rev-parse" "HEAD", kill_on_drop: false }`
[INFO] [stdout] 1549805cf62673c8a705bdbe38097e92842f0706
[INFO] testing criccomini/uniffi-bindgen-node-js against 1.100.0-beta.1 for beta-1.100-2
[INFO] running `Command { std: "git" "clone" "/workspace/cache/git-repos/https%3A%2F%2Fgithub.com%2Fcriccomini%2Funiffi-bindgen-node-js" "/workspace/builds/worker-3-tc2/source", kill_on_drop: false }`
[INFO] [stderr] Cloning into '/workspace/builds/worker-3-tc2/source'...
[INFO] [stderr] done.
[INFO] started tweaking git repo https://github.com/criccomini/uniffi-bindgen-node-js
[INFO] finished tweaking git repo https://github.com/criccomini/uniffi-bindgen-node-js
[INFO] tweaked toml for git repo https://github.com/criccomini/uniffi-bindgen-node-js written to /workspace/builds/worker-3-tc2/source/Cargo.toml
[INFO] validating manifest of git repo https://github.com/criccomini/uniffi-bindgen-node-js on toolchain 1.100.0-beta.1
[INFO] running `Command { std: CARGO_HOME="/workspace/cargo-home" RUSTUP_HOME="/workspace/rustup-home" "/workspace/cargo-home/bin/cargo" "+1.100.0-beta.1" "metadata" "--manifest-path" "Cargo.toml" "--no-deps", kill_on_drop: false }`
[INFO] crate git repo https://github.com/criccomini/uniffi-bindgen-node-js already has a lockfile, it will not be regenerated
[INFO] running `Command { std: CARGO_HOME="/workspace/cargo-home" RUSTUP_HOME="/workspace/rustup-home" "/workspace/cargo-home/bin/cargo" "+1.100.0-beta.1" "fetch" "--manifest-path" "Cargo.toml", kill_on_drop: false }`
[INFO] running `Command { std: "docker" "create" "-v" "/var/lib/crater-agent-workspace/builds/worker-3-tc2/source:/opt/rustwide/workdir:ro,Z" "-v" "/var/lib/crater-agent-workspace/builds/worker-3-tc2/target:/opt/rustwide/target:rw,Z" "-v" "/var/lib/crater-agent-workspace/cargo-home:/opt/rustwide/cargo-home:ro,Z" "-v" "/var/lib/crater-agent-workspace/rustup-home:/opt/rustwide/rustup-home:ro,Z" "-m" "1610612736" "--network" "none" "ghcr.io/rust-lang/crates-build-env/linux@sha256:3111399a4047eeb3a02b7a90e478d715f38a8c6669b5c4b49d30a17385265909" "sleep" "infinity", kill_on_drop: false }`
[INFO] [stdout] 181207eac39e81246d555620f7c520dfd515302f560148e2311efeb508aa2991
[INFO] running `Command { std: "docker" "start" "181207eac39e81246d555620f7c520dfd515302f560148e2311efeb508aa2991", kill_on_drop: false }`
[INFO] running `Command { std: "docker" "inspect" "181207eac39e81246d555620f7c520dfd515302f560148e2311efeb508aa2991", kill_on_drop: false }`
[INFO] running `Command { std: "docker" "exec" "-e" "SOURCE_DIR=/opt/rustwide/workdir" "-e" "CARGO_HOME=/opt/rustwide/cargo-home" "-e" "RUSTUP_HOME=/opt/rustwide/rustup-home" "-e" "CARGO_TARGET_DIR=/opt/rustwide/target" "-w" "/opt/rustwide/workdir" "--user" "0:0" "181207eac39e81246d555620f7c520dfd515302f560148e2311efeb508aa2991" "/opt/rustwide/cargo-home/bin/cargo" "+1.100.0-beta.1" "metadata" "--no-deps" "--format-version=1", kill_on_drop: false }`
[INFO] running `Command { std: "docker" "inspect" "181207eac39e81246d555620f7c520dfd515302f560148e2311efeb508aa2991", kill_on_drop: false }`
[INFO] running `Command { std: "docker" "exec" "-e" "SOURCE_DIR=/opt/rustwide/workdir" "-e" "CARGO_HOME=/opt/rustwide/cargo-home" "-e" "RUSTUP_HOME=/opt/rustwide/rustup-home" "-e" "CARGO_TARGET_DIR=/opt/rustwide/target" "-e" "CARGO_INCREMENTAL=0" "-e" "RUST_BACKTRACE=full" "-e" "RUSTFLAGS=--cap-lints=warn" "-e" "RUSTDOCFLAGS=--cap-lints=warn" "-w" "/opt/rustwide/workdir" "--user" "0:0" "181207eac39e81246d555620f7c520dfd515302f560148e2311efeb508aa2991" "/opt/rustwide/cargo-home/bin/cargo" "+1.100.0-beta.1" "build" "--frozen" "--message-format=json", kill_on_drop: false }`
[INFO] [stderr]    Compiling proc-macro2 v1.0.106
[INFO] [stderr]    Compiling quote v1.0.45
[INFO] [stderr]    Compiling unicode-ident v1.0.24
[INFO] [stderr]    Compiling serde_core v1.0.228
[INFO] [stderr]    Compiling libc v0.2.184
[INFO] [stderr]    Compiling serde v1.0.228
[INFO] [stderr]    Compiling anyhow v1.0.102
[INFO] [stderr]    Compiling rustix v1.1.4
[INFO] [stderr]    Compiling equivalent v1.0.2
[INFO] [stderr]    Compiling getrandom v0.4.2
[INFO] [stderr]    Compiling hashbrown v0.16.1
[INFO] [stderr]    Compiling heck v0.5.0
[INFO] [stderr]    Compiling cfg-if v1.0.4
[INFO] [stderr]    Compiling linux-raw-sys v0.12.1
[INFO] [stderr]    Compiling once_cell v1.21.4
[INFO] [stderr]    Compiling bitflags v2.11.0
[INFO] [stderr]    Compiling fastrand v2.3.0
[INFO] [stderr]    Compiling indexmap v2.13.0
[INFO] [stderr]    Compiling memchr v2.8.0
[INFO] [stderr]    Compiling winnow v0.7.15
[INFO] [stderr]    Compiling syn v2.0.117
[INFO] [stderr]    Compiling autocfg v1.5.0
[INFO] [stderr]    Compiling siphasher v1.0.2
[INFO] [stderr]    Compiling zmij v1.0.21
[INFO] [stderr]    Compiling winnow v1.0.1
[INFO] [stderr]    Compiling thiserror v2.0.18
[INFO] [stderr]    Compiling fs-err v2.11.0
[INFO] [stderr]    Compiling itoa v1.0.18
[INFO] [stderr]    Compiling serde_json v1.0.149
[INFO] [stderr]    Compiling camino v1.2.2
[INFO] [stderr]    Compiling toml_writer v1.1.1+spec-1.1.0
[INFO] [stderr]    Compiling toml_parser v1.1.1+spec-1.1.0
[INFO] [stderr]    Compiling utf8parse v0.2.2
[INFO] [stderr]    Compiling tempfile v3.27.0
[INFO] [stderr]    Compiling minimal-lexical v0.2.1
[INFO] [stderr]    Compiling semver v1.0.27
[INFO] [stderr]    Compiling anstyle-parse v1.0.0
[INFO] [stderr]    Compiling nom v7.1.3
[INFO] [stderr]    Compiling toml_datetime v0.7.5+spec-1.1.0
[INFO] [stderr]    Compiling serde_spanned v1.1.1
[INFO] [stderr]    Compiling smawk v0.3.2
[INFO] [stderr]    Compiling rustc-hash v2.1.2
[INFO] [stderr]    Compiling anstyle-query v1.1.5
[INFO] [stderr]    Compiling anstyle v1.0.14
[INFO] [stderr]    Compiling is_terminal_polyfill v1.70.2
[INFO] [stderr]    Compiling unicode-width v0.2.2
[INFO] [stderr]    Compiling unicode-linebreak v0.1.5
[INFO] [stderr]    Compiling colorchoice v1.0.5
[INFO] [stderr]    Compiling toml v0.9.12+spec-1.1.0
[INFO] [stderr]    Compiling anstream v1.0.0
[INFO] [stderr]    Compiling textwrap v0.16.2
[INFO] [stderr]    Compiling bytes v1.11.1
[INFO] [stderr]    Compiling static_assertions v1.1.0
[INFO] [stderr]    Compiling percent-encoding v2.3.2
[INFO] [stderr]    Compiling plain v0.2.3
[INFO] [stderr]    Compiling clap_lex v1.1.0
[INFO] [stderr]    Compiling strsim v0.11.1
[INFO] [stderr]    Compiling log v0.4.29
[INFO] [stderr]    Compiling clap_builder v4.6.0
[INFO] [stderr]    Compiling glob v0.3.3
[INFO] [stderr]    Compiling uniffi_core v0.31.0
[INFO] [stderr]    Compiling weedle2 v5.0.0
[INFO] [stderr]    Compiling serde_derive v1.0.228
[INFO] [stderr]    Compiling uniffi_internal_macros v0.31.0
[INFO] [stderr]    Compiling thiserror-impl v2.0.18
[INFO] [stderr]    Compiling scroll_derive v0.12.1
[INFO] [stderr]    Compiling clap_derive v4.6.0
[INFO] [stderr]    Compiling scroll v0.12.0
[INFO] [stderr]    Compiling uniffi_pipeline v0.31.0
[INFO] [stderr]    Compiling uniffi_meta v0.31.0
[INFO] [stderr]    Compiling goblin v0.8.2
[INFO] [stderr]    Compiling clap v4.6.0
[INFO] [stderr]    Compiling uniffi_udl v0.31.0
[INFO] [stderr]    Compiling cargo-platform v0.1.9
[INFO] [stderr]    Compiling askama_parser v0.14.0
[INFO] [stderr]    Compiling basic-toml v0.1.10
[INFO] [stderr]    Compiling uniffi_macros v0.31.0
[INFO] [stderr]    Compiling cargo_metadata v0.19.2
[INFO] [stderr]    Compiling uniffi v0.31.0
[INFO] [stderr]    Compiling askama_derive v0.14.0
[INFO] [stderr]    Compiling askama v0.14.0
[INFO] [stderr]    Compiling uniffi_bindgen v0.31.0
[INFO] [stderr]    Compiling uniffi-bindgen-node-js v0.0.17 (/opt/rustwide/workdir)
[INFO] [stderr] warning: unused dependency `uniffi`
[INFO] [stderr]   --> Cargo.toml:14:1
[INFO] [stderr]    |
[INFO] [stderr] 14 | uniffi = "=0.31.0"
[INFO] [stderr]    | ^^^^^^^^^^^^^^^^^^
[INFO] [stderr]    |
[INFO] [stderr]    = note: `cargo::unused_dependencies` is set to `warn` by default
[INFO] [stderr] help: consider removing the dependency on `uniffi`
[INFO] [stderr] warning: `uniffi-bindgen-node-js` (manifest) generated 1 warning
[INFO] [stderr]     Finished `dev` profile [unoptimized + debuginfo] target(s) in 2m 16s
[INFO] running `Command { std: "docker" "inspect" "181207eac39e81246d555620f7c520dfd515302f560148e2311efeb508aa2991", kill_on_drop: false }`
[INFO] running `Command { std: "docker" "exec" "-e" "SOURCE_DIR=/opt/rustwide/workdir" "-e" "CARGO_HOME=/opt/rustwide/cargo-home" "-e" "RUSTUP_HOME=/opt/rustwide/rustup-home" "-e" "CARGO_TARGET_DIR=/opt/rustwide/target" "-e" "CARGO_INCREMENTAL=0" "-e" "RUST_BACKTRACE=full" "-e" "RUSTFLAGS=--cap-lints=warn" "-e" "RUSTDOCFLAGS=--cap-lints=warn" "-w" "/opt/rustwide/workdir" "--user" "0:0" "181207eac39e81246d555620f7c520dfd515302f560148e2311efeb508aa2991" "/opt/rustwide/cargo-home/bin/cargo" "+1.100.0-beta.1" "test" "--frozen" "--no-run" "--message-format=json", kill_on_drop: false }`
[INFO] [stderr]    Compiling libc v0.2.184
[INFO] [stderr]    Compiling similar v2.7.0
[INFO] [stderr]    Compiling getrandom v0.4.2
[INFO] [stderr]    Compiling console v0.16.3
[INFO] [stderr]    Compiling tempfile v3.27.0
[INFO] [stderr]    Compiling uniffi_pipeline v0.31.0
[INFO] [stderr]    Compiling insta v1.47.2
[INFO] [stderr]    Compiling uniffi_meta v0.31.0
[INFO] [stderr]    Compiling uniffi_udl v0.31.0
[INFO] [stderr]    Compiling uniffi_bindgen v0.31.0
[INFO] [stderr]    Compiling uniffi_macros v0.31.0
[INFO] [stderr]    Compiling uniffi v0.31.0
[INFO] [stderr]    Compiling uniffi-bindgen-node-js v0.0.17 (/opt/rustwide/workdir)
[INFO] [stderr]     Finished `test` profile [unoptimized + debuginfo] target(s) in 1m 30s
[INFO] running `Command { std: "docker" "inspect" "181207eac39e81246d555620f7c520dfd515302f560148e2311efeb508aa2991", kill_on_drop: false }`
[INFO] running `Command { std: "docker" "exec" "-e" "SOURCE_DIR=/opt/rustwide/workdir" "-e" "CARGO_HOME=/opt/rustwide/cargo-home" "-e" "RUSTUP_HOME=/opt/rustwide/rustup-home" "-e" "CARGO_TARGET_DIR=/opt/rustwide/target" "-e" "CARGO_INCREMENTAL=0" "-e" "RUST_BACKTRACE=full" "-e" "RUSTFLAGS=--cap-lints=warn" "-e" "RUSTDOCFLAGS=--cap-lints=warn" "-w" "/opt/rustwide/workdir" "--user" "0:0" "181207eac39e81246d555620f7c520dfd515302f560148e2311efeb508aa2991" "/opt/rustwide/cargo-home/bin/cargo" "+1.100.0-beta.1" "test" "--frozen", kill_on_drop: false }`
[INFO] [stderr]     Finished `test` profile [unoptimized + debuginfo] target(s) in 0.28s
[INFO] [stderr]      Running unittests src/lib.rs (/opt/rustwide/target/debug/build/uniffi-bindgen-node-js/e2de01b877e0c3e1/out/uniffi_bindgen_node_js-e2de01b877e0c3e1)
[INFO] [stdout] 
[INFO] [stdout] running 96 tests
[INFO] [stdout] test bindings::api::support::tests::render_doc_comment_dedents_and_preserves_blank_lines ... ok
[INFO] [stdout] test bindings::api::support::tests::validate_supported_features_rejects_record_and_enum_uniffi_trait_methods ... ok
[INFO] [stdout] test bindings::api::support::tests::validate_supported_features_reports_grouped_diagnostics ... ok
[INFO] [stdout] test bindings::api::support::tests::render_doc_comment_returns_empty_for_missing_or_blank_docs ... ok
[INFO] [stdout] test bindings::api::support::tests::render_doc_comment_escapes_terminators_and_indents_output ... ok
[INFO] [stdout] test bindings::api::support::tests::validate_supported_features_rejects_record_and_enum_methods ... ok
[INFO] [stdout] test bindings::api::tests::callback_interface_clone_free_symbols_use_the_crate_name_from_full_module_paths ... ok
[INFO] [stdout] test bindings::api::support::tests::validate_supported_features_rejects_non_exhaustive_enums_and_object_trait_methods ... ok
[INFO] [stdout] test bindings::api::tests::component_model_captures_async_void_callback_foreign_future_metadata ... ok
[INFO] [stdout] test bindings::api::tests::component_model_accepts_async_callback_interfaces ... ok
[INFO] [stdout] test bindings::api::tests::component_model_captures_async_callback_foreign_future_metadata ... ok
[INFO] [stdout] test bindings::api::tests::component_model_rejects_custom_types ... ok
[INFO] [stdout] test bindings::api::tests::component_model_collects_objects_records_enums_errors_and_functions ... ok
[INFO] [stdout] test bindings::api::tests::component_model_collects_synchronous_callback_interfaces ... ok
[INFO] [stdout] test bindings::api::tests::component_model_uses_uniffi_callback_symbols_for_callback_interfaces ... ok
[INFO] [stdout] test bindings::api::tests::component_model_rejects_external_types ... ok
[INFO] [stdout] test bindings::api::tests::component_model_keeps_object_method_arguments_receiverless ... ok
[INFO] [stdout] test bindings::api::tests::component_model_uses_uniffi_vtable_field_order_for_callback_trait_objects ... ok
[INFO] [stdout] test bindings::api::tests::component_model_uses_uniffi_callback_symbols_for_callback_trait_objects ... ok
[INFO] [stdout] test bindings::api::tests::render_js_lower_expression_uses_converter_for_callback_trait_objects ... ok
[INFO] [stdout] test bindings::api::tests::render_js_koffi_type_expression_keeps_buffer_and_handle_mappings ... ok
[INFO] [stdout] test bindings::api::tests::render_js_lift_expression_uses_converter_for_callback_trait_objects ... ok
[INFO] [stdout] test bindings::api::tests::component_model_uses_uniffi_vtable_field_order_for_callback_interfaces ... ok
[INFO] [stdout] test bindings::api::tests::render_js_default_async_callback_return_value_expression_maps_ffi_families ... ok
[INFO] [stdout] test bindings::api::tests::field_and_argument_models_clone_their_uniffi_types ... ok
[INFO] [stdout] test bindings::api::tests::render_public_api_emits_async_constructor_object_lifting ... ok
[INFO] [stdout] test bindings::api::tests::render_public_api_emits_async_method_object_lifting ... ok
[INFO] [stdout] test bindings::api::tests::render_public_api_emits_async_runtime_hooks_without_placeholder_converters ... ok
[INFO] [stdout] test bindings::api::tests::render_public_api_emits_callback_interface_types ... ok
[INFO] [stdout] test bindings::api::tests::render_public_api_emits_nested_byte_sequence_converters ... ok
[INFO] [stdout] test bindings::api::tests::render_public_api_emits_optional_byte_array_converters ... ok
[INFO] [stdout] test bindings::api::tests::render_public_api_emits_sync_method_return_lifting ... ok
[INFO] [stdout] test bindings::api::tests::render_public_api_emits_optional_object_converters ... ok
[INFO] [stdout] test bindings::api::tests::render_public_api_emits_async_callback_proxy_methods ... ok
[INFO] [stdout] test bindings::api::tests::render_public_api_emits_async_callback_error_lowering ... ok
[INFO] [stdout] test bindings::api::tests::render_public_api_emits_temporal_converters_for_callback_interfaces ... ok
[INFO] [stdout] test bindings::api::tests::render_public_api_emits_async_callback_vtable_signatures ... ok
[INFO] [stdout] test bindings::api::tests::render_public_type_allows_number_inputs_for_i64_map_values ... ok
[INFO] [stdout] test bindings::api::tests::render_public_type_handles_nested_slatedb_combinations ... ok
[INFO] [stdout] test bindings::api::tests::render_public_api_uses_global_error_base_for_errors_named_error ... ok
[INFO] [stdout] test bindings::api::tests::render_public_api_emits_temporal_converters_for_functions ... ok
[INFO] [stdout] test bindings::api::tests::render_public_api_emits_js_and_dts_skeletons ... ok
[INFO] [stdout] test bindings::api::tests::render_public_type_maps_duration_to_number ... ok
[INFO] [stdout] test bindings::api::tests::render_public_api_wires_typed_error_lifting_for_methods_and_constructors ... ok
[INFO] [stdout] test bindings::api::tests::render_public_api_keeps_async_primary_constructor_as_static_new ... ok
[INFO] [stdout] test bindings::ffi_ir::tests::handle_returns_keep_a_distinct_normalizer_from_raw_uint64 ... ok
[INFO] [stdout] test bindings::layout::tests::generated_package_layout_computes_staged_native_library_paths ... ok
[INFO] [stdout] test bindings::layout::tests::generated_package_layout_creates_the_runtime_and_native_output_directories ... ok
[INFO] [stdout] test bindings::target::tests::bundled_library_file_name_matches_platform_conventions ... ok
[INFO] [stdout] test bindings::layout::tests::generated_package_layout_uses_the_host_target_for_bundled_prebuild_staging ... ok
[INFO] [stdout] test bindings::tests::new_config_parses_bindings_node_settings_and_defaults ... ok
[INFO] [stdout] test bindings::layout::tests::generated_package_layout_uses_the_input_filename_for_root_staging ... ok
[INFO] [stdout] test bindings::api::tests::render_public_type_maps_nested_timestamp_shapes ... ok
[INFO] [stdout] test bindings::tests::parse_config_rejects_commonjs_legacy_settings ... ok
[INFO] [stdout] test bindings::tests::parse_config_rejects_removed_lib_path_literal_setting ... ok
[INFO] [stdout] test bindings::api::tests::render_public_type_maps_slatedb_primitives_and_collections ... ok
[INFO] [stdout] test bindings::tests::new_config_rejects_removed_legacy_library_path_keys ... ok
[INFO] [stdout] test bindings::api::tests::render_public_type_maps_timestamp_to_date ... ok
[INFO] [stdout] test bindings::api::tests::render_public_type_maps_nested_duration_map_shapes ... ok
[INFO] [stdout] test bindings::tests::new_config_accepts_bundled_prebuilds ... ok
[INFO] [stdout] test bindings::layout::tests::generated_package_layout_resolves_output_paths_from_out_dir_and_namespace ... ok
[INFO] [stdout] test bindings::tests::write_generated_package_creates_host_prebuild_directories_without_copying ... ok
[INFO] [stdout] test bindings::tests::write_generated_package_emits_bundled_resolution_contract ... ok
[INFO] [stdout] test bindings::tests::write_generated_package_emits_generic_abi_object_handle_round_trip_support ... ok
[INFO] [stdout] test bindings::tests::write_generated_package_emits_package_and_component_files ... ok
[INFO] [stdout] test bindings::tests::write_generated_package_auto_loads_by_default ... ok
[INFO] [stdout] test bindings::tests::write_generated_package_emits_koffi_callback_and_function_declarations ... ok
[INFO] [stdout] test bindings::tests::write_generated_package_exports_manual_load_helpers ... ok
[INFO] [stdout] test bindings::tests::write_generated_package_makes_ffi_load_idempotent ... ok
[INFO] [stdout] test bindings::tests::write_generated_package_manual_load_does_not_copy_the_native_library ... ok
[INFO] [stdout] test bindings::tests::write_generated_package_leaves_existing_native_library_files_untouched ... ok
[INFO] [stdout] test bindings::tests::write_generated_package_emits_slatedb_callback_interface_paths ... ok
[INFO] [stdout] test bindings::tests::write_generated_package_records_the_default_package_root_library_path_without_copying ... ok
[INFO] [stdout] test bindings::tests::write_generated_package_creates_output_package_directory ... ok
[INFO] [stdout] test bindings::tests::write_generated_package_root_staging_does_not_emit_prebuild_directories ... ok
[INFO] [stdout] test bindings::tests::write_generated_package_resolves_staged_library_paths ... ok
[INFO] [stdout] test bindings::tests::write_generated_package_uses_canonical_bundled_filename_instead_of_input_filename ... ok
[INFO] [stdout] test node::component_selection::tests::normalize_crate_name_selector_accepts_cargo_package_names ... ok
[INFO] [stdout] test node::component_selection::tests::select_component_infers_single_component_without_selector ... ok
[INFO] [stdout] test node::component_selection::tests::select_component_requires_selector_for_multiple_components ... ok
[INFO] [stdout] test node::config::tests::finalize_config_defaults_package_name_from_component_namespace ... ok
[INFO] [stdout] test node::config::tests::parse_config_rejects_removed_legacy_keys_with_current_diagnostics ... ok
[INFO] [stdout] test node::component_selection::tests::select_component_reports_available_crates ... ok
[INFO] [stdout] test node::paths::tests::config_lookup_is_deterministic_with_manifest_and_workspace_layers ... ok
[INFO] [stdout] test node::config::tests::rename_config_is_applied_before_deriving_ffi_functions ... ok
[INFO] [stdout] test bindings::tests::write_generated_package_emits_slatedb_async_api_paths ... ok
[INFO] [stdout] test subcommands::tests::generate_cli_help_describes_current_surface ... ok
[INFO] [stdout] test node::paths::tests::manifest_layer_precedes_workspace_discovery ... ok
[INFO] [stdout] test bindings::tests::write_generated_package_validates_contract_version_during_load ... ok
[INFO] [stdout] test subcommands::tests::generate_cli_rejects_removed_cdylib_name_flag ... ok
[INFO] [stdout] test bindings::tests::write_generated_package_uses_the_input_filename_instead_of_library_name ... ok
[INFO] [stdout] test subcommands::tests::generate_cli_rejects_removed_lib_path_literal_flag ... ok
[INFO] [stdout] test subcommands::tests::generate_cli_rejects_removed_config_override_flag ... ok
[INFO] [stdout] test bindings::tests::write_generated_package_validates_checksums_during_load ... ok
[INFO] [stdout] test bindings::tests::write_generated_package_reports_all_unsupported_uniffi_features ... ok
[INFO] [stdout] test bindings::tests::write_generated_package_snapshot_ffi_initialization_contract ... ok
[INFO] [stdout] 
[INFO] [stdout] test result: ok. 96 passed; 0 failed; 0 ignored; 0 measured; 0 filtered out; finished in 0.22s
[INFO] [stdout] 
[INFO] [stderr]      Running unittests src/bin/generator_leak_probe.rs (/opt/rustwide/target/debug/build/uniffi-bindgen-node-js/058f3943a24b275c/out/generator_leak_probe-058f3943a24b275c)
[INFO] [stdout] 
[INFO] [stdout] running 0 tests
[INFO] [stdout] 
[INFO] [stdout] test result: ok. 0 passed; 0 failed; 0 ignored; 0 measured; 0 filtered out; finished in 0.00s
[INFO] [stdout] 
[INFO] [stderr]      Running unittests src/bin/runtime_leak_prep.rs (/opt/rustwide/target/debug/build/uniffi-bindgen-node-js/7519403d7dbc7896/out/runtime_leak_prep-7519403d7dbc7896)
[INFO] [stdout] 
[INFO] [stdout] running 0 tests
[INFO] [stdout] 
[INFO] [stdout] test result: ok. 0 passed; 0 failed; 0 ignored; 0 measured; 0 filtered out; finished in 0.00s
[INFO] [stdout] 
[INFO] [stderr]      Running unittests src/main.rs (/opt/rustwide/target/debug/build/uniffi-bindgen-node-js/1cd75353727b957d/out/uniffi_bindgen_node_js-1cd75353727b957d)
[INFO] [stdout] 
[INFO] [stdout] running 0 tests
[INFO] [stdout] 
[INFO] [stdout] test result: ok. 0 passed; 0 failed; 0 ignored; 0 measured; 0 filtered out; finished in 0.00s
[INFO] [stdout] 
[INFO] [stderr]      Running tests/codegen_snapshots.rs (/opt/rustwide/target/debug/build/uniffi-bindgen-node-js/755272f9a529cebf/out/codegen_snapshots-755272f9a529cebf)
[INFO] [stdout] 
[INFO] [stdout] running 3 tests
[INFO] [stdout] test snapshots_docs_fixture_generated_output ... FAILED
[INFO] [stdout] test snapshots_basic_fixture_generated_output has been running for over 60 seconds
[INFO] [stdout] test snapshots_callback_fixture_generated_output has been running for over 60 seconds
[INFO] [stdout] test snapshots_callback_fixture_generated_output ... ok
[INFO] [stdout] test snapshots_basic_fixture_generated_output ... ok
[INFO] [stdout] 
[INFO] [stdout] failures:
[INFO] [stdout] 
[INFO] [stdout] ---- snapshots_docs_fixture_generated_output stdout ----
[INFO] [stdout] 
[INFO] [stdout] thread 'snapshots_docs_fixture_generated_output' (2211) panicked at tests/support/mod.rs:876:9:
[INFO] [stdout] failed to run cargo generate-lockfile for fixture docs
[INFO] [stdout] offline stdout:
[INFO] [stdout] 
[INFO] [stdout] offline stderr:
[INFO] [stdout] error: no matching package named `uniffi_build` found
[INFO] [stdout] location searched: crates.io index
[INFO] [stdout] required by package `uniffi v0.31.0`
[INFO] [stdout]     ... which satisfies dependency `uniffi = "=0.31.0"` of package `fixture-docs v0.1.0 (/tmp/uniffi-bindgen-node-js-tests-fixture-docs-cdylib-2208-1791299844631393479-2/docs-fixture)`
[INFO] [stdout] note: offline mode (via `--offline`) can sometimes cause surprising resolution failures
[INFO] [stdout] help: if this error is too confusing you may wish to retry without `--offline`
[INFO] [stdout] 
[INFO] [stdout] online retry stdout:
[INFO] [stdout] 
[INFO] [stdout] online retry stderr:
[INFO] [stdout]     Updating crates.io index
[INFO] [stdout] warning: spurious network error (3 tries remaining): [6] Could not resolve hostname (Could not resolve host: index.crates.io)
[INFO] [stdout] warning: spurious network error (2 tries remaining): [6] Could not resolve hostname (Could not resolve host: index.crates.io)
[INFO] [stdout] warning: spurious network error (1 try remaining): [6] Could not resolve hostname (Could not resolve host: index.crates.io)
[INFO] [stdout] warning: spurious network error (3 tries remaining): [6] Could not resolve hostname (Could not resolve host: index.crates.io)
[INFO] [stdout] warning: spurious network error (2 tries remaining): [6] Could not resolve hostname (Could not resolve host: index.crates.io)
[INFO] [stdout] warning: spurious network error (1 try remaining): [6] Could not resolve hostname (Could not resolve host: index.crates.io)
[INFO] [stdout] error: failed to get `thiserror` as a dependency of package `fixture-docs v0.1.0 (/tmp/uniffi-bindgen-node-js-tests-fixture-docs-cdylib-2208-1791299844631393479-2/docs-fixture)`
[INFO] [stdout] 
[INFO] [stdout] Caused by:
[INFO] [stdout]   failed to load source for dependency `thiserror`
[INFO] [stdout] 
[INFO] [stdout] Caused by:
[INFO] [stdout]   unable to update registry `crates-io`
[INFO] [stdout] 
[INFO] [stdout] Caused by:
[INFO] [stdout]   download of config.json failed
[INFO] [stdout] 
[INFO] [stdout] Caused by:
[INFO] [stdout]   [6] Could not resolve hostname (Could not resolve host: index.crates.io)
[INFO] [stdout] 
[INFO] [stdout] stack backtrace:
[INFO] [stdout]    0:     0x62a97ab33401 - std[617be2ca0a6fd877]::backtrace_rs::backtrace::libunwind::trace
[INFO] [stdout]                                at /rustc/e3feeb59cd1bdd011a2bfcc0747b55125d9b8527/library/std/src/../../backtrace/src/backtrace/libunwind.rs:117:9
[INFO] [stdout]    1:     0x62a97ab33401 - std[617be2ca0a6fd877]::backtrace_rs::backtrace::trace_unsynchronized::<std[617be2ca0a6fd877]::sys::backtrace::_print_fmt::{closure#1}>
[INFO] [stdout]                                at /rustc/e3feeb59cd1bdd011a2bfcc0747b55125d9b8527/library/std/src/../../backtrace/src/backtrace/mod.rs:66:14
[INFO] [stdout]    2:     0x62a97ab33401 - std[617be2ca0a6fd877]::sys::backtrace::_print_fmt
[INFO] [stdout]                                at /rustc/e3feeb59cd1bdd011a2bfcc0747b55125d9b8527/library/std/src/sys/backtrace.rs:74:9
[INFO] [stdout]    3:     0x62a97ab33401 - <<std[617be2ca0a6fd877]::sys::backtrace::BacktraceLock>::print::DisplayBacktrace as core[a373ad73a504971]::fmt::Display>::fmt
[INFO] [stdout]                                at /rustc/e3feeb59cd1bdd011a2bfcc0747b55125d9b8527/library/std/src/sys/backtrace.rs:44:26
[INFO] [stdout]    4:     0x62a97ab4b4da - <core[a373ad73a504971]::fmt::rt::Argument>::fmt
[INFO] [stdout]                                at /rustc/e3feeb59cd1bdd011a2bfcc0747b55125d9b8527/library/core/src/fmt/rt.rs:152:76
[INFO] [stdout]    5:     0x62a97ab4b4da - core[a373ad73a504971]::fmt::write
[INFO] [stdout]    6:     0x62a97ab380ac - core[a373ad73a504971]::io::write::default_write_fmt::<alloc[2e1b2a31b91974c5]::vec::Vec<u8>>
[INFO] [stdout]                                at /rustc/e3feeb59cd1bdd011a2bfcc0747b55125d9b8527/library/core/src/io/write.rs:402:11
[INFO] [stdout]    7:     0x62a97ab380ac - <alloc[2e1b2a31b91974c5]::vec::Vec<u8> as core[a373ad73a504971]::io::write::Write>::write_fmt
[INFO] [stdout]                                at /rustc/e3feeb59cd1bdd011a2bfcc0747b55125d9b8527/library/core/src/io/write.rs:335:13
[INFO] [stdout]    8:     0x62a97ab0b146 - <std[617be2ca0a6fd877]::sys::backtrace::BacktraceLock>::print
[INFO] [stdout]                                at /rustc/e3feeb59cd1bdd011a2bfcc0747b55125d9b8527/library/std/src/sys/backtrace.rs:47:9
[INFO] [stdout]    9:     0x62a97ab0b146 - std[617be2ca0a6fd877]::panicking::default_hook::{closure#0}
[INFO] [stdout]                                at /rustc/e3feeb59cd1bdd011a2bfcc0747b55125d9b8527/library/std/src/panicking.rs:289:27
[INFO] [stdout]   10:     0x62a97ab29849 - std[617be2ca0a6fd877]::panicking::default_hook
[INFO] [stdout]                                at /rustc/e3feeb59cd1bdd011a2bfcc0747b55125d9b8527/library/std/src/panicking.rs:313:9
[INFO] [stdout]   11:     0x62a97a5974d0 - <alloc[2e1b2a31b91974c5]::boxed::Box<dyn for<'a, 'b> core[a373ad73a504971]::ops::function::Fn<(&'a std[617be2ca0a6fd877]::panic::PanicHookInfo<'b>,), Output = ()> + core[a373ad73a504971]::marker::Sync + core[a373ad73a504971]::marker::Send> as core[a373ad73a504971]::ops::function::Fn<(&std[617be2ca0a6fd877]::panic::PanicHookInfo,)>>::call
[INFO] [stdout]                                at /rustc/e3feeb59cd1bdd011a2bfcc0747b55125d9b8527/library/alloc/src/boxed.rs:2328:9
[INFO] [stdout]   12:     0x62a97a5974d0 - test[aada8e7e76ba119b]::test_main_inner::{closure#0}
[INFO] [stdout]                                at /rustc/e3feeb59cd1bdd011a2bfcc0747b55125d9b8527/library/test/src/lib.rs:137:21
[INFO] [stdout]   13:     0x62a97ab29a02 - <alloc[2e1b2a31b91974c5]::boxed::Box<dyn for<'a, 'b> core[a373ad73a504971]::ops::function::Fn<(&'a std[617be2ca0a6fd877]::panic::PanicHookInfo<'b>,), Output = ()> + core[a373ad73a504971]::marker::Sync + core[a373ad73a504971]::marker::Send> as core[a373ad73a504971]::ops::function::Fn<(&std[617be2ca0a6fd877]::panic::PanicHookInfo,)>>::call
[INFO] [stdout]                                at /rustc/e3feeb59cd1bdd011a2bfcc0747b55125d9b8527/library/alloc/src/boxed.rs:2328:9
[INFO] [stdout]   14:     0x62a97ab29a02 - std[617be2ca0a6fd877]::panicking::panic_with_hook
[INFO] [stdout]                                at /rustc/e3feeb59cd1bdd011a2bfcc0747b55125d9b8527/library/std/src/panicking.rs:819:13
[INFO] [stdout]   15:     0x62a97ab0b1f2 - std[617be2ca0a6fd877]::panicking::panic_handler::{closure#0}
[INFO] [stdout]                                at /rustc/e3feeb59cd1bdd011a2bfcc0747b55125d9b8527/library/std/src/panicking.rs:685:13
[INFO] [stdout]   16:     0x62a97ab03499 - std[617be2ca0a6fd877]::sys::backtrace::__rust_end_short_backtrace::<std[617be2ca0a6fd877]::panicking::panic_handler::{closure#0}, !>
[INFO] [stdout]                                at /rustc/e3feeb59cd1bdd011a2bfcc0747b55125d9b8527/library/std/src/sys/backtrace.rs:182:18
[INFO] [stdout]   17:     0x62a97ab0bfad - __rustc[ea4f61d10b84890b]::rust_begin_unwind
[INFO] [stdout]                                at /rustc/e3feeb59cd1bdd011a2bfcc0747b55125d9b8527/library/std/src/panicking.rs:676:5
[INFO] [stdout]   18:     0x62a97ab4bcfc - core[a373ad73a504971]::panicking::panic_fmt
[INFO] [stdout]                                at /rustc/e3feeb59cd1bdd011a2bfcc0747b55125d9b8527/library/core/src/panicking.rs:80:14
[INFO] [stdout]   19:     0x62a97a472552 - codegen_snapshots[3fadf8bc1143049d]::support::run_cargo_command
[INFO] [stdout]                                at /opt/rustwide/workdir/tests/support/mod.rs:876:9
[INFO] [stdout]   20:     0x62a97a472ad3 - codegen_snapshots[3fadf8bc1143049d]::support::build_fixture_cdylib
[INFO] [stdout]                                at /opt/rustwide/workdir/tests/support/mod.rs:84:5
[INFO] [stdout]   21:     0x62a97a4737f0 - codegen_snapshots[3fadf8bc1143049d]::support::generate_fixture_package_with_options
[INFO] [stdout]                                at /opt/rustwide/workdir/tests/support/mod.rs:384:25
[INFO] [stdout]   22:     0x62a97a47319d - codegen_snapshots[3fadf8bc1143049d]::support::generate_fixture_package
[INFO] [stdout]                                at /opt/rustwide/workdir/tests/support/mod.rs:377:5
[INFO] [stdout]   23:     0x62a97a46e319 - codegen_snapshots[3fadf8bc1143049d]::snapshot_package_output_for_fixture
[INFO] [stdout]                                at /opt/rustwide/workdir/tests/codegen_snapshots.rs:11:21
[INFO] [stdout]   24:     0x62a97a46e980 - codegen_snapshots[3fadf8bc1143049d]::snapshots_docs_fixture_generated_output
[INFO] [stdout]                                at /opt/rustwide/workdir/tests/codegen_snapshots.rs:62:9
[INFO] [stdout]   25:     0x62a97a46c7e7 - codegen_snapshots[3fadf8bc1143049d]::snapshots_docs_fixture_generated_output::{closure#0}
[INFO] [stdout]                                at /opt/rustwide/workdir/tests/codegen_snapshots.rs:59:45
[INFO] [stdout]   26:     0x62a97a476ff6 - <codegen_snapshots[3fadf8bc1143049d]::snapshots_docs_fixture_generated_output::{closure#0} as core[a373ad73a504971]::ops::function::FnOnce<()>>::call_once
[INFO] [stdout]                                at /rustc/e3feeb59cd1bdd011a2bfcc0747b55125d9b8527/library/core/src/ops/function.rs:250:5
[INFO] [stdout]   27:     0x62a97a58a91b - <fn() -> core[a373ad73a504971]::result::Result<(), alloc[2e1b2a31b91974c5]::string::String> as core[a373ad73a504971]::ops::function::FnOnce<()>>::call_once
[INFO] [stdout]                                at /rustc/e3feeb59cd1bdd011a2bfcc0747b55125d9b8527/library/core/src/ops/function.rs:250:5
[INFO] [stdout]   28:     0x62a97a58a91b - test[aada8e7e76ba119b]::__rust_begin_short_backtrace::<core[a373ad73a504971]::result::Result<(), alloc[2e1b2a31b91974c5]::string::String>, fn() -> core[a373ad73a504971]::result::Result<(), alloc[2e1b2a31b91974c5]::string::String>>
[INFO] [stdout]                                at /rustc/e3feeb59cd1bdd011a2bfcc0747b55125d9b8527/library/test/src/lib.rs:701:18
[INFO] [stdout]   29:     0x62a97a597af5 - test[aada8e7e76ba119b]::run_test_in_process::{closure#0}
[INFO] [stdout]                                at /rustc/e3feeb59cd1bdd011a2bfcc0747b55125d9b8527/library/test/src/lib.rs:724:74
[INFO] [stdout]   30:     0x62a97a597af5 - <core[a373ad73a504971]::panic::unwind_safe::AssertUnwindSafe<test[aada8e7e76ba119b]::run_test_in_process::{closure#0}> as core[a373ad73a504971]::ops::function::FnOnce<()>>::call_once
[INFO] [stdout]                                at /rustc/e3feeb59cd1bdd011a2bfcc0747b55125d9b8527/library/core/src/panic/unwind_safe.rs:275:9
[INFO] [stdout]   31:     0x62a97a597af5 - std[617be2ca0a6fd877]::panicking::catch_unwind::do_call::<core[a373ad73a504971]::panic::unwind_safe::AssertUnwindSafe<test[aada8e7e76ba119b]::run_test_in_process::{closure#0}>, core[a373ad73a504971]::result::Result<(), alloc[2e1b2a31b91974c5]::string::String>>
[INFO] [stdout]                                at /rustc/e3feeb59cd1bdd011a2bfcc0747b55125d9b8527/library/std/src/panicking.rs:573:43
[INFO] [stdout]   32:     0x62a97a597af5 - std[617be2ca0a6fd877]::panicking::catch_unwind::<core[a373ad73a504971]::result::Result<(), alloc[2e1b2a31b91974c5]::string::String>, core[a373ad73a504971]::panic::unwind_safe::AssertUnwindSafe<test[aada8e7e76ba119b]::run_test_in_process::{closure#0}>>
[INFO] [stdout]                                at /rustc/e3feeb59cd1bdd011a2bfcc0747b55125d9b8527/library/std/src/panicking.rs:541:19
[INFO] [stdout]   33:     0x62a97a597af5 - std[617be2ca0a6fd877]::panic::catch_unwind::<core[a373ad73a504971]::panic::unwind_safe::AssertUnwindSafe<test[aada8e7e76ba119b]::run_test_in_process::{closure#0}>, core[a373ad73a504971]::result::Result<(), alloc[2e1b2a31b91974c5]::string::String>>
[INFO] [stdout]                                at /rustc/e3feeb59cd1bdd011a2bfcc0747b55125d9b8527/library/std/src/panic.rs:359:14
[INFO] [stdout]   34:     0x62a97a597af5 - test[aada8e7e76ba119b]::run_test_in_process
[INFO] [stdout]                                at /rustc/e3feeb59cd1bdd011a2bfcc0747b55125d9b8527/library/test/src/lib.rs:724:27
[INFO] [stdout]   35:     0x62a97a597af5 - test[aada8e7e76ba119b]::run_test::{closure#0}
[INFO] [stdout]                                at /rustc/e3feeb59cd1bdd011a2bfcc0747b55125d9b8527/library/test/src/lib.rs:645:43
[INFO] [stdout]   36:     0x62a97a5913e4 - test[aada8e7e76ba119b]::run_test::{closure#1}
[INFO] [stdout]                                at /rustc/e3feeb59cd1bdd011a2bfcc0747b55125d9b8527/library/test/src/lib.rs:675:41
[INFO] [stdout]   37:     0x62a97a5913e4 - std[617be2ca0a6fd877]::sys::backtrace::__rust_begin_short_backtrace::<test[aada8e7e76ba119b]::run_test::{closure#1}, ()>
[INFO] [stdout]                                at /rustc/e3feeb59cd1bdd011a2bfcc0747b55125d9b8527/library/std/src/sys/backtrace.rs:166:18
[INFO] [stdout]   38:     0x62a97a59ab82 - std[617be2ca0a6fd877]::thread::lifecycle::spawn_unchecked::<test[aada8e7e76ba119b]::run_test::{closure#1}, ()>::{closure#1}::{closure#0}
[INFO] [stdout]                                at /rustc/e3feeb59cd1bdd011a2bfcc0747b55125d9b8527/library/std/src/thread/lifecycle.rs:70:13
[INFO] [stdout]   39:     0x62a97a59ab82 - <core[a373ad73a504971]::panic::unwind_safe::AssertUnwindSafe<std[617be2ca0a6fd877]::thread::lifecycle::spawn_unchecked<test[aada8e7e76ba119b]::run_test::{closure#1}, ()>::{closure#1}::{closure#0}> as core[a373ad73a504971]::ops::function::FnOnce<()>>::call_once
[INFO] [stdout]                                at /rustc/e3feeb59cd1bdd011a2bfcc0747b55125d9b8527/library/core/src/panic/unwind_safe.rs:275:9
[INFO] [stdout]   40:     0x62a97a59ab82 - std[617be2ca0a6fd877]::panicking::catch_unwind::do_call::<core[a373ad73a504971]::panic::unwind_safe::AssertUnwindSafe<std[617be2ca0a6fd877]::thread::lifecycle::spawn_unchecked<test[aada8e7e76ba119b]::run_test::{closure#1}, ()>::{closure#1}::{closure#0}>, ()>
[INFO] [stdout]                                at /rustc/e3feeb59cd1bdd011a2bfcc0747b55125d9b8527/library/std/src/panicking.rs:573:43
[INFO] [stdout]   41:     0x62a97a59ab82 - std[617be2ca0a6fd877]::panicking::catch_unwind::<(), core[a373ad73a504971]::panic::unwind_safe::AssertUnwindSafe<std[617be2ca0a6fd877]::thread::lifecycle::spawn_unchecked<test[aada8e7e76ba119b]::run_test::{closure#1}, ()>::{closure#1}::{closure#0}>>
[INFO] [stdout]                                at /rustc/e3feeb59cd1bdd011a2bfcc0747b55125d9b8527/library/std/src/panicking.rs:541:19
[INFO] [stdout]   42:     0x62a97a59ab82 - std[617be2ca0a6fd877]::panic::catch_unwind::<core[a373ad73a504971]::panic::unwind_safe::AssertUnwindSafe<std[617be2ca0a6fd877]::thread::lifecycle::spawn_unchecked<test[aada8e7e76ba119b]::run_test::{closure#1}, ()>::{closure#1}::{closure#0}>, ()>
[INFO] [stdout]                                at /rustc/e3feeb59cd1bdd011a2bfcc0747b55125d9b8527/library/std/src/panic.rs:359:14
[INFO] [stdout]   43:     0x62a97a59ab82 - std[617be2ca0a6fd877]::thread::lifecycle::spawn_unchecked::<test[aada8e7e76ba119b]::run_test::{closure#1}, ()>::{closure#1}
[INFO] [stdout]                                at /rustc/e3feeb59cd1bdd011a2bfcc0747b55125d9b8527/library/std/src/thread/lifecycle.rs:68:26
[INFO] [stdout]   44:     0x62a97a59ab82 - <std[617be2ca0a6fd877]::thread::lifecycle::spawn_unchecked<test[aada8e7e76ba119b]::run_test::{closure#1}, ()>::{closure#1} as core[a373ad73a504971]::ops::function::FnOnce<()>>::call_once::{shim:vtable#0}
[INFO] [stdout]                                at /rustc/e3feeb59cd1bdd011a2bfcc0747b55125d9b8527/library/core/src/ops/function.rs:250:5
[INFO] [stdout]   45:     0x62a97ab3231f - <alloc[2e1b2a31b91974c5]::boxed::Box<dyn core[a373ad73a504971]::ops::function::FnOnce<(), Output = ()> + core[a373ad73a504971]::marker::Send> as core[a373ad73a504971]::ops::function::FnOnce<()>>::call_once
[INFO] [stdout]                                at /rustc/e3feeb59cd1bdd011a2bfcc0747b55125d9b8527/library/alloc/src/boxed.rs:2314:9
[INFO] [stdout]   46:     0x62a97ab3231f - <std[617be2ca0a6fd877]::sys::thread::unix::Thread>::new::thread_start
[INFO] [stdout]                                at /rustc/e3feeb59cd1bdd011a2bfcc0747b55125d9b8527/library/std/src/sys/thread/unix.rs:127:17
[INFO] [stdout]   47:     0x73c60ce43dfa - <unknown>
[INFO] [stdout]   48:     0x73c60ced73d4 - clone
[INFO] [stdout]   49:                0x0 - <unknown>
[INFO] [stdout] 
[INFO] [stdout] 
[INFO] [stdout] failures:
[INFO] [stdout]     snapshots_docs_fixture_generated_output
[INFO] [stdout] 
[INFO] [stdout] test result: FAILED. 2 passed; 1 failed; 0 ignored; 0 measured; 0 filtered out; finished in 103.64s
[INFO] [stdout] 
[INFO] [stderr] error: test failed, to rerun pass `--test codegen_snapshots`
[INFO] running `Command { std: "docker" "inspect" "181207eac39e81246d555620f7c520dfd515302f560148e2311efeb508aa2991", kill_on_drop: false }`
[INFO] running `Command { std: "docker" "rm" "-f" "181207eac39e81246d555620f7c520dfd515302f560148e2311efeb508aa2991", kill_on_drop: false }`
[INFO] [stdout] 181207eac39e81246d555620f7c520dfd515302f560148e2311efeb508aa2991
