[INFO] cloning repository https://github.com/comwanga/rieko
[INFO] running `Command { std: "git" "-c" "credential.helper=" "-c" "credential.helper=/workspace/cargo-home/bin/git-credential-null" "clone" "--bare" "https://github.com/comwanga/rieko" "/workspace/cache/git-repos/https%3A%2F%2Fgithub.com%2Fcomwanga%2Frieko", kill_on_drop: false }`
[INFO] [stderr] Cloning into bare repository '/workspace/cache/git-repos/https%3A%2F%2Fgithub.com%2Fcomwanga%2Frieko'...
[INFO] running `Command { std: "git" "rev-parse" "HEAD", kill_on_drop: false }`
[INFO] [stdout] b5161b1dee0bddbd14c19578fea155687ede9fe2
[INFO] testing comwanga/rieko against 1.99.0-beta.8 for beta-1.100-2
[INFO] running `Command { std: "git" "clone" "/workspace/cache/git-repos/https%3A%2F%2Fgithub.com%2Fcomwanga%2Frieko" "/workspace/builds/worker-5-tc1/source", kill_on_drop: false }`
[INFO] [stderr] Cloning into '/workspace/builds/worker-5-tc1/source'...
[INFO] [stderr] done.
[INFO] started tweaking git repo https://github.com/comwanga/rieko
[INFO] finished tweaking git repo https://github.com/comwanga/rieko
[INFO] tweaked toml for git repo https://github.com/comwanga/rieko written to /workspace/builds/worker-5-tc1/source/Cargo.toml
[INFO] validating manifest of git repo https://github.com/comwanga/rieko on toolchain 1.99.0-beta.8
[INFO] running `Command { std: CARGO_HOME="/workspace/cargo-home" RUSTUP_HOME="/workspace/rustup-home" "/workspace/cargo-home/bin/cargo" "+1.99.0-beta.8" "metadata" "--manifest-path" "Cargo.toml" "--no-deps", kill_on_drop: false }`
[INFO] crate git repo https://github.com/comwanga/rieko already has a lockfile, it will not be regenerated
[INFO] running `Command { std: CARGO_HOME="/workspace/cargo-home" RUSTUP_HOME="/workspace/rustup-home" "/workspace/cargo-home/bin/cargo" "+1.99.0-beta.8" "fetch" "--manifest-path" "Cargo.toml", kill_on_drop: false }`
[INFO] [stderr]  Downloading crates ...
[INFO] [stderr]   Downloaded aws-lc-rs v1.17.3
[INFO] [stderr]   Downloaded clap v4.6.5
[INFO] [stderr]   Downloaded cc v1.4.0
[INFO] [stderr]   Downloaded rcgen v0.13.2
[INFO] [stderr]   Downloaded clap_builder v4.6.5
[INFO] [stderr]   Downloaded aws-lc-sys v0.43.0
[INFO] running `Command { std: "docker" "create" "-v" "/var/lib/crater-agent-workspace/builds/worker-5-tc1/source:/opt/rustwide/workdir:ro,Z" "-v" "/var/lib/crater-agent-workspace/builds/worker-5-tc1/target:/opt/rustwide/target:rw,Z" "-v" "/var/lib/crater-agent-workspace/cargo-home:/opt/rustwide/cargo-home:ro,Z" "-v" "/var/lib/crater-agent-workspace/rustup-home:/opt/rustwide/rustup-home:ro,Z" "-m" "1610612736" "--network" "none" "ghcr.io/rust-lang/crates-build-env/linux@sha256:3111399a4047eeb3a02b7a90e478d715f38a8c6669b5c4b49d30a17385265909" "sleep" "infinity", kill_on_drop: false }`
[INFO] [stdout] 8eb7b96af84c6f8c2d7d23c82ee76bd7be4546123e2c57f986d4308ea4043f1b
[INFO] running `Command { std: "docker" "start" "8eb7b96af84c6f8c2d7d23c82ee76bd7be4546123e2c57f986d4308ea4043f1b", kill_on_drop: false }`
[INFO] running `Command { std: "docker" "inspect" "8eb7b96af84c6f8c2d7d23c82ee76bd7be4546123e2c57f986d4308ea4043f1b", kill_on_drop: false }`
[INFO] running `Command { std: "docker" "exec" "-e" "SOURCE_DIR=/opt/rustwide/workdir" "-e" "CARGO_HOME=/opt/rustwide/cargo-home" "-e" "RUSTUP_HOME=/opt/rustwide/rustup-home" "-e" "CARGO_TARGET_DIR=/opt/rustwide/target" "-w" "/opt/rustwide/workdir" "--user" "0:0" "8eb7b96af84c6f8c2d7d23c82ee76bd7be4546123e2c57f986d4308ea4043f1b" "/opt/rustwide/cargo-home/bin/cargo" "+1.99.0-beta.8" "metadata" "--no-deps" "--format-version=1", kill_on_drop: false }`
[INFO] running `Command { std: "docker" "inspect" "8eb7b96af84c6f8c2d7d23c82ee76bd7be4546123e2c57f986d4308ea4043f1b", kill_on_drop: false }`
[INFO] running `Command { std: "docker" "exec" "-e" "SOURCE_DIR=/opt/rustwide/workdir" "-e" "CARGO_HOME=/opt/rustwide/cargo-home" "-e" "RUSTUP_HOME=/opt/rustwide/rustup-home" "-e" "CARGO_TARGET_DIR=/opt/rustwide/target" "-e" "CARGO_INCREMENTAL=0" "-e" "RUST_BACKTRACE=full" "-e" "RUSTFLAGS=--cap-lints=warn" "-e" "RUSTDOCFLAGS=--cap-lints=warn" "-w" "/opt/rustwide/workdir" "--user" "0:0" "8eb7b96af84c6f8c2d7d23c82ee76bd7be4546123e2c57f986d4308ea4043f1b" "/opt/rustwide/cargo-home/bin/cargo" "+1.99.0-beta.8" "build" "--frozen" "--message-format=json", kill_on_drop: false }`
[INFO] [stderr]    Compiling syn v3.0.3
[INFO] [stderr]    Compiling futures-core v0.3.33
[INFO] [stderr]    Compiling zerovec-derive v0.11.3
[INFO] [stderr]    Compiling cc v1.4.0
[INFO] [stderr]    Compiling serde v1.0.229
[INFO] [stderr]    Compiling futures-sink v0.3.33
[INFO] [stderr]    Compiling serde_json v1.0.151
[INFO] [stderr]    Compiling subtle v2.6.1
[INFO] [stderr]    Compiling num-traits v0.2.19
[INFO] [stderr]    Compiling log v0.4.33
[INFO] [stderr]    Compiling zerofrom v0.1.8
[INFO] [stderr]    Compiling tracing-attributes v0.1.31
[INFO] [stderr]    Compiling thiserror v2.0.19
[INFO] [stderr]    Compiling futures-task v0.3.33
[INFO] [stderr]    Compiling futures-io v0.3.33
[INFO] [stderr]    Compiling slab v0.4.12
[INFO] [stderr]    Compiling typenum v1.20.1
[INFO] [stderr]    Compiling sync_wrapper v1.0.2
[INFO] [stderr]    Compiling yoke v0.8.3
[INFO] [stderr]    Compiling futures-channel v0.3.33
[INFO] [stderr]    Compiling unicase v2.9.0
[INFO] [stderr]    Compiling rustls v0.23.43
[INFO] [stderr]    Compiling http-body-util v0.1.4
[INFO] [stderr]    Compiling futures-util v0.3.33
[INFO] [stderr]    Compiling bitflags v2.13.1
[INFO] [stderr]    Compiling uuid v1.24.0
[INFO] [stderr]    Compiling webpki-roots v1.0.9
[INFO] [stderr]    Compiling http-range-header v0.4.2
[INFO] [stderr]    Compiling zerocopy v0.8.55
[INFO] [stderr]    Compiling ahash v0.8.12
[INFO] [stderr]    Compiling mime_guess v2.0.5
[INFO] [stderr]    Compiling fallible-streaming-iterator v0.1.9
[INFO] [stderr]    Compiling fallible-iterator v0.3.0
[INFO] [stderr]    Compiling regex-syntax v0.8.11
[INFO] [stderr]    Compiling anstream v1.0.0
[INFO] [stderr]    Compiling serde_path_to_error v0.1.20
[INFO] [stderr]    Compiling rieko-api v0.1.0 (/opt/rustwide/workdir/crates/rieko-api)
[INFO] [stderr]    Compiling clap_lex v1.1.0
[INFO] [stderr]    Compiling tracing-log v0.2.0
[INFO] [stderr]    Compiling clap_builder v4.6.5
[INFO] [stderr]    Compiling thread_local v1.1.10
[INFO] [stderr]    Compiling generic-array v0.14.7
[INFO] [stderr]    Compiling tracing v0.1.44
[INFO] [stderr]    Compiling ring v0.17.14
[INFO] [stderr]    Compiling libsqlite3-sys v0.30.1
[INFO] [stderr]    Compiling zerovec v0.11.6
[INFO] [stderr]    Compiling regex-automata v0.4.18
[INFO] [stderr]    Compiling block-buffer v0.10.4
[INFO] [stderr]    Compiling crypto-common v0.1.7
[INFO] [stderr]    Compiling potential_utf v0.1.5
[INFO] [stderr]    Compiling digest v0.10.7
[INFO] [stderr]    Compiling sha2 v0.10.9
[INFO] [stderr]    Compiling hmac v0.12.1
[INFO] [stderr]    Compiling matchers v0.2.0
[INFO] [stderr]    Compiling tracing-subscriber v0.3.23
[INFO] [stderr]    Compiling serde_derive v1.0.229
[INFO] [stderr]    Compiling displaydoc v0.2.7
[INFO] [stderr]    Compiling tokio-macros v2.7.2
[INFO] [stderr]    Compiling async-trait v0.1.91
[INFO] [stderr]    Compiling thiserror-impl v2.0.19
[INFO] [stderr]    Compiling clap_derive v4.6.4
[INFO] [stderr]    Compiling tokio v1.53.1
[INFO] [stderr]    Compiling tinystr v0.8.3
[INFO] [stderr]    Compiling zerotrie v0.2.4
[INFO] [stderr]    Compiling icu_collections v2.2.0
[INFO] [stderr]    Compiling icu_locale_core v2.2.0
[INFO] [stderr]    Compiling axum-core v0.4.5
[INFO] [stderr]    Compiling clap v4.6.5
[INFO] [stderr]    Compiling icu_provider v2.2.0
[INFO] [stderr]    Compiling rustls-webpki v0.103.13
[INFO] [stderr]    Compiling hashbrown v0.14.5
[INFO] [stderr]    Compiling icu_properties v2.2.0
[INFO] [stderr]    Compiling icu_normalizer v2.2.0
[INFO] [stderr]    Compiling hashlink v0.9.1
[INFO] [stderr]    Compiling chrono v0.4.45
[INFO] [stderr]    Compiling serde_urlencoded v0.7.1
[INFO] [stderr]    Compiling idna_adapter v1.2.2
[INFO] [stderr]    Compiling idna v1.1.0
[INFO] [stderr]    Compiling url v2.5.8
[INFO] [stderr]    Compiling rieko-domain v0.1.0 (/opt/rustwide/workdir/crates/rieko-domain)
[INFO] [stderr]    Compiling rieko-findings v0.1.0 (/opt/rustwide/workdir/crates/rieko-findings)
[INFO] [stderr]    Compiling rieko-status v0.1.0 (/opt/rustwide/workdir/crates/rieko-status)
[INFO] [stderr]    Compiling rieko-graph v0.1.0 (/opt/rustwide/workdir/crates/rieko-graph)
[INFO] [stderr]    Compiling hyper v1.11.0
[INFO] [stderr]    Compiling tower v0.5.3
[INFO] [stderr]    Compiling tokio-util v0.7.18
[INFO] [stderr]    Compiling tokio-stream v0.1.19
[INFO] [stderr]    Compiling rieko-simulation v0.1.0 (/opt/rustwide/workdir/crates/rieko-simulation)
[INFO] [stderr]    Compiling rieko-recommendations v0.1.0 (/opt/rustwide/workdir/crates/rieko-recommendations)
[INFO] [stderr]    Compiling rieko-detectors v0.1.0 (/opt/rustwide/workdir/crates/rieko-detectors)
[INFO] [stderr]    Compiling tower-http v0.6.11
[INFO] [stderr]    Compiling tokio-rustls v0.26.4
[INFO] [stderr]    Compiling hyper-util v0.1.20
[INFO] [stderr]    Compiling rusqlite v0.32.1
[INFO] [stderr]    Compiling hyper-rustls v0.27.9
[INFO] [stderr]    Compiling axum v0.7.9
[INFO] [stderr]    Compiling reqwest v0.12.28
[INFO] [stderr]    Compiling rieko-alerts v0.1.0 (/opt/rustwide/workdir/crates/rieko-alerts)
[INFO] [stderr]    Compiling rieko-ingest-btcpay v0.1.0 (/opt/rustwide/workdir/crates/rieko-ingest-btcpay)
[INFO] [stderr]    Compiling rieko-ingest-lnd v0.1.0 (/opt/rustwide/workdir/crates/rieko-ingest-lnd)
[INFO] [stderr]    Compiling rieko-llm v0.1.0 (/opt/rustwide/workdir/crates/rieko-llm)
[INFO] [stderr]    Compiling rieko-ingest-core v0.1.0 (/opt/rustwide/workdir/crates/rieko-ingest-core)
[INFO] [stderr]    Compiling rieko-storage v0.1.0 (/opt/rustwide/workdir/crates/rieko-storage)
[INFO] [stderr]    Compiling rieko-execution v0.1.0 (/opt/rustwide/workdir/crates/rieko-execution)
[INFO] [stderr]    Compiling rieko-simulation-app v0.1.0 (/opt/rustwide/workdir/crates/rieko-simulation-app)
[INFO] [stderr]    Compiling rieko-cli v0.1.2 (/opt/rustwide/workdir/crates/rieko-cli)
[INFO] [stderr]     Finished `dev` profile [unoptimized + debuginfo] target(s) in 1m 25s
[INFO] running `Command { std: "docker" "inspect" "8eb7b96af84c6f8c2d7d23c82ee76bd7be4546123e2c57f986d4308ea4043f1b", kill_on_drop: false }`
[INFO] running `Command { std: "docker" "exec" "-e" "SOURCE_DIR=/opt/rustwide/workdir" "-e" "CARGO_HOME=/opt/rustwide/cargo-home" "-e" "RUSTUP_HOME=/opt/rustwide/rustup-home" "-e" "CARGO_TARGET_DIR=/opt/rustwide/target" "-e" "CARGO_INCREMENTAL=0" "-e" "RUST_BACKTRACE=full" "-e" "RUSTFLAGS=--cap-lints=warn" "-e" "RUSTDOCFLAGS=--cap-lints=warn" "-w" "/opt/rustwide/workdir" "--user" "0:0" "8eb7b96af84c6f8c2d7d23c82ee76bd7be4546123e2c57f986d4308ea4043f1b" "/opt/rustwide/cargo-home/bin/cargo" "+1.99.0-beta.8" "test" "--frozen" "--no-run" "--message-format=json", kill_on_drop: false }`
[INFO] [stderr]    Compiling cc v1.4.0
[INFO] [stderr]    Compiling aws-lc-rs v1.17.3
[INFO] [stderr]    Compiling rustls v0.23.43
[INFO] [stderr]    Compiling rustix v1.1.4
[INFO] [stderr]    Compiling rieko-api v0.1.0 (/opt/rustwide/workdir/crates/rieko-api)
[INFO] [stderr]    Compiling tower-http v0.6.11
[INFO] [stderr]    Compiling pem v3.0.6
[INFO] [stderr]    Compiling rieko-simulation v0.1.0 (/opt/rustwide/workdir/crates/rieko-simulation)
[INFO] [stderr]    Compiling time v0.3.55
[INFO] [stderr]    Compiling rieko-recommendations v0.1.0 (/opt/rustwide/workdir/crates/rieko-recommendations)
[INFO] [stderr]    Compiling rieko-findings v0.1.0 (/opt/rustwide/workdir/crates/rieko-findings)
[INFO] [stderr]    Compiling rieko-status v0.1.0 (/opt/rustwide/workdir/crates/rieko-status)
[INFO] [stderr]    Compiling rieko-graph v0.1.0 (/opt/rustwide/workdir/crates/rieko-graph)
[INFO] [stderr]    Compiling rieko-domain v0.1.0 (/opt/rustwide/workdir/crates/rieko-domain)
[INFO] [stderr]    Compiling yasna v0.5.2
[INFO] [stderr]    Compiling cmake v0.1.58
[INFO] [stderr]    Compiling aws-lc-sys v0.43.0
[INFO] [stderr]    Compiling ring v0.17.14
[INFO] [stderr]    Compiling libsqlite3-sys v0.30.1
[INFO] [stderr]    Compiling tempfile v3.27.0
[INFO] [stderr]    Compiling rcgen v0.13.2
[INFO] [stderr]    Compiling rusqlite v0.32.1
[INFO] [stderr]    Compiling rustls-webpki v0.103.13
[INFO] [stderr]    Compiling tokio-rustls v0.26.4
[INFO] [stderr]    Compiling hyper-rustls v0.27.9
[INFO] [stderr]    Compiling reqwest v0.12.28
[INFO] [stderr]    Compiling rieko-alerts v0.1.0 (/opt/rustwide/workdir/crates/rieko-alerts)
[INFO] [stderr]    Compiling rieko-ingest-btcpay v0.1.0 (/opt/rustwide/workdir/crates/rieko-ingest-btcpay)
[INFO] [stderr]    Compiling rieko-ingest-lnd v0.1.0 (/opt/rustwide/workdir/crates/rieko-ingest-lnd)
[INFO] [stderr]    Compiling rieko-ingest-core v0.1.0 (/opt/rustwide/workdir/crates/rieko-ingest-core)
[INFO] [stderr]    Compiling rieko-llm v0.1.0 (/opt/rustwide/workdir/crates/rieko-llm)
[INFO] [stderr]    Compiling rieko-storage v0.1.0 (/opt/rustwide/workdir/crates/rieko-storage)
[INFO] [stderr]    Compiling rieko-execution v0.1.0 (/opt/rustwide/workdir/crates/rieko-execution)
[INFO] [stderr]    Compiling rieko-simulation-app v0.1.0 (/opt/rustwide/workdir/crates/rieko-simulation-app)
[INFO] [stderr]    Compiling rieko-detectors v0.1.0 (/opt/rustwide/workdir/crates/rieko-detectors)
[INFO] [stderr]    Compiling rieko-cli v0.1.2 (/opt/rustwide/workdir/crates/rieko-cli)
[INFO] [stderr]     Finished `test` profile [unoptimized + debuginfo] target(s) in 1m 48s
[INFO] running `Command { std: "docker" "inspect" "8eb7b96af84c6f8c2d7d23c82ee76bd7be4546123e2c57f986d4308ea4043f1b", kill_on_drop: false }`
[INFO] running `Command { std: "docker" "exec" "-e" "SOURCE_DIR=/opt/rustwide/workdir" "-e" "CARGO_HOME=/opt/rustwide/cargo-home" "-e" "RUSTUP_HOME=/opt/rustwide/rustup-home" "-e" "CARGO_TARGET_DIR=/opt/rustwide/target" "-e" "CARGO_INCREMENTAL=0" "-e" "RUST_BACKTRACE=full" "-e" "RUSTFLAGS=--cap-lints=warn" "-e" "RUSTDOCFLAGS=--cap-lints=warn" "-w" "/opt/rustwide/workdir" "--user" "0:0" "8eb7b96af84c6f8c2d7d23c82ee76bd7be4546123e2c57f986d4308ea4043f1b" "/opt/rustwide/cargo-home/bin/cargo" "+1.99.0-beta.8" "test" "--frozen", kill_on_drop: false }`
[INFO] [stderr]    Compiling rieko-api v0.1.0 (/opt/rustwide/workdir/crates/rieko-api)
[INFO] [stderr]    Compiling rieko-cli v0.1.2 (/opt/rustwide/workdir/crates/rieko-cli)
[INFO] [stderr]     Finished `test` profile [unoptimized + debuginfo] target(s) in 37.30s
[INFO] [stderr]      Running unittests src/lib.rs (/opt/rustwide/target/debug/deps/rieko_alerts-abb5e31cdb01ac28)
[INFO] [stdout] 
[INFO] [stdout] running 18 tests
[INFO] [stdout] test dedup::tests::sends_first_alert_and_persists_success ... ok
[INFO] [stdout] test dedup::tests::in_memory_sink_still_deduplicates ... ok
[INFO] [stdout] test dedup::tests::failed_delivery_does_not_consume_cooldown ... ok
[INFO] [stdout] test telegram::tests::escape_and_truncate_are_pure_and_deterministic ... ok
[INFO] [stdout] test dedup::tests::re_alerts_after_cooldown_elapses ... ok
[INFO] [stdout] test dedup::tests::suppresses_inside_cooldown_across_sink_recreation ... ok
[INFO] [stdout] test dedup::tests::persistent_failed_delivery_persists_failed_status ... ok
[INFO] [stdout] test dedup::tests::severity_increase_escalates_immediately ... ok
[INFO] [stdout] test dedup::tests::suppressed_send_does_not_increment_sent_count ... ok
[INFO] [stdout] test telegram::tests::markdown_metacharacters_are_escaped ... ok
[INFO] [stdout] test telegram::tests::non_ascii_text_is_truncated_by_utf16_units_not_chars ... ok
[INFO] [stdout] test telegram::tests::transport_error_redacts_the_token ... ok
[INFO] [stdout] test telegram::tests::http_400_is_a_permanent_failure ... ok
[INFO] [stdout] test telegram::tests::successful_delivery_parses_ok_true ... ok
[INFO] [stdout] test telegram::tests::timeout_does_not_block_forever ... ok
[INFO] [stdout] test telegram::tests::oversized_message_is_truncated ... ok
[INFO] [stdout] test telegram::tests::malformed_response_is_rejected ... ok
[INFO] [stdout] test telegram::tests::http_500_is_retried_then_fails ... ok
[INFO] [stdout] 
[INFO] [stdout] test result: ok. 18 passed; 0 failed; 0 ignored; 0 measured; 0 filtered out; finished in 0.13s
[INFO] [stdout] 
[INFO] [stderr]      Running unittests src/lib.rs (/opt/rustwide/target/debug/deps/rieko_api-e5e1501a5a2bf9e1)
[INFO] [stdout] 
[INFO] [stdout] running 0 tests
[INFO] [stdout] 
[INFO] [stderr]      Running tests/bitcoin_inspection.rs (/opt/rustwide/target/debug/deps/bitcoin_inspection-a7292af31e0080f6)
[INFO] [stdout] test result: ok. 0 passed; 0 failed; 0 ignored; 0 measured; 0 filtered out; finished in 0.00s
[INFO] [stdout] 
[INFO] [stdout] 
[INFO] [stdout] running 2 tests
[INFO] [stderr]      Running tests/btcpay_inspection.rs (/opt/rustwide/target/debug/deps/btcpay_inspection-946fb651f3278d88)
[INFO] [stdout] test requires_configured_authentication ... ok
[INFO] [stdout] test returns_exact_persisted_bitcoin_state ... ok
[INFO] [stdout] 
[INFO] [stdout] test result: ok. 2 passed; 0 failed; 0 ignored; 0 measured; 0 filtered out; finished in 0.05s
[INFO] [stdout] 
[INFO] [stdout] 
[INFO] [stdout] running 2 tests
[INFO] [stdout] test returns_exact_persisted_btcpay_state ... ok
[INFO] [stdout] test requires_configured_authentication ... ok
[INFO] [stdout] 
[INFO] [stdout] test result: ok. 2 passed; 0 failed; 0 ignored; 0 measured; 0 filtered out; finished in 0.03s
[INFO] [stdout] 
[INFO] [stderr]      Running tests/btcpay_security_failures.rs (/opt/rustwide/target/debug/deps/btcpay_security_failures-cb7bedc518a240c7)
[INFO] [stdout] 
[INFO] [stdout] running 4 tests
[INFO] [stdout] test failure_mode_malformed_json_body_rejected_before_normalization ... ok
[INFO] [stdout] test failure_mode_malformed_signature_lengths_rejected ... ok
[INFO] [stdout] test failure_mode_mismatched_webhook_secret_emits_no_events ... ok
[INFO] [stderr]      Running tests/btcpay_webhook.rs (/opt/rustwide/target/debug/deps/btcpay_webhook-0bc9936d9d5ec94c)
[INFO] [stdout] test failure_mode_unknown_event_type_fails_closed_without_escape_hatch ... ok
[INFO] [stdout] 
[INFO] [stdout] test result: ok. 4 passed; 0 failed; 0 ignored; 0 measured; 0 filtered out; finished in 0.12s
[INFO] [stdout] 
[INFO] [stdout] 
[INFO] [stdout] running 9 tests
[INFO] [stdout] test webhook_fails_closed_when_integration_is_not_configured ... ok
[INFO] [stdout] test webhook_idempotency_returns_already_processed_on_identical_redelivery ... ok
[INFO] [stdout] test webhook_rejects_signature_without_sha256_prefix ... ok
[INFO] [stdout] test webhook_queue_saturation_preserves_the_durable_event ... ok
[INFO] [stdout] test webhook_rejects_missing_signature ... ok
[INFO] [stdout] test webhook_idempotency_honors_original_delivery_id ... ok
[INFO] [stdout] test webhook_idempotency_does_not_trust_unauthenticated_requests ... ok
[INFO] [stdout] test webhook_accepts_valid_signature_and_dispatches_event ... ok
[INFO] [stdout] test webhook_persistent_idempotency_survives_storage_reopen ... ok
[INFO] [stdout] 
[INFO] [stdout] test result: ok. 9 passed; 0 failed; 0 ignored; 0 measured; 0 filtered out; finished in 0.21s
[INFO] [stdout] 
[INFO] [stderr]      Running tests/embedded_ui.rs (/opt/rustwide/target/debug/deps/embedded_ui-40d8f164ebea74b2)
[INFO] [stdout] 
[INFO] [stdout] running 0 tests
[INFO] [stdout] 
[INFO] [stdout] test result: ok. 0 passed; 0 failed; 0 ignored; 0 measured; 0 filtered out; finished in 0.00s
[INFO] [stdout] 
[INFO] [stderr]      Running tests/finding_detail.rs (/opt/rustwide/target/debug/deps/finding_detail-9e1d8f8099910557)
[INFO] [stdout] 
[INFO] [stdout] running 3 tests
[INFO] [stdout] test detail_returns_not_found_for_an_unknown_id ... ok
[INFO] [stdout] test detail_requires_the_configured_bearer_token ... ok
[INFO] [stdout] test detail_returns_the_exact_persisted_typed_finding ... ok
[INFO] [stdout] 
[INFO] [stdout] test result: ok. 3 passed; 0 failed; 0 ignored; 0 measured; 0 filtered out; finished in 0.03s
[INFO] [stdout] 
[INFO] [stderr]      Running tests/hardening.rs (/opt/rustwide/target/debug/deps/hardening-34201c61b73ae236)
[INFO] [stdout] 
[INFO] [stdout] running 13 tests
[INFO] [stdout] test empty_auth_tokens_are_rejected ... ok
[INFO] [stdout] test oversized_request_body_is_rejected ... ok
[INFO] [stdout] test unauthenticated_requests_fail_when_token_configured ... ok
[INFO] [stdout] test wrong_token_is_rejected ... ok
[INFO] [stdout] test security_headers_do_not_force_cache_control_on_assets ... ok
[INFO] [stdout] test status_uses_bounded_queries ... ok
[INFO] [stdout] test authenticated_requests_succeed ... ok
[INFO] [stdout] test configured_auth_token_is_trimmed ... ok
[INFO] [stdout] test security_headers_are_present_on_api_responses ... ok
[INFO] [stdout] test no_token_configured_means_open_loopback_access ... ok
[INFO] [stdout] test recommendations_default_active_behavior_is_preserved_and_history_is_opt_in ... ok
[INFO] [stdout] test findings_lifecycle_filter_defaults_active_and_validates_input ... ok
[INFO] [stdout] test list_endpoints_enforce_the_limit_clamp ... ok
[INFO] [stdout] 
[INFO] [stdout] test result: ok. 13 passed; 0 failed; 0 ignored; 0 measured; 0 filtered out; finished in 0.15s
[INFO] [stdout] 
[INFO] [stderr]      Running tests/lightning_inspection.rs (/opt/rustwide/target/debug/deps/lightning_inspection-32a9ac32adefccd7)
[INFO] [stdout] 
[INFO] [stdout] running 2 tests
[INFO] [stdout] test requires_configured_authentication ... ok
[INFO] [stdout] test returns_exact_persisted_lightning_state ... ok
[INFO] [stdout] 
[INFO] [stderr]      Running tests/simulation_api.rs (/opt/rustwide/target/debug/deps/simulation_api-3d65c16b4a903430)
[INFO] [stdout] test result: ok. 2 passed; 0 failed; 0 ignored; 0 measured; 0 filtered out; finished in 0.03s
[INFO] [stdout] 
[INFO] [stdout] 
[INFO] [stdout] running 11 tests
[INFO] [stdout] test malformed_json_uses_the_stable_error_shape ... ok
[INFO] [stdout] test no_execution_route_is_exposed ... ok
[INFO] [stdout] test streaming_oversized_simulation_body_is_rejected ... ok
[INFO] [stdout] test validation_errors_have_stable_codes ... ok
[INFO] [stdout] test missing_simulation_uses_the_stable_error_shape ... ok
[INFO] [stdout] test comparison_rejects_empty_ids_and_unknown_fields ... ok
[INFO] [stdout] test future_dated_error_code_is_stable_on_replay ... ok
[INFO] [stdout] test outbound_drained_recommendation_uses_finding_channel_as_destination ... ok
[INFO] [stdout] test stale_source_requires_explicit_opt_in_and_remains_marked_stale ... ok
[INFO] [stdout] test creates_reuses_and_reports_a_stable_projection ... ok
[INFO] [stdout] test creation_inherits_authentication ... ok
[INFO] [stdout] 
[INFO] [stdout] test result: ok. 11 passed; 0 failed; 0 ignored; 0 measured; 0 filtered out; finished in 0.05s
[INFO] [stdout] 
[INFO] [stderr]      Running tests/snapshots_route.rs (/opt/rustwide/target/debug/deps/snapshots_route-bb3a8b6ebde1b1e1)
[INFO] [stdout] 
[INFO] [stdout] running 6 tests
[INFO] [stdout] test status_exposes_btcpay_greenfield_connectivity ... ok
[INFO] [stdout] test snapshots_path_param_route_reachable ... ok
[INFO] [stdout] test status_reports_operational_counts ... ok
[INFO] [stdout] test status_exposes_source_data_timestamp ... ok
[INFO] [stdout] test channel_snapshots_can_be_filtered_by_network_and_node ... ok
[INFO] [stdout] test simulations_route_returns_persisted_sims ... ok
[INFO] [stdout] 
[INFO] [stdout] test result: ok. 6 passed; 0 failed; 0 ignored; 0 measured; 0 filtered out; finished in 0.03s
[INFO] [stdout] 
[INFO] [stderr]      Running unittests src/lib.rs (/opt/rustwide/target/debug/deps/rieko_cli-3d581b5039b1a550)
[INFO] [stdout] 
[INFO] [stdout] running 34 tests
[INFO] [stdout] test agent::tests::external_bind_without_token_fails ... ok
[INFO] [stdout] test agent::tests::external_bind_without_ack_fails ... ok
[INFO] [stdout] test agent::tests::loopback_bind_accepts_optional_token ... ok
[INFO] [stdout] test agent::tests::external_bind_with_ack_and_token_succeeds ... ok
[INFO] [stdout] test agent::tests::loopback_bind_succeeds_without_ack_or_token ... ok
[INFO] [stdout] test agent::tests::greenfield_polling_configuration_is_bounded ... ok
[INFO] [stdout] test agent::tests::lnd_polling_configuration_is_bounded_and_requires_read_only_credentials ... ok
[INFO] [stdout] test agent::tests::live_notification_drains_the_durable_queue ... ok
[INFO] [stdout] test agent::tests::bitcoin_core_polling_configuration_is_bounded ... ok
[INFO] [stdout] test agent::tests::agent_consumes_attached_btcpay_config_and_explicit_flags_keep_precedence ... ok
[INFO] [stdout] test agent::tests::disconnected_bitcoin_core_is_recorded_without_crashing ... ok
[INFO] [stdout] test agent::tests::greenfield_authentication_failure_is_recorded_without_crashing ... ok
[INFO] [stdout] test agent::tests::successful_lnd_poll_persists_normalized_state_without_overwriting_other_sources ... ok
[INFO] [stdout] test agent::tests::malformed_bitcoin_core_response_is_recorded_without_crashing ... ok
[INFO] [stdout] test agent::tests::lnd_poll_runs_persisted_chain_sync_correlation_detector ... ok
[INFO] [stdout] test agent::tests::token_loads_from_env_and_file_overrides_env ... ok
[INFO] [stdout] test agent::tests::bitcoin_core_timeout_is_recorded_without_crashing ... ok
[INFO] [stdout] test agent::tests::token_loads_from_file_first_nonempty_line ... ok
[INFO] [stdout] test agent::tests::unsynchronized_core_poll_runs_the_persisted_correlation_detector ... ok
[INFO] [stdout] test agent::tests::transient_lnd_failure_marks_disconnected_and_preserves_last_snapshot ... ok
[INFO] [stdout] test agent::tests::transient_bitcoin_core_failure_recovers_within_bounded_cycles ... ok
[INFO] [stdout] test agent::tests::reconstructed_btcpay_window_keeps_only_the_latest_hundred_events ... ok
[INFO] [stdout] test agent::tests::malformed_lnd_response_is_persisted_as_unavailable ... ok
[INFO] [stdout] test agent::tests::successful_bitcoin_core_poll_persists_normalized_state_without_findings ... ok
[INFO] [stdout] test agent::tests::transient_greenfield_failure_recovers_on_the_next_bounded_cycle ... ok
[INFO] [stdout] test agent::tests::malformed_greenfield_response_is_recorded_without_crashing ... ok
[INFO] [stdout] test agent::tests::greenfield_timeout_is_recorded_without_crashing ... ok
[INFO] [stdout] test agent::tests::bitcoin_core_http_error_is_recorded_without_crashing ... ok
[INFO] [stdout] test agent::tests::successful_greenfield_poll_persists_normalized_state_without_findings ... ok
[INFO] [stdout] test agent::tests::persisted_lightning_correlation_deduplicates_and_resolves_through_existing_hysteresis ... ok
[INFO] [stdout] test agent::tests::persisted_core_correlation_deduplicates_and_resolves_through_existing_hysteresis ... ok
[INFO] [stdout] test agent::tests::persisted_health_cycles_deduplicate_and_resolve_through_existing_hysteresis ... ok
[INFO] [stdout] test agent::tests::agent_runtime_stops_when_shutdown_is_requested ... ok
[INFO] [stdout] test agent::tests::pending_btcpay_events_replay_into_a_persisted_finding_on_startup ... ok
[INFO] [stdout] 
[INFO] [stdout] test result: ok. 34 passed; 0 failed; 0 ignored; 0 measured; 0 filtered out; finished in 0.34s
[INFO] [stdout] 
[INFO] [stderr]      Running unittests src/main.rs (/opt/rustwide/target/debug/deps/rieko-c2d35eca5faf5f30)
[INFO] [stdout] 
[INFO] [stdout] running 73 tests
[INFO] [stdout] test commands::common::tests::malformed_finding_rolls_back_complete_monitor_cycle ... ok
[INFO] [stdout] test commands::attach::tests::valid_configuration_preserves_only_the_secret_file_reference ... ok
[INFO] [stdout] test commands::common::tests::llm_explanation_is_propagated_and_persisted_before_transaction ... ok
[INFO] [stdout] test commands::common::tests::changing_measurements_update_and_resolve_one_logical_finding ... ok
[INFO] [stdout] test commands::common::tests::simulation_does_not_create_a_false_audit_transition ... ok
[INFO] [stdout] test commands::common::tests::replay_does_not_append_duplicate_audit_in_memory ... ok
[INFO] [stdout] test commands::common::tests::fixture_provenance_tracks_content_without_exposing_path ... ok
[INFO] [stdout] test commands::common::tests::monitor_cycle_commits_snapshots_with_findings_and_audit ... ok
[INFO] [stdout] test commands::common::tests::failed_ingestion_preserves_last_good_observation ... ok
[INFO] [stdout] test commands::common::tests::llm_failure_does_not_block_authoritative_cycle ... ok
[INFO] [stdout] test commands::attach::tests::rejects_obvious_invalid_input_without_writing_configuration ... ok
[INFO] [stdout] test commands::common::tests::fixture_vertical_slice_produces_expected_findings_and_recommendations ... ok
[INFO] [stdout] test commands::findings::tests::rendering_roundtrips_typed_findings_and_structured_evidence ... ok
[INFO] [stdout] test commands::common::tests::llm_work_is_bounded_per_cycle ... ok
[INFO] [stdout] test commands::attach::tests::repeated_attach_is_deterministic_and_updates_the_existing_entry ... ok
[INFO] [stdout] test commands::explain::tests::rejects_a_malformed_typed_finding_response ... ok
[INFO] [stdout] test commands::common::tests::missing_macaroon_file_fails_cleanly ... ok
[INFO] [stdout] test commands::doctor::tests::stops_on_a_partial_inspection_api_failure ... ok
[INFO] [stdout] test commands::findings::tests::findings_url_uses_the_bounded_query_contract ... ok
[INFO] [stdout] test commands::explain::tests::fetches_and_renders_the_exact_persisted_typed_finding ... ok
[INFO] [stdout] test commands::inspect::tests::all_reports_authentication_failure ... ok
[INFO] [stdout] test commands::inspect::tests::bitcoin_inspection_reports_authentication_failure ... ok
[INFO] [stdout] test commands::doctor::tests::reports_authentication_failure ... ok
[INFO] [stdout] test commands::explain::tests::reports_authentication_failure_from_the_detail_api ... ok
[INFO] [stdout] test commands::explain::tests::reports_not_found_without_falling_back_to_the_bounded_list ... ok
[INFO] [stdout] test commands::monitor::tests::exhausted_lnd_retry_round_keeps_monitor_recoverable ... ok
[INFO] [stdout] test commands::inspect::tests::retrieves_and_renders_typed_lightning_state_without_a_database ... ok
[INFO] [stdout] test commands::monitor::tests::failed_retry_rounds_respect_finite_cycle_limit ... ok
[INFO] [stdout] test commands::monitor::tests::fixture_failure_is_not_retried ... ok
[INFO] [stdout] test commands::inspect::tests::reports_non_success_and_malformed_responses ... ok
[INFO] [stdout] test commands::doctor::tests::reports_an_active_finding_with_its_existing_lifecycle ... ok
[INFO] [stdout] test commands::inspect::tests::btcpay_inspection_reports_non_success_and_malformed_responses ... ok
[INFO] [stdout] test commands::monitor::tests::transient_lnd_failure_retries_and_recovers ... ok
[INFO] [stdout] test commands::doctor::tests::reports_a_healthy_system_and_preserves_typed_json_without_a_database ... ok
[INFO] [stdout] test commands::inspect::tests::reports_authentication_failure ... ok
[INFO] [stdout] test commands::simulations::tests::read_clients_report_authentication_failure ... ok
[INFO] [stdout] test commands::simulations::tests::read_clients_report_non_success_and_not_found_responses ... ok
[INFO] [stdout] test commands::inspect::tests::all_retrieves_groups_and_preserves_three_typed_states_without_a_database ... ok
[INFO] [stdout] test commands::inspect::tests::all_stops_on_a_partial_non_success_response ... ok
[INFO] [stdout] test commands::inspect::tests::bitcoin_inspection_reports_non_success_and_malformed_responses ... ok
[INFO] [stdout] test commands::inspect::tests::retrieves_and_renders_typed_btcpay_state_without_a_database ... ok
[INFO] [stdout] test commands::status::tests::rejects_malformed_typed_status_responses ... ok
[INFO] [stdout] test commands::simulations::tests::read_clients_use_authenticated_api_and_preserve_typed_projection_without_a_database ... ok
[INFO] [stdout] test commands::watch::tests::emits_new_findings_and_lifecycle_changes_but_not_refreshes ... ok
[INFO] [stdout] test commands::status::tests::reports_non_success_status_responses ... ok
[INFO] [stdout] test commands::watch::tests::observation_state_never_exceeds_the_configured_poll_limit ... ok
[INFO] [stdout] test commands::watch::tests::output_is_newline_delimited_typed_findings_with_structured_evidence ... ok
[INFO] [stdout] test commands::status::tests::retrieves_and_renders_typed_status_without_a_local_database ... ok
[INFO] [stdout] test commands::simulations::tests::read_clients_reject_malformed_typed_responses ... ok
[INFO] [stdout] test tests::cli_dispatches_simulation_but_not_execution ... ok
[INFO] [stdout] test tests::attach_btcpay_requires_connection_fields_and_rejects_database_flags ... ok
[INFO] [stdout] test tests::inspect_btcpay_uses_api_configuration_and_has_no_database_flag ... ok
[INFO] [stdout] test tests::doctor_uses_api_configuration_and_has_no_database_flag ... ok
[INFO] [stdout] test tests::inspect_all_uses_api_configuration_and_has_no_database_flag ... ok
[INFO] [stdout] test tests::inspect_bitcoin_uses_api_configuration_and_has_no_database_flag ... ok
[INFO] [stdout] test commands::inspect::tests::retrieves_and_renders_typed_bitcoin_state_without_a_database ... ok
[INFO] [stdout] test commands::inspect::tests::btcpay_inspection_reports_authentication_failure ... ok
[INFO] [stdout] test tests::inspect_lightning_uses_api_configuration_and_has_no_database_flag ... ok
[INFO] [stdout] test tests::simulation_create_remains_storage_backed ... ok
[INFO] [stdout] test commands::findings::tests::fetches_typed_findings_from_the_authenticated_local_api ... ok
[INFO] [stdout] test tests::status_uses_api_configuration_and_has_no_database_flag ... ok
[INFO] [stdout] test tests::watch_polling_configuration_is_bounded ... ok
[INFO] [stdout] test tests::default_cli_help_is_read_only ... ok
[INFO] [stdout] test tests::simulation_reads_use_api_configuration_and_reject_database_flags ... ok
[INFO] [stdout] test commands::status::tests::reports_authentication_failure ... ok
[INFO] [stdout] test tests::scan_and_monitor_require_a_network ... ok
[INFO] [stdout] test commands::common::tests::replay_produces_no_duplicates_in_sqlite ... ok
[INFO] [stdout] test commands::simulations::tests::unsupported_recommendation_precedes_missing_snapshot_context ... ok
[INFO] [stdout] test commands::common::tests::llm_runs_before_sqlite_writer_transaction ... ok
[INFO] [stdout] test commands::simulations::tests::force_does_not_accept_future_dated_observations ... ok
[INFO] [stdout] test commands::simulations::tests::create_is_replayable_and_does_not_change_authoritative_records ... ok
[INFO] [stdout] test commands::simulations::tests::force_can_calculate_after_a_stale_refusal ... ok
[INFO] [stderr]      Running unittests src/bin/rieko-agent.rs (/opt/rustwide/target/debug/deps/rieko_agent-9910719211e9acbd)
[INFO] [stdout] test commands::simulations::tests::unsupported_recommendation_is_persisted_without_projection ... ok
[INFO] [stdout] 
[INFO] [stdout] test result: ok. 73 passed; 0 failed; 0 ignored; 0 measured; 0 filtered out; finished in 0.31s
[INFO] [stdout] 
[INFO] [stderr]      Running tests/live_btcpay_health.rs (/opt/rustwide/target/debug/deps/live_btcpay_health-caeb74abf5dab9d9)
[INFO] [stdout] 
[INFO] [stdout] running 0 tests
[INFO] [stdout] 
[INFO] [stdout] test result: ok. 0 passed; 0 failed; 0 ignored; 0 measured; 0 filtered out; finished in 0.00s
[INFO] [stdout] 
[INFO] [stdout] 
[INFO] [stdout] running 3 tests
[INFO] [stdout] test real_btcpay_core_sync_correlation_resolves_after_core_recovers ... ignored, requires the real BTCPay and Bitcoin Core regtest deployment in regtest.yml
[INFO] [stdout] test real_btcpay_greenfield_restart_continuity_resolves_the_same_finding ... ignored, requires a real BTCPay regtest deployment; see docs/testing-btcpay-regtest.md
[INFO] [stdout] test real_btcpay_lightning_chain_sync_correlation_resolves_after_lnd_recovers ... ignored, requires the real BTCPay, Bitcoin Core, and LND regtest deployment in regtest.yml
[INFO] [stdout] 
[INFO] [stdout] test result: ok. 0 passed; 0 failed; 3 ignored; 0 measured; 0 filtered out; finished in 0.00s
[INFO] [stdout] 
[INFO] [stderr]      Running tests/release_e2e.rs (/opt/rustwide/target/debug/deps/release_e2e-c0f69651450459bd)
[INFO] [stdout] 
[INFO] [stdout] running 1 test
[INFO] [stderr]    Compiling ring v0.17.14
[INFO] [stderr]    Compiling rieko-api v0.1.0 (/opt/rustwide/workdir/crates/rieko-api)
[INFO] [stderr]    Compiling rustls v0.23.43
[INFO] [stderr]    Compiling rustls-webpki v0.103.13
[INFO] [stderr]    Compiling tokio-rustls v0.26.4
[INFO] [stderr]    Compiling hyper-rustls v0.27.9
[INFO] [stderr]    Compiling reqwest v0.12.28
[INFO] [stderr]    Compiling rieko-alerts v0.1.0 (/opt/rustwide/workdir/crates/rieko-alerts)
[INFO] [stderr]    Compiling rieko-ingest-btcpay v0.1.0 (/opt/rustwide/workdir/crates/rieko-ingest-btcpay)
[INFO] [stderr]    Compiling rieko-llm v0.1.0 (/opt/rustwide/workdir/crates/rieko-llm)
[INFO] [stderr]    Compiling rieko-ingest-core v0.1.0 (/opt/rustwide/workdir/crates/rieko-ingest-core)
[INFO] [stderr]    Compiling rieko-ingest-lnd v0.1.0 (/opt/rustwide/workdir/crates/rieko-ingest-lnd)
[INFO] [stderr]    Compiling rieko-storage v0.1.0 (/opt/rustwide/workdir/crates/rieko-storage)
[INFO] [stderr]    Compiling rieko-simulation-app v0.1.0 (/opt/rustwide/workdir/crates/rieko-simulation-app)
[INFO] [stderr]    Compiling rieko-cli v0.1.2 (/opt/rustwide/workdir/crates/rieko-cli)
[INFO] [stderr]     Finished `dev` profile [unoptimized + debuginfo] target(s) in 35.96s
[INFO] [stdout] test build_scan_status_no_duplicates ... FAILED
[INFO] [stdout] 
[INFO] [stdout] failures:
[INFO] [stdout] 
[INFO] [stdout] ---- build_scan_status_no_duplicates stdout ----
[INFO] [stdout] 
[INFO] [stdout] thread 'build_scan_status_no_duplicates' (5986) panicked at crates/rieko-cli/tests/release_e2e.rs:86:5:
[INFO] [stdout] binary must be built at /opt/rustwide/workdir/target/debug/rieko
[INFO] [stdout] stack backtrace:
[INFO] [stdout]    0:     0x606a881af3f1 - std[70759c8f55707aa4]::backtrace_rs::backtrace::libunwind::trace
[INFO] [stdout]                                at /rustc/dfb0accb7f508ae8be965d8629557221c889dd98/library/std/src/../../backtrace/src/backtrace/libunwind.rs:117:9
[INFO] [stdout]    1:     0x606a881af3f1 - std[70759c8f55707aa4]::backtrace_rs::backtrace::trace_unsynchronized::<std[70759c8f55707aa4]::sys::backtrace::_print_fmt::{closure#1}>
[INFO] [stdout]                                at /rustc/dfb0accb7f508ae8be965d8629557221c889dd98/library/std/src/../../backtrace/src/backtrace/mod.rs:66:14
[INFO] [stdout]    2:     0x606a881af3f1 - std[70759c8f55707aa4]::sys::backtrace::_print_fmt
[INFO] [stdout]                                at /rustc/dfb0accb7f508ae8be965d8629557221c889dd98/library/std/src/sys/backtrace.rs:74:9
[INFO] [stdout]    3:     0x606a881af3f1 - <<std[70759c8f55707aa4]::sys::backtrace::BacktraceLock>::print::DisplayBacktrace as core[df12db4294e9bfd3]::fmt::Display>::fmt
[INFO] [stdout]                                at /rustc/dfb0accb7f508ae8be965d8629557221c889dd98/library/std/src/sys/backtrace.rs:44:26
[INFO] [stdout]    4:     0x606a881c668a - <core[df12db4294e9bfd3]::fmt::rt::Argument>::fmt
[INFO] [stdout]                                at /rustc/dfb0accb7f508ae8be965d8629557221c889dd98/library/core/src/fmt/rt.rs:152:76
[INFO] [stdout]    5:     0x606a881c668a - core[df12db4294e9bfd3]::fmt::write
[INFO] [stdout]    6:     0x606a881b404c - core[df12db4294e9bfd3]::io::write::default_write_fmt::<alloc[2182bb758b4b3781]::vec::Vec<u8>>
[INFO] [stdout]                                at /rustc/dfb0accb7f508ae8be965d8629557221c889dd98/library/core/src/io/write.rs:402:11
[INFO] [stdout]    7:     0x606a881b404c - <alloc[2182bb758b4b3781]::vec::Vec<u8> as core[df12db4294e9bfd3]::io::write::Write>::write_fmt
[INFO] [stdout]                                at /rustc/dfb0accb7f508ae8be965d8629557221c889dd98/library/core/src/io/write.rs:335:13
[INFO] [stdout]    8:     0x606a88189826 - <std[70759c8f55707aa4]::sys::backtrace::BacktraceLock>::print
[INFO] [stdout]                                at /rustc/dfb0accb7f508ae8be965d8629557221c889dd98/library/std/src/sys/backtrace.rs:47:9
[INFO] [stdout]    9:     0x606a88189826 - std[70759c8f55707aa4]::panicking::default_hook::{closure#0}
[INFO] [stdout]                                at /rustc/dfb0accb7f508ae8be965d8629557221c889dd98/library/std/src/panicking.rs:292:27
[INFO] [stdout]   10:     0x606a881a7359 - std[70759c8f55707aa4]::panicking::default_hook
[INFO] [stdout]                                at /rustc/dfb0accb7f508ae8be965d8629557221c889dd98/library/std/src/panicking.rs:316:9
[INFO] [stdout]   11:     0x606a87a95af0 - <alloc[2182bb758b4b3781]::boxed::Box<dyn for<'a, 'b> core[df12db4294e9bfd3]::ops::function::Fn<(&'a std[70759c8f55707aa4]::panic::PanicHookInfo<'b>,), Output = ()> + core[df12db4294e9bfd3]::marker::Send + core[df12db4294e9bfd3]::marker::Sync> as core[df12db4294e9bfd3]::ops::function::Fn<(&std[70759c8f55707aa4]::panic::PanicHookInfo,)>>::call
[INFO] [stdout]                                at /rustc/dfb0accb7f508ae8be965d8629557221c889dd98/library/alloc/src/boxed.rs:2334:9
[INFO] [stdout]   12:     0x606a87a95af0 - test[9d35eded1c95d3be]::test_main_inner::<test[9d35eded1c95d3be]::test_main_static::{closure#0}>::{closure#0}
[INFO] [stdout]                                at /rustc/dfb0accb7f508ae8be965d8629557221c889dd98/library/test/src/lib.rs:155:21
[INFO] [stdout]   13:     0x606a881a7682 - <alloc[2182bb758b4b3781]::boxed::Box<dyn for<'a, 'b> core[df12db4294e9bfd3]::ops::function::Fn<(&'a std[70759c8f55707aa4]::panic::PanicHookInfo<'b>,), Output = ()> + core[df12db4294e9bfd3]::marker::Send + core[df12db4294e9bfd3]::marker::Sync> as core[df12db4294e9bfd3]::ops::function::Fn<(&std[70759c8f55707aa4]::panic::PanicHookInfo,)>>::call
[INFO] [stdout]                                at /rustc/dfb0accb7f508ae8be965d8629557221c889dd98/library/alloc/src/boxed.rs:2334:9
[INFO] [stdout]   14:     0x606a881a7682 - std[70759c8f55707aa4]::panicking::panic_with_hook
[INFO] [stdout]                                at /rustc/dfb0accb7f508ae8be965d8629557221c889dd98/library/std/src/panicking.rs:823:13
[INFO] [stdout]   15:     0x606a881898d2 - std[70759c8f55707aa4]::panicking::panic_handler::{closure#0}
[INFO] [stdout]                                at /rustc/dfb0accb7f508ae8be965d8629557221c889dd98/library/std/src/panicking.rs:688:13
[INFO] [stdout]   16:     0x606a88182459 - std[70759c8f55707aa4]::sys::backtrace::__rust_end_short_backtrace::<std[70759c8f55707aa4]::panicking::panic_handler::{closure#0}, !>
[INFO] [stdout]                                at /rustc/dfb0accb7f508ae8be965d8629557221c889dd98/library/std/src/sys/backtrace.rs:182:18
[INFO] [stdout]   17:     0x606a8818a6bd - __rustc[8fa7c3cbc660c2b3]::rust_begin_unwind
[INFO] [stdout]                                at /rustc/dfb0accb7f508ae8be965d8629557221c889dd98/library/std/src/panicking.rs:679:5
[INFO] [stdout]   18:     0x606a881c6edc - core[df12db4294e9bfd3]::panicking::panic_fmt
[INFO] [stdout]                                at /rustc/dfb0accb7f508ae8be965d8629557221c889dd98/library/core/src/panicking.rs:80:14
[INFO] [stdout]   19:     0x606a87a7a783 - release_e2e[4cbf11825334ee22]::build_scan_status_no_duplicates
[INFO] [stdout]                                at /opt/rustwide/workdir/crates/rieko-cli/tests/release_e2e.rs:86:5
[INFO] [stdout]   20:     0x606a87a79627 - release_e2e[4cbf11825334ee22]::build_scan_status_no_duplicates::{closure#0}
[INFO] [stdout]                                at /opt/rustwide/workdir/crates/rieko-cli/tests/release_e2e.rs:84:37
[INFO] [stdout]   21:     0x606a87a5f136 - <release_e2e[4cbf11825334ee22]::build_scan_status_no_duplicates::{closure#0} as core[df12db4294e9bfd3]::ops::function::FnOnce<()>>::call_once
[INFO] [stdout]                                at /rustc/dfb0accb7f508ae8be965d8629557221c889dd98/library/core/src/ops/function.rs:250:5
[INFO] [stdout]   22:     0x606a87a88ddb - <fn() -> core[df12db4294e9bfd3]::result::Result<(), alloc[2182bb758b4b3781]::string::String> as core[df12db4294e9bfd3]::ops::function::FnOnce<()>>::call_once
[INFO] [stdout]                                at /rustc/dfb0accb7f508ae8be965d8629557221c889dd98/library/core/src/ops/function.rs:250:5
[INFO] [stdout]   23:     0x606a87a88ddb - test[9d35eded1c95d3be]::__rust_begin_short_backtrace::<core[df12db4294e9bfd3]::result::Result<(), alloc[2182bb758b4b3781]::string::String>, fn() -> core[df12db4294e9bfd3]::result::Result<(), alloc[2182bb758b4b3781]::string::String>>
[INFO] [stdout]                                at /rustc/dfb0accb7f508ae8be965d8629557221c889dd98/library/test/src/lib.rs:733:18
[INFO] [stdout]   24:     0x606a87a96445 - test[9d35eded1c95d3be]::run_test_in_process::{closure#0}
[INFO] [stdout]                                at /rustc/dfb0accb7f508ae8be965d8629557221c889dd98/library/test/src/lib.rs:756:74
[INFO] [stdout]   25:     0x606a87a96445 - <core[df12db4294e9bfd3]::panic::unwind_safe::AssertUnwindSafe<test[9d35eded1c95d3be]::run_test_in_process::{closure#0}> as core[df12db4294e9bfd3]::ops::function::FnOnce<()>>::call_once
[INFO] [stdout]                                at /rustc/dfb0accb7f508ae8be965d8629557221c889dd98/library/core/src/panic/unwind_safe.rs:275:9
[INFO] [stdout]   26:     0x606a87a96445 - std[70759c8f55707aa4]::panicking::catch_unwind::do_call::<core[df12db4294e9bfd3]::panic::unwind_safe::AssertUnwindSafe<test[9d35eded1c95d3be]::run_test_in_process::{closure#0}>, core[df12db4294e9bfd3]::result::Result<(), alloc[2182bb758b4b3781]::string::String>>
[INFO] [stdout]                                at /rustc/dfb0accb7f508ae8be965d8629557221c889dd98/library/std/src/panicking.rs:576:43
[INFO] [stdout]   27:     0x606a87a96445 - std[70759c8f55707aa4]::panicking::catch_unwind::<core[df12db4294e9bfd3]::result::Result<(), alloc[2182bb758b4b3781]::string::String>, core[df12db4294e9bfd3]::panic::unwind_safe::AssertUnwindSafe<test[9d35eded1c95d3be]::run_test_in_process::{closure#0}>>
[INFO] [stdout]                                at /rustc/dfb0accb7f508ae8be965d8629557221c889dd98/library/std/src/panicking.rs:544:19
[INFO] [stdout]   28:     0x606a87a96445 - std[70759c8f55707aa4]::panic::catch_unwind::<core[df12db4294e9bfd3]::panic::unwind_safe::AssertUnwindSafe<test[9d35eded1c95d3be]::run_test_in_process::{closure#0}>, core[df12db4294e9bfd3]::result::Result<(), alloc[2182bb758b4b3781]::string::String>>
[INFO] [stdout]                                at /rustc/dfb0accb7f508ae8be965d8629557221c889dd98/library/std/src/panic.rs:359:14
[INFO] [stdout]   29:     0x606a87a96445 - test[9d35eded1c95d3be]::run_test_in_process
[INFO] [stdout]                                at /rustc/dfb0accb7f508ae8be965d8629557221c889dd98/library/test/src/lib.rs:756:27
[INFO] [stdout]   30:     0x606a87a96445 - test[9d35eded1c95d3be]::run_test::{closure#0}
[INFO] [stdout]                                at /rustc/dfb0accb7f508ae8be965d8629557221c889dd98/library/test/src/lib.rs:677:43
[INFO] [stdout]   31:     0x606a87a8fd04 - test[9d35eded1c95d3be]::run_test::{closure#1}
[INFO] [stdout]                                at /rustc/dfb0accb7f508ae8be965d8629557221c889dd98/library/test/src/lib.rs:707:41
[INFO] [stdout]   32:     0x606a87a8fd04 - std[70759c8f55707aa4]::sys::backtrace::__rust_begin_short_backtrace::<test[9d35eded1c95d3be]::run_test::{closure#1}, ()>
[INFO] [stdout]                                at /rustc/dfb0accb7f508ae8be965d8629557221c889dd98/library/std/src/sys/backtrace.rs:166:18
[INFO] [stdout]   33:     0x606a87a995a2 - std[70759c8f55707aa4]::thread::lifecycle::spawn_unchecked::<test[9d35eded1c95d3be]::run_test::{closure#1}, ()>::{closure#1}::{closure#0}
[INFO] [stdout]                                at /rustc/dfb0accb7f508ae8be965d8629557221c889dd98/library/std/src/thread/lifecycle.rs:70:13
[INFO] [stdout]   34:     0x606a87a995a2 - <core[df12db4294e9bfd3]::panic::unwind_safe::AssertUnwindSafe<std[70759c8f55707aa4]::thread::lifecycle::spawn_unchecked<test[9d35eded1c95d3be]::run_test::{closure#1}, ()>::{closure#1}::{closure#0}> as core[df12db4294e9bfd3]::ops::function::FnOnce<()>>::call_once
[INFO] [stdout]                                at /rustc/dfb0accb7f508ae8be965d8629557221c889dd98/library/core/src/panic/unwind_safe.rs:275:9
[INFO] [stdout]   35:     0x606a87a995a2 - std[70759c8f55707aa4]::panicking::catch_unwind::do_call::<core[df12db4294e9bfd3]::panic::unwind_safe::AssertUnwindSafe<std[70759c8f55707aa4]::thread::lifecycle::spawn_unchecked<test[9d35eded1c95d3be]::run_test::{closure#1}, ()>::{closure#1}::{closure#0}>, ()>
[INFO] [stdout]                                at /rustc/dfb0accb7f508ae8be965d8629557221c889dd98/library/std/src/panicking.rs:576:43
[INFO] [stdout]   36:     0x606a87a995a2 - std[70759c8f55707aa4]::panicking::catch_unwind::<(), core[df12db4294e9bfd3]::panic::unwind_safe::AssertUnwindSafe<std[70759c8f55707aa4]::thread::lifecycle::spawn_unchecked<test[9d35eded1c95d3be]::run_test::{closure#1}, ()>::{closure#1}::{closure#0}>>
[INFO] [stdout]                                at /rustc/dfb0accb7f508ae8be965d8629557221c889dd98/library/std/src/panicking.rs:544:19
[INFO] [stdout]   37:     0x606a87a995a2 - std[70759c8f55707aa4]::panic::catch_unwind::<core[df12db4294e9bfd3]::panic::unwind_safe::AssertUnwindSafe<std[70759c8f55707aa4]::thread::lifecycle::spawn_unchecked<test[9d35eded1c95d3be]::run_test::{closure#1}, ()>::{closure#1}::{closure#0}>, ()>
[INFO] [stdout]                                at /rustc/dfb0accb7f508ae8be965d8629557221c889dd98/library/std/src/panic.rs:359:14
[INFO] [stdout]   38:     0x606a87a995a2 - std[70759c8f55707aa4]::thread::lifecycle::spawn_unchecked::<test[9d35eded1c95d3be]::run_test::{closure#1}, ()>::{closure#1}
[INFO] [stdout]                                at /rustc/dfb0accb7f508ae8be965d8629557221c889dd98/library/std/src/thread/lifecycle.rs:68:26
[INFO] [stdout]   39:     0x606a87a995a2 - <std[70759c8f55707aa4]::thread::lifecycle::spawn_unchecked<test[9d35eded1c95d3be]::run_test::{closure#1}, ()>::{closure#1} as core[df12db4294e9bfd3]::ops::function::FnOnce<()>>::call_once::{shim:vtable#0}
[INFO] [stdout]                                at /rustc/dfb0accb7f508ae8be965d8629557221c889dd98/library/core/src/ops/function.rs:250:5
[INFO] [stdout]   40:     0x606a881ae919 - <alloc[2182bb758b4b3781]::boxed::Box<dyn core[df12db4294e9bfd3]::ops::function::FnOnce<(), Output = ()> + core[df12db4294e9bfd3]::marker::Send> as core[df12db4294e9bfd3]::ops::function::FnOnce<()>>::call_once
[INFO] [stdout]                                at /rustc/dfb0accb7f508ae8be965d8629557221c889dd98/library/alloc/src/boxed.rs:2320:9
[INFO] [stdout]   41:     0x606a881ae919 - <std[70759c8f55707aa4]::sys::thread::unix::Thread>::new::thread_start
[INFO] [stdout]                                at /rustc/dfb0accb7f508ae8be965d8629557221c889dd98/library/std/src/sys/thread/unix.rs:123:17
[INFO] [stdout]   42:     0x75fa09c06dfa - <unknown>
[INFO] [stdout]   43:     0x75fa09c9a3d4 - clone
[INFO] [stdout]   44:                0x0 - <unknown>
[INFO] [stdout] 
[INFO] [stdout] 
[INFO] [stdout] failures:
[INFO] [stdout]     build_scan_status_no_duplicates
[INFO] [stdout] 
[INFO] [stdout] test result: FAILED. 0 passed; 1 failed; 0 ignored; 0 measured; 0 filtered out; finished in 36.54s
[INFO] [stdout] 
[INFO] [stderr] error: test failed, to rerun pass `-p rieko-cli --test release_e2e`
[INFO] running `Command { std: "docker" "inspect" "8eb7b96af84c6f8c2d7d23c82ee76bd7be4546123e2c57f986d4308ea4043f1b", kill_on_drop: false }`
[INFO] running `Command { std: "docker" "rm" "-f" "8eb7b96af84c6f8c2d7d23c82ee76bd7be4546123e2c57f986d4308ea4043f1b", kill_on_drop: false }`
[INFO] [stdout] 8eb7b96af84c6f8c2d7d23c82ee76bd7be4546123e2c57f986d4308ea4043f1b
