[INFO] cloning repository https://github.com/carlosbertoncelli/swarc
[INFO] running `Command { std: "git" "-c" "credential.helper=" "-c" "credential.helper=/workspace/cargo-home/bin/git-credential-null" "clone" "--bare" "https://github.com/carlosbertoncelli/swarc" "/workspace/cache/git-repos/https%3A%2F%2Fgithub.com%2Fcarlosbertoncelli%2Fswarc", kill_on_drop: false }`
[INFO] [stderr] Cloning into bare repository '/workspace/cache/git-repos/https%3A%2F%2Fgithub.com%2Fcarlosbertoncelli%2Fswarc'...
[INFO] running `Command { std: "git" "rev-parse" "HEAD", kill_on_drop: false }`
[INFO] [stdout] 714c1d92830f2298fb27223fb17a81c1d3d2b72a
[INFO] testing carlosbertoncelli/swarc against 1.99.0-beta.8 for beta-1.100-2
[INFO] running `Command { std: "git" "clone" "/workspace/cache/git-repos/https%3A%2F%2Fgithub.com%2Fcarlosbertoncelli%2Fswarc" "/workspace/builds/worker-2-tc1/source", kill_on_drop: false }`
[INFO] [stderr] Cloning into '/workspace/builds/worker-2-tc1/source'...
[INFO] [stderr] done.
[INFO] started tweaking git repo https://github.com/carlosbertoncelli/swarc
[INFO] finished tweaking git repo https://github.com/carlosbertoncelli/swarc
[INFO] tweaked toml for git repo https://github.com/carlosbertoncelli/swarc written to /workspace/builds/worker-2-tc1/source/Cargo.toml
[INFO] validating manifest of git repo https://github.com/carlosbertoncelli/swarc on toolchain 1.99.0-beta.8
[INFO] running `Command { std: CARGO_HOME="/workspace/cargo-home" RUSTUP_HOME="/workspace/rustup-home" "/workspace/cargo-home/bin/cargo" "+1.99.0-beta.8" "metadata" "--manifest-path" "Cargo.toml" "--no-deps", kill_on_drop: false }`
[INFO] crate git repo https://github.com/carlosbertoncelli/swarc already has a lockfile, it will not be regenerated
[INFO] running `Command { std: CARGO_HOME="/workspace/cargo-home" RUSTUP_HOME="/workspace/rustup-home" "/workspace/cargo-home/bin/cargo" "+1.99.0-beta.8" "fetch" "--manifest-path" "Cargo.toml", kill_on_drop: false }`
[INFO] [stderr]     Updating crates.io index
[INFO] [stderr]  Downloading crates ...
[INFO] [stderr]   Downloaded serde_json v1.0.145
[INFO] [stderr]   Downloaded float-ord v0.3.2
[INFO] [stderr]   Downloaded wio v0.2.2
[INFO] [stderr]   Downloaded pathfinder_geometry v0.5.1
[INFO] [stderr]   Downloaded yeslogic-fontconfig-sys v6.0.0
[INFO] [stderr]   Downloaded plotters-bitmap v0.3.7
[INFO] [stderr]   Downloaded windows-result v0.4.0
[INFO] [stderr]   Downloaded windows-strings v0.5.0
[INFO] [stderr]   Downloaded dwrote v0.11.4
[INFO] [stderr]   Downloaded thiserror-impl v2.0.17
[INFO] [stderr]   Downloaded core-text v20.1.0
[INFO] [stderr]   Downloaded thiserror v2.0.17
[INFO] [stderr]   Downloaded pathfinder_simd v0.5.5
[INFO] [stderr]   Downloaded iana-time-zone v0.1.64
[INFO] [stderr]   Downloaded weezl v0.1.10
[INFO] [stderr]   Downloaded font-kit v0.14.3
[INFO] [stderr]   Downloaded windows-core v0.62.1
[INFO] [stderr]   Downloaded chrono v0.4.42
[INFO] [stderr]   Downloaded gif v0.12.0
[INFO] [stderr]   Downloaded web-sys v0.3.81
[INFO] [stderr]   Downloaded jpeg-decoder v0.3.2
[INFO] [stderr]   Downloaded freetype-sys v0.20.1
[INFO] running `Command { std: "docker" "create" "-v" "/var/lib/crater-agent-workspace/builds/worker-2-tc1/source:/opt/rustwide/workdir:ro,Z" "-v" "/var/lib/crater-agent-workspace/builds/worker-2-tc1/target:/opt/rustwide/target:rw,Z" "-v" "/var/lib/crater-agent-workspace/cargo-home:/opt/rustwide/cargo-home:ro,Z" "-v" "/var/lib/crater-agent-workspace/rustup-home:/opt/rustwide/rustup-home:ro,Z" "-m" "1610612736" "--network" "none" "ghcr.io/rust-lang/crates-build-env/linux@sha256:3111399a4047eeb3a02b7a90e478d715f38a8c6669b5c4b49d30a17385265909" "sleep" "infinity", kill_on_drop: false }`
[INFO] [stdout] 4c2f5f0b0d4dc4ddd3c16fb8fab6929c19552ba0a0547af864b5cf8cdff35af8
[INFO] running `Command { std: "docker" "start" "4c2f5f0b0d4dc4ddd3c16fb8fab6929c19552ba0a0547af864b5cf8cdff35af8", kill_on_drop: false }`
[INFO] running `Command { std: "docker" "inspect" "4c2f5f0b0d4dc4ddd3c16fb8fab6929c19552ba0a0547af864b5cf8cdff35af8", kill_on_drop: false }`
[INFO] running `Command { std: "docker" "exec" "-e" "SOURCE_DIR=/opt/rustwide/workdir" "-e" "CARGO_HOME=/opt/rustwide/cargo-home" "-e" "RUSTUP_HOME=/opt/rustwide/rustup-home" "-e" "CARGO_TARGET_DIR=/opt/rustwide/target" "-w" "/opt/rustwide/workdir" "--user" "0:0" "4c2f5f0b0d4dc4ddd3c16fb8fab6929c19552ba0a0547af864b5cf8cdff35af8" "/opt/rustwide/cargo-home/bin/cargo" "+1.99.0-beta.8" "metadata" "--no-deps" "--format-version=1", kill_on_drop: false }`
[INFO] running `Command { std: "docker" "inspect" "4c2f5f0b0d4dc4ddd3c16fb8fab6929c19552ba0a0547af864b5cf8cdff35af8", kill_on_drop: false }`
[INFO] running `Command { std: "docker" "exec" "-e" "SOURCE_DIR=/opt/rustwide/workdir" "-e" "CARGO_HOME=/opt/rustwide/cargo-home" "-e" "RUSTUP_HOME=/opt/rustwide/rustup-home" "-e" "CARGO_TARGET_DIR=/opt/rustwide/target" "-e" "CARGO_INCREMENTAL=0" "-e" "RUST_BACKTRACE=full" "-e" "RUSTFLAGS=--cap-lints=warn" "-e" "RUSTDOCFLAGS=--cap-lints=warn" "-w" "/opt/rustwide/workdir" "--user" "0:0" "4c2f5f0b0d4dc4ddd3c16fb8fab6929c19552ba0a0547af864b5cf8cdff35af8" "/opt/rustwide/cargo-home/bin/cargo" "+1.99.0-beta.8" "build" "--frozen" "--message-format=json", kill_on_drop: false }`
[INFO] [stderr]    Compiling cfg-if v1.0.3
[INFO] [stderr]    Compiling libc v0.2.176
[INFO] [stderr]    Compiling crossbeam-utils v0.8.21
[INFO] [stderr]    Compiling autocfg v1.5.0
[INFO] [stderr]    Compiling simd-adler32 v0.3.7
[INFO] [stderr]    Compiling find-msvc-tools v0.1.2
[INFO] [stderr]    Compiling semver v1.0.27
[INFO] [stderr]    Compiling crc32fast v1.5.0
[INFO] [stderr]    Compiling adler2 v2.0.1
[INFO] [stderr]    Compiling proc-macro2 v1.0.101
[INFO] [stderr]    Compiling cc v1.2.39
[INFO] [stderr]    Compiling miniz_oxide v0.8.9
[INFO] [stderr]    Compiling rustc_version v0.4.1
[INFO] [stderr]    Compiling num-traits v0.2.19
[INFO] [stderr]    Compiling yeslogic-fontconfig-sys v6.0.0
[INFO] [stderr]    Compiling zerocopy v0.8.27
[INFO] [stderr]    Compiling unicode-ident v1.0.19
[INFO] [stderr]    Compiling quote v1.0.41
[INFO] [stderr]    Compiling pathfinder_simd v0.5.5
[INFO] [stderr]    Compiling fdeflate v0.3.7
[INFO] [stderr]    Compiling crossbeam-epoch v0.9.18
[INFO] [stderr]    Compiling flate2 v1.1.2
[INFO] [stderr]    Compiling libloading v0.8.9
[INFO] [stderr]    Compiling color_quant v1.1.0
[INFO] [stderr]    Compiling png v0.17.16
[INFO] [stderr]    Compiling dlib v0.5.2
[INFO] [stderr]    Compiling crossbeam-deque v0.8.6
[INFO] [stderr]    Compiling rayon-core v1.13.0
[INFO] [stderr]    Compiling plotters-backend v0.3.7
[INFO] [stderr]    Compiling font-kit v0.14.3
[INFO] [stderr]    Compiling log v0.4.28
[INFO] [stderr]    Compiling getrandom v0.2.16
[INFO] [stderr]    Compiling dirs-sys v0.5.0
[INFO] [stderr]    Compiling jpeg-decoder v0.3.2
[INFO] [stderr]    Compiling bytemuck v1.23.2
[INFO] [stderr]    Compiling weezl v0.1.10
[INFO] [stderr]    Compiling pathfinder_geometry v0.5.1
[INFO] [stderr]    Compiling freetype-sys v0.20.1
[INFO] [stderr]    Compiling dirs v6.0.0
[INFO] [stderr]    Compiling rand_core v0.6.4
[INFO] [stderr]    Compiling syn v2.0.106
[INFO] [stderr]    Compiling gif v0.12.0
[INFO] [stderr]    Compiling bitflags v2.9.4
[INFO] [stderr]    Compiling float-ord v0.3.2
[INFO] [stderr]    Compiling image v0.24.9
[INFO] [stderr]    Compiling serde_json v1.0.145
[INFO] [stderr]    Compiling iana-time-zone v0.1.64
[INFO] [stderr]    Compiling chrono v0.4.42
[INFO] [stderr]    Compiling plotters-svg v0.3.7
[INFO] [stderr]    Compiling crossbeam-queue v0.3.12
[INFO] [stderr]    Compiling crossbeam-channel v0.5.15
[INFO] [stderr]    Compiling either v1.15.0
[INFO] [stderr]    Compiling memchr v2.7.6
[INFO] [stderr]    Compiling ttf-parser v0.20.0
[INFO] [stderr]    Compiling ppv-lite86 v0.2.21
[INFO] [stderr]    Compiling crossbeam v0.8.4
[INFO] [stderr]    Compiling rayon v1.11.0
[INFO] [stderr]    Compiling num_cpus v1.17.0
[INFO] [stderr]    Compiling rand_chacha v0.3.1
[INFO] [stderr]    Compiling rand v0.8.5
[INFO] [stderr]    Compiling plotters-bitmap v0.3.7
[INFO] [stderr]    Compiling serde_derive v1.0.228
[INFO] [stderr]    Compiling plotters v0.3.7
[INFO] [stderr]    Compiling serde v1.0.228
[INFO] [stderr]    Compiling swarc v0.1.0 (/opt/rustwide/workdir)
[INFO] [stdout] warning: struct `IndexSnapshot` is never constructed
[INFO] [stdout]  --> src/insert.rs:7:8
[INFO] [stdout]   |
[INFO] [stdout] 7 | struct IndexSnapshot<T> {
[INFO] [stdout]   |        ^^^^^^^^^^^^^
[INFO] [stdout]   |
[INFO] [stdout]   = note: `#[warn(dead_code)]` (part of `#[warn(unused)]`) on by default
[INFO] [stdout] 
[INFO] [stdout] 
[INFO] [stdout] warning: struct `ConnectionUpdate` is never constructed
[INFO] [stdout]   --> src/insert.rs:18:8
[INFO] [stdout]    |
[INFO] [stdout] 18 | struct ConnectionUpdate {
[INFO] [stdout]    |        ^^^^^^^^^^^^^^^^
[INFO] [stdout] 
[INFO] [stdout] 
[INFO] [stdout] warning: methods `build_connections_for_node`, `insert_single_with_level`, `compute_connections_parallel`, `search_layer_snapshot`, `select_neighbors_snapshot`, and `apply_connection_update` are never used
[INFO] [stdout]    --> src/insert.rs:284:8
[INFO] [stdout]     |
[INFO] [stdout]  25 | impl<T: Clone + Send + Sync> HNSWIndex<T> {
[INFO] [stdout]     | ----------------------------------------- methods in this implementation
[INFO] [stdout] ...
[INFO] [stdout] 284 |     fn build_connections_for_node(&mut self, node_index: usize, embedding: &[f32], level: usize) -> Result<(), String> {
[INFO] [stdout]     |        ^^^^^^^^^^^^^^^^^^^^^^^^^^
[INFO] [stdout] ...
[INFO] [stdout] 365 |     fn insert_single_with_level(&mut self, id: String, embedding: Vec<f32>, document: Option<Document<T>>, level: usize) -> Result<...
[INFO] [stdout]     |        ^^^^^^^^^^^^^^^^^^^^^^^^
[INFO] [stdout] ...
[INFO] [stdout] 474 |     fn compute_connections_parallel(
[INFO] [stdout]     |        ^^^^^^^^^^^^^^^^^^^^^^^^^^^^
[INFO] [stdout] ...
[INFO] [stdout] 525 |     fn search_layer_snapshot(
[INFO] [stdout]     |        ^^^^^^^^^^^^^^^^^^^^^
[INFO] [stdout] ...
[INFO] [stdout] 595 |     fn select_neighbors_snapshot(&self, snapshot: &IndexSnapshot<T>, candidates: &[(usize, f32)], m: usize) -> Vec<usize> {
[INFO] [stdout]     |        ^^^^^^^^^^^^^^^^^^^^^^^^^
[INFO] [stdout] ...
[INFO] [stdout] 638 |     fn apply_connection_update(&mut self, update: ConnectionUpdate) {
[INFO] [stdout]     |        ^^^^^^^^^^^^^^^^^^^^^^^
[INFO] [stdout] 
[INFO] [stdout] 
[INFO] [stderr]     Finished `dev` profile [unoptimized + debuginfo] target(s) in 50.71s
[INFO] running `Command { std: "docker" "inspect" "4c2f5f0b0d4dc4ddd3c16fb8fab6929c19552ba0a0547af864b5cf8cdff35af8", kill_on_drop: false }`
[INFO] running `Command { std: "docker" "exec" "-e" "SOURCE_DIR=/opt/rustwide/workdir" "-e" "CARGO_HOME=/opt/rustwide/cargo-home" "-e" "RUSTUP_HOME=/opt/rustwide/rustup-home" "-e" "CARGO_TARGET_DIR=/opt/rustwide/target" "-e" "CARGO_INCREMENTAL=0" "-e" "RUST_BACKTRACE=full" "-e" "RUSTFLAGS=--cap-lints=warn" "-e" "RUSTDOCFLAGS=--cap-lints=warn" "-w" "/opt/rustwide/workdir" "--user" "0:0" "4c2f5f0b0d4dc4ddd3c16fb8fab6929c19552ba0a0547af864b5cf8cdff35af8" "/opt/rustwide/cargo-home/bin/cargo" "+1.99.0-beta.8" "test" "--frozen" "--no-run" "--message-format=json", kill_on_drop: false }`
[INFO] [stderr]    Compiling swarc v0.1.0 (/opt/rustwide/workdir)
[INFO] [stdout] warning: struct `IndexSnapshot` is never constructed
[INFO] [stdout]  --> src/insert.rs:7:8
[INFO] [stdout]   |
[INFO] [stdout] 7 | struct IndexSnapshot<T> {
[INFO] [stdout]   |        ^^^^^^^^^^^^^
[INFO] [stdout]   |
[INFO] [stdout]   = note: `#[warn(dead_code)]` (part of `#[warn(unused)]`) on by default
[INFO] [stdout] 
[INFO] [stdout] 
[INFO] [stdout] warning: struct `ConnectionUpdate` is never constructed
[INFO] [stdout]   --> src/insert.rs:18:8
[INFO] [stdout]    |
[INFO] [stdout] 18 | struct ConnectionUpdate {
[INFO] [stdout]    |        ^^^^^^^^^^^^^^^^
[INFO] [stdout] 
[INFO] [stdout] 
[INFO] [stdout] warning: methods `build_connections_for_node`, `insert_single_with_level`, `compute_connections_parallel`, `search_layer_snapshot`, `select_neighbors_snapshot`, and `apply_connection_update` are never used
[INFO] [stdout]    --> src/insert.rs:284:8
[INFO] [stdout]     |
[INFO] [stdout]  25 | impl<T: Clone + Send + Sync> HNSWIndex<T> {
[INFO] [stdout]     | ----------------------------------------- methods in this implementation
[INFO] [stdout] ...
[INFO] [stdout] 284 |     fn build_connections_for_node(&mut self, node_index: usize, embedding: &[f32], level: usize) -> Result<(), String> {
[INFO] [stdout]     |        ^^^^^^^^^^^^^^^^^^^^^^^^^^
[INFO] [stdout] ...
[INFO] [stdout] 365 |     fn insert_single_with_level(&mut self, id: String, embedding: Vec<f32>, document: Option<Document<T>>, level: usize) -> Result<...
[INFO] [stdout]     |        ^^^^^^^^^^^^^^^^^^^^^^^^
[INFO] [stdout] ...
[INFO] [stdout] 474 |     fn compute_connections_parallel(
[INFO] [stdout]     |        ^^^^^^^^^^^^^^^^^^^^^^^^^^^^
[INFO] [stdout] ...
[INFO] [stdout] 525 |     fn search_layer_snapshot(
[INFO] [stdout]     |        ^^^^^^^^^^^^^^^^^^^^^
[INFO] [stdout] ...
[INFO] [stdout] 595 |     fn select_neighbors_snapshot(&self, snapshot: &IndexSnapshot<T>, candidates: &[(usize, f32)], m: usize) -> Vec<usize> {
[INFO] [stdout]     |        ^^^^^^^^^^^^^^^^^^^^^^^^^
[INFO] [stdout] ...
[INFO] [stdout] 638 |     fn apply_connection_update(&mut self, update: ConnectionUpdate) {
[INFO] [stdout]     |        ^^^^^^^^^^^^^^^^^^^^^^^
[INFO] [stdout] 
[INFO] [stdout] 
[INFO] [stdout] warning: comparison is useless due to type limits
[INFO] [stdout]   --> tests/index_tests.rs:86:17
[INFO] [stdout]    |
[INFO] [stdout] 86 |         assert!(*level >= 0); // This is always true for usize, but kept for clarity
[INFO] [stdout]    |                 ^^^^^^^^^^^
[INFO] [stdout]    |
[INFO] [stdout]    = note: `#[warn(unused_comparisons)]` on by default
[INFO] [stdout] 
[INFO] [stdout] 
[INFO] [stdout] warning: struct `IndexSnapshot` is never constructed
[INFO] [stdout]  --> src/insert.rs:7:8
[INFO] [stdout]   |
[INFO] [stdout] 7 | struct IndexSnapshot<T> {
[INFO] [stdout]   |        ^^^^^^^^^^^^^
[INFO] [stdout]   |
[INFO] [stdout]   = note: `#[warn(dead_code)]` (part of `#[warn(unused)]`) on by default
[INFO] [stdout] 
[INFO] [stdout] 
[INFO] [stdout] warning: struct `ConnectionUpdate` is never constructed
[INFO] [stdout]   --> src/insert.rs:18:8
[INFO] [stdout]    |
[INFO] [stdout] 18 | struct ConnectionUpdate {
[INFO] [stdout]    |        ^^^^^^^^^^^^^^^^
[INFO] [stdout] 
[INFO] [stdout] 
[INFO] [stdout] warning: methods `build_connections_for_node`, `insert_single_with_level`, `compute_connections_parallel`, `search_layer_snapshot`, `select_neighbors_snapshot`, and `apply_connection_update` are never used
[INFO] [stdout]    --> src/insert.rs:284:8
[INFO] [stdout]     |
[INFO] [stdout]  25 | impl<T: Clone + Send + Sync> HNSWIndex<T> {
[INFO] [stdout]     | ----------------------------------------- methods in this implementation
[INFO] [stdout] ...
[INFO] [stdout] 284 |     fn build_connections_for_node(&mut self, node_index: usize, embedding: &[f32], level: usize) -> Result<(), String> {
[INFO] [stdout]     |        ^^^^^^^^^^^^^^^^^^^^^^^^^^
[INFO] [stdout] ...
[INFO] [stdout] 365 |     fn insert_single_with_level(&mut self, id: String, embedding: Vec<f32>, document: Option<Document<T>>, level: usize) -> Result<...
[INFO] [stdout]     |        ^^^^^^^^^^^^^^^^^^^^^^^^
[INFO] [stdout] ...
[INFO] [stdout] 474 |     fn compute_connections_parallel(
[INFO] [stdout]     |        ^^^^^^^^^^^^^^^^^^^^^^^^^^^^
[INFO] [stdout] ...
[INFO] [stdout] 525 |     fn search_layer_snapshot(
[INFO] [stdout]     |        ^^^^^^^^^^^^^^^^^^^^^
[INFO] [stdout] ...
[INFO] [stdout] 595 |     fn select_neighbors_snapshot(&self, snapshot: &IndexSnapshot<T>, candidates: &[(usize, f32)], m: usize) -> Vec<usize> {
[INFO] [stdout]     |        ^^^^^^^^^^^^^^^^^^^^^^^^^
[INFO] [stdout] ...
[INFO] [stdout] 638 |     fn apply_connection_update(&mut self, update: ConnectionUpdate) {
[INFO] [stdout]     |        ^^^^^^^^^^^^^^^^^^^^^^^
[INFO] [stdout] 
[INFO] [stdout] 
[INFO] [stderr]     Finished `test` profile [unoptimized + debuginfo] target(s) in 5.45s
[INFO] running `Command { std: "docker" "inspect" "4c2f5f0b0d4dc4ddd3c16fb8fab6929c19552ba0a0547af864b5cf8cdff35af8", kill_on_drop: false }`
[INFO] running `Command { std: "docker" "exec" "-e" "SOURCE_DIR=/opt/rustwide/workdir" "-e" "CARGO_HOME=/opt/rustwide/cargo-home" "-e" "RUSTUP_HOME=/opt/rustwide/rustup-home" "-e" "CARGO_TARGET_DIR=/opt/rustwide/target" "-e" "CARGO_INCREMENTAL=0" "-e" "RUST_BACKTRACE=full" "-e" "RUSTFLAGS=--cap-lints=warn" "-e" "RUSTDOCFLAGS=--cap-lints=warn" "-w" "/opt/rustwide/workdir" "--user" "0:0" "4c2f5f0b0d4dc4ddd3c16fb8fab6929c19552ba0a0547af864b5cf8cdff35af8" "/opt/rustwide/cargo-home/bin/cargo" "+1.99.0-beta.8" "test" "--frozen", kill_on_drop: false }`
[INFO] [stderr] warning: struct `IndexSnapshot` is never constructed
[INFO] [stderr]  --> src/insert.rs:7:8
[INFO] [stderr]   |
[INFO] [stderr] 7 | struct IndexSnapshot<T> {
[INFO] [stderr]   |        ^^^^^^^^^^^^^
[INFO] [stderr]   |
[INFO] [stderr]   = note: `#[warn(dead_code)]` (part of `#[warn(unused)]`) on by default
[INFO] [stderr] 
[INFO] [stderr] warning: struct `ConnectionUpdate` is never constructed
[INFO] [stderr]   --> src/insert.rs:18:8
[INFO] [stdout] 
[INFO] [stderr]    |
[INFO] [stdout] running 0 tests
[INFO] [stderr] 18 | struct ConnectionUpdate {
[INFO] [stdout] 
[INFO] [stderr]    |        ^^^^^^^^^^^^^^^^
[INFO] [stdout] test result: ok. 0 passed; 0 failed; 0 ignored; 0 measured; 0 filtered out; finished in 0.00s
[INFO] [stderr] 
[INFO] [stdout] 
[INFO] [stderr] warning: methods `build_connections_for_node`, `insert_single_with_level`, `compute_connections_parallel`, `search_layer_snapshot`, `select_neighbors_snapshot`, and `apply_connection_update` are never used
[INFO] [stderr]    --> src/insert.rs:284:8
[INFO] [stderr]     |
[INFO] [stderr]  25 | impl<T: Clone + Send + Sync> HNSWIndex<T> {
[INFO] [stderr]     | ----------------------------------------- methods in this implementation
[INFO] [stderr] ...
[INFO] [stderr] 284 |     fn build_connections_for_node(&mut self, node_index: usize, embedding: &[f32], level: usize) -> Result<(), String> {
[INFO] [stderr]     |        ^^^^^^^^^^^^^^^^^^^^^^^^^^
[INFO] [stderr] ...
[INFO] [stderr] 365 |     fn insert_single_with_level(&mut self, id: String, embedding: Vec<f32>, document: Option<Document<T>>, level: usize) -> Result<...
[INFO] [stderr]     |        ^^^^^^^^^^^^^^^^^^^^^^^^
[INFO] [stderr] ...
[INFO] [stderr] 474 |     fn compute_connections_parallel(
[INFO] [stderr]     |        ^^^^^^^^^^^^^^^^^^^^^^^^^^^^
[INFO] [stderr] ...
[INFO] [stderr] 525 |     fn search_layer_snapshot(
[INFO] [stderr]     |        ^^^^^^^^^^^^^^^^^^^^^
[INFO] [stderr] ...
[INFO] [stderr] 595 |     fn select_neighbors_snapshot(&self, snapshot: &IndexSnapshot<T>, candidates: &[(usize, f32)], m: usize) -> Vec<usize> {
[INFO] [stderr]     |        ^^^^^^^^^^^^^^^^^^^^^^^^^
[INFO] [stderr] ...
[INFO] [stderr] 638 |     fn apply_connection_update(&mut self, update: ConnectionUpdate) {
[INFO] [stderr]     |        ^^^^^^^^^^^^^^^^^^^^^^^
[INFO] [stderr] 
[INFO] [stderr] warning: `swarc` (lib) generated 3 warnings
[INFO] [stderr] warning: `swarc` (lib test) generated 3 warnings (3 duplicates)
[INFO] [stderr] warning: comparison is useless due to type limits
[INFO] [stderr]   --> tests/index_tests.rs:86:17
[INFO] [stderr]    |
[INFO] [stderr] 86 |         assert!(*level >= 0); // This is always true for usize, but kept for clarity
[INFO] [stderr]    |                 ^^^^^^^^^^^
[INFO] [stderr]    |
[INFO] [stderr]    = note: `#[warn(unused_comparisons)]` on by default
[INFO] [stderr] 
[INFO] [stderr] warning: `swarc` (test "index_tests") generated 1 warning
[INFO] [stderr]     Finished `test` profile [unoptimized + debuginfo] target(s) in 0.16s
[INFO] [stderr]      Running unittests src/lib.rs (/opt/rustwide/target/debug/deps/swarc-d4ca07fc1e813995)
[INFO] [stderr]      Running unittests performance_tests/benchmark.rs (/opt/rustwide/target/debug/deps/benchmark-20c0af19a765b75d)
[INFO] [stdout] 
[INFO] [stderr]      Running unittests performance_tests/plot_results.rs (/opt/rustwide/target/debug/deps/plot_results-7e58d8131b5a8c64)
[INFO] [stdout] running 0 tests
[INFO] [stdout] 
[INFO] [stdout] test result: ok. 0 passed; 0 failed; 0 ignored; 0 measured; 0 filtered out; finished in 0.00s
[INFO] [stdout] 
[INFO] [stderr]      Running unittests src/main.rs (/opt/rustwide/target/debug/deps/swarc-895a219501f92c8a)
[INFO] [stdout] 
[INFO] [stdout] running 0 tests
[INFO] [stdout] 
[INFO] [stdout] test result: ok. 0 passed; 0 failed; 0 ignored; 0 measured; 0 filtered out; finished in 0.00s
[INFO] [stdout] 
[INFO] [stdout] 
[INFO] [stdout] running 0 tests
[INFO] [stdout] 
[INFO] [stdout] test result: ok. 0 passed; 0 failed; 0 ignored; 0 measured; 0 filtered out; finished in 0.00s
[INFO] [stdout] 
[INFO] [stderr]      Running tests/index_tests.rs (/opt/rustwide/target/debug/deps/index_tests-0bc6cd9dc78eeb8a)
[INFO] [stdout] 
[INFO] [stdout] running 11 tests
[INFO] [stdout] test test_distance_calculation ... ok
[INFO] [stdout] test test_cosine_distance ... ok
[INFO] [stdout] test test_distance_symmetry ... ok
[INFO] [stdout] test test_distance_zero_vectors ... ok
[INFO] [stdout] test test_distance_metric_creation ... ok
[INFO] [stdout] test test_distance_metric_consistency ... ok
[INFO] [stdout] test test_index_creation_with_different_parameters ... ok
[INFO] [stdout] test test_index_creation ... ok
[INFO] [stdout] test test_index_utility_methods ... ok
[INFO] [stdout] test test_index_with_different_data_types ... ok
[INFO] [stdout] test test_level_generation ... ok
[INFO] [stdout] 
[INFO] [stdout] test result: ok. 11 passed; 0 failed; 0 ignored; 0 measured; 0 filtered out; finished in 0.01s
[INFO] [stdout] 
[INFO] [stderr]      Running tests/insert_tests.rs (/opt/rustwide/target/debug/deps/insert_tests-635bdf19c10242a1)
[INFO] [stdout] 
[INFO] [stdout] running 12 tests
[INFO] [stdout] test test_insert_without_document ... ok
[INFO] [stdout] test test_insert_with_negative_embeddings ... ok
[INFO] [stdout] test test_insert_multiple_nodes ... ok
[INFO] [stdout] test test_insert_with_zero_embedding ... ok
[INFO] [stdout] test test_insert_different_embedding_dimensions ... ok
[INFO] [stdout] test test_insert_large_dataset ... ok
[INFO] [stdout] test test_rebalance ... ok
[INFO] [stdout] test test_rebalance_empty_index ... ok
[INFO] [stdout] test test_insert_duplicate_id ... ok
[INFO] [stdout] test test_insert_single_node ... ok
[INFO] [stdout] test test_select_neighbors ... ok
[INFO] [stdout] test test_select_neighbors_less_candidates_than_m ... ok
[INFO] [stdout] 
[INFO] [stdout] test result: ok. 12 passed; 0 failed; 0 ignored; 0 measured; 0 filtered out; finished in 0.01s
[INFO] [stdout] 
[INFO] [stderr]      Running tests/integration_tests.rs (/opt/rustwide/target/debug/deps/integration_tests-292834230c105403)
[INFO] [stdout] 
[INFO] [stdout] running 7 tests
[INFO] [stdout] test test_error_handling ... ok
[INFO] [stdout] test test_full_workflow ... ok
[INFO] [stdout] test test_different_data_types ... ok
[INFO] [stdout] test test_index_persistence_simulation ... ok
[INFO] [stdout] test test_search_accuracy ... ok
[INFO] [stdout] test test_large_dataset_operations ... ok
[INFO] [stdout] test test_performance_characteristics ... ok
[INFO] [stdout] 
[INFO] [stdout] test result: ok. 7 passed; 0 failed; 0 ignored; 0 measured; 0 filtered out; finished in 14.44s
[INFO] [stdout] 
[INFO] [stderr]      Running tests/parallel_insert_tests.rs (/opt/rustwide/target/debug/deps/parallel_insert_tests-4df6c76862344aeb)
[INFO] [stdout] 
[INFO] [stdout] running 11 tests
[INFO] [stdout] test test_parallel_insert_single_item ... ok
[INFO] [stdout] test test_parallel_insert_duplicate_ids ... ok
[INFO] [stdout] test test_parallel_insert_with_documents ... ok
[INFO] [stdout] test test_parallel_insert_empty_list ... ok
[INFO] [stdout] test test_parallel_insert_existing_id ... ok
[INFO] [stdout] test test_parallel_insert_multiple_items ... ok
[INFO] [stdout] test test_parallel_insertion_error_handling ... ok
[INFO] [stdout] test test_parallel_insertion_with_different_dimensions ... ok
[INFO] [stdout] test test_parallel_insertion_search_accuracy ... FAILED
[INFO] [stdout] test test_parallel_vs_sequential_insertion ... ok
[INFO] [stdout] test test_parallel_insert_large_dataset ... ok
[INFO] [stdout] 
[INFO] [stdout] failures:
[INFO] [stdout] 
[INFO] [stdout] ---- test_parallel_insertion_search_accuracy stdout ----
[INFO] [stdout] 
[INFO] [stdout] thread 'test_parallel_insertion_search_accuracy' (1380) panicked at tests/parallel_insert_tests.rs:241:5:
[INFO] [stdout] assertion `left == right` failed
[INFO] [stdout]   left: 0
[INFO] [stdout]  right: 2
[INFO] [stdout] stack backtrace:
[INFO] [stdout]    0:     0x5b6563b08741 - std[70759c8f55707aa4]::backtrace_rs::backtrace::libunwind::trace
[INFO] [stdout]                                at /rustc/dfb0accb7f508ae8be965d8629557221c889dd98/library/std/src/../../backtrace/src/backtrace/libunwind.rs:117:9
[INFO] [stdout]    1:     0x5b6563b08741 - std[70759c8f55707aa4]::backtrace_rs::backtrace::trace_unsynchronized::<std[70759c8f55707aa4]::sys::backtrace::_print_fmt::{closure#1}>
[INFO] [stdout]                                at /rustc/dfb0accb7f508ae8be965d8629557221c889dd98/library/std/src/../../backtrace/src/backtrace/mod.rs:66:14
[INFO] [stdout]    2:     0x5b6563b08741 - std[70759c8f55707aa4]::sys::backtrace::_print_fmt
[INFO] [stdout]                                at /rustc/dfb0accb7f508ae8be965d8629557221c889dd98/library/std/src/sys/backtrace.rs:74:9
[INFO] [stdout]    3:     0x5b6563b08741 - <<std[70759c8f55707aa4]::sys::backtrace::BacktraceLock>::print::DisplayBacktrace as core[df12db4294e9bfd3]::fmt::Display>::fmt
[INFO] [stdout]                                at /rustc/dfb0accb7f508ae8be965d8629557221c889dd98/library/std/src/sys/backtrace.rs:44:26
[INFO] [stdout]    4:     0x5b6563b1d0da - <core[df12db4294e9bfd3]::fmt::rt::Argument>::fmt
[INFO] [stdout]                                at /rustc/dfb0accb7f508ae8be965d8629557221c889dd98/library/core/src/fmt/rt.rs:152:76
[INFO] [stdout]    5:     0x5b6563b1d0da - core[df12db4294e9bfd3]::fmt::write
[INFO] [stdout]    6:     0x5b6563b0cc2c - core[df12db4294e9bfd3]::io::write::default_write_fmt::<alloc[2182bb758b4b3781]::vec::Vec<u8>>
[INFO] [stdout]                                at /rustc/dfb0accb7f508ae8be965d8629557221c889dd98/library/core/src/io/write.rs:402:11
[INFO] [stdout]    7:     0x5b6563b0cc2c - <alloc[2182bb758b4b3781]::vec::Vec<u8> as core[df12db4294e9bfd3]::io::write::Write>::write_fmt
[INFO] [stdout]                                at /rustc/dfb0accb7f508ae8be965d8629557221c889dd98/library/core/src/io/write.rs:335:13
[INFO] [stdout]    8:     0x5b6563ae4a86 - <std[70759c8f55707aa4]::sys::backtrace::BacktraceLock>::print
[INFO] [stdout]                                at /rustc/dfb0accb7f508ae8be965d8629557221c889dd98/library/std/src/sys/backtrace.rs:47:9
[INFO] [stdout]    9:     0x5b6563ae4a86 - std[70759c8f55707aa4]::panicking::default_hook::{closure#0}
[INFO] [stdout]                                at /rustc/dfb0accb7f508ae8be965d8629557221c889dd98/library/std/src/panicking.rs:292:27
[INFO] [stdout]   10:     0x5b6563b00d29 - std[70759c8f55707aa4]::panicking::default_hook
[INFO] [stdout]                                at /rustc/dfb0accb7f508ae8be965d8629557221c889dd98/library/std/src/panicking.rs:316:9
[INFO] [stdout]   11:     0x5b6563a41c80 - <alloc[2182bb758b4b3781]::boxed::Box<dyn for<'a, 'b> core[df12db4294e9bfd3]::ops::function::Fn<(&'a std[70759c8f55707aa4]::panic::PanicHookInfo<'b>,), Output = ()> + core[df12db4294e9bfd3]::marker::Send + core[df12db4294e9bfd3]::marker::Sync> as core[df12db4294e9bfd3]::ops::function::Fn<(&std[70759c8f55707aa4]::panic::PanicHookInfo,)>>::call
[INFO] [stdout]                                at /rustc/dfb0accb7f508ae8be965d8629557221c889dd98/library/alloc/src/boxed.rs:2334:9
[INFO] [stdout]   12:     0x5b6563a41c80 - test[9d35eded1c95d3be]::test_main_inner::<test[9d35eded1c95d3be]::test_main_static::{closure#0}>::{closure#0}
[INFO] [stdout]                                at /rustc/dfb0accb7f508ae8be965d8629557221c889dd98/library/test/src/lib.rs:155:21
[INFO] [stdout]   13:     0x5b6563b01052 - <alloc[2182bb758b4b3781]::boxed::Box<dyn for<'a, 'b> core[df12db4294e9bfd3]::ops::function::Fn<(&'a std[70759c8f55707aa4]::panic::PanicHookInfo<'b>,), Output = ()> + core[df12db4294e9bfd3]::marker::Send + core[df12db4294e9bfd3]::marker::Sync> as core[df12db4294e9bfd3]::ops::function::Fn<(&std[70759c8f55707aa4]::panic::PanicHookInfo,)>>::call
[INFO] [stdout]                                at /rustc/dfb0accb7f508ae8be965d8629557221c889dd98/library/alloc/src/boxed.rs:2334:9
[INFO] [stdout]   14:     0x5b6563b01052 - std[70759c8f55707aa4]::panicking::panic_with_hook
[INFO] [stdout]                                at /rustc/dfb0accb7f508ae8be965d8629557221c889dd98/library/std/src/panicking.rs:823:13
[INFO] [stdout]   15:     0x5b6563ae4b32 - std[70759c8f55707aa4]::panicking::panic_handler::{closure#0}
[INFO] [stdout]                                at /rustc/dfb0accb7f508ae8be965d8629557221c889dd98/library/std/src/panicking.rs:688:13
[INFO] [stdout]   16:     0x5b6563add8b9 - std[70759c8f55707aa4]::sys::backtrace::__rust_end_short_backtrace::<std[70759c8f55707aa4]::panicking::panic_handler::{closure#0}, !>
[INFO] [stdout]                                at /rustc/dfb0accb7f508ae8be965d8629557221c889dd98/library/std/src/sys/backtrace.rs:182:18
[INFO] [stdout]   17:     0x5b6563ae572d - __rustc[8fa7c3cbc660c2b3]::rust_begin_unwind
[INFO] [stdout]                                at /rustc/dfb0accb7f508ae8be965d8629557221c889dd98/library/std/src/panicking.rs:679:5
[INFO] [stdout]   18:     0x5b6563b1d8cc - core[df12db4294e9bfd3]::panicking::panic_fmt
[INFO] [stdout]                                at /rustc/dfb0accb7f508ae8be965d8629557221c889dd98/library/core/src/panicking.rs:80:14
[INFO] [stdout]   19:     0x5b6563b1d763 - core[df12db4294e9bfd3]::panicking::assert_failed_inner
[INFO] [stdout]                                at /rustc/dfb0accb7f508ae8be965d8629557221c889dd98/library/core/src/panicking.rs:452:17
[INFO] [stdout]   20:     0x5b6563b1a00d - core[df12db4294e9bfd3]::panicking::assert_failed::<usize, usize>
[INFO] [stdout]                                at /rustc/dfb0accb7f508ae8be965d8629557221c889dd98/library/core/src/panicking.rs:407:5
[INFO] [stdout]   21:     0x5b65639fe638 - parallel_insert_tests[9547ef282eefd6c7]::test_parallel_insertion_search_accuracy
[INFO] [stdout]                                at /opt/rustwide/workdir/tests/parallel_insert_tests.rs:241:5
[INFO] [stdout]   22:     0x5b65639f7a47 - parallel_insert_tests[9547ef282eefd6c7]::test_parallel_insertion_search_accuracy::{closure#0}
[INFO] [stdout]                                at /opt/rustwide/workdir/tests/parallel_insert_tests.rs:223:45
[INFO] [stdout]   23:     0x5b6563a1c546 - <parallel_insert_tests[9547ef282eefd6c7]::test_parallel_insertion_search_accuracy::{closure#0} as core[df12db4294e9bfd3]::ops::function::FnOnce<()>>::call_once
[INFO] [stdout]                                at /rustc/dfb0accb7f508ae8be965d8629557221c889dd98/library/core/src/ops/function.rs:250:5
[INFO] [stdout]   24:     0x5b6563a34f6b - <fn() -> core[df12db4294e9bfd3]::result::Result<(), alloc[2182bb758b4b3781]::string::String> as core[df12db4294e9bfd3]::ops::function::FnOnce<()>>::call_once
[INFO] [stdout]                                at /rustc/dfb0accb7f508ae8be965d8629557221c889dd98/library/core/src/ops/function.rs:250:5
[INFO] [stdout]   25:     0x5b6563a34f6b - test[9d35eded1c95d3be]::__rust_begin_short_backtrace::<core[df12db4294e9bfd3]::result::Result<(), alloc[2182bb758b4b3781]::string::String>, fn() -> core[df12db4294e9bfd3]::result::Result<(), alloc[2182bb758b4b3781]::string::String>>
[INFO] [stdout]                                at /rustc/dfb0accb7f508ae8be965d8629557221c889dd98/library/test/src/lib.rs:733:18
[INFO] [stdout]   26:     0x5b6563a425d5 - test[9d35eded1c95d3be]::run_test_in_process::{closure#0}
[INFO] [stdout]                                at /rustc/dfb0accb7f508ae8be965d8629557221c889dd98/library/test/src/lib.rs:756:74
[INFO] [stdout]   27:     0x5b6563a425d5 - <core[df12db4294e9bfd3]::panic::unwind_safe::AssertUnwindSafe<test[9d35eded1c95d3be]::run_test_in_process::{closure#0}> as core[df12db4294e9bfd3]::ops::function::FnOnce<()>>::call_once
[INFO] [stdout]                                at /rustc/dfb0accb7f508ae8be965d8629557221c889dd98/library/core/src/panic/unwind_safe.rs:275:9
[INFO] [stdout]   28:     0x5b6563a425d5 - std[70759c8f55707aa4]::panicking::catch_unwind::do_call::<core[df12db4294e9bfd3]::panic::unwind_safe::AssertUnwindSafe<test[9d35eded1c95d3be]::run_test_in_process::{closure#0}>, core[df12db4294e9bfd3]::result::Result<(), alloc[2182bb758b4b3781]::string::String>>
[INFO] [stdout]                                at /rustc/dfb0accb7f508ae8be965d8629557221c889dd98/library/std/src/panicking.rs:576:43
[INFO] [stdout]   29:     0x5b6563a425d5 - std[70759c8f55707aa4]::panicking::catch_unwind::<core[df12db4294e9bfd3]::result::Result<(), alloc[2182bb758b4b3781]::string::String>, core[df12db4294e9bfd3]::panic::unwind_safe::AssertUnwindSafe<test[9d35eded1c95d3be]::run_test_in_process::{closure#0}>>
[INFO] [stdout]                                at /rustc/dfb0accb7f508ae8be965d8629557221c889dd98/library/std/src/panicking.rs:544:19
[INFO] [stdout]   30:     0x5b6563a425d5 - std[70759c8f55707aa4]::panic::catch_unwind::<core[df12db4294e9bfd3]::panic::unwind_safe::AssertUnwindSafe<test[9d35eded1c95d3be]::run_test_in_process::{closure#0}>, core[df12db4294e9bfd3]::result::Result<(), alloc[2182bb758b4b3781]::string::String>>
[INFO] [stdout]                                at /rustc/dfb0accb7f508ae8be965d8629557221c889dd98/library/std/src/panic.rs:359:14
[INFO] [stdout]   31:     0x5b6563a425d5 - test[9d35eded1c95d3be]::run_test_in_process
[INFO] [stdout]                                at /rustc/dfb0accb7f508ae8be965d8629557221c889dd98/library/test/src/lib.rs:756:27
[INFO] [stdout]   32:     0x5b6563a425d5 - test[9d35eded1c95d3be]::run_test::{closure#0}
[INFO] [stdout]                                at /rustc/dfb0accb7f508ae8be965d8629557221c889dd98/library/test/src/lib.rs:677:43
[INFO] [stdout]   33:     0x5b6563a3be94 - test[9d35eded1c95d3be]::run_test::{closure#1}
[INFO] [stdout]                                at /rustc/dfb0accb7f508ae8be965d8629557221c889dd98/library/test/src/lib.rs:707:41
[INFO] [stdout]   34:     0x5b6563a3be94 - std[70759c8f55707aa4]::sys::backtrace::__rust_begin_short_backtrace::<test[9d35eded1c95d3be]::run_test::{closure#1}, ()>
[INFO] [stdout]                                at /rustc/dfb0accb7f508ae8be965d8629557221c889dd98/library/std/src/sys/backtrace.rs:166:18
[INFO] [stdout]   35:     0x5b6563a45732 - std[70759c8f55707aa4]::thread::lifecycle::spawn_unchecked::<test[9d35eded1c95d3be]::run_test::{closure#1}, ()>::{closure#1}::{closure#0}
[INFO] [stdout]                                at /rustc/dfb0accb7f508ae8be965d8629557221c889dd98/library/std/src/thread/lifecycle.rs:70:13
[INFO] [stdout]   36:     0x5b6563a45732 - <core[df12db4294e9bfd3]::panic::unwind_safe::AssertUnwindSafe<std[70759c8f55707aa4]::thread::lifecycle::spawn_unchecked<test[9d35eded1c95d3be]::run_test::{closure#1}, ()>::{closure#1}::{closure#0}> as core[df12db4294e9bfd3]::ops::function::FnOnce<()>>::call_once
[INFO] [stdout]                                at /rustc/dfb0accb7f508ae8be965d8629557221c889dd98/library/core/src/panic/unwind_safe.rs:275:9
[INFO] [stdout]   37:     0x5b6563a45732 - std[70759c8f55707aa4]::panicking::catch_unwind::do_call::<core[df12db4294e9bfd3]::panic::unwind_safe::AssertUnwindSafe<std[70759c8f55707aa4]::thread::lifecycle::spawn_unchecked<test[9d35eded1c95d3be]::run_test::{closure#1}, ()>::{closure#1}::{closure#0}>, ()>
[INFO] [stdout]                                at /rustc/dfb0accb7f508ae8be965d8629557221c889dd98/library/std/src/panicking.rs:576:43
[INFO] [stdout]   38:     0x5b6563a45732 - std[70759c8f55707aa4]::panicking::catch_unwind::<(), core[df12db4294e9bfd3]::panic::unwind_safe::AssertUnwindSafe<std[70759c8f55707aa4]::thread::lifecycle::spawn_unchecked<test[9d35eded1c95d3be]::run_test::{closure#1}, ()>::{closure#1}::{closure#0}>>
[INFO] [stdout]                                at /rustc/dfb0accb7f508ae8be965d8629557221c889dd98/library/std/src/panicking.rs:544:19
[INFO] [stdout]   39:     0x5b6563a45732 - std[70759c8f55707aa4]::panic::catch_unwind::<core[df12db4294e9bfd3]::panic::unwind_safe::AssertUnwindSafe<std[70759c8f55707aa4]::thread::lifecycle::spawn_unchecked<test[9d35eded1c95d3be]::run_test::{closure#1}, ()>::{closure#1}::{closure#0}>, ()>
[INFO] [stdout]                                at /rustc/dfb0accb7f508ae8be965d8629557221c889dd98/library/std/src/panic.rs:359:14
[INFO] [stdout]   40:     0x5b6563a45732 - std[70759c8f55707aa4]::thread::lifecycle::spawn_unchecked::<test[9d35eded1c95d3be]::run_test::{closure#1}, ()>::{closure#1}
[INFO] [stdout]                                at /rustc/dfb0accb7f508ae8be965d8629557221c889dd98/library/std/src/thread/lifecycle.rs:68:26
[INFO] [stdout]   41:     0x5b6563a45732 - <std[70759c8f55707aa4]::thread::lifecycle::spawn_unchecked<test[9d35eded1c95d3be]::run_test::{closure#1}, ()>::{closure#1} as core[df12db4294e9bfd3]::ops::function::FnOnce<()>>::call_once::{shim:vtable#0}
[INFO] [stdout]                                at /rustc/dfb0accb7f508ae8be965d8629557221c889dd98/library/core/src/ops/function.rs:250:5
[INFO] [stdout]   42:     0x5b6563b08009 - <alloc[2182bb758b4b3781]::boxed::Box<dyn core[df12db4294e9bfd3]::ops::function::FnOnce<(), Output = ()> + core[df12db4294e9bfd3]::marker::Send> as core[df12db4294e9bfd3]::ops::function::FnOnce<()>>::call_once
[INFO] [stdout]                                at /rustc/dfb0accb7f508ae8be965d8629557221c889dd98/library/alloc/src/boxed.rs:2320:9
[INFO] [stdout]   43:     0x5b6563b08009 - <std[70759c8f55707aa4]::sys::thread::unix::Thread>::new::thread_start
[INFO] [stdout]                                at /rustc/dfb0accb7f508ae8be965d8629557221c889dd98/library/std/src/sys/thread/unix.rs:123:17
[INFO] [stdout]   44:     0x74491c8f1dfa - <unknown>
[INFO] [stdout]   45:     0x74491c9853d4 - clone
[INFO] [stdout]   46:                0x0 - <unknown>
[INFO] [stdout] 
[INFO] [stdout] 
[INFO] [stdout] failures:
[INFO] [stdout]     test_parallel_insertion_search_accuracy
[INFO] [stdout] 
[INFO] [stdout] test result: FAILED. 10 passed; 1 failed; 0 ignored; 0 measured; 0 filtered out; finished in 0.11s
[INFO] [stdout] 
[INFO] [stderr] error: test failed, to rerun pass `--test parallel_insert_tests`
[INFO] running `Command { std: "docker" "inspect" "4c2f5f0b0d4dc4ddd3c16fb8fab6929c19552ba0a0547af864b5cf8cdff35af8", kill_on_drop: false }`
[INFO] running `Command { std: "docker" "rm" "-f" "4c2f5f0b0d4dc4ddd3c16fb8fab6929c19552ba0a0547af864b5cf8cdff35af8", kill_on_drop: false }`
[INFO] [stdout] 4c2f5f0b0d4dc4ddd3c16fb8fab6929c19552ba0a0547af864b5cf8cdff35af8
