[INFO] cloning repository https://github.com/blueshift-gg/svm-unit-test
[INFO] running `Command { std: "git" "-c" "credential.helper=" "-c" "credential.helper=/workspace/cargo-home/bin/git-credential-null" "clone" "--bare" "https://github.com/blueshift-gg/svm-unit-test" "/workspace/cache/git-repos/https%3A%2F%2Fgithub.com%2Fblueshift-gg%2Fsvm-unit-test", kill_on_drop: false }`
[INFO] [stderr] Cloning into bare repository '/workspace/cache/git-repos/https%3A%2F%2Fgithub.com%2Fblueshift-gg%2Fsvm-unit-test'...
[INFO] running `Command { std: "git" "rev-parse" "HEAD", kill_on_drop: false }`
[INFO] [stdout] 6d6ec5e06a9f95f226fe67be2a73d79215392a3c
[INFO] testing blueshift-gg/svm-unit-test against 1.99.0-beta.8 for beta-1.100-2
[INFO] running `Command { std: "git" "clone" "/workspace/cache/git-repos/https%3A%2F%2Fgithub.com%2Fblueshift-gg%2Fsvm-unit-test" "/workspace/builds/worker-5-tc1/source", kill_on_drop: false }`
[INFO] [stderr] Cloning into '/workspace/builds/worker-5-tc1/source'...
[INFO] [stderr] done.
[INFO] started tweaking git repo https://github.com/blueshift-gg/svm-unit-test
[INFO] finished tweaking git repo https://github.com/blueshift-gg/svm-unit-test
[INFO] tweaked toml for git repo https://github.com/blueshift-gg/svm-unit-test written to /workspace/builds/worker-5-tc1/source/Cargo.toml
[INFO] validating manifest of git repo https://github.com/blueshift-gg/svm-unit-test on toolchain 1.99.0-beta.8
[INFO] running `Command { std: CARGO_HOME="/workspace/cargo-home" RUSTUP_HOME="/workspace/rustup-home" "/workspace/cargo-home/bin/cargo" "+1.99.0-beta.8" "metadata" "--manifest-path" "Cargo.toml" "--no-deps", kill_on_drop: false }`
[INFO] crate git repo https://github.com/blueshift-gg/svm-unit-test already has a lockfile, it will not be regenerated
[INFO] running `Command { std: CARGO_HOME="/workspace/cargo-home" RUSTUP_HOME="/workspace/rustup-home" "/workspace/cargo-home/bin/cargo" "+1.99.0-beta.8" "fetch" "--manifest-path" "Cargo.toml", kill_on_drop: false }`
[INFO] [stderr]     Updating crates.io index
[INFO] [stderr]  Downloading crates ...
[INFO] [stderr]   Downloaded solana-define-syscall v5.1.0
[INFO] [stderr]   Downloaded borsh-derive v1.6.1
[INFO] [stderr]   Downloaded zeroize_derive v1.4.3
[INFO] [stderr]   Downloaded solana-instruction v3.4.1
[INFO] [stderr]   Downloaded borsh v1.6.1
[INFO] [stderr]   Downloaded solana-svm-measure v4.2.2
[INFO] [stderr]   Downloaded solana-program-memory v3.1.0
[INFO] [stderr]   Downloaded solana-svm-timings v4.2.2
[INFO] [stderr]   Downloaded solana-svm-feature-set v4.2.2
[INFO] [stderr]   Downloaded solana-transaction-error v3.3.2
[INFO] [stderr]   Downloaded solana-slot-history v3.2.0
[INFO] [stderr]   Downloaded solana-svm-log-collector v4.2.2
[INFO] [stderr]   Downloaded solana-svm-callback v4.2.2
[INFO] [stderr]   Downloaded solana-svm-type-overrides v4.2.2
[INFO] [stderr]   Downloaded percentage v0.1.0
[INFO] [stderr]   Downloaded solana-packet v4.1.0
[INFO] [stderr]   Downloaded rustc-demangle v0.1.27
[INFO] [stderr]   Downloaded solana-transaction-context v4.2.2
[INFO] [stderr]   Downloaded solana-fee-structure v3.0.0
[INFO] [stderr]   Downloaded num v0.2.1
[INFO] [stderr]   Downloaded solana-secp256k1-recover v3.1.1
[INFO] [stderr]   Downloaded solana-account v4.3.2
[INFO] [stderr]   Downloaded solana-system-program v4.2.2
[INFO] [stderr]   Downloaded solana-signature v3.5.2
[INFO] [stderr]   Downloaded num-rational v0.2.4
[INFO] [stderr]   Downloaded enum-ordinalize-derive v4.3.2
[INFO] [stderr]   Downloaded solana-stake-interface v4.3.0
[INFO] [stderr]   Downloaded enum-ordinalize v4.3.2
[INFO] [stderr]   Downloaded toml_edit v0.25.11+spec-1.1.0
[INFO] [stderr]   Downloaded mollusk-svm v0.15.1
[INFO] [stderr]   Downloaded solana-program-runtime v4.2.2
[INFO] [stderr]   Downloaded solana-syscalls v4.2.2
[INFO] [stderr]   Downloaded winnow v1.0.2
[INFO] [stderr]   Downloaded solana-sbpf v0.21.1
[INFO] [stderr]   Downloaded solana-bls12-381-syscall v0.1.1
[INFO] [stderr]   Downloaded solana-logger v3.0.0
[INFO] [stderr]   Downloaded env_logger v0.11.10
[INFO] [stderr]   Downloaded env_filter v1.0.1
[INFO] [stderr]   Downloaded jiff-static v0.2.24
[INFO] [stderr]   Downloaded jiff v0.2.24
[INFO] [stderr]   Downloaded solana-instructions-sysvar v3.0.0
[INFO] [stderr]   Downloaded solana-compute-budget v4.2.2
[INFO] [stderr]   Downloaded solana-bpf-loader-program v4.2.2
[INFO] [stderr]   Downloaded mollusk-svm-result v0.15.1
[INFO] [stderr]   Downloaded mollusk-svm-error v0.15.1
[INFO] running `Command { std: "docker" "create" "-v" "/var/lib/crater-agent-workspace/builds/worker-5-tc1/source:/opt/rustwide/workdir:ro,Z" "-v" "/var/lib/crater-agent-workspace/builds/worker-5-tc1/target:/opt/rustwide/target:rw,Z" "-v" "/var/lib/crater-agent-workspace/cargo-home:/opt/rustwide/cargo-home:ro,Z" "-v" "/var/lib/crater-agent-workspace/rustup-home:/opt/rustwide/rustup-home:ro,Z" "-m" "1610612736" "--network" "none" "ghcr.io/rust-lang/crates-build-env/linux@sha256:3111399a4047eeb3a02b7a90e478d715f38a8c6669b5c4b49d30a17385265909" "sleep" "infinity", kill_on_drop: false }`
[INFO] [stdout] 36de2a9a94de3a02b51ddf49886171da989d576b2f06955f69e6e4cb8461a5d4
[INFO] running `Command { std: "docker" "start" "36de2a9a94de3a02b51ddf49886171da989d576b2f06955f69e6e4cb8461a5d4", kill_on_drop: false }`
[INFO] running `Command { std: "docker" "inspect" "36de2a9a94de3a02b51ddf49886171da989d576b2f06955f69e6e4cb8461a5d4", kill_on_drop: false }`
[INFO] running `Command { std: "docker" "exec" "-e" "SOURCE_DIR=/opt/rustwide/workdir" "-e" "CARGO_HOME=/opt/rustwide/cargo-home" "-e" "RUSTUP_HOME=/opt/rustwide/rustup-home" "-e" "CARGO_TARGET_DIR=/opt/rustwide/target" "-w" "/opt/rustwide/workdir" "--user" "0:0" "36de2a9a94de3a02b51ddf49886171da989d576b2f06955f69e6e4cb8461a5d4" "/opt/rustwide/cargo-home/bin/cargo" "+1.99.0-beta.8" "metadata" "--no-deps" "--format-version=1", kill_on_drop: false }`
[INFO] running `Command { std: "docker" "inspect" "36de2a9a94de3a02b51ddf49886171da989d576b2f06955f69e6e4cb8461a5d4", kill_on_drop: false }`
[INFO] running `Command { std: "docker" "exec" "-e" "SOURCE_DIR=/opt/rustwide/workdir" "-e" "CARGO_HOME=/opt/rustwide/cargo-home" "-e" "RUSTUP_HOME=/opt/rustwide/rustup-home" "-e" "CARGO_TARGET_DIR=/opt/rustwide/target" "-e" "CARGO_INCREMENTAL=0" "-e" "RUST_BACKTRACE=full" "-e" "RUSTFLAGS=--cap-lints=warn" "-e" "RUSTDOCFLAGS=--cap-lints=warn" "-w" "/opt/rustwide/workdir" "--user" "0:0" "36de2a9a94de3a02b51ddf49886171da989d576b2f06955f69e6e4cb8461a5d4" "/opt/rustwide/cargo-home/bin/cargo" "+1.99.0-beta.8" "build" "--frozen" "--message-format=json", kill_on_drop: false }`
[INFO] [stderr]    Compiling proc-macro2 v1.0.106
[INFO] [stderr]    Compiling unicode-ident v1.0.24
[INFO] [stderr]    Compiling subtle v2.6.1
[INFO] [stderr]    Compiling const-oid v0.9.6
[INFO] [stderr]    Compiling serde_core v1.0.228
[INFO] [stderr]    Compiling serde v1.0.228
[INFO] [stderr]    Compiling strsim v0.11.1
[INFO] [stderr]    Compiling quote v1.0.45
[INFO] [stderr]    Compiling generic-array v0.14.7
[INFO] [stderr]    Compiling num-traits v0.2.19
[INFO] [stderr]    Compiling five8_core v1.0.0
[INFO] [stderr]    Compiling solana-sanitize v3.0.1
[INFO] [stderr]    Compiling semver v1.0.28
[INFO] [stderr]    Compiling solana-program-error v3.0.1
[INFO] [stderr]    Compiling solana-atomic-u64 v3.0.1
[INFO] [stderr]    Compiling sha2-const-stable v0.1.0
[INFO] [stderr]    Compiling rand v0.8.6
[INFO] [stderr]    Compiling five8 v1.0.0
[INFO] [stderr]    Compiling five8_const v1.0.0
[INFO] [stderr]    Compiling either v1.15.0
[INFO] [stderr]    Compiling rustc_version v0.4.1
[INFO] [stderr]    Compiling bs58 v0.5.1
[INFO] [stderr]    Compiling solana-program-memory v3.1.0
[INFO] [stderr]    Compiling feature-probe v0.1.1
[INFO] [stderr]    Compiling once_cell v1.21.4
[INFO] [stderr]    Compiling paste v1.0.15
[INFO] [stderr]    Compiling syn v1.0.109
[INFO] [stderr]    Compiling memchr v2.8.0
[INFO] [stderr]    Compiling radium v0.7.0
[INFO] [stderr]    Compiling tap v1.0.1
[INFO] [stderr]    Compiling bv v0.11.1
[INFO] [stderr]    Compiling ahash v0.8.12
[INFO] [stderr]    Compiling solana-define-syscall v4.0.1
[INFO] [stderr]    Compiling wyz v0.5.1
[INFO] [stderr]    Compiling arrayvec v0.7.6
[INFO] [stderr]    Compiling curve25519-dalek v4.1.3
[INFO] [stderr]    Compiling funty v2.0.0
[INFO] [stderr]    Compiling cc v1.2.61
[INFO] [stderr]    Compiling crunchy v0.2.4
[INFO] [stderr]    Compiling rand_xorshift v0.3.0
[INFO] [stderr]    Compiling num-bigint v0.2.6
[INFO] [stderr]    Compiling itertools v0.13.0
[INFO] [stderr]    Compiling num-rational v0.2.4
[INFO] [stderr]    Compiling num-complex v0.2.4
[INFO] [stderr]    Compiling allocator-api2 v0.2.21
[INFO] [stderr]    Compiling void v1.0.2
[INFO] [stderr]    Compiling itertools v0.10.5
[INFO] [stderr]    Compiling unreachable v1.0.0
[INFO] [stderr]    Compiling ascii v0.9.3
[INFO] [stderr]    Compiling hash32 v0.3.1
[INFO] [stderr]    Compiling digest v0.9.0
[INFO] [stderr]    Compiling hashbrown v0.13.2
[INFO] [stderr]    Compiling solana-signature v3.5.2
[INFO] [stderr]    Compiling libsecp256k1-core v0.3.0
[INFO] [stderr]    Compiling num-integer v0.1.46
[INFO] [stderr]    Compiling syn v2.0.117
[INFO] [stderr]    Compiling num-bigint v0.4.6
[INFO] [stderr]    Compiling bitvec v1.0.1
[INFO] [stderr]    Compiling ark-std v0.5.0
[INFO] [stderr]    Compiling wincode v0.5.5
[INFO] [stderr]    Compiling ark-std v0.4.0
[INFO] [stderr]    Compiling hashbrown v0.15.5
[INFO] [stderr]    Compiling num-iter v0.1.45
[INFO] [stderr]    Compiling combine v3.8.1
[INFO] [stderr]    Compiling base16ct v0.2.0
[INFO] [stderr]    Compiling solana-msg v3.1.0
[INFO] [stderr]    Compiling rustc-demangle v0.1.27
[INFO] [stderr]    Compiling solana-precompile-error v3.0.0
[INFO] [stderr]    Compiling num_cpus v1.17.0
[INFO] [stderr]    Compiling eager v0.1.0
[INFO] [stderr]    Compiling solana-svm-type-overrides v4.2.2
[INFO] [stderr]    Compiling libsecp256k1-gen-genmult v0.3.0
[INFO] [stderr]    Compiling libsecp256k1-gen-ecmult v0.3.0
[INFO] [stderr]    Compiling aho-corasick v1.1.4
[INFO] [stderr]    Compiling itertools v0.14.0
[INFO] [stderr]    Compiling threadpool v1.8.1
[INFO] [stderr]    Compiling solana-svm-log-collector v4.2.2
[INFO] [stderr]    Compiling regex-syntax v0.8.10
[INFO] [stderr]    Compiling blst v0.3.16
[INFO] [stderr]    Compiling blake3 v1.8.5
[INFO] [stderr]    Compiling solana-svm-feature-set v4.2.2
[INFO] [stderr]    Compiling solana-svm-measure v4.2.2
[INFO] [stderr]    Compiling arrayref v0.3.9
[INFO] [stderr]    Compiling solana-fee-structure v3.0.0
[INFO] [stderr]    Compiling libsecp256k1 v0.7.2
[INFO] [stderr]    Compiling keccak v0.1.6
[INFO] [stderr]    Compiling byte-slice-cast v1.2.3
[INFO] [stderr]    Compiling opaque-debug v0.3.1
[INFO] [stderr]    Compiling constant_time_eq v0.4.2
[INFO] [stderr]    Compiling num v0.2.1
[INFO] [stderr]    Compiling percentage v0.1.0
[INFO] [stderr]    Compiling errno v0.3.14
[INFO] [stderr]    Compiling solana-hash-512 v1.1.0
[INFO] [stderr]    Compiling signal-hook v0.3.18
[INFO] [stderr]    Compiling anstream v1.0.0
[INFO] [stderr]    Compiling signal-hook-registry v1.4.8
[INFO] [stderr]    Compiling jiff v0.2.24
[INFO] [stderr]    Compiling serde_bytes v0.11.19
[INFO] [stderr]    Compiling pathdiff v0.2.3
[INFO] [stderr]    Compiling curve-bench v0.1.10 (/opt/rustwide/workdir/examples/curve-bench)
[INFO] [stderr]    Compiling regex-automata v0.4.14
[INFO] [stderr]    Compiling ff v0.13.1
[INFO] [stderr]    Compiling group v0.13.0
[INFO] [stderr]    Compiling pairing v0.23.0
[INFO] [stderr]    Compiling darling_core v0.23.0
[INFO] [stderr]    Compiling zeroize_derive v1.4.3
[INFO] [stderr]    Compiling serde_derive v1.0.228
[INFO] [stderr]    Compiling thiserror-impl v2.0.18
[INFO] [stderr]    Compiling bytemuck_derive v1.10.2
[INFO] [stderr]    Compiling curve25519-dalek-derive v0.1.1
[INFO] [stderr]    Compiling solana-sdk-macro v3.0.1
[INFO] [stderr]    Compiling enum-ordinalize-derive v4.3.2
[INFO] [stderr]    Compiling ark-serialize-derive v0.5.0
[INFO] [stderr]    Compiling qualifier_attr v0.2.2
[INFO] [stderr]    Compiling ark-ff-asm v0.5.0
[INFO] [stderr]    Compiling ark-ff-macros v0.5.0
[INFO] [stderr]    Compiling ark-serialize-derive v0.4.2
[INFO] [stderr]    Compiling ark-ff-asm v0.4.2
[INFO] [stderr]    Compiling derivative v2.2.0
[INFO] [stderr]    Compiling zeroize v1.8.2
[INFO] [stderr]    Compiling ark-ff-macros v0.4.2
[INFO] [stderr]    Compiling enum-iterator-derive v1.5.0
[INFO] [stderr]    Compiling thiserror-impl v1.0.69
[INFO] [stderr]    Compiling regex v1.12.3
[INFO] [stderr]    Compiling enum-ordinalize v4.3.2
[INFO] [stderr]    Compiling educe v0.6.0
[INFO] [stderr]    Compiling der v0.7.10
[INFO] [stderr]    Compiling env_filter v1.0.1
[INFO] [stderr]    Compiling bytemuck v1.25.0
[INFO] [stderr]    Compiling enum-iterator v2.3.0
[INFO] [stderr]    Compiling env_logger v0.11.10
[INFO] [stderr]    Compiling svm-unit-test-macros v0.1.10 (/opt/rustwide/workdir/crates/svm-unit-test-macros)
[INFO] [stderr]    Compiling thiserror v2.0.18
[INFO] [stderr]    Compiling solana-sbpf v0.21.1
[INFO] [stderr]    Compiling block-buffer v0.10.4
[INFO] [stderr]    Compiling crypto-common v0.1.7
[INFO] [stderr]    Compiling spki v0.7.3
[INFO] [stderr]    Compiling crypto-bigint v0.5.5
[INFO] [stderr]    Compiling digest v0.10.7
[INFO] [stderr]    Compiling pkcs8 v0.10.2
[INFO] [stderr]    Compiling sec1 v0.7.3
[INFO] [stderr]    Compiling thiserror v1.0.69
[INFO] [stderr]    Compiling sha2 v0.10.9
[INFO] [stderr]    Compiling ark-serialize v0.5.0
[INFO] [stderr]    Compiling ark-serialize v0.4.2
[INFO] [stderr]    Compiling hmac v0.12.1
[INFO] [stderr]    Compiling rfc6979 v0.4.0
[INFO] [stderr]    Compiling signature v2.2.0
[INFO] [stderr]    Compiling block-buffer v0.9.0
[INFO] [stderr]    Compiling ark-ff v0.4.2
[INFO] [stderr]    Compiling sha3 v0.10.9
[INFO] [stderr]    Compiling solana-sha512-hasher v1.0.1
[INFO] [stderr]    Compiling solana-logger v3.0.0
[INFO] [stderr]    Compiling sha2 v0.9.9
[INFO] [stderr]    Compiling ark-ff v0.5.0
[INFO] [stderr]    Compiling darling_macro v0.23.0
[INFO] [stderr]    Compiling darling v0.23.0
[INFO] [stderr]    Compiling wincode-derive v0.4.6
[INFO] [stderr]    Compiling elliptic-curve v0.13.8
[INFO] [stderr]    Compiling ecdsa v0.16.9
[INFO] [stderr]    Compiling solana-instruction-error v2.4.0
[INFO] [stderr]    Compiling bincode v1.3.3
[INFO] [stderr]    Compiling blstrs v0.7.1
[INFO] [stderr]    Compiling k256 v0.13.4
[INFO] [stderr]    Compiling solana-transaction-error v3.3.2
[INFO] [stderr]    Compiling solana-bincode v3.1.0
[INFO] [stderr]    Compiling solana-bls12-381-syscall v0.1.1
[INFO] [stderr]    Compiling solana-secp256k1-recover v3.1.1
[INFO] [stderr]    Compiling solana-curve25519 v4.0.1
[INFO] [stderr]    Compiling solana-hash v4.5.0
[INFO] [stderr]    Compiling solana-fee-calculator v3.2.2
[INFO] [stderr]    Compiling solana-sha256-hasher v3.1.0
[INFO] [stderr]    Compiling solana-keccak-hasher v3.1.0
[INFO] [stderr]    Compiling solana-blake3-hasher v3.1.0
[INFO] [stderr]    Compiling solana-address v2.6.1
[INFO] [stderr]    Compiling solana-pubkey v4.2.0
[INFO] [stderr]    Compiling solana-sdk-ids v3.1.0
[INFO] [stderr]    Compiling solana-get-sysvar v1.0.0
[INFO] [stderr]    Compiling solana-account-info v3.1.1
[INFO] [stderr]    Compiling solana-address v1.1.0
[INFO] [stderr]    Compiling solana-instruction v3.4.1
[INFO] [stderr]    Compiling solana-serialize-utils v3.1.2
[INFO] [stderr]    Compiling solana-svm-timings v4.2.2
[INFO] [stderr]    Compiling solana-packet v4.1.0
[INFO] [stderr]    Compiling solana-nonce v3.2.1
[INFO] [stderr]    Compiling mollusk-svm-error v0.15.1
[INFO] [stderr]    Compiling solana-pubkey v3.0.0
[INFO] [stderr]    Compiling solana-program-entrypoint v3.1.1
[INFO] [stderr]    Compiling solana-sysvar-id v3.1.0
[INFO] [stderr]    Compiling solana-message v4.4.0
[INFO] [stderr]    Compiling solana-system-interface v3.2.0
[INFO] [stderr]    Compiling solana-cpi v3.1.0
[INFO] [stderr]    Compiling solana-stable-layout v3.0.1
[INFO] [stderr]    Compiling solana-loader-v3-interface v7.0.0
[INFO] [stderr]    Compiling solana-clock v3.1.1
[INFO] [stderr]    Compiling solana-slot-hashes v3.1.0
[INFO] [stderr]    Compiling solana-epoch-rewards v3.1.0
[INFO] [stderr]    Compiling solana-rent v4.3.0
[INFO] [stderr]    Compiling solana-epoch-schedule v3.2.0
[INFO] [stderr]    Compiling solana-slot-history v3.2.0
[INFO] [stderr]    Compiling solana-last-restart-slot v3.1.0
[INFO] [stderr]    Compiling solana-instructions-sysvar v4.0.0
[INFO] [stderr]    Compiling solana-instructions-sysvar v3.0.0
[INFO] [stderr]    Compiling solana-stake-history v1.0.0
[INFO] [stderr]    Compiling solana-sysvar v4.1.0
[INFO] [stderr]    Compiling solana-account v4.3.2
[INFO] [stderr]    Compiling ark-poly v0.4.2
[INFO] [stderr]    Compiling solana-transaction v4.1.5
[INFO] [stderr]    Compiling solana-stake-interface v4.3.0
[INFO] [stderr]    Compiling solana-svm-transaction v4.2.0
[INFO] [stderr]    Compiling solana-svm-callback v4.2.2
[INFO] [stderr]    Compiling solana-transaction-context v4.2.2
[INFO] [stderr]    Compiling solana-nonce-account v4.1.1
[INFO] [stderr]    Compiling mollusk-svm-result v0.15.1
[INFO] [stderr]    Compiling solana-program-runtime v4.2.2
[INFO] [stderr]    Compiling ark-ec v0.4.2
[INFO] [stderr]    Compiling ark-poly v0.5.0
[INFO] [stderr]    Compiling solana-system-program v4.2.2
[INFO] [stderr]    Compiling solana-compute-budget v4.2.2
[INFO] [stderr]    Compiling ark-ec v0.5.0
[INFO] [stderr]    Compiling ark-bn254 v0.4.0
[INFO] [stderr]    Compiling light-poseidon v0.2.0
[INFO] [stderr]    Compiling ark-bn254 v0.5.0
[INFO] [stderr]    Compiling light-poseidon v0.4.0
[INFO] [stderr]    Compiling solana-bn254 v3.2.1
[INFO] [stderr]    Compiling solana-poseidon v4.0.0
[INFO] [stderr]    Compiling solana-syscalls v4.2.2
[INFO] [stderr]    Compiling solana-bpf-loader-program v4.2.2
[INFO] [stderr]    Compiling mollusk-svm v0.15.1
[INFO] [stderr]    Compiling svm-unit-test v0.1.10 (/opt/rustwide/workdir/crates/svm-unit-test)
[INFO] [stderr]     Finished `dev` profile [unoptimized + debuginfo] target(s) in 1m 37s
[INFO] running `Command { std: "docker" "inspect" "36de2a9a94de3a02b51ddf49886171da989d576b2f06955f69e6e4cb8461a5d4", kill_on_drop: false }`
[INFO] running `Command { std: "docker" "exec" "-e" "SOURCE_DIR=/opt/rustwide/workdir" "-e" "CARGO_HOME=/opt/rustwide/cargo-home" "-e" "RUSTUP_HOME=/opt/rustwide/rustup-home" "-e" "CARGO_TARGET_DIR=/opt/rustwide/target" "-e" "CARGO_INCREMENTAL=0" "-e" "RUST_BACKTRACE=full" "-e" "RUSTFLAGS=--cap-lints=warn" "-e" "RUSTDOCFLAGS=--cap-lints=warn" "-w" "/opt/rustwide/workdir" "--user" "0:0" "36de2a9a94de3a02b51ddf49886171da989d576b2f06955f69e6e4cb8461a5d4" "/opt/rustwide/cargo-home/bin/cargo" "+1.99.0-beta.8" "test" "--frozen" "--no-run" "--message-format=json", kill_on_drop: false }`
[INFO] [stderr]    Compiling svm-unit-test-macros v0.1.10 (/opt/rustwide/workdir/crates/svm-unit-test-macros)
[INFO] [stderr]    Compiling svm-unit-test v0.1.10 (/opt/rustwide/workdir/crates/svm-unit-test)
[INFO] [stderr]    Compiling curve-bench v0.1.10 (/opt/rustwide/workdir/examples/curve-bench)
[INFO] [stderr]     Finished `test` profile [unoptimized + debuginfo] target(s) in 2.82s
[INFO] running `Command { std: "docker" "inspect" "36de2a9a94de3a02b51ddf49886171da989d576b2f06955f69e6e4cb8461a5d4", kill_on_drop: false }`
[INFO] running `Command { std: "docker" "exec" "-e" "SOURCE_DIR=/opt/rustwide/workdir" "-e" "CARGO_HOME=/opt/rustwide/cargo-home" "-e" "RUSTUP_HOME=/opt/rustwide/rustup-home" "-e" "CARGO_TARGET_DIR=/opt/rustwide/target" "-e" "CARGO_INCREMENTAL=0" "-e" "RUST_BACKTRACE=full" "-e" "RUSTFLAGS=--cap-lints=warn" "-e" "RUSTDOCFLAGS=--cap-lints=warn" "-w" "/opt/rustwide/workdir" "--user" "0:0" "36de2a9a94de3a02b51ddf49886171da989d576b2f06955f69e6e4cb8461a5d4" "/opt/rustwide/cargo-home/bin/cargo" "+1.99.0-beta.8" "test" "--frozen", kill_on_drop: false }`
[INFO] [stderr]     Finished `test` profile [unoptimized + debuginfo] target(s) in 0.28s
[INFO] [stderr]      Running unittests src/lib.rs (/opt/rustwide/target/debug/deps/curve_bench-c324ceedc7f52a82)
[INFO] [stderr]      Running tests/sbpf.rs (/opt/rustwide/target/debug/deps/sbpf-af6fad827c2252fe)
[INFO] [stdout] 
[INFO] [stdout] running 0 tests
[INFO] [stdout] 
[INFO] [stdout] test result: ok. 0 passed; 0 failed; 0 ignored; 0 measured; 0 filtered out; finished in 0.00s
[INFO] [stdout] 
[INFO] [stdout] 
[INFO] [stdout] running 4 tests
[INFO] [stderr] error: no such command: `build-sbf`
[INFO] [stderr] 
[INFO] [stderr] help: view all installed commands with `cargo --list`
[INFO] [stderr] help: find a package to install `build-sbf` with `cargo search cargo-build-sbf`
[INFO] [stderr] error: no such command: `build-sbf`
[INFO] [stderr] 
[INFO] [stderr] help: view all installed commands with `cargo --list`
[INFO] [stderr] help: find a package to install `build-sbf` with `cargo search cargo-build-sbf`
[INFO] [stderr] error: no such command: `build-sbf`
[INFO] [stderr] 
[INFO] [stderr] help: view all installed commands with `cargo --list`
[INFO] [stderr] help: find a package to install `build-sbf` with `cargo search cargo-build-sbf`
[INFO] [stderr] error: no such command: `build-sbf`
[INFO] [stderr] 
[INFO] [stderr] help: view all installed commands with `cargo --list`
[INFO] [stderr] help: find a package to install `build-sbf` with `cargo search cargo-build-sbf`
[INFO] [stdout] test add_mod_n ... FAILED
[INFO] [stdout] test add_mod_n_zero ... FAILED
[INFO] [stdout] test add_mod_n_custom_error ... FAILED
[INFO] [stdout] test add_mod_n_panics ... FAILED
[INFO] [stdout] 
[INFO] [stdout] failures:
[INFO] [stdout] 
[INFO] [stdout] ---- add_mod_n stdout ----
[INFO] [stdout] 
[INFO] [stdout] thread 'add_mod_n' (3451) panicked at crates/svm-unit-test/src/builder.rs:203:5:
[INFO] [stdout] `cargo build-sbf` failed for svm_test `add_mod_n` (manifest: /opt/rustwide/target/tmp/suite-34fbde7c26b68f8c/build/add_mod_n/Cargo.toml)
[INFO] [stdout] stack backtrace:
[INFO] [stdout]    0:     0x585aae9ec951 - std[70759c8f55707aa4]::backtrace_rs::backtrace::libunwind::trace
[INFO] [stdout]                                at /rustc/dfb0accb7f508ae8be965d8629557221c889dd98/library/std/src/../../backtrace/src/backtrace/libunwind.rs:117:9
[INFO] [stdout]    1:     0x585aae9ec951 - std[70759c8f55707aa4]::backtrace_rs::backtrace::trace_unsynchronized::<std[70759c8f55707aa4]::sys::backtrace::_print_fmt::{closure#1}>
[INFO] [stdout]                                at /rustc/dfb0accb7f508ae8be965d8629557221c889dd98/library/std/src/../../backtrace/src/backtrace/mod.rs:66:14
[INFO] [stdout]    2:     0x585aae9ec951 - std[70759c8f55707aa4]::sys::backtrace::_print_fmt
[INFO] [stdout]                                at /rustc/dfb0accb7f508ae8be965d8629557221c889dd98/library/std/src/sys/backtrace.rs:74:9
[INFO] [stdout]    3:     0x585aae9ec951 - <<std[70759c8f55707aa4]::sys::backtrace::BacktraceLock>::print::DisplayBacktrace as core[df12db4294e9bfd3]::fmt::Display>::fmt
[INFO] [stdout]                                at /rustc/dfb0accb7f508ae8be965d8629557221c889dd98/library/std/src/sys/backtrace.rs:44:26
[INFO] [stdout]    4:     0x585aaea0434a - <core[df12db4294e9bfd3]::fmt::rt::Argument>::fmt
[INFO] [stdout]                                at /rustc/dfb0accb7f508ae8be965d8629557221c889dd98/library/core/src/fmt/rt.rs:152:76
[INFO] [stdout]    5:     0x585aaea0434a - core[df12db4294e9bfd3]::fmt::write
[INFO] [stdout]    6:     0x585aae9f290c - core[df12db4294e9bfd3]::io::write::default_write_fmt::<alloc[2182bb758b4b3781]::vec::Vec<u8>>
[INFO] [stdout]                                at /rustc/dfb0accb7f508ae8be965d8629557221c889dd98/library/core/src/io/write.rs:402:11
[INFO] [stdout]    7:     0x585aae9f290c - <alloc[2182bb758b4b3781]::vec::Vec<u8> as core[df12db4294e9bfd3]::io::write::Write>::write_fmt
[INFO] [stdout]                                at /rustc/dfb0accb7f508ae8be965d8629557221c889dd98/library/core/src/io/write.rs:335:13
[INFO] [stdout]    8:     0x585aae9c7086 - <std[70759c8f55707aa4]::sys::backtrace::BacktraceLock>::print
[INFO] [stdout]                                at /rustc/dfb0accb7f508ae8be965d8629557221c889dd98/library/std/src/sys/backtrace.rs:47:9
[INFO] [stdout]    9:     0x585aae9c7086 - std[70759c8f55707aa4]::panicking::default_hook::{closure#0}
[INFO] [stdout]                                at /rustc/dfb0accb7f508ae8be965d8629557221c889dd98/library/std/src/panicking.rs:292:27
[INFO] [stdout]   10:     0x585aae9e4209 - std[70759c8f55707aa4]::panicking::default_hook
[INFO] [stdout]                                at /rustc/dfb0accb7f508ae8be965d8629557221c889dd98/library/std/src/panicking.rs:316:9
[INFO] [stdout]   11:     0x585aadc3b6a0 - <alloc[2182bb758b4b3781]::boxed::Box<dyn for<'a, 'b> core[df12db4294e9bfd3]::ops::function::Fn<(&'a std[70759c8f55707aa4]::panic::PanicHookInfo<'b>,), Output = ()> + core[df12db4294e9bfd3]::marker::Send + core[df12db4294e9bfd3]::marker::Sync> as core[df12db4294e9bfd3]::ops::function::Fn<(&std[70759c8f55707aa4]::panic::PanicHookInfo,)>>::call
[INFO] [stdout]                                at /rustc/dfb0accb7f508ae8be965d8629557221c889dd98/library/alloc/src/boxed.rs:2334:9
[INFO] [stdout]   12:     0x585aadc3b6a0 - test[9d35eded1c95d3be]::test_main_inner::<test[9d35eded1c95d3be]::test_main_static::{closure#0}>::{closure#0}
[INFO] [stdout]                                at /rustc/dfb0accb7f508ae8be965d8629557221c889dd98/library/test/src/lib.rs:155:21
[INFO] [stdout]   13:     0x585aae9e4532 - <alloc[2182bb758b4b3781]::boxed::Box<dyn for<'a, 'b> core[df12db4294e9bfd3]::ops::function::Fn<(&'a std[70759c8f55707aa4]::panic::PanicHookInfo<'b>,), Output = ()> + core[df12db4294e9bfd3]::marker::Send + core[df12db4294e9bfd3]::marker::Sync> as core[df12db4294e9bfd3]::ops::function::Fn<(&std[70759c8f55707aa4]::panic::PanicHookInfo,)>>::call
[INFO] [stdout]                                at /rustc/dfb0accb7f508ae8be965d8629557221c889dd98/library/alloc/src/boxed.rs:2334:9
[INFO] [stdout]   14:     0x585aae9e4532 - std[70759c8f55707aa4]::panicking::panic_with_hook
[INFO] [stdout]                                at /rustc/dfb0accb7f508ae8be965d8629557221c889dd98/library/std/src/panicking.rs:823:13
[INFO] [stdout]   15:     0x585aae9c7132 - std[70759c8f55707aa4]::panicking::panic_handler::{closure#0}
[INFO] [stdout]                                at /rustc/dfb0accb7f508ae8be965d8629557221c889dd98/library/std/src/panicking.rs:688:13
[INFO] [stdout]   16:     0x585aae9bfad9 - std[70759c8f55707aa4]::sys::backtrace::__rust_end_short_backtrace::<std[70759c8f55707aa4]::panicking::panic_handler::{closure#0}, !>
[INFO] [stdout]                                at /rustc/dfb0accb7f508ae8be965d8629557221c889dd98/library/std/src/sys/backtrace.rs:182:18
[INFO] [stdout]   17:     0x585aae9c7e1d - __rustc[8fa7c3cbc660c2b3]::rust_begin_unwind
[INFO] [stdout]                                at /rustc/dfb0accb7f508ae8be965d8629557221c889dd98/library/std/src/panicking.rs:679:5
[INFO] [stdout]   18:     0x585aaea04c1c - core[df12db4294e9bfd3]::panicking::panic_fmt
[INFO] [stdout]                                at /rustc/dfb0accb7f508ae8be965d8629557221c889dd98/library/core/src/panicking.rs:80:14
[INFO] [stdout]   19:     0x585aadc784f6 - svm_unit_test[126bb31f4a98f9e0]::builder::build_one
[INFO] [stdout]                                at /opt/rustwide/workdir/crates/svm-unit-test/src/builder.rs:203:5
[INFO] [stdout]   20:     0x585aadc77080 - svm_unit_test[126bb31f4a98f9e0]::builder::build_one_test
[INFO] [stdout]                                at /opt/rustwide/workdir/crates/svm-unit-test/src/builder.rs:51:5
[INFO] [stdout]   21:     0x585aadc7f1f4 - svm_unit_test[126bb31f4a98f9e0]::suite::ensure_test_built::{closure#2}
[INFO] [stdout]                                at /opt/rustwide/workdir/crates/svm-unit-test/src/suite.rs:58:20
[INFO] [stdout]   22:     0x585aadc7289e - <std[70759c8f55707aa4]::sync::once_lock::OnceLock<&std[70759c8f55707aa4]::path::Path>>::get_or_init::<svm_unit_test[126bb31f4a98f9e0]::suite::ensure_test_built::{closure#2}>::{closure#0}
[INFO] [stdout]                                at /rustc/dfb0accb7f508ae8be965d8629557221c889dd98/library/std/src/sync/once_lock.rs:350:50
[INFO] [stdout]   23:     0x585aadc72826 - <std[70759c8f55707aa4]::sync::once_lock::OnceLock<&std[70759c8f55707aa4]::path::Path>>::initialize::<<std[70759c8f55707aa4]::sync::once_lock::OnceLock<&std[70759c8f55707aa4]::path::Path>>::get_or_init<svm_unit_test[126bb31f4a98f9e0]::suite::ensure_test_built::{closure#2}>::{closure#0}, !>::{closure#0}
[INFO] [stdout]                                at /rustc/dfb0accb7f508ae8be965d8629557221c889dd98/library/std/src/sync/once_lock.rs:572:19
[INFO] [stdout]   24:     0x585aadc72b0c - <std[70759c8f55707aa4]::sync::once::Once>::call_once_force::<<std[70759c8f55707aa4]::sync::once_lock::OnceLock<&std[70759c8f55707aa4]::path::Path>>::initialize<<std[70759c8f55707aa4]::sync::once_lock::OnceLock<&std[70759c8f55707aa4]::path::Path>>::get_or_init<svm_unit_test[126bb31f4a98f9e0]::suite::ensure_test_built::{closure#2}>::{closure#0}, !>::{closure#0}>::{closure#0}
[INFO] [stdout]                                at /rustc/dfb0accb7f508ae8be965d8629557221c889dd98/library/std/src/sync/once.rs:226:40
[INFO] [stdout]   25:     0x585aae9ccdb9 - <std[70759c8f55707aa4]::sys::sync::once::futex::Once>::call
[INFO] [stdout]                                at /rustc/dfb0accb7f508ae8be965d8629557221c889dd98/library/std/src/sys/sync/once/futex.rs:183:21
[INFO] [stdout]   26:     0x585aadc70a22 - <std[70759c8f55707aa4]::sync::once::Once>::call_once_force::<<std[70759c8f55707aa4]::sync::once_lock::OnceLock<&std[70759c8f55707aa4]::path::Path>>::initialize<<std[70759c8f55707aa4]::sync::once_lock::OnceLock<&std[70759c8f55707aa4]::path::Path>>::get_or_init<svm_unit_test[126bb31f4a98f9e0]::suite::ensure_test_built::{closure#2}>::{closure#0}, !>::{closure#0}>
[INFO] [stdout]                                at /rustc/dfb0accb7f508ae8be965d8629557221c889dd98/library/std/src/sync/once.rs:226:20
[INFO] [stdout]   27:     0x585aadc70558 - <std[70759c8f55707aa4]::sync::once_lock::OnceLock<&std[70759c8f55707aa4]::path::Path>>::initialize::<<std[70759c8f55707aa4]::sync::once_lock::OnceLock<&std[70759c8f55707aa4]::path::Path>>::get_or_init<svm_unit_test[126bb31f4a98f9e0]::suite::ensure_test_built::{closure#2}>::{closure#0}, !>
[INFO] [stdout]                                at /rustc/dfb0accb7f508ae8be965d8629557221c889dd98/library/std/src/sync/once_lock.rs:571:19
[INFO] [stdout]   28:     0x585aadc7061b - <std[70759c8f55707aa4]::sync::once_lock::OnceLock<&std[70759c8f55707aa4]::path::Path>>::get_or_try_init::<<std[70759c8f55707aa4]::sync::once_lock::OnceLock<&std[70759c8f55707aa4]::path::Path>>::get_or_init<svm_unit_test[126bb31f4a98f9e0]::suite::ensure_test_built::{closure#2}>::{closure#0}, !>
[INFO] [stdout]                                at /rustc/dfb0accb7f508ae8be965d8629557221c889dd98/library/std/src/sync/once_lock.rs:439:14
[INFO] [stdout]   29:     0x585aadc7058b - <std[70759c8f55707aa4]::sync::once_lock::OnceLock<&std[70759c8f55707aa4]::path::Path>>::get_or_init::<svm_unit_test[126bb31f4a98f9e0]::suite::ensure_test_built::{closure#2}>
[INFO] [stdout]                                at /rustc/dfb0accb7f508ae8be965d8629557221c889dd98/library/std/src/sync/once_lock.rs:350:20
[INFO] [stdout]   30:     0x585aadc81be5 - svm_unit_test[126bb31f4a98f9e0]::suite::ensure_test_built
[INFO] [stdout]                                at /opt/rustwide/workdir/crates/svm-unit-test/src/suite.rs:56:10
[INFO] [stdout]   31:     0x585aadc2e5ad - sbpf[7a5beacdb4e0a3c4]::add_mod_n
[INFO] [stdout]                                at /opt/rustwide/workdir/examples/curve-bench/tests/sbpf.rs:22:1
[INFO] [stdout]   32:     0x585aadc2dc17 - sbpf[7a5beacdb4e0a3c4]::add_mod_n::{closure#0}
[INFO] [stdout]                                at /opt/rustwide/workdir/examples/curve-bench/tests/sbpf.rs:22:12
[INFO] [stdout]   33:     0x585aadc2e936 - <sbpf[7a5beacdb4e0a3c4]::add_mod_n::{closure#0} as core[df12db4294e9bfd3]::ops::function::FnOnce<()>>::call_once
[INFO] [stdout]                                at /rustc/dfb0accb7f508ae8be965d8629557221c889dd98/library/core/src/ops/function.rs:250:5
[INFO] [stdout]   34:     0x585aadc2e98b - <fn() -> core[df12db4294e9bfd3]::result::Result<(), alloc[2182bb758b4b3781]::string::String> as core[df12db4294e9bfd3]::ops::function::FnOnce<()>>::call_once
[INFO] [stdout]                                at /rustc/dfb0accb7f508ae8be965d8629557221c889dd98/library/core/src/ops/function.rs:250:5
[INFO] [stdout]   35:     0x585aadc2e98b - test[9d35eded1c95d3be]::__rust_begin_short_backtrace::<core[df12db4294e9bfd3]::result::Result<(), alloc[2182bb758b4b3781]::string::String>, fn() -> core[df12db4294e9bfd3]::result::Result<(), alloc[2182bb758b4b3781]::string::String>>
[INFO] [stdout]                                at /rustc/dfb0accb7f508ae8be965d8629557221c889dd98/library/test/src/lib.rs:733:18
[INFO] [stdout]   36:     0x585aadc3bff5 - test[9d35eded1c95d3be]::run_test_in_process::{closure#0}
[INFO] [stdout]                                at /rustc/dfb0accb7f508ae8be965d8629557221c889dd98/library/test/src/lib.rs:756:74
[INFO] [stdout]   37:     0x585aadc3bff5 - <core[df12db4294e9bfd3]::panic::unwind_safe::AssertUnwindSafe<test[9d35eded1c95d3be]::run_test_in_process::{closure#0}> as core[df12db4294e9bfd3]::ops::function::FnOnce<()>>::call_once
[INFO] [stdout]                                at /rustc/dfb0accb7f508ae8be965d8629557221c889dd98/library/core/src/panic/unwind_safe.rs:275:9
[INFO] [stdout]   38:     0x585aadc3bff5 - std[70759c8f55707aa4]::panicking::catch_unwind::do_call::<core[df12db4294e9bfd3]::panic::unwind_safe::AssertUnwindSafe<test[9d35eded1c95d3be]::run_test_in_process::{closure#0}>, core[df12db4294e9bfd3]::result::Result<(), alloc[2182bb758b4b3781]::string::String>>
[INFO] [stdout]                                at /rustc/dfb0accb7f508ae8be965d8629557221c889dd98/library/std/src/panicking.rs:576:43
[INFO] [stdout]   39:     0x585aadc3bff5 - std[70759c8f55707aa4]::panicking::catch_unwind::<core[df12db4294e9bfd3]::result::Result<(), alloc[2182bb758b4b3781]::string::String>, core[df12db4294e9bfd3]::panic::unwind_safe::AssertUnwindSafe<test[9d35eded1c95d3be]::run_test_in_process::{closure#0}>>
[INFO] [stdout]                                at /rustc/dfb0accb7f508ae8be965d8629557221c889dd98/library/std/src/panicking.rs:544:19
[INFO] [stdout]   40:     0x585aadc3bff5 - std[70759c8f55707aa4]::panic::catch_unwind::<core[df12db4294e9bfd3]::panic::unwind_safe::AssertUnwindSafe<test[9d35eded1c95d3be]::run_test_in_process::{closure#0}>, core[df12db4294e9bfd3]::result::Result<(), alloc[2182bb758b4b3781]::string::String>>
[INFO] [stdout]                                at /rustc/dfb0accb7f508ae8be965d8629557221c889dd98/library/std/src/panic.rs:359:14
[INFO] [stdout]   41:     0x585aadc3bff5 - test[9d35eded1c95d3be]::run_test_in_process
[INFO] [stdout]                                at /rustc/dfb0accb7f508ae8be965d8629557221c889dd98/library/test/src/lib.rs:756:27
[INFO] [stdout]   42:     0x585aadc3bff5 - test[9d35eded1c95d3be]::run_test::{closure#0}
[INFO] [stdout]                                at /rustc/dfb0accb7f508ae8be965d8629557221c889dd98/library/test/src/lib.rs:677:43
[INFO] [stdout]   43:     0x585aadc358b4 - test[9d35eded1c95d3be]::run_test::{closure#1}
[INFO] [stdout]                                at /rustc/dfb0accb7f508ae8be965d8629557221c889dd98/library/test/src/lib.rs:707:41
[INFO] [stdout]   44:     0x585aadc358b4 - std[70759c8f55707aa4]::sys::backtrace::__rust_begin_short_backtrace::<test[9d35eded1c95d3be]::run_test::{closure#1}, ()>
[INFO] [stdout]                                at /rustc/dfb0accb7f508ae8be965d8629557221c889dd98/library/std/src/sys/backtrace.rs:166:18
[INFO] [stdout]   45:     0x585aadc3f152 - std[70759c8f55707aa4]::thread::lifecycle::spawn_unchecked::<test[9d35eded1c95d3be]::run_test::{closure#1}, ()>::{closure#1}::{closure#0}
[INFO] [stdout]                                at /rustc/dfb0accb7f508ae8be965d8629557221c889dd98/library/std/src/thread/lifecycle.rs:70:13
[INFO] [stdout]   46:     0x585aadc3f152 - <core[df12db4294e9bfd3]::panic::unwind_safe::AssertUnwindSafe<std[70759c8f55707aa4]::thread::lifecycle::spawn_unchecked<test[9d35eded1c95d3be]::run_test::{closure#1}, ()>::{closure#1}::{closure#0}> as core[df12db4294e9bfd3]::ops::function::FnOnce<()>>::call_once
[INFO] [stdout]                                at /rustc/dfb0accb7f508ae8be965d8629557221c889dd98/library/core/src/panic/unwind_safe.rs:275:9
[INFO] [stdout]   47:     0x585aadc3f152 - std[70759c8f55707aa4]::panicking::catch_unwind::do_call::<core[df12db4294e9bfd3]::panic::unwind_safe::AssertUnwindSafe<std[70759c8f55707aa4]::thread::lifecycle::spawn_unchecked<test[9d35eded1c95d3be]::run_test::{closure#1}, ()>::{closure#1}::{closure#0}>, ()>
[INFO] [stdout]                                at /rustc/dfb0accb7f508ae8be965d8629557221c889dd98/library/std/src/panicking.rs:576:43
[INFO] [stdout]   48:     0x585aadc3f152 - std[70759c8f55707aa4]::panicking::catch_unwind::<(), core[df12db4294e9bfd3]::panic::unwind_safe::AssertUnwindSafe<std[70759c8f55707aa4]::thread::lifecycle::spawn_unchecked<test[9d35eded1c95d3be]::run_test::{closure#1}, ()>::{closure#1}::{closure#0}>>
[INFO] [stdout]                                at /rustc/dfb0accb7f508ae8be965d8629557221c889dd98/library/std/src/panicking.rs:544:19
[INFO] [stdout]   49:     0x585aadc3f152 - std[70759c8f55707aa4]::panic::catch_unwind::<core[df12db4294e9bfd3]::panic::unwind_safe::AssertUnwindSafe<std[70759c8f55707aa4]::thread::lifecycle::spawn_unchecked<test[9d35eded1c95d3be]::run_test::{closure#1}, ()>::{closure#1}::{closure#0}>, ()>
[INFO] [stdout]                                at /rustc/dfb0accb7f508ae8be965d8629557221c889dd98/library/std/src/panic.rs:359:14
[INFO] [stdout]   50:     0x585aadc3f152 - std[70759c8f55707aa4]::thread::lifecycle::spawn_unchecked::<test[9d35eded1c95d3be]::run_test::{closure#1}, ()>::{closure#1}
[INFO] [stdout]                                at /rustc/dfb0accb7f508ae8be965d8629557221c889dd98/library/std/src/thread/lifecycle.rs:68:26
[INFO] [stdout]   51:     0x585aadc3f152 - <std[70759c8f55707aa4]::thread::lifecycle::spawn_unchecked<test[9d35eded1c95d3be]::run_test::{closure#1}, ()>::{closure#1} as core[df12db4294e9bfd3]::ops::function::FnOnce<()>>::call_once::{shim:vtable#0}
[INFO] [stdout]                                at /rustc/dfb0accb7f508ae8be965d8629557221c889dd98/library/core/src/ops/function.rs:250:5
[INFO] [stdout]   52:     0x585aae9eb999 - <alloc[2182bb758b4b3781]::boxed::Box<dyn core[df12db4294e9bfd3]::ops::function::FnOnce<(), Output = ()> + core[df12db4294e9bfd3]::marker::Send> as core[df12db4294e9bfd3]::ops::function::FnOnce<()>>::call_once
[INFO] [stdout]                                at /rustc/dfb0accb7f508ae8be965d8629557221c889dd98/library/alloc/src/boxed.rs:2320:9
[INFO] [stdout]   53:     0x585aae9eb999 - <std[70759c8f55707aa4]::sys::thread::unix::Thread>::new::thread_start
[INFO] [stdout]                                at /rustc/dfb0accb7f508ae8be965d8629557221c889dd98/library/std/src/sys/thread/unix.rs:123:17
[INFO] [stdout]   54:     0x78348ce51dfa - <unknown>
[INFO] [stdout]   55:     0x78348cee53d4 - clone
[INFO] [stdout]   56:                0x0 - <unknown>
[INFO] [stdout] 
[INFO] [stdout] ---- add_mod_n_zero stdout ----
[INFO] [stdout] 
[INFO] [stdout] thread 'add_mod_n_zero' (3454) panicked at crates/svm-unit-test/src/builder.rs:203:5:
[INFO] [stdout] `cargo build-sbf` failed for svm_test `add_mod_n_zero` (manifest: /opt/rustwide/target/tmp/suite-34fbde7c26b68f8c/build/add_mod_n_zero/Cargo.toml)
[INFO] [stdout] stack backtrace:
[INFO] [stdout]    0:     0x585aae9ec951 - std[70759c8f55707aa4]::backtrace_rs::backtrace::libunwind::trace
[INFO] [stdout]                                at /rustc/dfb0accb7f508ae8be965d8629557221c889dd98/library/std/src/../../backtrace/src/backtrace/libunwind.rs:117:9
[INFO] [stdout]    1:     0x585aae9ec951 - std[70759c8f55707aa4]::backtrace_rs::backtrace::trace_unsynchronized::<std[70759c8f55707aa4]::sys::backtrace::_print_fmt::{closure#1}>
[INFO] [stdout]                                at /rustc/dfb0accb7f508ae8be965d8629557221c889dd98/library/std/src/../../backtrace/src/backtrace/mod.rs:66:14
[INFO] [stdout]    2:     0x585aae9ec951 - std[70759c8f55707aa4]::sys::backtrace::_print_fmt
[INFO] [stdout]                                at /rustc/dfb0accb7f508ae8be965d8629557221c889dd98/library/std/src/sys/backtrace.rs:74:9
[INFO] [stdout]    3:     0x585aae9ec951 - <<std[70759c8f55707aa4]::sys::backtrace::BacktraceLock>::print::DisplayBacktrace as core[df12db4294e9bfd3]::fmt::Display>::fmt
[INFO] [stdout]                                at /rustc/dfb0accb7f508ae8be965d8629557221c889dd98/library/std/src/sys/backtrace.rs:44:26
[INFO] [stdout]    4:     0x585aaea0434a - <core[df12db4294e9bfd3]::fmt::rt::Argument>::fmt
[INFO] [stdout]                                at /rustc/dfb0accb7f508ae8be965d8629557221c889dd98/library/core/src/fmt/rt.rs:152:76
[INFO] [stdout]    5:     0x585aaea0434a - core[df12db4294e9bfd3]::fmt::write
[INFO] [stdout]    6:     0x585aae9f290c - core[df12db4294e9bfd3]::io::write::default_write_fmt::<alloc[2182bb758b4b3781]::vec::Vec<u8>>
[INFO] [stdout]                                at /rustc/dfb0accb7f508ae8be965d8629557221c889dd98/library/core/src/io/write.rs:402:11
[INFO] [stdout]    7:     0x585aae9f290c - <alloc[2182bb758b4b3781]::vec::Vec<u8> as core[df12db4294e9bfd3]::io::write::Write>::write_fmt
[INFO] [stdout]                                at /rustc/dfb0accb7f508ae8be965d8629557221c889dd98/library/core/src/io/write.rs:335:13
[INFO] [stdout]    8:     0x585aae9c7086 - <std[70759c8f55707aa4]::sys::backtrace::BacktraceLock>::print
[INFO] [stdout]                                at /rustc/dfb0accb7f508ae8be965d8629557221c889dd98/library/std/src/sys/backtrace.rs:47:9
[INFO] [stdout]    9:     0x585aae9c7086 - std[70759c8f55707aa4]::panicking::default_hook::{closure#0}
[INFO] [stdout]                                at /rustc/dfb0accb7f508ae8be965d8629557221c889dd98/library/std/src/panicking.rs:292:27
[INFO] [stdout]   10:     0x585aae9e4209 - std[70759c8f55707aa4]::panicking::default_hook
[INFO] [stdout]                                at /rustc/dfb0accb7f508ae8be965d8629557221c889dd98/library/std/src/panicking.rs:316:9
[INFO] [stdout]   11:     0x585aadc3b6a0 - <alloc[2182bb758b4b3781]::boxed::Box<dyn for<'a, 'b> core[df12db4294e9bfd3]::ops::function::Fn<(&'a std[70759c8f55707aa4]::panic::PanicHookInfo<'b>,), Output = ()> + core[df12db4294e9bfd3]::marker::Send + core[df12db4294e9bfd3]::marker::Sync> as core[df12db4294e9bfd3]::ops::function::Fn<(&std[70759c8f55707aa4]::panic::PanicHookInfo,)>>::call
[INFO] [stdout]                                at /rustc/dfb0accb7f508ae8be965d8629557221c889dd98/library/alloc/src/boxed.rs:2334:9
[INFO] [stdout]   12:     0x585aadc3b6a0 - test[9d35eded1c95d3be]::test_main_inner::<test[9d35eded1c95d3be]::test_main_static::{closure#0}>::{closure#0}
[INFO] [stdout]                                at /rustc/dfb0accb7f508ae8be965d8629557221c889dd98/library/test/src/lib.rs:155:21
[INFO] [stdout]   13:     0x585aae9e4532 - <alloc[2182bb758b4b3781]::boxed::Box<dyn for<'a, 'b> core[df12db4294e9bfd3]::ops::function::Fn<(&'a std[70759c8f55707aa4]::panic::PanicHookInfo<'b>,), Output = ()> + core[df12db4294e9bfd3]::marker::Send + core[df12db4294e9bfd3]::marker::Sync> as core[df12db4294e9bfd3]::ops::function::Fn<(&std[70759c8f55707aa4]::panic::PanicHookInfo,)>>::call
[INFO] [stdout]                                at /rustc/dfb0accb7f508ae8be965d8629557221c889dd98/library/alloc/src/boxed.rs:2334:9
[INFO] [stdout]   14:     0x585aae9e4532 - std[70759c8f55707aa4]::panicking::panic_with_hook
[INFO] [stdout]                                at /rustc/dfb0accb7f508ae8be965d8629557221c889dd98/library/std/src/panicking.rs:823:13
[INFO] [stdout]   15:     0x585aae9c7132 - std[70759c8f55707aa4]::panicking::panic_handler::{closure#0}
[INFO] [stdout]                                at /rustc/dfb0accb7f508ae8be965d8629557221c889dd98/library/std/src/panicking.rs:688:13
[INFO] [stdout]   16:     0x585aae9bfad9 - std[70759c8f55707aa4]::sys::backtrace::__rust_end_short_backtrace::<std[70759c8f55707aa4]::panicking::panic_handler::{closure#0}, !>
[INFO] [stdout]                                at /rustc/dfb0accb7f508ae8be965d8629557221c889dd98/library/std/src/sys/backtrace.rs:182:18
[INFO] [stdout]   17:     0x585aae9c7e1d - __rustc[8fa7c3cbc660c2b3]::rust_begin_unwind
[INFO] [stdout]                                at /rustc/dfb0accb7f508ae8be965d8629557221c889dd98/library/std/src/panicking.rs:679:5
[INFO] [stdout]   18:     0x585aaea04c1c - core[df12db4294e9bfd3]::panicking::panic_fmt
[INFO] [stdout]                                at /rustc/dfb0accb7f508ae8be965d8629557221c889dd98/library/core/src/panicking.rs:80:14
[INFO] [stdout]   19:     0x585aadc784f6 - svm_unit_test[126bb31f4a98f9e0]::builder::build_one
[INFO] [stdout]                                at /opt/rustwide/workdir/crates/svm-unit-test/src/builder.rs:203:5
[INFO] [stdout]   20:     0x585aadc77080 - svm_unit_test[126bb31f4a98f9e0]::builder::build_one_test
[INFO] [stdout]                                at /opt/rustwide/workdir/crates/svm-unit-test/src/builder.rs:51:5
[INFO] [stdout]   21:     0x585aadc7f1f4 - svm_unit_test[126bb31f4a98f9e0]::suite::ensure_test_built::{closure#2}
[INFO] [stdout]                                at /opt/rustwide/workdir/crates/svm-unit-test/src/suite.rs:58:20
[INFO] [stdout]   22:     0x585aadc7289e - <std[70759c8f55707aa4]::sync::once_lock::OnceLock<&std[70759c8f55707aa4]::path::Path>>::get_or_init::<svm_unit_test[126bb31f4a98f9e0]::suite::ensure_test_built::{closure#2}>::{closure#0}
[INFO] [stdout]                                at /rustc/dfb0accb7f508ae8be965d8629557221c889dd98/library/std/src/sync/once_lock.rs:350:50
[INFO] [stdout]   23:     0x585aadc72826 - <std[70759c8f55707aa4]::sync::once_lock::OnceLock<&std[70759c8f55707aa4]::path::Path>>::initialize::<<std[70759c8f55707aa4]::sync::once_lock::OnceLock<&std[70759c8f55707aa4]::path::Path>>::get_or_init<svm_unit_test[126bb31f4a98f9e0]::suite::ensure_test_built::{closure#2}>::{closure#0}, !>::{closure#0}
[INFO] [stdout]                                at /rustc/dfb0accb7f508ae8be965d8629557221c889dd98/library/std/src/sync/once_lock.rs:572:19
[INFO] [stdout]   24:     0x585aadc72b0c - <std[70759c8f55707aa4]::sync::once::Once>::call_once_force::<<std[70759c8f55707aa4]::sync::once_lock::OnceLock<&std[70759c8f55707aa4]::path::Path>>::initialize<<std[70759c8f55707aa4]::sync::once_lock::OnceLock<&std[70759c8f55707aa4]::path::Path>>::get_or_init<svm_unit_test[126bb31f4a98f9e0]::suite::ensure_test_built::{closure#2}>::{closure#0}, !>::{closure#0}>::{closure#0}
[INFO] [stdout]                                at /rustc/dfb0accb7f508ae8be965d8629557221c889dd98/library/std/src/sync/once.rs:226:40
[INFO] [stdout]   25:     0x585aae9ccdb9 - <std[70759c8f55707aa4]::sys::sync::once::futex::Once>::call
[INFO] [stdout]                                at /rustc/dfb0accb7f508ae8be965d8629557221c889dd98/library/std/src/sys/sync/once/futex.rs:183:21
[INFO] [stdout]   26:     0x585aadc70a22 - <std[70759c8f55707aa4]::sync::once::Once>::call_once_force::<<std[70759c8f55707aa4]::sync::once_lock::OnceLock<&std[70759c8f55707aa4]::path::Path>>::initialize<<std[70759c8f55707aa4]::sync::once_lock::OnceLock<&std[70759c8f55707aa4]::path::Path>>::get_or_init<svm_unit_test[126bb31f4a98f9e0]::suite::ensure_test_built::{closure#2}>::{closure#0}, !>::{closure#0}>
[INFO] [stdout]                                at /rustc/dfb0accb7f508ae8be965d8629557221c889dd98/library/std/src/sync/once.rs:226:20
[INFO] [stdout]   27:     0x585aadc70558 - <std[70759c8f55707aa4]::sync::once_lock::OnceLock<&std[70759c8f55707aa4]::path::Path>>::initialize::<<std[70759c8f55707aa4]::sync::once_lock::OnceLock<&std[70759c8f55707aa4]::path::Path>>::get_or_init<svm_unit_test[126bb31f4a98f9e0]::suite::ensure_test_built::{closure#2}>::{closure#0}, !>
[INFO] [stdout]                                at /rustc/dfb0accb7f508ae8be965d8629557221c889dd98/library/std/src/sync/once_lock.rs:571:19
[INFO] [stdout]   28:     0x585aadc7061b - <std[70759c8f55707aa4]::sync::once_lock::OnceLock<&std[70759c8f55707aa4]::path::Path>>::get_or_try_init::<<std[70759c8f55707aa4]::sync::once_lock::OnceLock<&std[70759c8f55707aa4]::path::Path>>::get_or_init<svm_unit_test[126bb31f4a98f9e0]::suite::ensure_test_built::{closure#2}>::{closure#0}, !>
[INFO] [stdout]                                at /rustc/dfb0accb7f508ae8be965d8629557221c889dd98/library/std/src/sync/once_lock.rs:439:14
[INFO] [stdout]   29:     0x585aadc7058b - <std[70759c8f55707aa4]::sync::once_lock::OnceLock<&std[70759c8f55707aa4]::path::Path>>::get_or_init::<svm_unit_test[126bb31f4a98f9e0]::suite::ensure_test_built::{closure#2}>
[INFO] [stdout]                                at /rustc/dfb0accb7f508ae8be965d8629557221c889dd98/library/std/src/sync/once_lock.rs:350:20
[INFO] [stdout]   30:     0x585aadc81be5 - svm_unit_test[126bb31f4a98f9e0]::suite::ensure_test_built
[INFO] [stdout]                                at /opt/rustwide/workdir/crates/svm-unit-test/src/suite.rs:56:10
[INFO] [stdout]   31:     0x585aadc2e18d - sbpf[7a5beacdb4e0a3c4]::add_mod_n_zero
[INFO] [stdout]                                at /opt/rustwide/workdir/examples/curve-bench/tests/sbpf.rs:27:1
[INFO] [stdout]   32:     0x585aadc2db87 - sbpf[7a5beacdb4e0a3c4]::add_mod_n_zero::{closure#0}
[INFO] [stdout]                                at /opt/rustwide/workdir/examples/curve-bench/tests/sbpf.rs:27:12
[INFO] [stdout]   33:     0x585aadc2e8d6 - <sbpf[7a5beacdb4e0a3c4]::add_mod_n_zero::{closure#0} as core[df12db4294e9bfd3]::ops::function::FnOnce<()>>::call_once
[INFO] [stdout]                                at /rustc/dfb0accb7f508ae8be965d8629557221c889dd98/library/core/src/ops/function.rs:250:5
[INFO] [stdout]   34:     0x585aadc2e98b - <fn() -> core[df12db4294e9bfd3]::result::Result<(), alloc[2182bb758b4b3781]::string::String> as core[df12db4294e9bfd3]::ops::function::FnOnce<()>>::call_once
[INFO] [stdout]                                at /rustc/dfb0accb7f508ae8be965d8629557221c889dd98/library/core/src/ops/function.rs:250:5
[INFO] [stdout]   35:     0x585aadc2e98b - test[9d35eded1c95d3be]::__rust_begin_short_backtrace::<core[df12db4294e9bfd3]::result::Result<(), alloc[2182bb758b4b3781]::string::String>, fn() -> core[df12db4294e9bfd3]::result::Result<(), alloc[2182bb758b4b3781]::string::String>>
[INFO] [stdout]                                at /rustc/dfb0accb7f508ae8be965d8629557221c889dd98/library/test/src/lib.rs:733:18
[INFO] [stdout]   36:     0x585aadc3bff5 - test[9d35eded1c95d3be]::run_test_in_process::{closure#0}
[INFO] [stdout]                                at /rustc/dfb0accb7f508ae8be965d8629557221c889dd98/library/test/src/lib.rs:756:74
[INFO] [stdout]   37:     0x585aadc3bff5 - <core[df12db4294e9bfd3]::panic::unwind_safe::AssertUnwindSafe<test[9d35eded1c95d3be]::run_test_in_process::{closure#0}> as core[df12db4294e9bfd3]::ops::function::FnOnce<()>>::call_once
[INFO] [stdout]                                at /rustc/dfb0accb7f508ae8be965d8629557221c889dd98/library/core/src/panic/unwind_safe.rs:275:9
[INFO] [stdout]   38:     0x585aadc3bff5 - std[70759c8f55707aa4]::panicking::catch_unwind::do_call::<core[df12db4294e9bfd3]::panic::unwind_safe::AssertUnwindSafe<test[9d35eded1c95d3be]::run_test_in_process::{closure#0}>, core[df12db4294e9bfd3]::result::Result<(), alloc[2182bb758b4b3781]::string::String>>
[INFO] [stdout]                                at /rustc/dfb0accb7f508ae8be965d8629557221c889dd98/library/std/src/panicking.rs:576:43
[INFO] [stdout]   39:     0x585aadc3bff5 - std[70759c8f55707aa4]::panicking::catch_unwind::<core[df12db4294e9bfd3]::result::Result<(), alloc[2182bb758b4b3781]::string::String>, core[df12db4294e9bfd3]::panic::unwind_safe::AssertUnwindSafe<test[9d35eded1c95d3be]::run_test_in_process::{closure#0}>>
[INFO] [stdout]                                at /rustc/dfb0accb7f508ae8be965d8629557221c889dd98/library/std/src/panicking.rs:544:19
[INFO] [stdout]   40:     0x585aadc3bff5 - std[70759c8f55707aa4]::panic::catch_unwind::<core[df12db4294e9bfd3]::panic::unwind_safe::AssertUnwindSafe<test[9d35eded1c95d3be]::run_test_in_process::{closure#0}>, core[df12db4294e9bfd3]::result::Result<(), alloc[2182bb758b4b3781]::string::String>>
[INFO] [stdout]                                at /rustc/dfb0accb7f508ae8be965d8629557221c889dd98/library/std/src/panic.rs:359:14
[INFO] [stdout]   41:     0x585aadc3bff5 - test[9d35eded1c95d3be]::run_test_in_process
[INFO] [stdout]                                at /rustc/dfb0accb7f508ae8be965d8629557221c889dd98/library/test/src/lib.rs:756:27
[INFO] [stdout]   42:     0x585aadc3bff5 - test[9d35eded1c95d3be]::run_test::{closure#0}
[INFO] [stdout]                                at /rustc/dfb0accb7f508ae8be965d8629557221c889dd98/library/test/src/lib.rs:677:43
[INFO] [stdout]   43:     0x585aadc358b4 - test[9d35eded1c95d3be]::run_test::{closure#1}
[INFO] [stdout]                                at /rustc/dfb0accb7f508ae8be965d8629557221c889dd98/library/test/src/lib.rs:707:41
[INFO] [stdout]   44:     0x585aadc358b4 - std[70759c8f55707aa4]::sys::backtrace::__rust_begin_short_backtrace::<test[9d35eded1c95d3be]::run_test::{closure#1}, ()>
[INFO] [stdout]                                at /rustc/dfb0accb7f508ae8be965d8629557221c889dd98/library/std/src/sys/backtrace.rs:166:18
[INFO] [stdout]   45:     0x585aadc3f152 - std[70759c8f55707aa4]::thread::lifecycle::spawn_unchecked::<test[9d35eded1c95d3be]::run_test::{closure#1}, ()>::{closure#1}::{closure#0}
[INFO] [stdout]                                at /rustc/dfb0accb7f508ae8be965d8629557221c889dd98/library/std/src/thread/lifecycle.rs:70:13
[INFO] [stdout]   46:     0x585aadc3f152 - <core[df12db4294e9bfd3]::panic::unwind_safe::AssertUnwindSafe<std[70759c8f55707aa4]::thread::lifecycle::spawn_unchecked<test[9d35eded1c95d3be]::run_test::{closure#1}, ()>::{closure#1}::{closure#0}> as core[df12db4294e9bfd3]::ops::function::FnOnce<()>>::call_once
[INFO] [stdout]                                at /rustc/dfb0accb7f508ae8be965d8629557221c889dd98/library/core/src/panic/unwind_safe.rs:275:9
[INFO] [stdout]   47:     0x585aadc3f152 - std[70759c8f55707aa4]::panicking::catch_unwind::do_call::<core[df12db4294e9bfd3]::panic::unwind_safe::AssertUnwindSafe<std[70759c8f55707aa4]::thread::lifecycle::spawn_unchecked<test[9d35eded1c95d3be]::run_test::{closure#1}, ()>::{closure#1}::{closure#0}>, ()>
[INFO] [stdout]                                at /rustc/dfb0accb7f508ae8be965d8629557221c889dd98/library/std/src/panicking.rs:576:43
[INFO] [stdout]   48:     0x585aadc3f152 - std[70759c8f55707aa4]::panicking::catch_unwind::<(), core[df12db4294e9bfd3]::panic::unwind_safe::AssertUnwindSafe<std[70759c8f55707aa4]::thread::lifecycle::spawn_unchecked<test[9d35eded1c95d3be]::run_test::{closure#1}, ()>::{closure#1}::{closure#0}>>
[INFO] [stdout]                                at /rustc/dfb0accb7f508ae8be965d8629557221c889dd98/library/std/src/panicking.rs:544:19
[INFO] [stdout]   49:     0x585aadc3f152 - std[70759c8f55707aa4]::panic::catch_unwind::<core[df12db4294e9bfd3]::panic::unwind_safe::AssertUnwindSafe<std[70759c8f55707aa4]::thread::lifecycle::spawn_unchecked<test[9d35eded1c95d3be]::run_test::{closure#1}, ()>::{closure#1}::{closure#0}>, ()>
[INFO] [stdout]                                at /rustc/dfb0accb7f508ae8be965d8629557221c889dd98/library/std/src/panic.rs:359:14
[INFO] [stdout]   50:     0x585aadc3f152 - std[70759c8f55707aa4]::thread::lifecycle::spawn_unchecked::<test[9d35eded1c95d3be]::run_test::{closure#1}, ()>::{closure#1}
[INFO] [stdout]                                at /rustc/dfb0accb7f508ae8be965d8629557221c889dd98/library/std/src/thread/lifecycle.rs:68:26
[INFO] [stdout]   51:     0x585aadc3f152 - <std[70759c8f55707aa4]::thread::lifecycle::spawn_unchecked<test[9d35eded1c95d3be]::run_test::{closure#1}, ()>::{closure#1} as core[df12db4294e9bfd3]::ops::function::FnOnce<()>>::call_once::{shim:vtable#0}
[INFO] [stdout]                                at /rustc/dfb0accb7f508ae8be965d8629557221c889dd98/library/core/src/ops/function.rs:250:5
[INFO] [stdout]   52:     0x585aae9eb999 - <alloc[2182bb758b4b3781]::boxed::Box<dyn core[df12db4294e9bfd3]::ops::function::FnOnce<(), Output = ()> + core[df12db4294e9bfd3]::marker::Send> as core[df12db4294e9bfd3]::ops::function::FnOnce<()>>::call_once
[INFO] [stdout]                                at /rustc/dfb0accb7f508ae8be965d8629557221c889dd98/library/alloc/src/boxed.rs:2320:9
[INFO] [stdout]   53:     0x585aae9eb999 - <std[70759c8f55707aa4]::sys::thread::unix::Thread>::new::thread_start
[INFO] [stdout]                                at /rustc/dfb0accb7f508ae8be965d8629557221c889dd98/library/std/src/sys/thread/unix.rs:123:17
[INFO] [stdout]   54:     0x78348ce51dfa - <unknown>
[INFO] [stdout]   55:     0x78348cee53d4 - clone
[INFO] [stdout]   56:                0x0 - <unknown>
[INFO] [stdout] 
[INFO] [stdout] ---- add_mod_n_custom_error stdout ----
[INFO] [stdout] 
[INFO] [stdout] thread 'add_mod_n_custom_error' (3452) panicked at crates/svm-unit-test/src/builder.rs:203:5:
[INFO] [stdout] `cargo build-sbf` failed for svm_test `add_mod_n_custom_error` (manifest: /opt/rustwide/target/tmp/suite-34fbde7c26b68f8c/build/add_mod_n_custom_error/Cargo.toml)
[INFO] [stdout] stack backtrace:
[INFO] [stdout]    0:     0x585aae9ec951 - std[70759c8f55707aa4]::backtrace_rs::backtrace::libunwind::trace
[INFO] [stdout]                                at /rustc/dfb0accb7f508ae8be965d8629557221c889dd98/library/std/src/../../backtrace/src/backtrace/libunwind.rs:117:9
[INFO] [stdout]    1:     0x585aae9ec951 - std[70759c8f55707aa4]::backtrace_rs::backtrace::trace_unsynchronized::<std[70759c8f55707aa4]::sys::backtrace::_print_fmt::{closure#1}>
[INFO] [stdout]                                at /rustc/dfb0accb7f508ae8be965d8629557221c889dd98/library/std/src/../../backtrace/src/backtrace/mod.rs:66:14
[INFO] [stdout]    2:     0x585aae9ec951 - std[70759c8f55707aa4]::sys::backtrace::_print_fmt
[INFO] [stdout]                                at /rustc/dfb0accb7f508ae8be965d8629557221c889dd98/library/std/src/sys/backtrace.rs:74:9
[INFO] [stdout]    3:     0x585aae9ec951 - <<std[70759c8f55707aa4]::sys::backtrace::BacktraceLock>::print::DisplayBacktrace as core[df12db4294e9bfd3]::fmt::Display>::fmt
[INFO] [stdout]                                at /rustc/dfb0accb7f508ae8be965d8629557221c889dd98/library/std/src/sys/backtrace.rs:44:26
[INFO] [stdout]    4:     0x585aaea0434a - <core[df12db4294e9bfd3]::fmt::rt::Argument>::fmt
[INFO] [stdout]                                at /rustc/dfb0accb7f508ae8be965d8629557221c889dd98/library/core/src/fmt/rt.rs:152:76
[INFO] [stdout]    5:     0x585aaea0434a - core[df12db4294e9bfd3]::fmt::write
[INFO] [stdout]    6:     0x585aae9f290c - core[df12db4294e9bfd3]::io::write::default_write_fmt::<alloc[2182bb758b4b3781]::vec::Vec<u8>>
[INFO] [stdout]                                at /rustc/dfb0accb7f508ae8be965d8629557221c889dd98/library/core/src/io/write.rs:402:11
[INFO] [stdout]    7:     0x585aae9f290c - <alloc[2182bb758b4b3781]::vec::Vec<u8> as core[df12db4294e9bfd3]::io::write::Write>::write_fmt
[INFO] [stdout]                                at /rustc/dfb0accb7f508ae8be965d8629557221c889dd98/library/core/src/io/write.rs:335:13
[INFO] [stdout]    8:     0x585aae9c7086 - <std[70759c8f55707aa4]::sys::backtrace::BacktraceLock>::print
[INFO] [stdout]                                at /rustc/dfb0accb7f508ae8be965d8629557221c889dd98/library/std/src/sys/backtrace.rs:47:9
[INFO] [stdout]    9:     0x585aae9c7086 - std[70759c8f55707aa4]::panicking::default_hook::{closure#0}
[INFO] [stdout]                                at /rustc/dfb0accb7f508ae8be965d8629557221c889dd98/library/std/src/panicking.rs:292:27
[INFO] [stdout]   10:     0x585aae9e4209 - std[70759c8f55707aa4]::panicking::default_hook
[INFO] [stdout]                                at /rustc/dfb0accb7f508ae8be965d8629557221c889dd98/library/std/src/panicking.rs:316:9
[INFO] [stdout]   11:     0x585aadc3b6a0 - <alloc[2182bb758b4b3781]::boxed::Box<dyn for<'a, 'b> core[df12db4294e9bfd3]::ops::function::Fn<(&'a std[70759c8f55707aa4]::panic::PanicHookInfo<'b>,), Output = ()> + core[df12db4294e9bfd3]::marker::Send + core[df12db4294e9bfd3]::marker::Sync> as core[df12db4294e9bfd3]::ops::function::Fn<(&std[70759c8f55707aa4]::panic::PanicHookInfo,)>>::call
[INFO] [stdout]                                at /rustc/dfb0accb7f508ae8be965d8629557221c889dd98/library/alloc/src/boxed.rs:2334:9
[INFO] [stdout]   12:     0x585aadc3b6a0 - test[9d35eded1c95d3be]::test_main_inner::<test[9d35eded1c95d3be]::test_main_static::{closure#0}>::{closure#0}
[INFO] [stdout]                                at /rustc/dfb0accb7f508ae8be965d8629557221c889dd98/library/test/src/lib.rs:155:21
[INFO] [stdout]   13:     0x585aae9e4532 - <alloc[2182bb758b4b3781]::boxed::Box<dyn for<'a, 'b> core[df12db4294e9bfd3]::ops::function::Fn<(&'a std[70759c8f55707aa4]::panic::PanicHookInfo<'b>,), Output = ()> + core[df12db4294e9bfd3]::marker::Send + core[df12db4294e9bfd3]::marker::Sync> as core[df12db4294e9bfd3]::ops::function::Fn<(&std[70759c8f55707aa4]::panic::PanicHookInfo,)>>::call
[INFO] [stdout]                                at /rustc/dfb0accb7f508ae8be965d8629557221c889dd98/library/alloc/src/boxed.rs:2334:9
[INFO] [stdout]   14:     0x585aae9e4532 - std[70759c8f55707aa4]::panicking::panic_with_hook
[INFO] [stdout]                                at /rustc/dfb0accb7f508ae8be965d8629557221c889dd98/library/std/src/panicking.rs:823:13
[INFO] [stdout]   15:     0x585aae9c7132 - std[70759c8f55707aa4]::panicking::panic_handler::{closure#0}
[INFO] [stdout]                                at /rustc/dfb0accb7f508ae8be965d8629557221c889dd98/library/std/src/panicking.rs:688:13
[INFO] [stdout]   16:     0x585aae9bfad9 - std[70759c8f55707aa4]::sys::backtrace::__rust_end_short_backtrace::<std[70759c8f55707aa4]::panicking::panic_handler::{closure#0}, !>
[INFO] [stdout]                                at /rustc/dfb0accb7f508ae8be965d8629557221c889dd98/library/std/src/sys/backtrace.rs:182:18
[INFO] [stdout]   17:     0x585aae9c7e1d - __rustc[8fa7c3cbc660c2b3]::rust_begin_unwind
[INFO] [stdout]                                at /rustc/dfb0accb7f508ae8be965d8629557221c889dd98/library/std/src/panicking.rs:679:5
[INFO] [stdout]   18:     0x585aaea04c1c - core[df12db4294e9bfd3]::panicking::panic_fmt
[INFO] [stdout]                                at /rustc/dfb0accb7f508ae8be965d8629557221c889dd98/library/core/src/panicking.rs:80:14
[INFO] [stdout]   19:     0x585aadc784f6 - svm_unit_test[126bb31f4a98f9e0]::builder::build_one
[INFO] [stdout]                                at /opt/rustwide/workdir/crates/svm-unit-test/src/builder.rs:203:5
[INFO] [stdout]   20:     0x585aadc77080 - svm_unit_test[126bb31f4a98f9e0]::builder::build_one_test
[INFO] [stdout]                                at /opt/rustwide/workdir/crates/svm-unit-test/src/builder.rs:51:5
[INFO] [stdout]   21:     0x585aadc7f1f4 - svm_unit_test[126bb31f4a98f9e0]::suite::ensure_test_built::{closure#2}
[INFO] [stdout]                                at /opt/rustwide/workdir/crates/svm-unit-test/src/suite.rs:58:20
[INFO] [stdout]   22:     0x585aadc7289e - <std[70759c8f55707aa4]::sync::once_lock::OnceLock<&std[70759c8f55707aa4]::path::Path>>::get_or_init::<svm_unit_test[126bb31f4a98f9e0]::suite::ensure_test_built::{closure#2}>::{closure#0}
[INFO] [stdout]                                at /rustc/dfb0accb7f508ae8be965d8629557221c889dd98/library/std/src/sync/once_lock.rs:350:50
[INFO] [stdout]   23:     0x585aadc72826 - <std[70759c8f55707aa4]::sync::once_lock::OnceLock<&std[70759c8f55707aa4]::path::Path>>::initialize::<<std[70759c8f55707aa4]::sync::once_lock::OnceLock<&std[70759c8f55707aa4]::path::Path>>::get_or_init<svm_unit_test[126bb31f4a98f9e0]::suite::ensure_test_built::{closure#2}>::{closure#0}, !>::{closure#0}
[INFO] [stdout]                                at /rustc/dfb0accb7f508ae8be965d8629557221c889dd98/library/std/src/sync/once_lock.rs:572:19
[INFO] [stdout]   24:     0x585aadc72b0c - <std[70759c8f55707aa4]::sync::once::Once>::call_once_force::<<std[70759c8f55707aa4]::sync::once_lock::OnceLock<&std[70759c8f55707aa4]::path::Path>>::initialize<<std[70759c8f55707aa4]::sync::once_lock::OnceLock<&std[70759c8f55707aa4]::path::Path>>::get_or_init<svm_unit_test[126bb31f4a98f9e0]::suite::ensure_test_built::{closure#2}>::{closure#0}, !>::{closure#0}>::{closure#0}
[INFO] [stdout]                                at /rustc/dfb0accb7f508ae8be965d8629557221c889dd98/library/std/src/sync/once.rs:226:40
[INFO] [stdout]   25:     0x585aae9ccdb9 - <std[70759c8f55707aa4]::sys::sync::once::futex::Once>::call
[INFO] [stdout]                                at /rustc/dfb0accb7f508ae8be965d8629557221c889dd98/library/std/src/sys/sync/once/futex.rs:183:21
[INFO] [stdout]   26:     0x585aadc70a22 - <std[70759c8f55707aa4]::sync::once::Once>::call_once_force::<<std[70759c8f55707aa4]::sync::once_lock::OnceLock<&std[70759c8f55707aa4]::path::Path>>::initialize<<std[70759c8f55707aa4]::sync::once_lock::OnceLock<&std[70759c8f55707aa4]::path::Path>>::get_or_init<svm_unit_test[126bb31f4a98f9e0]::suite::ensure_test_built::{closure#2}>::{closure#0}, !>::{closure#0}>
[INFO] [stdout]                                at /rustc/dfb0accb7f508ae8be965d8629557221c889dd98/library/std/src/sync/once.rs:226:20
[INFO] [stdout]   27:     0x585aadc70558 - <std[70759c8f55707aa4]::sync::once_lock::OnceLock<&std[70759c8f55707aa4]::path::Path>>::initialize::<<std[70759c8f55707aa4]::sync::once_lock::OnceLock<&std[70759c8f55707aa4]::path::Path>>::get_or_init<svm_unit_test[126bb31f4a98f9e0]::suite::ensure_test_built::{closure#2}>::{closure#0}, !>
[INFO] [stdout]                                at /rustc/dfb0accb7f508ae8be965d8629557221c889dd98/library/std/src/sync/once_lock.rs:571:19
[INFO] [stdout]   28:     0x585aadc7061b - <std[70759c8f55707aa4]::sync::once_lock::OnceLock<&std[70759c8f55707aa4]::path::Path>>::get_or_try_init::<<std[70759c8f55707aa4]::sync::once_lock::OnceLock<&std[70759c8f55707aa4]::path::Path>>::get_or_init<svm_unit_test[126bb31f4a98f9e0]::suite::ensure_test_built::{closure#2}>::{closure#0}, !>
[INFO] [stdout]                                at /rustc/dfb0accb7f508ae8be965d8629557221c889dd98/library/std/src/sync/once_lock.rs:439:14
[INFO] [stdout]   29:     0x585aadc7058b - <std[70759c8f55707aa4]::sync::once_lock::OnceLock<&std[70759c8f55707aa4]::path::Path>>::get_or_init::<svm_unit_test[126bb31f4a98f9e0]::suite::ensure_test_built::{closure#2}>
[INFO] [stdout]                                at /rustc/dfb0accb7f508ae8be965d8629557221c889dd98/library/std/src/sync/once_lock.rs:350:20
[INFO] [stdout]   30:     0x585aadc81be5 - svm_unit_test[126bb31f4a98f9e0]::suite::ensure_test_built
[INFO] [stdout]                                at /opt/rustwide/workdir/crates/svm-unit-test/src/suite.rs:56:10
[INFO] [stdout]   31:     0x585aadc2e44d - sbpf[7a5beacdb4e0a3c4]::add_mod_n_custom_error
[INFO] [stdout]                                at /opt/rustwide/workdir/examples/curve-bench/tests/sbpf.rs:16:1
[INFO] [stdout]   32:     0x585aadc2dbe7 - sbpf[7a5beacdb4e0a3c4]::add_mod_n_custom_error::{closure#0}
[INFO] [stdout]                                at /opt/rustwide/workdir/examples/curve-bench/tests/sbpf.rs:16:45
[INFO] [stdout]   33:     0x585aadc2e916 - <sbpf[7a5beacdb4e0a3c4]::add_mod_n_custom_error::{closure#0} as core[df12db4294e9bfd3]::ops::function::FnOnce<()>>::call_once
[INFO] [stdout]                                at /rustc/dfb0accb7f508ae8be965d8629557221c889dd98/library/core/src/ops/function.rs:250:5
[INFO] [stdout]   34:     0x585aadc2e98b - <fn() -> core[df12db4294e9bfd3]::result::Result<(), alloc[2182bb758b4b3781]::string::String> as core[df12db4294e9bfd3]::ops::function::FnOnce<()>>::call_once
[INFO] [stdout]                                at /rustc/dfb0accb7f508ae8be965d8629557221c889dd98/library/core/src/ops/function.rs:250:5
[INFO] [stdout]   35:     0x585aadc2e98b - test[9d35eded1c95d3be]::__rust_begin_short_backtrace::<core[df12db4294e9bfd3]::result::Result<(), alloc[2182bb758b4b3781]::string::String>, fn() -> core[df12db4294e9bfd3]::result::Result<(), alloc[2182bb758b4b3781]::string::String>>
[INFO] [stdout]                                at /rustc/dfb0accb7f508ae8be965d8629557221c889dd98/library/test/src/lib.rs:733:18
[INFO] [stdout]   36:     0x585aadc3bff5 - test[9d35eded1c95d3be]::run_test_in_process::{closure#0}
[INFO] [stdout]                                at /rustc/dfb0accb7f508ae8be965d8629557221c889dd98/library/test/src/lib.rs:756:74
[INFO] [stdout]   37:     0x585aadc3bff5 - <core[df12db4294e9bfd3]::panic::unwind_safe::AssertUnwindSafe<test[9d35eded1c95d3be]::run_test_in_process::{closure#0}> as core[df12db4294e9bfd3]::ops::function::FnOnce<()>>::call_once
[INFO] [stdout]                                at /rustc/dfb0accb7f508ae8be965d8629557221c889dd98/library/core/src/panic/unwind_safe.rs:275:9
[INFO] [stdout]   38:     0x585aadc3bff5 - std[70759c8f55707aa4]::panicking::catch_unwind::do_call::<core[df12db4294e9bfd3]::panic::unwind_safe::AssertUnwindSafe<test[9d35eded1c95d3be]::run_test_in_process::{closure#0}>, core[df12db4294e9bfd3]::result::Result<(), alloc[2182bb758b4b3781]::string::String>>
[INFO] [stdout]                                at /rustc/dfb0accb7f508ae8be965d8629557221c889dd98/library/std/src/panicking.rs:576:43
[INFO] [stdout]   39:     0x585aadc3bff5 - std[70759c8f55707aa4]::panicking::catch_unwind::<core[df12db4294e9bfd3]::result::Result<(), alloc[2182bb758b4b3781]::string::String>, core[df12db4294e9bfd3]::panic::unwind_safe::AssertUnwindSafe<test[9d35eded1c95d3be]::run_test_in_process::{closure#0}>>
[INFO] [stdout]                                at /rustc/dfb0accb7f508ae8be965d8629557221c889dd98/library/std/src/panicking.rs:544:19
[INFO] [stdout]   40:     0x585aadc3bff5 - std[70759c8f55707aa4]::panic::catch_unwind::<core[df12db4294e9bfd3]::panic::unwind_safe::AssertUnwindSafe<test[9d35eded1c95d3be]::run_test_in_process::{closure#0}>, core[df12db4294e9bfd3]::result::Result<(), alloc[2182bb758b4b3781]::string::String>>
[INFO] [stdout]                                at /rustc/dfb0accb7f508ae8be965d8629557221c889dd98/library/std/src/panic.rs:359:14
[INFO] [stdout]   41:     0x585aadc3bff5 - test[9d35eded1c95d3be]::run_test_in_process
[INFO] [stdout]                                at /rustc/dfb0accb7f508ae8be965d8629557221c889dd98/library/test/src/lib.rs:756:27
[INFO] [stdout]   42:     0x585aadc3bff5 - test[9d35eded1c95d3be]::run_test::{closure#0}
[INFO] [stdout]                                at /rustc/dfb0accb7f508ae8be965d8629557221c889dd98/library/test/src/lib.rs:677:43
[INFO] [stdout]   43:     0x585aadc358b4 - test[9d35eded1c95d3be]::run_test::{closure#1}
[INFO] [stdout]                                at /rustc/dfb0accb7f508ae8be965d8629557221c889dd98/library/test/src/lib.rs:707:41
[INFO] [stdout]   44:     0x585aadc358b4 - std[70759c8f55707aa4]::sys::backtrace::__rust_begin_short_backtrace::<test[9d35eded1c95d3be]::run_test::{closure#1}, ()>
[INFO] [stdout]                                at /rustc/dfb0accb7f508ae8be965d8629557221c889dd98/library/std/src/sys/backtrace.rs:166:18
[INFO] [stdout]   45:     0x585aadc3f152 - std[70759c8f55707aa4]::thread::lifecycle::spawn_unchecked::<test[9d35eded1c95d3be]::run_test::{closure#1}, ()>::{closure#1}::{closure#0}
[INFO] [stdout]                                at /rustc/dfb0accb7f508ae8be965d8629557221c889dd98/library/std/src/thread/lifecycle.rs:70:13
[INFO] [stdout]   46:     0x585aadc3f152 - <core[df12db4294e9bfd3]::panic::unwind_safe::AssertUnwindSafe<std[70759c8f55707aa4]::thread::lifecycle::spawn_unchecked<test[9d35eded1c95d3be]::run_test::{closure#1}, ()>::{closure#1}::{closure#0}> as core[df12db4294e9bfd3]::ops::function::FnOnce<()>>::call_once
[INFO] [stdout]                                at /rustc/dfb0accb7f508ae8be965d8629557221c889dd98/library/core/src/panic/unwind_safe.rs:275:9
[INFO] [stdout]   47:     0x585aadc3f152 - std[70759c8f55707aa4]::panicking::catch_unwind::do_call::<core[df12db4294e9bfd3]::panic::unwind_safe::AssertUnwindSafe<std[70759c8f55707aa4]::thread::lifecycle::spawn_unchecked<test[9d35eded1c95d3be]::run_test::{closure#1}, ()>::{closure#1}::{closure#0}>, ()>
[INFO] [stdout]                                at /rustc/dfb0accb7f508ae8be965d8629557221c889dd98/library/std/src/panicking.rs:576:43
[INFO] [stdout]   48:     0x585aadc3f152 - std[70759c8f55707aa4]::panicking::catch_unwind::<(), core[df12db4294e9bfd3]::panic::unwind_safe::AssertUnwindSafe<std[70759c8f55707aa4]::thread::lifecycle::spawn_unchecked<test[9d35eded1c95d3be]::run_test::{closure#1}, ()>::{closure#1}::{closure#0}>>
[INFO] [stdout]                                at /rustc/dfb0accb7f508ae8be965d8629557221c889dd98/library/std/src/panicking.rs:544:19
[INFO] [stdout]   49:     0x585aadc3f152 - std[70759c8f55707aa4]::panic::catch_unwind::<core[df12db4294e9bfd3]::panic::unwind_safe::AssertUnwindSafe<std[70759c8f55707aa4]::thread::lifecycle::spawn_unchecked<test[9d35eded1c95d3be]::run_test::{closure#1}, ()>::{closure#1}::{closure#0}>, ()>
[INFO] [stdout]                                at /rustc/dfb0accb7f508ae8be965d8629557221c889dd98/library/std/src/panic.rs:359:14
[INFO] [stdout]   50:     0x585aadc3f152 - std[70759c8f55707aa4]::thread::lifecycle::spawn_unchecked::<test[9d35eded1c95d3be]::run_test::{closure#1}, ()>::{closure#1}
[INFO] [stdout]                                at /rustc/dfb0accb7f508ae8be965d8629557221c889dd98/library/std/src/thread/lifecycle.rs:68:26
[INFO] [stdout]   51:     0x585aadc3f152 - <std[70759c8f55707aa4]::thread::lifecycle::spawn_unchecked<test[9d35eded1c95d3be]::run_test::{closure#1}, ()>::{closure#1} as core[df12db4294e9bfd3]::ops::function::FnOnce<()>>::call_once::{shim:vtable#0}
[INFO] [stdout]                                at /rustc/dfb0accb7f508ae8be965d8629557221c889dd98/library/core/src/ops/function.rs:250:5
[INFO] [stdout]   52:     0x585aae9eb999 - <alloc[2182bb758b4b3781]::boxed::Box<dyn core[df12db4294e9bfd3]::ops::function::FnOnce<(), Output = ()> + core[df12db4294e9bfd3]::marker::Send> as core[df12db4294e9bfd3]::ops::function::FnOnce<()>>::call_once
[INFO] [stdout]                                at /rustc/dfb0accb7f508ae8be965d8629557221c889dd98/library/alloc/src/boxed.rs:2320:9
[INFO] [stdout]   53:     0x585aae9eb999 - <std[70759c8f55707aa4]::sys::thread::unix::Thread>::new::thread_start
[INFO] [stdout]                                at /rustc/dfb0accb7f508ae8be965d8629557221c889dd98/library/std/src/sys/thread/unix.rs:123:17
[INFO] [stdout]   54:     0x78348ce51dfa - <unknown>
[INFO] [stdout]   55:     0x78348cee53d4 - clone
[INFO] [stdout]   56:                0x0 - <unknown>
[INFO] [stdout] 
[INFO] [stdout] ---- add_mod_n_panics stdout ----
[INFO] [stdout] 
[INFO] [stdout] thread 'add_mod_n_panics' (3453) panicked at crates/svm-unit-test/src/builder.rs:203:5:
[INFO] [stdout] `cargo build-sbf` failed for svm_test `add_mod_n_panics` (manifest: /opt/rustwide/target/tmp/suite-34fbde7c26b68f8c/build/add_mod_n_panics/Cargo.toml)
[INFO] [stdout] stack backtrace:
[INFO] [stdout]    0:     0x585aae9ec951 - std[70759c8f55707aa4]::backtrace_rs::backtrace::libunwind::trace
[INFO] [stdout]                                at /rustc/dfb0accb7f508ae8be965d8629557221c889dd98/library/std/src/../../backtrace/src/backtrace/libunwind.rs:117:9
[INFO] [stdout]    1:     0x585aae9ec951 - std[70759c8f55707aa4]::backtrace_rs::backtrace::trace_unsynchronized::<std[70759c8f55707aa4]::sys::backtrace::_print_fmt::{closure#1}>
[INFO] [stdout]                                at /rustc/dfb0accb7f508ae8be965d8629557221c889dd98/library/std/src/../../backtrace/src/backtrace/mod.rs:66:14
[INFO] [stdout]    2:     0x585aae9ec951 - std[70759c8f55707aa4]::sys::backtrace::_print_fmt
[INFO] [stdout]                                at /rustc/dfb0accb7f508ae8be965d8629557221c889dd98/library/std/src/sys/backtrace.rs:74:9
[INFO] [stdout]    3:     0x585aae9ec951 - <<std[70759c8f55707aa4]::sys::backtrace::BacktraceLock>::print::DisplayBacktrace as core[df12db4294e9bfd3]::fmt::Display>::fmt
[INFO] [stdout]                                at /rustc/dfb0accb7f508ae8be965d8629557221c889dd98/library/std/src/sys/backtrace.rs:44:26
[INFO] [stdout]    4:     0x585aaea0434a - <core[df12db4294e9bfd3]::fmt::rt::Argument>::fmt
[INFO] [stdout]                                at /rustc/dfb0accb7f508ae8be965d8629557221c889dd98/library/core/src/fmt/rt.rs:152:76
[INFO] [stdout]    5:     0x585aaea0434a - core[df12db4294e9bfd3]::fmt::write
[INFO] [stdout]    6:     0x585aae9f290c - core[df12db4294e9bfd3]::io::write::default_write_fmt::<alloc[2182bb758b4b3781]::vec::Vec<u8>>
[INFO] [stdout]                                at /rustc/dfb0accb7f508ae8be965d8629557221c889dd98/library/core/src/io/write.rs:402:11
[INFO] [stdout]    7:     0x585aae9f290c - <alloc[2182bb758b4b3781]::vec::Vec<u8> as core[df12db4294e9bfd3]::io::write::Write>::write_fmt
[INFO] [stdout]                                at /rustc/dfb0accb7f508ae8be965d8629557221c889dd98/library/core/src/io/write.rs:335:13
[INFO] [stdout]    8:     0x585aae9c7086 - <std[70759c8f55707aa4]::sys::backtrace::BacktraceLock>::print
[INFO] [stdout]                                at /rustc/dfb0accb7f508ae8be965d8629557221c889dd98/library/std/src/sys/backtrace.rs:47:9
[INFO] [stdout]    9:     0x585aae9c7086 - std[70759c8f55707aa4]::panicking::default_hook::{closure#0}
[INFO] [stdout]                                at /rustc/dfb0accb7f508ae8be965d8629557221c889dd98/library/std/src/panicking.rs:292:27
[INFO] [stdout]   10:     0x585aae9e4209 - std[70759c8f55707aa4]::panicking::default_hook
[INFO] [stdout]                                at /rustc/dfb0accb7f508ae8be965d8629557221c889dd98/library/std/src/panicking.rs:316:9
[INFO] [stdout]   11:     0x585aadc3b6a0 - <alloc[2182bb758b4b3781]::boxed::Box<dyn for<'a, 'b> core[df12db4294e9bfd3]::ops::function::Fn<(&'a std[70759c8f55707aa4]::panic::PanicHookInfo<'b>,), Output = ()> + core[df12db4294e9bfd3]::marker::Send + core[df12db4294e9bfd3]::marker::Sync> as core[df12db4294e9bfd3]::ops::function::Fn<(&std[70759c8f55707aa4]::panic::PanicHookInfo,)>>::call
[INFO] [stdout]                                at /rustc/dfb0accb7f508ae8be965d8629557221c889dd98/library/alloc/src/boxed.rs:2334:9
[INFO] [stdout]   12:     0x585aadc3b6a0 - test[9d35eded1c95d3be]::test_main_inner::<test[9d35eded1c95d3be]::test_main_static::{closure#0}>::{closure#0}
[INFO] [stdout]                                at /rustc/dfb0accb7f508ae8be965d8629557221c889dd98/library/test/src/lib.rs:155:21
[INFO] [stdout]   13:     0x585aae9e4532 - <alloc[2182bb758b4b3781]::boxed::Box<dyn for<'a, 'b> core[df12db4294e9bfd3]::ops::function::Fn<(&'a std[70759c8f55707aa4]::panic::PanicHookInfo<'b>,), Output = ()> + core[df12db4294e9bfd3]::marker::Send + core[df12db4294e9bfd3]::marker::Sync> as core[df12db4294e9bfd3]::ops::function::Fn<(&std[70759c8f55707aa4]::panic::PanicHookInfo,)>>::call
[INFO] [stdout]                                at /rustc/dfb0accb7f508ae8be965d8629557221c889dd98/library/alloc/src/boxed.rs:2334:9
[INFO] [stdout]   14:     0x585aae9e4532 - std[70759c8f55707aa4]::panicking::panic_with_hook
[INFO] [stdout]                                at /rustc/dfb0accb7f508ae8be965d8629557221c889dd98/library/std/src/panicking.rs:823:13
[INFO] [stdout]   15:     0x585aae9c7132 - std[70759c8f55707aa4]::panicking::panic_handler::{closure#0}
[INFO] [stdout]                                at /rustc/dfb0accb7f508ae8be965d8629557221c889dd98/library/std/src/panicking.rs:688:13
[INFO] [stdout]   16:     0x585aae9bfad9 - std[70759c8f55707aa4]::sys::backtrace::__rust_end_short_backtrace::<std[70759c8f55707aa4]::panicking::panic_handler::{closure#0}, !>
[INFO] [stdout]                                at /rustc/dfb0accb7f508ae8be965d8629557221c889dd98/library/std/src/sys/backtrace.rs:182:18
[INFO] [stdout]   17:     0x585aae9c7e1d - __rustc[8fa7c3cbc660c2b3]::rust_begin_unwind
[INFO] [stdout]                                at /rustc/dfb0accb7f508ae8be965d8629557221c889dd98/library/std/src/panicking.rs:679:5
[INFO] [stdout]   18:     0x585aaea04c1c - core[df12db4294e9bfd3]::panicking::panic_fmt
[INFO] [stdout]                                at /rustc/dfb0accb7f508ae8be965d8629557221c889dd98/library/core/src/panicking.rs:80:14
[INFO] [stdout]   19:     0x585aadc784f6 - svm_unit_test[126bb31f4a98f9e0]::builder::build_one
[INFO] [stdout]                                at /opt/rustwide/workdir/crates/svm-unit-test/src/builder.rs:203:5
[INFO] [stdout]   20:     0x585aadc77080 - svm_unit_test[126bb31f4a98f9e0]::builder::build_one_test
[INFO] [stdout]                                at /opt/rustwide/workdir/crates/svm-unit-test/src/builder.rs:51:5
[INFO] [stdout]   21:     0x585aadc7f1f4 - svm_unit_test[126bb31f4a98f9e0]::suite::ensure_test_built::{closure#2}
[INFO] [stdout]                                at /opt/rustwide/workdir/crates/svm-unit-test/src/suite.rs:58:20
[INFO] [stdout]   22:     0x585aadc7289e - <std[70759c8f55707aa4]::sync::once_lock::OnceLock<&std[70759c8f55707aa4]::path::Path>>::get_or_init::<svm_unit_test[126bb31f4a98f9e0]::suite::ensure_test_built::{closure#2}>::{closure#0}
[INFO] [stdout]                                at /rustc/dfb0accb7f508ae8be965d8629557221c889dd98/library/std/src/sync/once_lock.rs:350:50
[INFO] [stdout]   23:     0x585aadc72826 - <std[70759c8f55707aa4]::sync::once_lock::OnceLock<&std[70759c8f55707aa4]::path::Path>>::initialize::<<std[70759c8f55707aa4]::sync::once_lock::OnceLock<&std[70759c8f55707aa4]::path::Path>>::get_or_init<svm_unit_test[126bb31f4a98f9e0]::suite::ensure_test_built::{closure#2}>::{closure#0}, !>::{closure#0}
[INFO] [stdout]                                at /rustc/dfb0accb7f508ae8be965d8629557221c889dd98/library/std/src/sync/once_lock.rs:572:19
[INFO] [stdout]   24:     0x585aadc72b0c - <std[70759c8f55707aa4]::sync::once::Once>::call_once_force::<<std[70759c8f55707aa4]::sync::once_lock::OnceLock<&std[70759c8f55707aa4]::path::Path>>::initialize<<std[70759c8f55707aa4]::sync::once_lock::OnceLock<&std[70759c8f55707aa4]::path::Path>>::get_or_init<svm_unit_test[126bb31f4a98f9e0]::suite::ensure_test_built::{closure#2}>::{closure#0}, !>::{closure#0}>::{closure#0}
[INFO] [stdout]                                at /rustc/dfb0accb7f508ae8be965d8629557221c889dd98/library/std/src/sync/once.rs:226:40
[INFO] [stdout]   25:     0x585aae9ccdb9 - <std[70759c8f55707aa4]::sys::sync::once::futex::Once>::call
[INFO] [stdout]                                at /rustc/dfb0accb7f508ae8be965d8629557221c889dd98/library/std/src/sys/sync/once/futex.rs:183:21
[INFO] [stdout]   26:     0x585aadc70a22 - <std[70759c8f55707aa4]::sync::once::Once>::call_once_force::<<std[70759c8f55707aa4]::sync::once_lock::OnceLock<&std[70759c8f55707aa4]::path::Path>>::initialize<<std[70759c8f55707aa4]::sync::once_lock::OnceLock<&std[70759c8f55707aa4]::path::Path>>::get_or_init<svm_unit_test[126bb31f4a98f9e0]::suite::ensure_test_built::{closure#2}>::{closure#0}, !>::{closure#0}>
[INFO] [stdout]                                at /rustc/dfb0accb7f508ae8be965d8629557221c889dd98/library/std/src/sync/once.rs:226:20
[INFO] [stdout]   27:     0x585aadc70558 - <std[70759c8f55707aa4]::sync::once_lock::OnceLock<&std[70759c8f55707aa4]::path::Path>>::initialize::<<std[70759c8f55707aa4]::sync::once_lock::OnceLock<&std[70759c8f55707aa4]::path::Path>>::get_or_init<svm_unit_test[126bb31f4a98f9e0]::suite::ensure_test_built::{closure#2}>::{closure#0}, !>
[INFO] [stdout]                                at /rustc/dfb0accb7f508ae8be965d8629557221c889dd98/library/std/src/sync/once_lock.rs:571:19
[INFO] [stdout]   28:     0x585aadc7061b - <std[70759c8f55707aa4]::sync::once_lock::OnceLock<&std[70759c8f55707aa4]::path::Path>>::get_or_try_init::<<std[70759c8f55707aa4]::sync::once_lock::OnceLock<&std[70759c8f55707aa4]::path::Path>>::get_or_init<svm_unit_test[126bb31f4a98f9e0]::suite::ensure_test_built::{closure#2}>::{closure#0}, !>
[INFO] [stdout]                                at /rustc/dfb0accb7f508ae8be965d8629557221c889dd98/library/std/src/sync/once_lock.rs:439:14
[INFO] [stdout]   29:     0x585aadc7058b - <std[70759c8f55707aa4]::sync::once_lock::OnceLock<&std[70759c8f55707aa4]::path::Path>>::get_or_init::<svm_unit_test[126bb31f4a98f9e0]::suite::ensure_test_built::{closure#2}>
[INFO] [stdout]                                at /rustc/dfb0accb7f508ae8be965d8629557221c889dd98/library/std/src/sync/once_lock.rs:350:20
[INFO] [stdout]   30:     0x585aadc81be5 - svm_unit_test[126bb31f4a98f9e0]::suite::ensure_test_built
[INFO] [stdout]                                at /opt/rustwide/workdir/crates/svm-unit-test/src/suite.rs:56:10
[INFO] [stdout]   31:     0x585aadc2e2ed - sbpf[7a5beacdb4e0a3c4]::add_mod_n_panics
[INFO] [stdout]                                at /opt/rustwide/workdir/examples/curve-bench/tests/sbpf.rs:7:1
[INFO] [stdout]   32:     0x585aadc2dbb7 - sbpf[7a5beacdb4e0a3c4]::add_mod_n_panics::{closure#0}
[INFO] [stdout]                                at /opt/rustwide/workdir/examples/curve-bench/tests/sbpf.rs:7:19
[INFO] [stdout]   33:     0x585aadc2e8f6 - <sbpf[7a5beacdb4e0a3c4]::add_mod_n_panics::{closure#0} as core[df12db4294e9bfd3]::ops::function::FnOnce<()>>::call_once
[INFO] [stdout]                                at /rustc/dfb0accb7f508ae8be965d8629557221c889dd98/library/core/src/ops/function.rs:250:5
[INFO] [stdout]   34:     0x585aadc2e98b - <fn() -> core[df12db4294e9bfd3]::result::Result<(), alloc[2182bb758b4b3781]::string::String> as core[df12db4294e9bfd3]::ops::function::FnOnce<()>>::call_once
[INFO] [stdout]                                at /rustc/dfb0accb7f508ae8be965d8629557221c889dd98/library/core/src/ops/function.rs:250:5
[INFO] [stdout]   35:     0x585aadc2e98b - test[9d35eded1c95d3be]::__rust_begin_short_backtrace::<core[df12db4294e9bfd3]::result::Result<(), alloc[2182bb758b4b3781]::string::String>, fn() -> core[df12db4294e9bfd3]::result::Result<(), alloc[2182bb758b4b3781]::string::String>>
[INFO] [stdout]                                at /rustc/dfb0accb7f508ae8be965d8629557221c889dd98/library/test/src/lib.rs:733:18
[INFO] [stdout]   36:     0x585aadc3bff5 - test[9d35eded1c95d3be]::run_test_in_process::{closure#0}
[INFO] [stdout]                                at /rustc/dfb0accb7f508ae8be965d8629557221c889dd98/library/test/src/lib.rs:756:74
[INFO] [stdout]   37:     0x585aadc3bff5 - <core[df12db4294e9bfd3]::panic::unwind_safe::AssertUnwindSafe<test[9d35eded1c95d3be]::run_test_in_process::{closure#0}> as core[df12db4294e9bfd3]::ops::function::FnOnce<()>>::call_once
[INFO] [stdout]                                at /rustc/dfb0accb7f508ae8be965d8629557221c889dd98/library/core/src/panic/unwind_safe.rs:275:9
[INFO] [stdout]   38:     0x585aadc3bff5 - std[70759c8f55707aa4]::panicking::catch_unwind::do_call::<core[df12db4294e9bfd3]::panic::unwind_safe::AssertUnwindSafe<test[9d35eded1c95d3be]::run_test_in_process::{closure#0}>, core[df12db4294e9bfd3]::result::Result<(), alloc[2182bb758b4b3781]::string::String>>
[INFO] [stdout]                                at /rustc/dfb0accb7f508ae8be965d8629557221c889dd98/library/std/src/panicking.rs:576:43
[INFO] [stdout]   39:     0x585aadc3bff5 - std[70759c8f55707aa4]::panicking::catch_unwind::<core[df12db4294e9bfd3]::result::Result<(), alloc[2182bb758b4b3781]::string::String>, core[df12db4294e9bfd3]::panic::unwind_safe::AssertUnwindSafe<test[9d35eded1c95d3be]::run_test_in_process::{closure#0}>>
[INFO] [stdout]                                at /rustc/dfb0accb7f508ae8be965d8629557221c889dd98/library/std/src/panicking.rs:544:19
[INFO] [stdout]   40:     0x585aadc3bff5 - std[70759c8f55707aa4]::panic::catch_unwind::<core[df12db4294e9bfd3]::panic::unwind_safe::AssertUnwindSafe<test[9d35eded1c95d3be]::run_test_in_process::{closure#0}>, core[df12db4294e9bfd3]::result::Result<(), alloc[2182bb758b4b3781]::string::String>>
[INFO] [stdout]                                at /rustc/dfb0accb7f508ae8be965d8629557221c889dd98/library/std/src/panic.rs:359:14
[INFO] [stdout]   41:     0x585aadc3bff5 - test[9d35eded1c95d3be]::run_test_in_process
[INFO] [stdout]                                at /rustc/dfb0accb7f508ae8be965d8629557221c889dd98/library/test/src/lib.rs:756:27
[INFO] [stdout]   42:     0x585aadc3bff5 - test[9d35eded1c95d3be]::run_test::{closure#0}
[INFO] [stdout]                                at /rustc/dfb0accb7f508ae8be965d8629557221c889dd98/library/test/src/lib.rs:677:43
[INFO] [stdout]   43:     0x585aadc358b4 - test[9d35eded1c95d3be]::run_test::{closure#1}
[INFO] [stdout]                                at /rustc/dfb0accb7f508ae8be965d8629557221c889dd98/library/test/src/lib.rs:707:41
[INFO] [stdout]   44:     0x585aadc358b4 - std[70759c8f55707aa4]::sys::backtrace::__rust_begin_short_backtrace::<test[9d35eded1c95d3be]::run_test::{closure#1}, ()>
[INFO] [stdout]                                at /rustc/dfb0accb7f508ae8be965d8629557221c889dd98/library/std/src/sys/backtrace.rs:166:18
[INFO] [stdout]   45:     0x585aadc3f152 - std[70759c8f55707aa4]::thread::lifecycle::spawn_unchecked::<test[9d35eded1c95d3be]::run_test::{closure#1}, ()>::{closure#1}::{closure#0}
[INFO] [stdout]                                at /rustc/dfb0accb7f508ae8be965d8629557221c889dd98/library/std/src/thread/lifecycle.rs:70:13
[INFO] [stdout]   46:     0x585aadc3f152 - <core[df12db4294e9bfd3]::panic::unwind_safe::AssertUnwindSafe<std[70759c8f55707aa4]::thread::lifecycle::spawn_unchecked<test[9d35eded1c95d3be]::run_test::{closure#1}, ()>::{closure#1}::{closure#0}> as core[df12db4294e9bfd3]::ops::function::FnOnce<()>>::call_once
[INFO] [stdout]                                at /rustc/dfb0accb7f508ae8be965d8629557221c889dd98/library/core/src/panic/unwind_safe.rs:275:9
[INFO] [stdout]   47:     0x585aadc3f152 - std[70759c8f55707aa4]::panicking::catch_unwind::do_call::<core[df12db4294e9bfd3]::panic::unwind_safe::AssertUnwindSafe<std[70759c8f55707aa4]::thread::lifecycle::spawn_unchecked<test[9d35eded1c95d3be]::run_test::{closure#1}, ()>::{closure#1}::{closure#0}>, ()>
[INFO] [stdout]                                at /rustc/dfb0accb7f508ae8be965d8629557221c889dd98/library/std/src/panicking.rs:576:43
[INFO] [stdout]   48:     0x585aadc3f152 - std[70759c8f55707aa4]::panicking::catch_unwind::<(), core[df12db4294e9bfd3]::panic::unwind_safe::AssertUnwindSafe<std[70759c8f55707aa4]::thread::lifecycle::spawn_unchecked<test[9d35eded1c95d3be]::run_test::{closure#1}, ()>::{closure#1}::{closure#0}>>
[INFO] [stdout]                                at /rustc/dfb0accb7f508ae8be965d8629557221c889dd98/library/std/src/panicking.rs:544:19
[INFO] [stdout]   49:     0x585aadc3f152 - std[70759c8f55707aa4]::panic::catch_unwind::<core[df12db4294e9bfd3]::panic::unwind_safe::AssertUnwindSafe<std[70759c8f55707aa4]::thread::lifecycle::spawn_unchecked<test[9d35eded1c95d3be]::run_test::{closure#1}, ()>::{closure#1}::{closure#0}>, ()>
[INFO] [stdout]                                at /rustc/dfb0accb7f508ae8be965d8629557221c889dd98/library/std/src/panic.rs:359:14
[INFO] [stdout]   50:     0x585aadc3f152 - std[70759c8f55707aa4]::thread::lifecycle::spawn_unchecked::<test[9d35eded1c95d3be]::run_test::{closure#1}, ()>::{closure#1}
[INFO] [stdout]                                at /rustc/dfb0accb7f508ae8be965d8629557221c889dd98/library/std/src/thread/lifecycle.rs:68:26
[INFO] [stdout]   51:     0x585aadc3f152 - <std[70759c8f55707aa4]::thread::lifecycle::spawn_unchecked<test[9d35eded1c95d3be]::run_test::{closure#1}, ()>::{closure#1} as core[df12db4294e9bfd3]::ops::function::FnOnce<()>>::call_once::{shim:vtable#0}
[INFO] [stdout]                                at /rustc/dfb0accb7f508ae8be965d8629557221c889dd98/library/core/src/ops/function.rs:250:5
[INFO] [stdout]   52:     0x585aae9eb999 - <alloc[2182bb758b4b3781]::boxed::Box<dyn core[df12db4294e9bfd3]::ops::function::FnOnce<(), Output = ()> + core[df12db4294e9bfd3]::marker::Send> as core[df12db4294e9bfd3]::ops::function::FnOnce<()>>::call_once
[INFO] [stdout]                                at /rustc/dfb0accb7f508ae8be965d8629557221c889dd98/library/alloc/src/boxed.rs:2320:9
[INFO] [stdout]   53:     0x585aae9eb999 - <std[70759c8f55707aa4]::sys::thread::unix::Thread>::new::thread_start
[INFO] [stdout]                                at /rustc/dfb0accb7f508ae8be965d8629557221c889dd98/library/std/src/sys/thread/unix.rs:123:17
[INFO] [stdout]   54:     0x78348ce51dfa - <unknown>
[INFO] [stdout]   55:     0x78348cee53d4 - clone
[INFO] [stdout]   56:                0x0 - <unknown>
[INFO] [stdout] 
[INFO] [stdout] 
[INFO] [stdout] failures:
[INFO] [stdout]     add_mod_n
[INFO] [stdout]     add_mod_n_custom_error
[INFO] [stdout]     add_mod_n_panics
[INFO] [stdout]     add_mod_n_zero
[INFO] [stdout] 
[INFO] [stdout] test result: FAILED. 0 passed; 4 failed; 0 ignored; 0 measured; 0 filtered out; finished in 0.19s
[INFO] [stdout] 
[INFO] [stderr] error: test failed, to rerun pass `-p curve-bench --test sbpf`
[INFO] running `Command { std: "docker" "inspect" "36de2a9a94de3a02b51ddf49886171da989d576b2f06955f69e6e4cb8461a5d4", kill_on_drop: false }`
[INFO] running `Command { std: "docker" "rm" "-f" "36de2a9a94de3a02b51ddf49886171da989d576b2f06955f69e6e4cb8461a5d4", kill_on_drop: false }`
[INFO] [stdout] 36de2a9a94de3a02b51ddf49886171da989d576b2f06955f69e6e4cb8461a5d4
