[INFO] cloning repository https://github.com/bc-nguyen/rust-sea-orm-async-graphql-clean-architectute
[INFO] running `Command { std: "git" "-c" "credential.helper=" "-c" "credential.helper=/workspace/cargo-home/bin/git-credential-null" "clone" "--bare" "https://github.com/bc-nguyen/rust-sea-orm-async-graphql-clean-architectute" "/workspace/cache/git-repos/https%3A%2F%2Fgithub.com%2Fbc-nguyen%2Frust-sea-orm-async-graphql-clean-architectute", kill_on_drop: false }`
[INFO] [stderr] Cloning into bare repository '/workspace/cache/git-repos/https%3A%2F%2Fgithub.com%2Fbc-nguyen%2Frust-sea-orm-async-graphql-clean-architectute'...
[INFO] running `Command { std: "git" "rev-parse" "HEAD", kill_on_drop: false }`
[INFO] [stdout] 6fdb1ebc8a0468a196fe904846365ca646da08ed
[INFO] testing bc-nguyen/rust-sea-orm-async-graphql-clean-architectute against 1.100.0-beta.1 for beta-1.100-2
[INFO] running `Command { std: "git" "clone" "/workspace/cache/git-repos/https%3A%2F%2Fgithub.com%2Fbc-nguyen%2Frust-sea-orm-async-graphql-clean-architectute" "/workspace/builds/worker-4-tc2/source", kill_on_drop: false }`
[INFO] [stderr] Cloning into '/workspace/builds/worker-4-tc2/source'...
[INFO] [stderr] done.
[INFO] started tweaking git repo https://github.com/bc-nguyen/rust-sea-orm-async-graphql-clean-architectute
[INFO] finished tweaking git repo https://github.com/bc-nguyen/rust-sea-orm-async-graphql-clean-architectute
[INFO] tweaked toml for git repo https://github.com/bc-nguyen/rust-sea-orm-async-graphql-clean-architectute written to /workspace/builds/worker-4-tc2/source/Cargo.toml
[INFO] validating manifest of git repo https://github.com/bc-nguyen/rust-sea-orm-async-graphql-clean-architectute on toolchain 1.100.0-beta.1
[INFO] running `Command { std: CARGO_HOME="/workspace/cargo-home" RUSTUP_HOME="/workspace/rustup-home" "/workspace/cargo-home/bin/cargo" "+1.100.0-beta.1" "metadata" "--manifest-path" "Cargo.toml" "--no-deps", kill_on_drop: false }`
[INFO] crate git repo https://github.com/bc-nguyen/rust-sea-orm-async-graphql-clean-architectute already has a lockfile, it will not be regenerated
[INFO] running `Command { std: CARGO_HOME="/workspace/cargo-home" RUSTUP_HOME="/workspace/rustup-home" "/workspace/cargo-home/bin/cargo" "+1.100.0-beta.1" "fetch" "--manifest-path" "Cargo.toml", kill_on_drop: false }`
[INFO] running `Command { std: "docker" "create" "-v" "/var/lib/crater-agent-workspace/builds/worker-4-tc2/source:/opt/rustwide/workdir:ro,Z" "-v" "/var/lib/crater-agent-workspace/builds/worker-4-tc2/target:/opt/rustwide/target:rw,Z" "-v" "/var/lib/crater-agent-workspace/cargo-home:/opt/rustwide/cargo-home:ro,Z" "-v" "/var/lib/crater-agent-workspace/rustup-home:/opt/rustwide/rustup-home:ro,Z" "-m" "1610612736" "--network" "none" "ghcr.io/rust-lang/crates-build-env/linux@sha256:3111399a4047eeb3a02b7a90e478d715f38a8c6669b5c4b49d30a17385265909" "sleep" "infinity", kill_on_drop: false }`
[INFO] [stdout] ff89c2b29593b97f46d703e01ff706b6c3f962d8361eee7c40980aeb81612794
[INFO] running `Command { std: "docker" "start" "ff89c2b29593b97f46d703e01ff706b6c3f962d8361eee7c40980aeb81612794", kill_on_drop: false }`
[INFO] running `Command { std: "docker" "inspect" "ff89c2b29593b97f46d703e01ff706b6c3f962d8361eee7c40980aeb81612794", kill_on_drop: false }`
[INFO] running `Command { std: "docker" "exec" "-e" "SOURCE_DIR=/opt/rustwide/workdir" "-e" "CARGO_HOME=/opt/rustwide/cargo-home" "-e" "RUSTUP_HOME=/opt/rustwide/rustup-home" "-e" "CARGO_TARGET_DIR=/opt/rustwide/target" "-w" "/opt/rustwide/workdir" "--user" "0:0" "ff89c2b29593b97f46d703e01ff706b6c3f962d8361eee7c40980aeb81612794" "/opt/rustwide/cargo-home/bin/cargo" "+1.100.0-beta.1" "metadata" "--no-deps" "--format-version=1", kill_on_drop: false }`
[INFO] running `Command { std: "docker" "inspect" "ff89c2b29593b97f46d703e01ff706b6c3f962d8361eee7c40980aeb81612794", kill_on_drop: false }`
[INFO] running `Command { std: "docker" "exec" "-e" "SOURCE_DIR=/opt/rustwide/workdir" "-e" "CARGO_HOME=/opt/rustwide/cargo-home" "-e" "RUSTUP_HOME=/opt/rustwide/rustup-home" "-e" "CARGO_TARGET_DIR=/opt/rustwide/target" "-e" "CARGO_INCREMENTAL=0" "-e" "RUST_BACKTRACE=full" "-e" "RUSTFLAGS=--cap-lints=warn" "-e" "RUSTDOCFLAGS=--cap-lints=warn" "-w" "/opt/rustwide/workdir" "--user" "0:0" "ff89c2b29593b97f46d703e01ff706b6c3f962d8361eee7c40980aeb81612794" "/opt/rustwide/cargo-home/bin/cargo" "+1.100.0-beta.1" "build" "--frozen" "--message-format=json", kill_on_drop: false }`
[INFO] [stderr]    Compiling proc-macro2 v1.0.103
[INFO] [stderr]    Compiling unicode-ident v1.0.22
[INFO] [stderr]    Compiling quote v1.0.42
[INFO] [stderr]    Compiling libc v0.2.177
[INFO] [stderr]    Compiling serde_core v1.0.228
[INFO] [stderr]    Compiling serde v1.0.228
[INFO] [stderr]    Compiling cfg-if v1.0.4
[INFO] [stderr]    Compiling memchr v2.7.6
[INFO] [stderr]    Compiling itoa v1.0.15
[INFO] [stderr]    Compiling pin-project-lite v0.2.16
[INFO] [stderr]    Compiling version_check v0.9.5
[INFO] [stderr]    Compiling futures-core v0.3.31
[INFO] [stderr]    Compiling find-msvc-tools v0.1.5
[INFO] [stderr]    Compiling shlex v1.3.0
[INFO] [stderr]    Compiling autocfg v1.5.0
[INFO] [stderr]    Compiling once_cell v1.21.3
[INFO] [stderr]    Compiling log v0.4.28
[INFO] [stderr]    Compiling futures-sink v0.3.31
[INFO] [stderr]    Compiling zerocopy v0.8.31
[INFO] [stderr]    Compiling getrandom v0.3.4
[INFO] [stderr]    Compiling num-traits v0.2.19
[INFO] [stderr]    Compiling typenum v1.19.0
[INFO] [stderr]    Compiling generic-array v0.14.7
[INFO] [stderr]    Compiling syn v2.0.111
[INFO] [stderr]    Compiling equivalent v1.0.2
[INFO] [stderr]    Compiling parking_lot_core v0.9.12
[INFO] [stderr]    Compiling ryu v1.0.20
[INFO] [stderr]    Compiling stable_deref_trait v1.2.1
[INFO] [stderr]    Compiling tracing-core v0.1.35
[INFO] [stderr]    Compiling futures-io v0.3.31
[INFO] [stderr]    Compiling lock_api v0.4.14
[INFO] [stderr]    Compiling futures-task v0.3.31
[INFO] [stderr]    Compiling thiserror v2.0.17
[INFO] [stderr]    Compiling slab v0.4.11
[INFO] [stderr]    Compiling jobserver v0.1.34
[INFO] [stderr]    Compiling subtle v2.6.1
[INFO] [stderr]    Compiling cc v1.2.48
[INFO] [stderr]    Compiling rand_core v0.9.3
[INFO] [stderr]    Compiling hashbrown v0.16.1
[INFO] [stderr]    Compiling signal-hook-registry v1.4.7
[INFO] [stderr]    Compiling mio v1.1.0
[INFO] [stderr]    Compiling socket2 v0.6.1
[INFO] [stderr]    Compiling block-buffer v0.10.4
[INFO] [stderr]    Compiling crypto-common v0.1.7
[INFO] [stderr]    Compiling percent-encoding v2.3.2
[INFO] [stderr]    Compiling serde_json v1.0.145
[INFO] [stderr]    Compiling digest v0.10.7
[INFO] [stderr]    Compiling futures-channel v0.3.31
[INFO] [stderr]    Compiling strsim v0.11.1
[INFO] [stderr]    Compiling litemap v0.8.1
[INFO] [stderr]    Compiling writeable v0.6.2
[INFO] [stderr]    Compiling ppv-lite86 v0.2.21
[INFO] [stderr]    Compiling pkg-config v0.3.32
[INFO] [stderr]    Compiling zeroize v1.8.2
[INFO] [stderr]    Compiling icu_normalizer_data v2.1.1
[INFO] [stderr]    Compiling iana-time-zone v0.1.64
[INFO] [stderr]    Compiling vcpkg v0.2.15
[INFO] [stderr]    Compiling bitflags v2.10.0
[INFO] [stderr]    Compiling rand_chacha v0.9.0
[INFO] [stderr]    Compiling icu_properties_data v2.1.1
[INFO] [stderr]    Compiling form_urlencoded v1.2.2
[INFO] [stderr]    Compiling getrandom v0.2.16
[INFO] [stderr]    Compiling rand v0.9.2
[INFO] [stderr]    Compiling aho-corasick v1.1.4
[INFO] [stderr]    Compiling regex-syntax v0.8.8
[INFO] [stderr]    Compiling cpufeatures v0.2.17
[INFO] [stderr]    Compiling ring v0.17.14
[INFO] [stderr]    Compiling openssl-sys v0.9.111
[INFO] [stderr]    Compiling num-integer v0.1.46
[INFO] [stderr]    Compiling fnv v1.0.7
[INFO] [stderr]    Compiling powerfmt v0.2.0
[INFO] [stderr]    Compiling num-conv v0.1.0
[INFO] [stderr]    Compiling allocator-api2 v0.2.21
[INFO] [stderr]    Compiling ident_case v1.0.1
[INFO] [stderr]    Compiling crossbeam-utils v0.8.21
[INFO] [stderr]    Compiling base64 v0.22.1
[INFO] [stderr]    Compiling foldhash v0.1.5
[INFO] [stderr]    Compiling time-core v0.1.6
[INFO] [stderr]    Compiling deranged v0.5.5
[INFO] [stderr]    Compiling num-bigint v0.4.6
[INFO] [stderr]    Compiling hashbrown v0.15.5
[INFO] [stderr]    Compiling time-macros v0.2.24
[INFO] [stderr]    Compiling rustls-pki-types v1.13.1
[INFO] [stderr]    Compiling synstructure v0.13.2
[INFO] [stderr]    Compiling darling_core v0.20.11
[INFO] [stderr]    Compiling indexmap v2.12.1
[INFO] [stderr]    Compiling heck v0.5.0
[INFO] [stderr]    Compiling heck v0.4.1
[INFO] [stderr]    Compiling libm v0.2.15
[INFO] [stderr]    Compiling bigdecimal v0.4.9
[INFO] [stderr]    Compiling openssl v0.10.75
[INFO] [stderr]    Compiling foreign-types-shared v0.1.1
[INFO] [stderr]    Compiling utf8_iter v1.0.4
[INFO] [stderr]    Compiling untrusted v0.9.0
[INFO] [stderr]    Compiling rust_decimal v1.39.0
[INFO] [stderr]    Compiling foreign-types v0.3.2
[INFO] [stderr]    Compiling lazy_static v1.5.0
[INFO] [stderr]    Compiling ucd-trie v0.1.7
[INFO] [stderr]    Compiling serde_derive v1.0.228
[INFO] [stderr]    Compiling zerofrom-derive v0.1.6
[INFO] [stderr]    Compiling thiserror-impl v2.0.17
[INFO] [stderr]    Compiling yoke-derive v0.8.1
[INFO] [stderr]    Compiling tracing-attributes v0.1.31
[INFO] [stderr]    Compiling futures-macro v0.3.31
[INFO] [stderr]    Compiling zerofrom v0.1.6
[INFO] [stderr]    Compiling zerovec-derive v0.11.2
[INFO] [stderr]    Compiling displaydoc v0.2.5
[INFO] [stderr]    Compiling yoke v0.8.1
[INFO] [stderr]    Compiling tokio-macros v2.6.0
[INFO] [stderr]    Compiling darling_macro v0.20.11
[INFO] [stderr]    Compiling futures-util v0.3.31
[INFO] [stderr]    Compiling zerotrie v0.2.3
[INFO] [stderr]    Compiling darling v0.20.11
[INFO] [stderr]    Compiling openssl-macros v0.1.1
[INFO] [stderr]    Compiling native-tls v0.2.14
[INFO] [stderr]    Compiling rustls v0.23.35
[INFO] [stderr]    Compiling arrayvec v0.7.6
[INFO] [stderr]    Compiling httparse v1.10.1
[INFO] [stderr]    Compiling tinyvec v1.10.0
[INFO] [stderr]    Compiling zerovec v0.11.5
[INFO] [stderr]    Compiling pest v2.8.4
[INFO] [stderr]    Compiling tracing v0.1.43
[INFO] [stderr]    Compiling concurrent-queue v2.5.0
[INFO] [stderr]    Compiling regex-automata v0.4.13
[INFO] [stderr]    Compiling webpki-roots v1.0.4
[INFO] [stderr]    Compiling rand_core v0.6.4
[INFO] [stderr]    Compiling tinystr v0.8.2
[INFO] [stderr]    Compiling potential_utf v0.1.4
[INFO] [stderr]    Compiling icu_locale_core v2.1.1
[INFO] [stderr]    Compiling icu_collections v2.1.1
[INFO] [stderr]    Compiling rustls-webpki v0.103.8
[INFO] [stderr]    Compiling bytes v1.11.0
[INFO] [stderr]    Compiling smallvec v1.15.1
[INFO] [stderr]    Compiling icu_provider v2.1.1
[INFO] [stderr]    Compiling parking_lot v0.12.5
[INFO] [stderr]    Compiling chrono v0.4.42
[INFO] [stderr]    Compiling icu_properties v2.1.1
[INFO] [stderr]    Compiling tokio v1.48.0
[INFO] [stderr]    Compiling http v1.4.0
[INFO] [stderr]    Compiling icu_normalizer v2.1.1
[INFO] [stderr]    Compiling time v0.3.44
[INFO] [stderr]    Compiling uuid v1.18.1
[INFO] [stderr]    Compiling idna_adapter v1.2.1
[INFO] [stderr]    Compiling idna v1.1.0
[INFO] [stderr]    Compiling url v2.5.7
[INFO] [stderr]    Compiling crc-catalog v2.4.0
[INFO] [stderr]    Compiling openssl-probe v0.1.6
[INFO] [stderr]    Compiling parking v2.2.1
[INFO] [stderr]    Compiling event-listener v5.4.1
[INFO] [stderr]    Compiling crc v3.4.0
[INFO] [stderr]    Compiling futures-intrusive v0.5.0
[INFO] [stderr]    Compiling either v1.15.0
[INFO] [stderr]    Compiling rand_chacha v0.3.1
[INFO] [stderr]    Compiling webpki-roots v0.26.11
[INFO] [stderr]    Compiling unicode-normalization v0.1.25
[INFO] [stderr]    Compiling crossbeam-queue v0.3.12
[INFO] [stderr]    Compiling hashlink v0.10.0
[INFO] [stderr]    Compiling sha2 v0.10.9
[INFO] [stderr]    Compiling hmac v0.12.1
[INFO] [stderr]    Compiling rustversion v1.0.22
[INFO] [stderr]    Compiling dotenvy v0.15.7
[INFO] [stderr]    Compiling unicode-properties v0.1.4
[INFO] [stderr]    Compiling unicode-bidi v0.3.18
[INFO] [stderr]    Compiling hkdf v0.12.4
[INFO] [stderr]    Compiling rand v0.8.5
[INFO] [stderr]    Compiling http-body v1.0.1
[INFO] [stderr]    Compiling md-5 v0.10.6
[INFO] [stderr]    Compiling atoi v2.0.0
[INFO] [stderr]    Compiling proc-macro2-diagnostics v0.10.1
[INFO] [stderr]    Compiling whoami v1.6.1
[INFO] [stderr]    Compiling stringprep v0.1.5
[INFO] [stderr]    Compiling home v0.5.11
[INFO] [stderr]    Compiling utf8parse v0.2.2
[INFO] [stderr]    Compiling thiserror v1.0.69
[INFO] [stderr]    Compiling byteorder v1.5.0
[INFO] [stderr]    Compiling anstyle-parse v0.2.7
[INFO] [stderr]    Compiling sea-query-derive v0.4.3
[INFO] [stderr]    Compiling inherent v1.0.13
[INFO] [stderr]    Compiling thiserror-impl v1.0.69
[INFO] [stderr]    Compiling async-stream-impl v0.3.6
[INFO] [stderr]    Compiling cmake v0.1.54
[INFO] [stderr]    Compiling ordered-float v4.6.0
[INFO] [stderr]    Compiling proc-macro-error-attr2 v2.0.0
[INFO] [stderr]    Compiling fs_extra v1.3.0
[INFO] [stderr]    Compiling anstyle-query v1.1.5
[INFO] [stderr]    Compiling colorchoice v1.0.4
[INFO] [stderr]    Compiling anstyle v1.0.13
[INFO] [stderr]    Compiling winnow v0.7.14
[INFO] [stderr]    Compiling yansi v1.0.1
[INFO] [stderr]    Compiling dunce v1.0.5
[INFO] [stderr]    Compiling tower-service v0.3.3
[INFO] [stderr]    Compiling is_terminal_polyfill v1.70.2
[INFO] [stderr]    Compiling proc-macro-error2 v2.0.1
[INFO] [stderr]    Compiling anstream v0.6.21
[INFO] [stderr]    Compiling aws-lc-sys v0.34.0
[INFO] [stderr]    Compiling tokio-stream v0.1.17
[INFO] [stderr]    Compiling sea-query v0.32.7
[INFO] [stderr]    Compiling async-stream v0.3.6
[INFO] [stderr]    Compiling regex v1.12.2
[INFO] [stderr]    Compiling matchers v0.2.0
[INFO] [stderr]    Compiling pest_meta v2.8.4
[INFO] [stderr]    Compiling async-trait v0.1.89
[INFO] [stderr]    Compiling sqlx-core v0.8.6
[INFO] [stderr]    Compiling sharded-slab v0.1.7
[INFO] [stderr]    Compiling toml_parser v1.0.4
[INFO] [stderr]    Compiling tracing-log v0.2.0
[INFO] [stderr]    Compiling thread_local v1.1.9
[INFO] [stderr]    Compiling nu-ansi-term v0.50.3
[INFO] [stderr]    Compiling mime v0.3.17
[INFO] [stderr]    Compiling clap_lex v0.7.6
[INFO] [stderr]    Compiling unicode-xid v0.2.6
[INFO] [stderr]    Compiling tower-layer v0.3.3
[INFO] [stderr]    Compiling rustix v1.1.2
[INFO] [stderr]    Compiling toml_datetime v0.7.3
[INFO] [stderr]    Compiling siphasher v1.0.1
[INFO] [stderr]    Compiling toml_edit v0.23.7
[INFO] [stderr]    Compiling phf_shared v0.12.1
[INFO] [stderr]    Compiling clap_builder v4.5.53
[INFO] [stderr]    Compiling derive_more-impl v2.0.1
[INFO] [stderr]    Compiling tracing-subscriber v0.3.22
[INFO] [stderr]    Compiling sqlx-postgres v0.8.6
[INFO] [stderr]    Compiling pest_generator v2.8.4
[INFO] [stderr]    Compiling async-graphql-value v7.0.17
[INFO] [stderr]    Compiling ouroboros_macro v0.18.5
[INFO] [stderr]    Compiling sea-bae v0.2.1
[INFO] [stderr]    Compiling strum_macros v0.26.4
[INFO] [stderr]    Compiling clap_derive v4.5.49
[INFO] [stderr]    Compiling sha1 v0.10.6
[INFO] [stderr]    Compiling multer v3.1.0
[INFO] [stderr]    Compiling atomic-waker v1.1.2
[INFO] [stderr]    Compiling sync_wrapper v1.0.2
[INFO] [stderr]    Compiling data-encoding v2.9.0
[INFO] [stderr]    Compiling utf-8 v0.7.6
[INFO] [stderr]    Compiling linux-raw-sys v0.11.0
[INFO] [stderr]    Compiling httpdate v1.0.3
[INFO] [stderr]    Compiling aliasable v0.1.3
[INFO] [stderr]    Compiling chrono-tz v0.10.4
[INFO] [stderr]    Compiling ouroboros v0.18.5
[INFO] [stderr]    Compiling hyper v1.8.1
[INFO] [stderr]    Compiling tungstenite v0.28.0
[INFO] [stderr]    Compiling strum v0.26.3
[INFO] [stderr]    Compiling sea-orm-macros v1.1.19
[INFO] [stderr]    Compiling clap v4.5.53
[INFO] [stderr]    Compiling pest_derive v2.8.4
[INFO] [stderr]    Compiling async-graphql-parser v7.0.17
[INFO] [stderr]    Compiling Inflector v0.11.4
[INFO] [stderr]    Compiling derive_more v2.0.1
[INFO] [stderr]    Compiling proc-macro-crate v3.4.0
[INFO] [stderr]    Compiling phf v0.12.1
[INFO] [stderr]    Compiling http-body-util v0.1.3
[INFO] [stderr]    Compiling sqlx v0.8.6
[INFO] [stderr]    Compiling sea-query-binder v0.7.0
[INFO] [stderr]    Compiling futures v0.3.31
[INFO] [stderr]    Compiling futures-executor v0.3.31
[INFO] [stderr]    Compiling serde_urlencoded v0.7.1
[INFO] [stderr]    Compiling opentelemetry v0.31.0
[INFO] [stderr]    Compiling sea-schema-derive v0.3.0
[INFO] [stderr]    Compiling encoding_rs v0.8.35
[INFO] [stderr]    Compiling glob v0.3.3
[INFO] [stderr]    Compiling ascii_utils v0.9.3
[INFO] [stderr]    Compiling aws-lc-rs v1.15.1
[INFO] [stderr]    Compiling spin v0.9.8
[INFO] [stderr]    Compiling fastrand v2.3.0
[INFO] [stderr]    Compiling fast_chemail v0.9.6
[INFO] [stderr]    Compiling opentelemetry_sdk v0.31.0
[INFO] [stderr]    Compiling tempfile v3.23.0
[INFO] [stderr]    Compiling sea-orm v1.1.19
[INFO] [stderr]    Compiling sea-orm-cli v1.1.19
[INFO] [stderr]    Compiling async-graphql-derive v7.0.17
[INFO] [stderr]    Compiling sea-schema v0.16.2
[INFO] [stderr]    Compiling axum-core v0.5.5
[INFO] [stderr]    Compiling handlebars v5.1.2
[INFO] [stderr]    Compiling hyper-util v0.1.18
[INFO] [stderr]    Compiling tokio-tungstenite v0.28.0
[INFO] [stderr]    Compiling tower v0.5.2
[INFO] [stderr]    Compiling opentelemetry v0.27.1
[INFO] [stderr]    Compiling lru v0.12.5
[INFO] [stderr]    Compiling serde_path_to_error v0.1.20
[INFO] [stderr]    Compiling futures-timer v3.0.3
[INFO] [stderr]    Compiling anyhow v1.0.100
[INFO] [stderr]    Compiling static_assertions_next v1.1.2
[INFO] [stderr]    Compiling untrusted v0.7.1
[INFO] [stderr]    Compiling matchit v0.8.4
[INFO] [stderr]    Compiling tokio-util v0.7.17
[INFO] [stderr]    Compiling axum v0.8.7
[INFO] [stderr]    Compiling simple_asn1 v0.6.3
[INFO] [stderr]    Compiling sea-orm-migration v1.1.19
[INFO] [stderr]    Compiling pem v3.0.6
[INFO] [stderr]    Compiling signature v2.2.0
[INFO] [stderr]    Compiling tracing-opentelemetry v0.32.0
[INFO] [stderr]    Compiling opentelemetry-stdout v0.31.0
[INFO] [stderr]    Compiling tower-http v0.6.7
[INFO] [stderr]    Compiling dotenv v0.15.0
[INFO] [stderr]    Compiling async-graphql v7.0.17
[INFO] [stderr]    Compiling migration v0.1.0 (/opt/rustwide/workdir/migration)
[INFO] [stderr]    Compiling async-graphql-axum v7.0.17
[INFO] [stderr]    Compiling jsonwebtoken v10.2.0
[INFO] [stderr]    Compiling rust-graphql-skeleton v0.1.0 (/opt/rustwide/workdir)
[INFO] [stdout] warning: field `db_context` is never read
[INFO] [stdout]   --> src/infrastructure/db/context.rs:53:13
[INFO] [stdout]    |
[INFO] [stdout] 47 | macro_rules! db_context_holder {
[INFO] [stdout] ...
[INFO] [stdout] 53 |             db_context: Arc<DbContext>,
[INFO] [stdout]    |             ^^^^^^^^^^
[INFO] [stdout]    |
[INFO] [stdout]   ::: src/application/usecases/user/sign_in.rs:9:20
[INFO] [stdout]    |
[INFO] [stdout]  9 | db_context_holder!(SignInUseCase);
[INFO] [stdout]    | ---------------------------------
[INFO] [stdout]    | |                  |
[INFO] [stdout]    | |                  field in this struct
[INFO] [stdout]    | in this macro invocation
[INFO] [stdout]    |
[INFO] [stdout]    = note: `#[warn(dead_code)]` (part of `#[warn(unused)]`) on by default
[INFO] [stdout] 
[INFO] [stdout] 
[INFO] [stderr] warning: unused dependency `dotenv`
[INFO] [stderr]   --> Cargo.toml:10:1
[INFO] [stderr]    |
[INFO] [stderr] 10 | dotenv = "0.15.0"
[INFO] [stderr]    | ^^^^^^^^^^^^^^^^^
[INFO] [stderr]    |
[INFO] [stderr]    = note: `cargo::unused_dependencies` is set to `warn` by default
[INFO] [stderr] help: consider removing the dependency on `dotenv`
[INFO] [stderr] warning: `rust-graphql-skeleton` (manifest) generated 1 warning
[INFO] [stderr]     Finished `dev` profile [unoptimized + debuginfo] target(s) in 5m 39s
[INFO] [stderr] warning: the following packages contain code that will be rejected by a future version of Rust: proc-macro-error2 v2.0.1
[INFO] [stderr] note: to see what the problems were, use the option `--future-incompat-report`, or run `cargo report future-incompatibilities --id 1`
[INFO] running `Command { std: "docker" "inspect" "ff89c2b29593b97f46d703e01ff706b6c3f962d8361eee7c40980aeb81612794", kill_on_drop: false }`
[INFO] running `Command { std: "docker" "exec" "-e" "SOURCE_DIR=/opt/rustwide/workdir" "-e" "CARGO_HOME=/opt/rustwide/cargo-home" "-e" "RUSTUP_HOME=/opt/rustwide/rustup-home" "-e" "CARGO_TARGET_DIR=/opt/rustwide/target" "-e" "CARGO_INCREMENTAL=0" "-e" "RUST_BACKTRACE=full" "-e" "RUSTFLAGS=--cap-lints=warn" "-e" "RUSTDOCFLAGS=--cap-lints=warn" "-w" "/opt/rustwide/workdir" "--user" "0:0" "ff89c2b29593b97f46d703e01ff706b6c3f962d8361eee7c40980aeb81612794" "/opt/rustwide/cargo-home/bin/cargo" "+1.100.0-beta.1" "test" "--frozen" "--no-run" "--message-format=json", kill_on_drop: false }`
[INFO] [stdout] warning: field `db_context` is never read
[INFO] [stdout]   --> src/infrastructure/db/context.rs:53:13
[INFO] [stdout]    |
[INFO] [stdout] 47 | macro_rules! db_context_holder {
[INFO] [stdout] ...
[INFO] [stdout] 53 |             db_context: Arc<DbContext>,
[INFO] [stdout]    |             ^^^^^^^^^^
[INFO] [stdout]    |
[INFO] [stdout]   ::: src/application/usecases/user/sign_in.rs:9:20
[INFO] [stdout]    |
[INFO] [stdout]  9 | db_context_holder!(SignInUseCase);
[INFO] [stdout]    | ---------------------------------
[INFO] [stdout]    | |                  |
[INFO] [stdout]    | |                  field in this struct
[INFO] [stdout]    | in this macro invocation
[INFO] [stdout]    |
[INFO] [stdout]    = note: `#[warn(dead_code)]` (part of `#[warn(unused)]`) on by default
[INFO] [stdout] 
[INFO] [stdout] 
[INFO] [stderr]    Compiling rust-graphql-skeleton v0.1.0 (/opt/rustwide/workdir)
[INFO] [stdout] warning: field `db_context` is never read
[INFO] [stdout]   --> src/infrastructure/db/context.rs:53:13
[INFO] [stdout]    |
[INFO] [stdout] 47 | macro_rules! db_context_holder {
[INFO] [stdout] ...
[INFO] [stdout] 53 |             db_context: Arc<DbContext>,
[INFO] [stdout]    |             ^^^^^^^^^^
[INFO] [stdout]    |
[INFO] [stdout]   ::: src/application/usecases/user/sign_in.rs:9:20
[INFO] [stdout]    |
[INFO] [stdout]  9 | db_context_holder!(SignInUseCase);
[INFO] [stdout]    | ---------------------------------
[INFO] [stdout]    | |                  |
[INFO] [stdout]    | |                  field in this struct
[INFO] [stdout]    | in this macro invocation
[INFO] [stdout]    |
[INFO] [stdout]    = note: `#[warn(dead_code)]` (part of `#[warn(unused)]`) on by default
[INFO] [stdout] 
[INFO] [stdout] 
[INFO] [stderr] warning: unused dependency `dotenv`
[INFO] [stderr]   --> Cargo.toml:10:1
[INFO] [stderr]    |
[INFO] [stderr] 10 | dotenv = "0.15.0"
[INFO] [stderr]    | ^^^^^^^^^^^^^^^^^
[INFO] [stderr]    |
[INFO] [stderr]    = note: `cargo::unused_dependencies` is set to `warn` by default
[INFO] [stderr] help: consider removing the dependency on `dotenv`
[INFO] [stderr] warning: `rust-graphql-skeleton` (manifest) generated 1 warning
[INFO] [stderr]     Finished `test` profile [unoptimized + debuginfo] target(s) in 5.57s
[INFO] [stderr] warning: the following packages contain code that will be rejected by a future version of Rust: proc-macro-error2 v2.0.1
[INFO] [stderr] note: to see what the problems were, use the option `--future-incompat-report`, or run `cargo report future-incompatibilities --id 1`
[INFO] running `Command { std: "docker" "inspect" "ff89c2b29593b97f46d703e01ff706b6c3f962d8361eee7c40980aeb81612794", kill_on_drop: false }`
[INFO] running `Command { std: "docker" "exec" "-e" "SOURCE_DIR=/opt/rustwide/workdir" "-e" "CARGO_HOME=/opt/rustwide/cargo-home" "-e" "RUSTUP_HOME=/opt/rustwide/rustup-home" "-e" "CARGO_TARGET_DIR=/opt/rustwide/target" "-e" "CARGO_INCREMENTAL=0" "-e" "RUST_BACKTRACE=full" "-e" "RUSTFLAGS=--cap-lints=warn" "-e" "RUSTDOCFLAGS=--cap-lints=warn" "-w" "/opt/rustwide/workdir" "--user" "0:0" "ff89c2b29593b97f46d703e01ff706b6c3f962d8361eee7c40980aeb81612794" "/opt/rustwide/cargo-home/bin/cargo" "+1.100.0-beta.1" "test" "--frozen", kill_on_drop: false }`
[INFO] [stderr] warning: field `db_context` is never read
[INFO] [stderr]   --> src/infrastructure/db/context.rs:53:13
[INFO] [stderr]    |
[INFO] [stderr] 47 | macro_rules! db_context_holder {
[INFO] [stderr] ...
[INFO] [stderr] 53 |             db_context: Arc<DbContext>,
[INFO] [stderr]    |             ^^^^^^^^^^
[INFO] [stderr]    |
[INFO] [stderr]   ::: src/application/usecases/user/sign_in.rs:9:20
[INFO] [stderr]    |
[INFO] [stderr]  9 | db_context_holder!(SignInUseCase);
[INFO] [stderr]    | ---------------------------------
[INFO] [stderr]    | |                  |
[INFO] [stderr]    | |                  field in this struct
[INFO] [stderr]    | in this macro invocation
[INFO] [stderr]    |
[INFO] [stderr]    = note: `#[warn(dead_code)]` (part of `#[warn(unused)]`) on by default
[INFO] [stderr] 
[INFO] [stderr] warning: `rust-graphql-skeleton` (lib) generated 1 warning
[INFO] [stderr] warning: `rust-graphql-skeleton` (lib test) generated 1 warning (1 duplicate)
[INFO] [stderr] warning: unused dependency `dotenv`
[INFO] [stderr]   --> Cargo.toml:10:1
[INFO] [stderr]    |
[INFO] [stderr] 10 | dotenv = "0.15.0"
[INFO] [stderr]    | ^^^^^^^^^^^^^^^^^
[INFO] [stderr]    |
[INFO] [stderr]    = note: `cargo::unused_dependencies` is set to `warn` by default
[INFO] [stderr] help: consider removing the dependency on `dotenv`
[INFO] [stderr] warning: `rust-graphql-skeleton` (manifest) generated 1 warning
[INFO] [stderr]     Finished `test` profile [unoptimized + debuginfo] target(s) in 0.68s
[INFO] [stderr] warning: the following packages contain code that will be rejected by a future version of Rust: proc-macro-error2 v2.0.1
[INFO] [stderr] note: to see what the problems were, use the option `--future-incompat-report`, or run `cargo report future-incompatibilities --id 1`
[INFO] [stderr]      Running unittests src/lib.rs (/opt/rustwide/target/debug/build/rust-graphql-skeleton/47254caab8575138/out/core-47254caab8575138)
[INFO] [stderr]      Running unittests src/cmd/main.rs (/opt/rustwide/target/debug/build/rust-graphql-skeleton/4e6ad758e03a4531/out/graph_demo-4e6ad758e03a4531)
[INFO] [stdout] 
[INFO] [stdout] running 0 tests
[INFO] [stdout] 
[INFO] [stdout] test result: ok. 0 passed; 0 failed; 0 ignored; 0 measured; 0 filtered out; finished in 0.00s
[INFO] [stdout] 
[INFO] [stdout] 
[INFO] [stderr]    Doc-tests core
[INFO] [stdout] running 0 tests
[INFO] [stdout] 
[INFO] [stdout] test result: ok. 0 passed; 0 failed; 0 ignored; 0 measured; 0 filtered out; finished in 0.00s
[INFO] [stdout] 
[INFO] [stderr] error[E0433]: cannot find `write` in `core`
[INFO] [stderr]  --> src/domain/error.rs:6:10
[INFO] [stderr]   |
[INFO] [stderr] 6 | #[derive(Error, Debug, Clone)]
[INFO] [stderr]   |          ^^^^^ could not find `write` in `core`
[INFO] [stderr]   |
[INFO] [stderr]   = note: this error originates in the derive macro `Error` (in Nightly builds, run with -Z macro-backtrace for more info)
[INFO] [stderr] 
[INFO] [stderr] error[E0433]: cannot find `marker` in `core`
[INFO] [stderr]  --> src/infrastructure/db/entities/companies.rs:5:39
[INFO] [stderr]   |
[INFO] [stderr] 5 | #[derive(Clone, Debug, PartialEq, Eq, DeriveEntityModel)]
[INFO] [stderr]   |                                       ^^^^^^^^^^^^^^^^^ could not find `marker` in `core`
[INFO] [stderr]   |
[INFO] [stderr]   = note: this error originates in the derive macro `sea_orm::prelude::EnumIter` (in Nightly builds, run with -Z macro-backtrace for more info)
[INFO] [stderr] help: consider importing this module
[INFO] [stderr]   |
[INFO] [stderr] 3 + use std::marker;
[INFO] [stderr]   |
[INFO] [stderr] 
[INFO] [stderr] error[E0433]: cannot find `fmt` in `core`
[INFO] [stderr]  --> src/infrastructure/db/entities/companies.rs:5:39
[INFO] [stderr]   |
[INFO] [stderr] 5 | #[derive(Clone, Debug, PartialEq, Eq, DeriveEntityModel)]
[INFO] [stderr]   |                                       ^^^^^^^^^^^^^^^^^ could not find `fmt` in `core`
[INFO] [stderr]   |
[INFO] [stderr]   = note: this error originates in the derive macro `sea_orm::prelude::EnumIter` (in Nightly builds, run with -Z macro-backtrace for more info)
[INFO] [stderr] help: consider importing this module
[INFO] [stderr]   |
[INFO] [stderr] 3 + use std::fmt;
[INFO] [stderr]   |
[INFO] [stderr] 
[INFO] [stderr] error[E0433]: cannot find `option` in `core`
[INFO] [stderr]  --> src/infrastructure/db/entities/companies.rs:5:39
[INFO] [stderr]   |
[INFO] [stderr] 5 | #[derive(Clone, Debug, PartialEq, Eq, DeriveEntityModel)]
[INFO] [stderr]   |                                       ^^^^^^^^^^^^^^^^^ could not find `option` in `core`
[INFO] [stderr]   |
[INFO] [stderr]   = note: this error originates in the derive macro `sea_orm::prelude::EnumIter` (in Nightly builds, run with -Z macro-backtrace for more info)
[INFO] [stderr] help: consider importing this module
[INFO] [stderr]   |
[INFO] [stderr] 3 + use std::option;
[INFO] [stderr]   |
[INFO] [stderr] 
[INFO] [stderr] error[E0433]: cannot find `iter` in `core`
[INFO] [stderr]  --> src/infrastructure/db/entities/companies.rs:5:39
[INFO] [stderr]   |
[INFO] [stderr] 5 | #[derive(Clone, Debug, PartialEq, Eq, DeriveEntityModel)]
[INFO] [stderr]   |                                       ^^^^^^^^^^^^^^^^^ could not find `iter` in `core`
[INFO] [stderr]   |
[INFO] [stderr]   = note: this error originates in the derive macro `sea_orm::prelude::EnumIter` (in Nightly builds, run with -Z macro-backtrace for more info)
[INFO] [stderr] help: consider importing this module
[INFO] [stderr]   |
[INFO] [stderr] 3 + use std::iter;
[INFO] [stderr]   |
[INFO] [stderr] 
[INFO] [stderr] error[E0433]: cannot find `marker` in `core`
[INFO] [stderr]  --> src/infrastructure/db/entities/companies.rs:5:39
[INFO] [stderr]   |
[INFO] [stderr] 5 | #[derive(Clone, Debug, PartialEq, Eq, DeriveEntityModel)]
[INFO] [stderr]   |                                       ^^^^^^^^^^^^^^^^^ could not find `marker` in `core`
[INFO] [stderr]   |
[INFO] [stderr]   = note: this error originates in the derive macro `EnumIter` (in Nightly builds, run with -Z macro-backtrace for more info)
[INFO] [stderr] help: consider importing this module
[INFO] [stderr]   |
[INFO] [stderr] 3 + use std::marker;
[INFO] [stderr]   |
[INFO] [stderr] 
[INFO] [stderr] error[E0433]: cannot find `fmt` in `core`
[INFO] [stderr]  --> src/infrastructure/db/entities/companies.rs:5:39
[INFO] [stderr]   |
[INFO] [stderr] 5 | #[derive(Clone, Debug, PartialEq, Eq, DeriveEntityModel)]
[INFO] [stderr]   |                                       ^^^^^^^^^^^^^^^^^ could not find `fmt` in `core`
[INFO] [stderr]   |
[INFO] [stderr]   = note: this error originates in the derive macro `EnumIter` (in Nightly builds, run with -Z macro-backtrace for more info)
[INFO] [stderr] help: consider importing this module
[INFO] [stderr]   |
[INFO] [stderr] 3 + use std::fmt;
[INFO] [stderr]   |
[INFO] [stderr] 
[INFO] [stderr] error[E0433]: cannot find `option` in `core`
[INFO] [stderr]  --> src/infrastructure/db/entities/companies.rs:5:39
[INFO] [stderr]   |
[INFO] [stderr] 5 | #[derive(Clone, Debug, PartialEq, Eq, DeriveEntityModel)]
[INFO] [stderr]   |                                       ^^^^^^^^^^^^^^^^^ could not find `option` in `core`
[INFO] [stderr]   |
[INFO] [stderr]   = note: this error originates in the derive macro `EnumIter` (in Nightly builds, run with -Z macro-backtrace for more info)
[INFO] [stderr] help: consider importing this module
[INFO] [stderr]   |
[INFO] [stderr] 3 + use std::option;
[INFO] [stderr]   |
[INFO] [stderr] 
[INFO] [stderr] error[E0433]: cannot find `iter` in `core`
[INFO] [stderr]  --> src/infrastructure/db/entities/companies.rs:5:39
[INFO] [stderr]   |
[INFO] [stderr] 5 | #[derive(Clone, Debug, PartialEq, Eq, DeriveEntityModel)]
[INFO] [stderr]   |                                       ^^^^^^^^^^^^^^^^^ could not find `iter` in `core`
[INFO] [stderr]   |
[INFO] [stderr]   = note: this error originates in the derive macro `EnumIter` (in Nightly builds, run with -Z macro-backtrace for more info)
[INFO] [stderr] help: consider importing this module
[INFO] [stderr]   |
[INFO] [stderr] 3 + use std::iter;
[INFO] [stderr]   |
[INFO] [stderr] 
[INFO] [stderr] error[E0433]: cannot find `marker` in `core`
[INFO] [stderr]   --> src/infrastructure/db/entities/companies.rs:14:30
[INFO] [stderr]    |
[INFO] [stderr] 14 | #[derive(Copy, Clone, Debug, EnumIter, DeriveRelation)]
[INFO] [stderr]    |                              ^^^^^^^^ could not find `marker` in `core`
[INFO] [stderr]    |
[INFO] [stderr]    = note: this error originates in the derive macro `EnumIter` (in Nightly builds, run with -Z macro-backtrace for more info)
[INFO] [stderr] help: consider importing this module
[INFO] [stderr]    |
[INFO] [stderr]  3 + use std::marker;
[INFO] [stderr]    |
[INFO] [stderr] 
[INFO] [stderr] error[E0433]: cannot find `fmt` in `core`
[INFO] [stderr]   --> src/infrastructure/db/entities/companies.rs:14:30
[INFO] [stderr]    |
[INFO] [stderr] 14 | #[derive(Copy, Clone, Debug, EnumIter, DeriveRelation)]
[INFO] [stderr]    |                              ^^^^^^^^ could not find `fmt` in `core`
[INFO] [stderr]    |
[INFO] [stderr]    = note: this error originates in the derive macro `EnumIter` (in Nightly builds, run with -Z macro-backtrace for more info)
[INFO] [stderr] help: consider importing this module
[INFO] [stderr]    |
[INFO] [stderr]  3 + use std::fmt;
[INFO] [stderr]    |
[INFO] [stderr] 
[INFO] [stderr] error[E0433]: cannot find `option` in `core`
[INFO] [stderr]   --> src/infrastructure/db/entities/companies.rs:14:30
[INFO] [stderr]    |
[INFO] [stderr] 14 | #[derive(Copy, Clone, Debug, EnumIter, DeriveRelation)]
[INFO] [stderr]    |                              ^^^^^^^^ could not find `option` in `core`
[INFO] [stderr]    |
[INFO] [stderr]    = note: this error originates in the derive macro `EnumIter` (in Nightly builds, run with -Z macro-backtrace for more info)
[INFO] [stderr] help: consider importing this module
[INFO] [stderr]    |
[INFO] [stderr]  3 + use std::option;
[INFO] [stderr]    |
[INFO] [stderr] 
[INFO] [stderr] error[E0433]: cannot find `iter` in `core`
[INFO] [stderr]   --> src/infrastructure/db/entities/companies.rs:14:30
[INFO] [stderr]    |
[INFO] [stderr] 14 | #[derive(Copy, Clone, Debug, EnumIter, DeriveRelation)]
[INFO] [stderr]    |                              ^^^^^^^^ could not find `iter` in `core`
[INFO] [stderr]    |
[INFO] [stderr]    = note: this error originates in the derive macro `EnumIter` (in Nightly builds, run with -Z macro-backtrace for more info)
[INFO] [stderr] help: consider importing this module
[INFO] [stderr]    |
[INFO] [stderr]  3 + use std::iter;
[INFO] [stderr]    |
[INFO] [stderr] 
[INFO] [stderr] error[E0433]: cannot find `marker` in `core`
[INFO] [stderr]  --> src/infrastructure/db/entities/departments.rs:5:39
[INFO] [stderr]   |
[INFO] [stderr] 5 | #[derive(Clone, Debug, PartialEq, Eq, DeriveEntityModel)]
[INFO] [stderr]   |                                       ^^^^^^^^^^^^^^^^^ could not find `marker` in `core`
[INFO] [stderr]   |
[INFO] [stderr]   = note: this error originates in the derive macro `sea_orm::prelude::EnumIter` (in Nightly builds, run with -Z macro-backtrace for more info)
[INFO] [stderr] help: consider importing this module
[INFO] [stderr]   |
[INFO] [stderr] 3 + use std::marker;
[INFO] [stderr]   |
[INFO] [stderr] 
[INFO] [stderr] error[E0433]: cannot find `fmt` in `core`
[INFO] [stderr]  --> src/infrastructure/db/entities/departments.rs:5:39
[INFO] [stderr]   |
[INFO] [stderr] 5 | #[derive(Clone, Debug, PartialEq, Eq, DeriveEntityModel)]
[INFO] [stderr]   |                                       ^^^^^^^^^^^^^^^^^ could not find `fmt` in `core`
[INFO] [stderr]   |
[INFO] [stderr]   = note: this error originates in the derive macro `sea_orm::prelude::EnumIter` (in Nightly builds, run with -Z macro-backtrace for more info)
[INFO] [stderr] help: consider importing this module
[INFO] [stderr]   |
[INFO] [stderr] 3 + use std::fmt;
[INFO] [stderr]   |
[INFO] [stderr] 
[INFO] [stderr] error[E0433]: cannot find `option` in `core`
[INFO] [stderr]  --> src/infrastructure/db/entities/departments.rs:5:39
[INFO] [stderr]   |
[INFO] [stderr] 5 | #[derive(Clone, Debug, PartialEq, Eq, DeriveEntityModel)]
[INFO] [stderr]   |                                       ^^^^^^^^^^^^^^^^^ could not find `option` in `core`
[INFO] [stderr]   |
[INFO] [stderr]   = note: this error originates in the derive macro `sea_orm::prelude::EnumIter` (in Nightly builds, run with -Z macro-backtrace for more info)
[INFO] [stderr] help: consider importing this module
[INFO] [stderr]   |
[INFO] [stderr] 3 + use std::option;
[INFO] [stderr]   |
[INFO] [stderr] 
[INFO] [stderr] error[E0433]: cannot find `iter` in `core`
[INFO] [stderr]  --> src/infrastructure/db/entities/departments.rs:5:39
[INFO] [stderr]   |
[INFO] [stderr] 5 | #[derive(Clone, Debug, PartialEq, Eq, DeriveEntityModel)]
[INFO] [stderr]   |                                       ^^^^^^^^^^^^^^^^^ could not find `iter` in `core`
[INFO] [stderr]   |
[INFO] [stderr]   = note: this error originates in the derive macro `sea_orm::prelude::EnumIter` (in Nightly builds, run with -Z macro-backtrace for more info)
[INFO] [stderr] help: consider importing this module
[INFO] [stderr]   |
[INFO] [stderr] 3 + use std::iter;
[INFO] [stderr]   |
[INFO] [stderr] 
[INFO] [stderr] error[E0433]: cannot find `marker` in `core`
[INFO] [stderr]  --> src/infrastructure/db/entities/departments.rs:5:39
[INFO] [stderr]   |
[INFO] [stderr] 5 | #[derive(Clone, Debug, PartialEq, Eq, DeriveEntityModel)]
[INFO] [stderr]   |                                       ^^^^^^^^^^^^^^^^^ could not find `marker` in `core`
[INFO] [stderr]   |
[INFO] [stderr]   = note: this error originates in the derive macro `EnumIter` (in Nightly builds, run with -Z macro-backtrace for more info)
[INFO] [stderr] help: consider importing this module
[INFO] [stderr]   |
[INFO] [stderr] 3 + use std::marker;
[INFO] [stderr]   |
[INFO] [stderr] 
[INFO] [stderr] error[E0433]: cannot find `fmt` in `core`
[INFO] [stderr]  --> src/infrastructure/db/entities/departments.rs:5:39
[INFO] [stderr]   |
[INFO] [stderr] 5 | #[derive(Clone, Debug, PartialEq, Eq, DeriveEntityModel)]
[INFO] [stderr]   |                                       ^^^^^^^^^^^^^^^^^ could not find `fmt` in `core`
[INFO] [stderr]   |
[INFO] [stderr]   = note: this error originates in the derive macro `EnumIter` (in Nightly builds, run with -Z macro-backtrace for more info)
[INFO] [stderr] help: consider importing this module
[INFO] [stderr]   |
[INFO] [stderr] 3 + use std::fmt;
[INFO] [stderr]   |
[INFO] [stderr] 
[INFO] [stderr] error[E0433]: cannot find `option` in `core`
[INFO] [stderr]  --> src/infrastructure/db/entities/departments.rs:5:39
[INFO] [stderr]   |
[INFO] [stderr] 5 | #[derive(Clone, Debug, PartialEq, Eq, DeriveEntityModel)]
[INFO] [stderr]   |                                       ^^^^^^^^^^^^^^^^^ could not find `option` in `core`
[INFO] [stderr]   |
[INFO] [stderr]   = note: this error originates in the derive macro `EnumIter` (in Nightly builds, run with -Z macro-backtrace for more info)
[INFO] [stderr] help: consider importing this module
[INFO] [stderr]   |
[INFO] [stderr] 3 + use std::option;
[INFO] [stderr]   |
[INFO] [stderr] 
[INFO] [stderr] error[E0433]: cannot find `iter` in `core`
[INFO] [stderr]  --> src/infrastructure/db/entities/departments.rs:5:39
[INFO] [stderr]   |
[INFO] [stderr] 5 | #[derive(Clone, Debug, PartialEq, Eq, DeriveEntityModel)]
[INFO] [stderr]   |                                       ^^^^^^^^^^^^^^^^^ could not find `iter` in `core`
[INFO] [stderr]   |
[INFO] [stderr]   = note: this error originates in the derive macro `EnumIter` (in Nightly builds, run with -Z macro-backtrace for more info)
[INFO] [stderr] help: consider importing this module
[INFO] [stderr]   |
[INFO] [stderr] 3 + use std::iter;
[INFO] [stderr]   |
[INFO] [stderr] 
[INFO] [stderr] error[E0433]: cannot find `marker` in `core`
[INFO] [stderr]   --> src/infrastructure/db/entities/departments.rs:15:30
[INFO] [stderr]    |
[INFO] [stderr] 15 | #[derive(Copy, Clone, Debug, EnumIter, DeriveRelation)]
[INFO] [stderr]    |                              ^^^^^^^^ could not find `marker` in `core`
[INFO] [stderr]    |
[INFO] [stderr]    = note: this error originates in the derive macro `EnumIter` (in Nightly builds, run with -Z macro-backtrace for more info)
[INFO] [stderr] help: consider importing this module
[INFO] [stderr]    |
[INFO] [stderr]  3 + use std::marker;
[INFO] [stderr]    |
[INFO] [stderr] 
[INFO] [stderr] error[E0433]: cannot find `fmt` in `core`
[INFO] [stderr]   --> src/infrastructure/db/entities/departments.rs:15:30
[INFO] [stderr]    |
[INFO] [stderr] 15 | #[derive(Copy, Clone, Debug, EnumIter, DeriveRelation)]
[INFO] [stderr]    |                              ^^^^^^^^ could not find `fmt` in `core`
[INFO] [stderr]    |
[INFO] [stderr]    = note: this error originates in the derive macro `EnumIter` (in Nightly builds, run with -Z macro-backtrace for more info)
[INFO] [stderr] help: consider importing this module
[INFO] [stderr]    |
[INFO] [stderr]  3 + use std::fmt;
[INFO] [stderr]    |
[INFO] [stderr] 
[INFO] [stderr] error[E0433]: cannot find `option` in `core`
[INFO] [stderr]   --> src/infrastructure/db/entities/departments.rs:15:30
[INFO] [stderr]    |
[INFO] [stderr] 15 | #[derive(Copy, Clone, Debug, EnumIter, DeriveRelation)]
[INFO] [stderr]    |                              ^^^^^^^^ could not find `option` in `core`
[INFO] [stderr]    |
[INFO] [stderr]    = note: this error originates in the derive macro `EnumIter` (in Nightly builds, run with -Z macro-backtrace for more info)
[INFO] [stderr] help: consider importing this module
[INFO] [stderr]    |
[INFO] [stderr]  3 + use std::option;
[INFO] [stderr]    |
[INFO] [stderr] 
[INFO] [stderr] error[E0433]: cannot find `iter` in `core`
[INFO] [stderr]   --> src/infrastructure/db/entities/departments.rs:15:30
[INFO] [stderr]    |
[INFO] [stderr] 15 | #[derive(Copy, Clone, Debug, EnumIter, DeriveRelation)]
[INFO] [stderr]    |                              ^^^^^^^^ could not find `iter` in `core`
[INFO] [stderr]    |
[INFO] [stderr]    = note: this error originates in the derive macro `EnumIter` (in Nightly builds, run with -Z macro-backtrace for more info)
[INFO] [stderr] help: consider importing this module
[INFO] [stderr]    |
[INFO] [stderr]  3 + use std::iter;
[INFO] [stderr]    |
[INFO] [stderr] 
[INFO] [stderr] error[E0433]: cannot find `pin` in `core`
[INFO] [stderr]   --> src/infrastructure/implements/company_repo_impl.rs:17:1
[INFO] [stderr]    |
[INFO] [stderr] 17 | #[async_trait]
[INFO] [stderr]    | ^^^^^^^^^^^^^^ could not find `pin` in `core`
[INFO] [stderr]    |
[INFO] [stderr]    = note: this error originates in the attribute macro `async_trait` (in Nightly builds, run with -Z macro-backtrace for more info)
[INFO] [stderr] help: consider importing this module
[INFO] [stderr]    |
[INFO] [stderr]  1 + use std::pin;
[INFO] [stderr]    |
[INFO] [stderr] 
[INFO] [stderr] error[E0433]: cannot find `future` in `core`
[INFO] [stderr]   --> src/infrastructure/implements/company_repo_impl.rs:17:1
[INFO] [stderr]    |
[INFO] [stderr] 17 | #[async_trait]
[INFO] [stderr]    | ^^^^^^^^^^^^^^ could not find `future` in `core`
[INFO] [stderr]    |
[INFO] [stderr]    = note: this error originates in the attribute macro `async_trait` (in Nightly builds, run with -Z macro-backtrace for more info)
[INFO] [stderr] help: consider importing this module
[INFO] [stderr]    |
[INFO] [stderr]  1 + use std::future;
[INFO] [stderr]    |
[INFO] [stderr] 
[INFO] [stderr] error[E0433]: cannot find `marker` in `core`
[INFO] [stderr]   --> src/infrastructure/implements/company_repo_impl.rs:17:1
[INFO] [stderr]    |
[INFO] [stderr] 17 | #[async_trait]
[INFO] [stderr]    | ^^^^^^^^^^^^^^ could not find `marker` in `core`
[INFO] [stderr]    |
[INFO] [stderr]    = note: this error originates in the attribute macro `async_trait` (in Nightly builds, run with -Z macro-backtrace for more info)
[INFO] [stderr] help: consider importing this module
[INFO] [stderr]    |
[INFO] [stderr]  1 + use std::marker;
[INFO] [stderr]    |
[INFO] [stderr] 
[INFO] [stderr] error[E0433]: cannot find `pin` in `core`
[INFO] [stderr]   --> src/infrastructure/implements/department_repo_impl.rs:18:1
[INFO] [stderr]    |
[INFO] [stderr] 18 | #[async_trait]
[INFO] [stderr]    | ^^^^^^^^^^^^^^ could not find `pin` in `core`
[INFO] [stderr]    |
[INFO] [stderr]    = note: this error originates in the attribute macro `async_trait` (in Nightly builds, run with -Z macro-backtrace for more info)
[INFO] [stderr] help: consider importing this module
[INFO] [stderr]    |
[INFO] [stderr]  1 + use std::pin;
[INFO] [stderr]    |
[INFO] [stderr] 
[INFO] [stderr] error[E0433]: cannot find `future` in `core`
[INFO] [stderr]   --> src/infrastructure/implements/department_repo_impl.rs:18:1
[INFO] [stderr]    |
[INFO] [stderr] 18 | #[async_trait]
[INFO] [stderr]    | ^^^^^^^^^^^^^^ could not find `future` in `core`
[INFO] [stderr]    |
[INFO] [stderr]    = note: this error originates in the attribute macro `async_trait` (in Nightly builds, run with -Z macro-backtrace for more info)
[INFO] [stderr] help: consider importing this module
[INFO] [stderr]    |
[INFO] [stderr]  1 + use std::future;
[INFO] [stderr]    |
[INFO] [stderr] 
[INFO] [stderr] error[E0433]: cannot find `marker` in `core`
[INFO] [stderr]   --> src/infrastructure/implements/department_repo_impl.rs:18:1
[INFO] [stderr]    |
[INFO] [stderr] 18 | #[async_trait]
[INFO] [stderr]    | ^^^^^^^^^^^^^^ could not find `marker` in `core`
[INFO] [stderr]    |
[INFO] [stderr]    = note: this error originates in the attribute macro `async_trait` (in Nightly builds, run with -Z macro-backtrace for more info)
[INFO] [stderr] help: consider importing this module
[INFO] [stderr]    |
[INFO] [stderr]  1 + use std::marker;
[INFO] [stderr]    |
[INFO] [stderr] 
[INFO] [stderr] error[E0433]: cannot find `fmt` in `core`
[INFO] [stderr]  --> src/domain/error.rs:6:10
[INFO] [stderr]   |
[INFO] [stderr] 6 | #[derive(Error, Debug, Clone)]
[INFO] [stderr]   |          ^^^^^ could not find `fmt` in `core`
[INFO] [stderr]   |
[INFO] [stderr]   = note: this error originates in the derive macro `Error` (in Nightly builds, run with -Z macro-backtrace for more info)
[INFO] [stderr] help: consider importing this module
[INFO] [stderr]   |
[INFO] [stderr] 1 + use std::fmt;
[INFO] [stderr]   |
[INFO] [stderr] 
[INFO] [stderr] error[E0433]: cannot find `pin` in `core`
[INFO] [stderr]  --> src/domain/organization/repositories/company_repo.rs:9:1
[INFO] [stderr]   |
[INFO] [stderr] 9 | #[async_trait]
[INFO] [stderr]   | ^^^^^^^^^^^^^^ could not find `pin` in `core`
[INFO] [stderr]   |
[INFO] [stderr]   = note: this error originates in the attribute macro `async_trait` (in Nightly builds, run with -Z macro-backtrace for more info)
[INFO] [stderr] help: consider importing this module
[INFO] [stderr]   |
[INFO] [stderr] 1 + use std::pin;
[INFO] [stderr]   |
[INFO] [stderr] 
[INFO] [stderr] error[E0433]: cannot find `future` in `core`
[INFO] [stderr]  --> src/domain/organization/repositories/company_repo.rs:9:1
[INFO] [stderr]   |
[INFO] [stderr] 9 | #[async_trait]
[INFO] [stderr]   | ^^^^^^^^^^^^^^ could not find `future` in `core`
[INFO] [stderr]   |
[INFO] [stderr]   = note: this error originates in the attribute macro `async_trait` (in Nightly builds, run with -Z macro-backtrace for more info)
[INFO] [stderr] help: consider importing this module
[INFO] [stderr]   |
[INFO] [stderr] 1 + use std::future;
[INFO] [stderr]   |
[INFO] [stderr] 
[INFO] [stderr] error[E0433]: cannot find `marker` in `core`
[INFO] [stderr]  --> src/domain/organization/repositories/company_repo.rs:9:1
[INFO] [stderr]   |
[INFO] [stderr] 9 | #[async_trait]
[INFO] [stderr]   | ^^^^^^^^^^^^^^ could not find `marker` in `core`
[INFO] [stderr]   |
[INFO] [stderr]   = note: this error originates in the attribute macro `async_trait` (in Nightly builds, run with -Z macro-backtrace for more info)
[INFO] [stderr] help: consider importing this module
[INFO] [stderr]   |
[INFO] [stderr] 1 + use std::marker;
[INFO] [stderr]   |
[INFO] [stderr] 
[INFO] [stderr] error[E0433]: cannot find `pin` in `core`
[INFO] [stderr]  --> src/domain/organization/repositories/department_repo.rs:8:1
[INFO] [stderr]   |
[INFO] [stderr] 8 | #[async_trait]
[INFO] [stderr]   | ^^^^^^^^^^^^^^ could not find `pin` in `core`
[INFO] [stderr]   |
[INFO] [stderr]   = note: this error originates in the attribute macro `async_trait` (in Nightly builds, run with -Z macro-backtrace for more info)
[INFO] [stderr] help: consider importing this module
[INFO] [stderr]   |
[INFO] [stderr] 1 + use std::pin;
[INFO] [stderr]   |
[INFO] [stderr] 
[INFO] [stderr] error[E0433]: cannot find `future` in `core`
[INFO] [stderr]  --> src/domain/organization/repositories/department_repo.rs:8:1
[INFO] [stderr]   |
[INFO] [stderr] 8 | #[async_trait]
[INFO] [stderr]   | ^^^^^^^^^^^^^^ could not find `future` in `core`
[INFO] [stderr]   |
[INFO] [stderr]   = note: this error originates in the attribute macro `async_trait` (in Nightly builds, run with -Z macro-backtrace for more info)
[INFO] [stderr] help: consider importing this module
[INFO] [stderr]   |
[INFO] [stderr] 1 + use std::future;
[INFO] [stderr]   |
[INFO] [stderr] 
[INFO] [stderr] error[E0433]: cannot find `marker` in `core`
[INFO] [stderr]  --> src/domain/organization/repositories/department_repo.rs:8:1
[INFO] [stderr]   |
[INFO] [stderr] 8 | #[async_trait]
[INFO] [stderr]   | ^^^^^^^^^^^^^^ could not find `marker` in `core`
[INFO] [stderr]   |
[INFO] [stderr]   = note: this error originates in the attribute macro `async_trait` (in Nightly builds, run with -Z macro-backtrace for more info)
[INFO] [stderr] help: consider importing this module
[INFO] [stderr]   |
[INFO] [stderr] 1 + use std::marker;
[INFO] [stderr]   |
[INFO] [stderr] 
[INFO] [stderr] error[E0433]: cannot find `pin` in `core`
[INFO] [stderr]  --> src/application/use_case.rs:8:1
[INFO] [stderr]   |
[INFO] [stderr] 8 | #[async_trait]
[INFO] [stderr]   | ^^^^^^^^^^^^^^ could not find `pin` in `core`
[INFO] [stderr]   |
[INFO] [stderr]   = note: this error originates in the attribute macro `async_trait` (in Nightly builds, run with -Z macro-backtrace for more info)
[INFO] [stderr] help: consider importing this module
[INFO] [stderr]   |
[INFO] [stderr] 1 + use std::pin;
[INFO] [stderr]   |
[INFO] [stderr] 
[INFO] [stderr] error[E0433]: cannot find `future` in `core`
[INFO] [stderr]  --> src/application/use_case.rs:8:1
[INFO] [stderr]   |
[INFO] [stderr] 8 | #[async_trait]
[INFO] [stderr]   | ^^^^^^^^^^^^^^ could not find `future` in `core`
[INFO] [stderr]   |
[INFO] [stderr]   = note: this error originates in the attribute macro `async_trait` (in Nightly builds, run with -Z macro-backtrace for more info)
[INFO] [stderr] help: consider importing this module
[INFO] [stderr]   |
[INFO] [stderr] 1 + use std::future;
[INFO] [stderr]   |
[INFO] [stderr] 
[INFO] [stderr] error[E0433]: cannot find `marker` in `core`
[INFO] [stderr]  --> src/application/use_case.rs:8:1
[INFO] [stderr]   |
[INFO] [stderr] 8 | #[async_trait]
[INFO] [stderr]   | ^^^^^^^^^^^^^^ could not find `marker` in `core`
[INFO] [stderr]   |
[INFO] [stderr]   = note: this error originates in the attribute macro `async_trait` (in Nightly builds, run with -Z macro-backtrace for more info)
[INFO] [stderr] help: consider importing this module
[INFO] [stderr]   |
[INFO] [stderr] 1 + use std::marker;
[INFO] [stderr]   |
[INFO] [stderr] 
[INFO] [stderr] error[E0433]: cannot find `pin` in `core`
[INFO] [stderr]   --> src/application/use_case.rs:16:1
[INFO] [stderr]    |
[INFO] [stderr] 16 | #[async_trait]
[INFO] [stderr]    | ^^^^^^^^^^^^^^ could not find `pin` in `core`
[INFO] [stderr]    |
[INFO] [stderr]    = note: this error originates in the attribute macro `async_trait` (in Nightly builds, run with -Z macro-backtrace for more info)
[INFO] [stderr] help: consider importing this module
[INFO] [stderr]    |
[INFO] [stderr]  1 + use std::pin;
[INFO] [stderr]    |
[INFO] [stderr] 
[INFO] [stderr] error[E0433]: cannot find `future` in `core`
[INFO] [stderr]   --> src/application/use_case.rs:16:1
[INFO] [stderr]    |
[INFO] [stderr] 16 | #[async_trait]
[INFO] [stderr]    | ^^^^^^^^^^^^^^ could not find `future` in `core`
[INFO] [stderr]    |
[INFO] [stderr]    = note: this error originates in the attribute macro `async_trait` (in Nightly builds, run with -Z macro-backtrace for more info)
[INFO] [stderr] help: consider importing this module
[INFO] [stderr]    |
[INFO] [stderr]  1 + use std::future;
[INFO] [stderr]    |
[INFO] [stderr] 
[INFO] [stderr] error[E0433]: cannot find `marker` in `core`
[INFO] [stderr]   --> src/application/use_case.rs:16:1
[INFO] [stderr]    |
[INFO] [stderr] 16 | #[async_trait]
[INFO] [stderr]    | ^^^^^^^^^^^^^^ could not find `marker` in `core`
[INFO] [stderr]    |
[INFO] [stderr]    = note: this error originates in the attribute macro `async_trait` (in Nightly builds, run with -Z macro-backtrace for more info)
[INFO] [stderr] help: consider importing this module
[INFO] [stderr]    |
[INFO] [stderr]  1 + use std::marker;
[INFO] [stderr]    |
[INFO] [stderr] 
[INFO] [stderr] error[E0433]: cannot find `option` in `core`
[INFO] [stderr]  --> src/application/error.rs:6:17
[INFO] [stderr]   |
[INFO] [stderr] 6 | #[derive(Debug, Error)]
[INFO] [stderr]   |                 ^^^^^ could not find `option` in `core`
[INFO] [stderr]   |
[INFO] [stderr]   = note: this error originates in the derive macro `Error` (in Nightly builds, run with -Z macro-backtrace for more info)
[INFO] [stderr] help: consider importing this module
[INFO] [stderr]   |
[INFO] [stderr] 1 + use std::option;
[INFO] [stderr]   |
[INFO] [stderr] 
[INFO] [stderr] error[E0433]: cannot find `fmt` in `core`
[INFO] [stderr]  --> src/application/error.rs:6:17
[INFO] [stderr]   |
[INFO] [stderr] 6 | #[derive(Debug, Error)]
[INFO] [stderr]   |                 ^^^^^ could not find `fmt` in `core`
[INFO] [stderr]   |
[INFO] [stderr]   = note: this error originates in the derive macro `Error` (in Nightly builds, run with -Z macro-backtrace for more info)
[INFO] [stderr] help: consider importing this module
[INFO] [stderr]   |
[INFO] [stderr] 1 + use std::fmt;
[INFO] [stderr]   |
[INFO] [stderr] 
[INFO] [stderr] error[E0433]: cannot find `convert` in `core`
[INFO] [stderr]  --> src/application/error.rs:9:14
[INFO] [stderr]   |
[INFO] [stderr] 9 |     Domain(#[from] DomainError),
[INFO] [stderr]   |              ^^^^ could not find `convert` in `core`
[INFO] [stderr]   |
[INFO] [stderr] help: consider importing this module
[INFO] [stderr]   |
[INFO] [stderr] 1 + use std::convert;
[INFO] [stderr]   |
[INFO] [stderr] 
[INFO] [stderr] error[E0433]: cannot find `pin` in `core`
[INFO] [stderr]   --> src/application/usecases/organization/add_company_uc.rs:12:1
[INFO] [stderr]    |
[INFO] [stderr] 12 | #[async_trait]
[INFO] [stderr]    | ^^^^^^^^^^^^^^ could not find `pin` in `core`
[INFO] [stderr]    |
[INFO] [stderr]    = note: this error originates in the attribute macro `async_trait` (in Nightly builds, run with -Z macro-backtrace for more info)
[INFO] [stderr] help: consider importing this module
[INFO] [stderr]    |
[INFO] [stderr]  1 + use std::pin;
[INFO] [stderr]    |
[INFO] [stderr] 
[INFO] [stderr] error[E0433]: cannot find `future` in `core`
[INFO] [stderr]   --> src/application/usecases/organization/add_company_uc.rs:12:1
[INFO] [stderr]    |
[INFO] [stderr] 12 | #[async_trait]
[INFO] [stderr]    | ^^^^^^^^^^^^^^ could not find `future` in `core`
[INFO] [stderr]    |
[INFO] [stderr]    = note: this error originates in the attribute macro `async_trait` (in Nightly builds, run with -Z macro-backtrace for more info)
[INFO] [stderr] help: consider importing this module
[INFO] [stderr]    |
[INFO] [stderr]  1 + use std::future;
[INFO] [stderr]    |
[INFO] [stderr] 
[INFO] [stderr] error[E0433]: cannot find `marker` in `core`
[INFO] [stderr]   --> src/application/usecases/organization/add_company_uc.rs:12:1
[INFO] [stderr]    |
[INFO] [stderr] 12 | #[async_trait]
[INFO] [stderr]    | ^^^^^^^^^^^^^^ could not find `marker` in `core`
[INFO] [stderr]    |
[INFO] [stderr]    = note: this error originates in the attribute macro `async_trait` (in Nightly builds, run with -Z macro-backtrace for more info)
[INFO] [stderr] help: consider importing this module
[INFO] [stderr]    |
[INFO] [stderr]  1 + use std::marker;
[INFO] [stderr]    |
[INFO] [stderr] 
[INFO] [stderr] error[E0433]: cannot find `pin` in `core`
[INFO] [stderr]   --> src/application/usecases/user/sign_in.rs:11:1
[INFO] [stderr]    |
[INFO] [stderr] 11 | #[async_trait]
[INFO] [stderr]    | ^^^^^^^^^^^^^^ could not find `pin` in `core`
[INFO] [stderr]    |
[INFO] [stderr]    = note: this error originates in the attribute macro `async_trait` (in Nightly builds, run with -Z macro-backtrace for more info)
[INFO] [stderr] help: consider importing this module
[INFO] [stderr]    |
[INFO] [stderr]  1 + use std::pin;
[INFO] [stderr]    |
[INFO] [stderr] 
[INFO] [stderr] error[E0433]: cannot find `future` in `core`
[INFO] [stderr]   --> src/application/usecases/user/sign_in.rs:11:1
[INFO] [stderr]    |
[INFO] [stderr] 11 | #[async_trait]
[INFO] [stderr]    | ^^^^^^^^^^^^^^ could not find `future` in `core`
[INFO] [stderr]    |
[INFO] [stderr]    = note: this error originates in the attribute macro `async_trait` (in Nightly builds, run with -Z macro-backtrace for more info)
[INFO] [stderr] help: consider importing this module
[INFO] [stderr]    |
[INFO] [stderr]  1 + use std::future;
[INFO] [stderr]    |
[INFO] [stderr] 
[INFO] [stderr] error[E0433]: cannot find `marker` in `core`
[INFO] [stderr]   --> src/application/usecases/user/sign_in.rs:11:1
[INFO] [stderr]    |
[INFO] [stderr] 11 | #[async_trait]
[INFO] [stderr]    | ^^^^^^^^^^^^^^ could not find `marker` in `core`
[INFO] [stderr]    |
[INFO] [stderr]    = note: this error originates in the attribute macro `async_trait` (in Nightly builds, run with -Z macro-backtrace for more info)
[INFO] [stderr] help: consider importing this module
[INFO] [stderr]    |
[INFO] [stderr]  1 + use std::marker;
[INFO] [stderr]    |
[INFO] [stderr] 
[INFO] [stderr] error: aborting due to 53 previous errors
[INFO] [stderr] 
[INFO] [stderr] For more information about this error, try `rustc --explain E0433`.
[INFO] [stderr] error: doctest failed, to rerun pass `--doc`
[INFO] [stderr] 
[INFO] [stderr] Caused by:
[INFO] [stderr]   process didn't exit successfully: `/opt/rustwide/rustup-home/toolchains/1.100.0-beta.1-x86_64-unknown-linux-gnu/bin/rustdoc --edition=2024 --crate-type lib --color auto --crate-name core --test src/lib.rs --test-run-directory /opt/rustwide/workdir -L native=/opt/rustwide/target/debug/build/aws-lc-sys/fa35c570c7006770/out -L native=/opt/rustwide/target/debug/build/ring/9f97e57652970600/out --extern anyhow=/opt/rustwide/target/debug/build/anyhow/4342eda19ce54c8e/out/libanyhow-4342eda19ce54c8e.rlib --extern async_graphql=/opt/rustwide/target/debug/build/async-graphql/38811cf912a01598/out/libasync_graphql-38811cf912a01598.rlib --extern async_graphql_axum=/opt/rustwide/target/debug/build/async-graphql-axum/2a4995e9eff01886/out/libasync_graphql_axum-2a4995e9eff01886.rlib --extern async_trait=/opt/rustwide/target/debug/build/async-trait/4a0a41641b4bc052/out/libasync_trait-4a0a41641b4bc052.so --extern axum=/opt/rustwide/target/debug/build/axum/9f5504ac15fc9e8d/out/libaxum-9f5504ac15fc9e8d.rlib --extern chrono=/opt/rustwide/target/debug/build/chrono/9195d9b177ca59e9/out/libchrono-9195d9b177ca59e9.rlib --extern dotenv=/opt/rustwide/target/debug/build/dotenv/7a66b7690bbb34f4/out/libdotenv-7a66b7690bbb34f4.rlib --extern futures_core=/opt/rustwide/target/debug/build/futures-core/3b920243fce8fec0/out/libfutures_core-3b920243fce8fec0.rlib --extern jsonwebtoken=/opt/rustwide/target/debug/build/jsonwebtoken/e82e81b15f006962/out/libjsonwebtoken-e82e81b15f006962.rlib --extern migration=/opt/rustwide/target/debug/build/migration/4c671b5cb10bdf47/out/libmigration-4c671b5cb10bdf47.rlib --extern opentelemetry=/opt/rustwide/target/debug/build/opentelemetry/c7becb96b63faa7b/out/libopentelemetry-c7becb96b63faa7b.rlib --extern opentelemetry_stdout=/opt/rustwide/target/debug/build/opentelemetry-stdout/2aa5d7457d8910c2/out/libopentelemetry_stdout-2aa5d7457d8910c2.rlib --extern opentelemetry_sdk=/opt/rustwide/target/debug/build/opentelemetry_sdk/079a287058c8c73c/out/libopentelemetry_sdk-079a287058c8c73c.rlib --extern core=/opt/rustwide/target/debug/build/rust-graphql-skeleton/26a76e90fa63b245/out/libcore-26a76e90fa63b245.rlib --extern sea_orm=/opt/rustwide/target/debug/build/sea-orm/21e132ee9e1b987e/out/libsea_orm-21e132ee9e1b987e.rlib --extern serde=/opt/rustwide/target/debug/build/serde/fbd29f22f31b002b/out/libserde-fbd29f22f31b002b.rlib --extern thiserror=/opt/rustwide/target/debug/build/thiserror/0043c23109030bd2/out/libthiserror-0043c23109030bd2.rlib --extern tokio=/opt/rustwide/target/debug/build/tokio/43e21220f0584419/out/libtokio-43e21220f0584419.rlib --extern tower_http=/opt/rustwide/target/debug/build/tower-http/dc05573ed0e9a8ca/out/libtower_http-dc05573ed0e9a8ca.rlib --extern tower_layer=/opt/rustwide/target/debug/build/tower-layer/d908dd771b239ecd/out/libtower_layer-d908dd771b239ecd.rlib --extern tracing=/opt/rustwide/target/debug/build/tracing/e7a08f68baba1c14/out/libtracing-e7a08f68baba1c14.rlib --extern tracing_opentelemetry=/opt/rustwide/target/debug/build/tracing-opentelemetry/e523f26266a63e07/out/libtracing_opentelemetry-e523f26266a63e07.rlib --extern tracing_subscriber=/opt/rustwide/target/debug/build/tracing-subscriber/e813074a5b0d1c28/out/libtracing_subscriber-e813074a5b0d1c28.rlib --extern uuid=/opt/rustwide/target/debug/build/uuid/da41cbf5c7d74e6a/out/libuuid-da41cbf5c7d74e6a.rlib -L dependency=/opt/rustwide/target/debug/build/aho-corasick/61cf93dc53dd0bf8/out -L dependency=/opt/rustwide/target/debug/build/aliasable/973e8e80145521d5/out -L dependency=/opt/rustwide/target/debug/build/allocator-api2/8d9c1e895dea53bd/out -L dependency=/opt/rustwide/target/debug/build/anstream/8abea42649d55d0c/out -L dependency=/opt/rustwide/target/debug/build/anstyle-parse/2b179629a907e4e4/out -L dependency=/opt/rustwide/target/debug/build/anstyle-query/635080b1d6343734/out -L dependency=/opt/rustwide/target/debug/build/anstyle/fe219cdab7346aa5/out -L dependency=/opt/rustwide/target/debug/build/anyhow/4342eda19ce54c8e/out -L dependency=/opt/rustwide/target/debug/build/arrayvec/9d0aa62fa88910b3/out -L dependency=/opt/rustwide/target/debug/build/ascii_utils/e0310de4bc89b042/out -L dependency=/opt/rustwide/target/debug/build/async-graphql-axum/2a4995e9eff01886/out -L dependency=/opt/rustwide/target/debug/build/async-graphql-derive/3e94b80c4e3ccb37/out -L dependency=/opt/rustwide/target/debug/build/async-graphql-parser/5ed45b06b90f6cd7/out -L dependency=/opt/rustwide/target/debug/build/async-graphql-value/2cc55a9dc104d25d/out -L dependency=/opt/rustwide/target/debug/build/async-graphql/38811cf912a01598/out -L dependency=/opt/rustwide/target/debug/build/async-stream-impl/8f18ed9c18a8c9f9/out -L dependency=/opt/rustwide/target/debug/build/async-stream/921036e09c186ae6/out -L dependency=/opt/rustwide/target/debug/build/async-trait/4a0a41641b4bc052/out -L dependency=/opt/rustwide/target/debug/build/atoi/2889230d8eb66535/out -L dependency=/opt/rustwide/target/debug/build/atomic-waker/06950c8c08d2b8fa/out -L dependency=/opt/rustwide/target/debug/build/aws-lc-rs/cc84ac09a2a4e4c1/out -L dependency=/opt/rustwide/target/debug/build/aws-lc-sys/414bb60b4f19c96a/out -L dependency=/opt/rustwide/target/debug/build/axum-core/3d598a6c509492cb/out -L dependency=/opt/rustwide/target/debug/build/axum/9f5504ac15fc9e8d/out -L dependency=/opt/rustwide/target/debug/build/base64/32787b0325ea6df8/out -L dependency=/opt/rustwide/target/debug/build/bigdecimal/6ed2b537beaa1e70/out -L dependency=/opt/rustwide/target/debug/build/bitflags/9362e66b8880981a/out -L dependency=/opt/rustwide/target/debug/build/block-buffer/ceb5bfb4b62e5dc4/out -L dependency=/opt/rustwide/target/debug/build/byteorder/7fb216e967c6a54f/out -L dependency=/opt/rustwide/target/debug/build/bytes/355dd24848f062ea/out -L dependency=/opt/rustwide/target/debug/build/cfg-if/83060ec5685761ae/out -L dependency=/opt/rustwide/target/debug/build/chrono-tz/f867ae8b8654ae3f/out -L dependency=/opt/rustwide/target/debug/build/chrono/9195d9b177ca59e9/out -L dependency=/opt/rustwide/target/debug/build/clap/2bca787277adec2e/out -L dependency=/opt/rustwide/target/debug/build/clap_builder/9b4437bdbc758104/out -L dependency=/opt/rustwide/target/debug/build/clap_derive/f0c9b26a348ba1c9/out -L dependency=/opt/rustwide/target/debug/build/clap_lex/1c04dafadfaa0baf/out -L dependency=/opt/rustwide/target/debug/build/colorchoice/8e2615b3451b028d/out -L dependency=/opt/rustwide/target/debug/build/concurrent-queue/815fa839868152ca/out -L dependency=/opt/rustwide/target/debug/build/cpufeatures/e04321643d03190d/out -L dependency=/opt/rustwide/target/debug/build/crc-catalog/5af10f2bf5720cb5/out -L dependency=/opt/rustwide/target/debug/build/crc/25688e51664257b1/out -L dependency=/opt/rustwide/target/debug/build/crossbeam-queue/7c6dbf82c0535e67/out -L dependency=/opt/rustwide/target/debug/build/crossbeam-utils/076f45bf81d9c2d2/out -L dependency=/opt/rustwide/target/debug/build/crypto-common/56b940ef3ee0385e/out -L dependency=/opt/rustwide/target/debug/build/data-encoding/506ef4e476430498/out -L dependency=/opt/rustwide/target/debug/build/deranged/3e370a89182ecfb0/out -L dependency=/opt/rustwide/target/debug/build/derive_more-impl/2c78de9c78dae5bb/out -L dependency=/opt/rustwide/target/debug/build/derive_more/67093a9b7cc32fcc/out -L dependency=/opt/rustwide/target/debug/build/digest/55f2c16e3612c500/out -L dependency=/opt/rustwide/target/debug/build/displaydoc/bb46305ce5dd7247/out -L dependency=/opt/rustwide/target/debug/build/dotenv/7a66b7690bbb34f4/out -L dependency=/opt/rustwide/target/debug/build/dotenvy/6d8015f91495fe74/out -L dependency=/opt/rustwide/target/debug/build/either/9b7eda28b403e34e/out -L dependency=/opt/rustwide/target/debug/build/encoding_rs/c7a67ac351c2b19f/out -L dependency=/opt/rustwide/target/debug/build/equivalent/6a754676e6af62ae/out -L dependency=/opt/rustwide/target/debug/build/event-listener/86f0ab0f3c18080c/out -L dependency=/opt/rustwide/target/debug/build/fast_chemail/8919256a93b5989e/out -L dependency=/opt/rustwide/target/debug/build/fastrand/751bcde24b8aa073/out -L dependency=/opt/rustwide/target/debug/build/fnv/79e2cbfbe03dcd16/out -L dependency=/opt/rustwide/target/debug/build/foldhash/07f233db1c671507/out -L dependency=/opt/rustwide/target/debug/build/foreign-types-shared/47b443a4583fd949/out -L dependency=/opt/rustwide/target/debug/build/foreign-types/4fe1886d5d9265b9/out -L dependency=/opt/rustwide/target/debug/build/form_urlencoded/58b0f0edb59b40d2/out -L dependency=/opt/rustwide/target/debug/build/futures-channel/3bb2db6cecc5bacb/out -L dependency=/opt/rustwide/target/debug/build/futures-core/3b920243fce8fec0/out -L dependency=/opt/rustwide/target/debug/build/futures-executor/8b411ed756b6a521/out -L dependency=/opt/rustwide/target/debug/build/futures-intrusive/8009bcd84f6ed876/out -L dependency=/opt/rustwide/target/debug/build/futures-io/6a4719510b0746bc/out -L dependency=/opt/rustwide/target/debug/build/futures-macro/dcb8fb1da48405ce/out -L dependency=/opt/rustwide/target/debug/build/futures-sink/ae1eb2d060de53a2/out -L dependency=/opt/rustwide/target/debug/build/futures-task/e09ab7898221cb97/out -L dependency=/opt/rustwide/target/debug/build/futures-timer/17baedd4276dc448/out -L dependency=/opt/rustwide/target/debug/build/futures-util/ebcfc2129e02e5d1/out -L dependency=/opt/rustwide/target/debug/build/futures/26e0395526134c86/out -L dependency=/opt/rustwide/target/debug/build/generic-array/3399f74876fb1fa9/out -L dependency=/opt/rustwide/target/debug/build/getrandom/306efa459aaadf86/out -L dependency=/opt/rustwide/target/debug/build/getrandom/b88ab2d099bb9cc3/out -L dependency=/opt/rustwide/target/debug/build/glob/7748687a416caec7/out -L dependency=/opt/rustwide/target/debug/build/handlebars/caaf1cc890f5865c/out -L dependency=/opt/rustwide/target/debug/build/hashbrown/25abce2d85979e8d/out -L dependency=/opt/rustwide/target/debug/build/hashbrown/621f4a290160b487/out -L dependency=/opt/rustwide/target/debug/build/hashlink/f007fbd3ee912335/out -L dependency=/opt/rustwide/target/debug/build/hex/13e08b3b00984ab7/out -L dependency=/opt/rustwide/target/debug/build/hkdf/16555026228ea0f0/out -L dependency=/opt/rustwide/target/debug/build/hmac/741d575b19be3fc6/out -L dependency=/opt/rustwide/target/debug/build/home/28ab713e87f116ce/out -L dependency=/opt/rustwide/target/debug/build/http-body-util/8fe4e6fa7ce9396b/out -L dependency=/opt/rustwide/target/debug/build/http-body/925eb77550c5f501/out -L dependency=/opt/rustwide/target/debug/build/http/c0fde9637a63eb6d/out -L dependency=/opt/rustwide/target/debug/build/httparse/8c9b827b8f345444/out -L dependency=/opt/rustwide/target/debug/build/httpdate/331798cefc82cc7e/out -L dependency=/opt/rustwide/target/debug/build/hyper-util/aab5bc1d644b27e6/out -L dependency=/opt/rustwide/target/debug/build/hyper/55871827ba281f24/out -L dependency=/opt/rustwide/target/debug/build/iana-time-zone/bab5d12b40894ac1/out -L dependency=/opt/rustwide/target/debug/build/icu_collections/f848a04a873ec430/out -L dependency=/opt/rustwide/target/debug/build/icu_locale_core/fcc2a043bf1013b3/out -L dependency=/opt/rustwide/target/debug/build/icu_normalizer/617ad6dd6464503b/out -L dependency=/opt/rustwide/target/debug/build/icu_normalizer_data/ab8997d7cbbb3306/out -L dependency=/opt/rustwide/target/debug/build/icu_properties/8e64be5a616c1856/out -L dependency=/opt/rustwide/target/debug/build/icu_properties_data/ca07e36d75086861/out -L dependency=/opt/rustwide/target/debug/build/icu_provider/6d6fc9bff1233bdb/out -L dependency=/opt/rustwide/target/debug/build/idna/1a445049107339ca/out -L dependency=/opt/rustwide/target/debug/build/idna_adapter/001806e052376c4e/out -L dependency=/opt/rustwide/target/debug/build/indexmap/6e649c5ba1098777/out -L dependency=/opt/rustwide/target/debug/build/inherent/1e9c50e230f70767/out -L dependency=/opt/rustwide/target/debug/build/is_terminal_polyfill/3ca4268cb2568267/out -L dependency=/opt/rustwide/target/debug/build/itoa/ef40fa516293a9d3/out -L dependency=/opt/rustwide/target/debug/build/jsonwebtoken/e82e81b15f006962/out -L dependency=/opt/rustwide/target/debug/build/lazy_static/3674be3f4245d19b/out -L dependency=/opt/rustwide/target/debug/build/libc/520a1cd7a1b3fe13/out -L dependency=/opt/rustwide/target/debug/build/libm/fcdc73388b8e5e3e/out -L dependency=/opt/rustwide/target/debug/build/linux-raw-sys/7c0af75954695899/out -L dependency=/opt/rustwide/target/debug/build/litemap/cd9b5b2aa04e2018/out -L dependency=/opt/rustwide/target/debug/build/lock_api/16d46fed645f7bff/out -L dependency=/opt/rustwide/target/debug/build/log/28ade3d6717210f3/out -L dependency=/opt/rustwide/target/debug/build/lru/3af40d5519ef5719/out -L dependency=/opt/rustwide/target/debug/build/matchers/1c08fa90f799cd5f/out -L dependency=/opt/rustwide/target/debug/build/matchit/9aa922efa503b546/out -L dependency=/opt/rustwide/target/debug/build/md-5/d8c1649bad7aff8e/out -L dependency=/opt/rustwide/target/debug/build/memchr/9be7e24c0cc6f173/out -L dependency=/opt/rustwide/target/debug/build/migration/4c671b5cb10bdf47/out -L dependency=/opt/rustwide/target/debug/build/mime/0188e0814ca7ddbf/out -L dependency=/opt/rustwide/target/debug/build/mio/1f0b2668c1a29a12/out -L dependency=/opt/rustwide/target/debug/build/multer/4121f511f49d1939/out -L dependency=/opt/rustwide/target/debug/build/native-tls/9755fdfebd53f758/out -L dependency=/opt/rustwide/target/debug/build/nu-ansi-term/745c727bb3e87c52/out -L dependency=/opt/rustwide/target/debug/build/num-bigint/914061b6a0c2b743/out -L dependency=/opt/rustwide/target/debug/build/num-conv/d3297905cfb69f59/out -L dependency=/opt/rustwide/target/debug/build/num-integer/e1dae9bde9b8ffd5/out -L dependency=/opt/rustwide/target/debug/build/num-traits/61451ab850bd490d/out -L dependency=/opt/rustwide/target/debug/build/once_cell/e9252a7b5119f3eb/out -L dependency=/opt/rustwide/target/debug/build/openssl-macros/9784b2061f3cc17d/out -L dependency=/opt/rustwide/target/debug/build/openssl-probe/2c6d21a9709cae46/out -L dependency=/opt/rustwide/target/debug/build/openssl-sys/dfc43133c2f35dfe/out -L dependency=/opt/rustwide/target/debug/build/openssl/d2cf44f476aa223a/out -L dependency=/opt/rustwide/target/debug/build/opentelemetry-stdout/2aa5d7457d8910c2/out -L dependency=/opt/rustwide/target/debug/build/opentelemetry/4dcf271ec5dca783/out -L dependency=/opt/rustwide/target/debug/build/opentelemetry/c7becb96b63faa7b/out -L dependency=/opt/rustwide/target/debug/build/opentelemetry_sdk/079a287058c8c73c/out -L dependency=/opt/rustwide/target/debug/build/ordered-float/036bff6c37faa061/out -L dependency=/opt/rustwide/target/debug/build/ouroboros/9c328ffd27ce0402/out -L dependency=/opt/rustwide/target/debug/build/ouroboros_macro/22c4dd2d292d88b8/out -L dependency=/opt/rustwide/target/debug/build/parking/a9ae72c6c16ee980/out -L dependency=/opt/rustwide/target/debug/build/parking_lot/1a217dbec1dcd48c/out -L dependency=/opt/rustwide/target/debug/build/parking_lot_core/b8a66ce33ecaef89/out -L dependency=/opt/rustwide/target/debug/build/pem/c65b0b75163a9934/out -L dependency=/opt/rustwide/target/debug/build/percent-encoding/fa055ecaa1e57cfa/out -L dependency=/opt/rustwide/target/debug/build/pest/b888811abc4d87a2/out -L dependency=/opt/rustwide/target/debug/build/pest_derive/2d38ff29e599d30f/out -L dependency=/opt/rustwide/target/debug/build/phf/9f125340c2111f13/out -L dependency=/opt/rustwide/target/debug/build/phf_shared/41e8d1a2a903a9d5/out -L dependency=/opt/rustwide/target/debug/build/pin-project-lite/72bf04572caa1c84/out -L dependency=/opt/rustwide/target/debug/build/pin-utils/3860774ad9b215b5/out -L dependency=/opt/rustwide/target/debug/build/potential_utf/f1196e747bd320f6/out -L dependency=/opt/rustwide/target/debug/build/powerfmt/f6019a2766e431f7/out -L dependency=/opt/rustwide/target/debug/build/ppv-lite86/19d4d8ff1e20f179/out -L dependency=/opt/rustwide/target/debug/build/rand/cbda839ab5304fd5/out -L dependency=/opt/rustwide/target/debug/build/rand/dfdea75e860b49e1/out -L dependency=/opt/rustwide/target/debug/build/rand_chacha/46f9670657d8cacb/out -L dependency=/opt/rustwide/target/debug/build/rand_chacha/93bdc696827909b2/out -L dependency=/opt/rustwide/target/debug/build/rand_core/63dde4fbc902e982/out -L dependency=/opt/rustwide/target/debug/build/rand_core/aef51873e0852404/out -L dependency=/opt/rustwide/target/debug/build/regex-automata/5f6c4e4a9d8b7ff1/out -L dependency=/opt/rustwide/target/debug/build/regex-syntax/21c69862a9074e56/out -L dependency=/opt/rustwide/target/debug/build/regex/e1efcc34bb1ecb85/out -L dependency=/opt/rustwide/target/debug/build/ring/cd1f3cb04f1c852a/out -L dependency=/opt/rustwide/target/debug/build/rust_decimal/be790a8ab14e9e28/out -L dependency=/opt/rustwide/target/debug/build/rustix/d41a4566413a9198/out -L dependency=/opt/rustwide/target/debug/build/rustls-pki-types/8c387a8fd80598f5/out -L dependency=/opt/rustwide/target/debug/build/rustls-webpki/c531162049c79c90/out -L dependency=/opt/rustwide/target/debug/build/rustls/cc73bd145516e209/out -L dependency=/opt/rustwide/target/debug/build/rustversion/0fe8e9afe386a651/out -L dependency=/opt/rustwide/target/debug/build/ryu/a7164637bc4900ee/out -L dependency=/opt/rustwide/target/debug/build/scopeguard/7ec2214574194454/out -L dependency=/opt/rustwide/target/debug/build/sea-orm-cli/be6ac3e5304291b7/out -L dependency=/opt/rustwide/target/debug/build/sea-orm-macros/6985b4f6f4d16cb4/out -L dependency=/opt/rustwide/target/debug/build/sea-orm-migration/a906f794029beda9/out -L dependency=/opt/rustwide/target/debug/build/sea-orm/21e132ee9e1b987e/out -L dependency=/opt/rustwide/target/debug/build/sea-query-binder/b31ecc10bfff7924/out -L dependency=/opt/rustwide/target/debug/build/sea-query-derive/aa8484929a3cc17b/out -L dependency=/opt/rustwide/target/debug/build/sea-query/8f3464c7d4cc4abd/out -L dependency=/opt/rustwide/target/debug/build/sea-schema-derive/2dfdc4edb7732024/out -L dependency=/opt/rustwide/target/debug/build/sea-schema/5271e56fc2ca0dec/out -L dependency=/opt/rustwide/target/debug/build/serde/fbd29f22f31b002b/out -L dependency=/opt/rustwide/target/debug/build/serde_core/46542aab222bf259/out -L dependency=/opt/rustwide/target/debug/build/serde_derive/8e28ab366fbe8060/out -L dependency=/opt/rustwide/target/debug/build/serde_json/9da2823d1e7cd1f4/out -L dependency=/opt/rustwide/target/debug/build/serde_path_to_error/a41e9e25fb8ae38b/out -L dependency=/opt/rustwide/target/debug/build/serde_urlencoded/c1482fd3acd5044e/out -L dependency=/opt/rustwide/target/debug/build/sha1/470390a6d99a0bb7/out -L dependency=/opt/rustwide/target/debug/build/sha2/b961889284ac0118/out -L dependency=/opt/rustwide/target/debug/build/sharded-slab/bd3e89e1e50b7c87/out -L dependency=/opt/rustwide/target/debug/build/signal-hook-registry/c22cda65e322b7f9/out -L dependency=/opt/rustwide/target/debug/build/signature/3b38413e1bea4ec2/out -L dependency=/opt/rustwide/target/debug/build/simple_asn1/0251ac656e0517d7/out -L dependency=/opt/rustwide/target/debug/build/siphasher/03bcd832dc490f0a/out -L dependency=/opt/rustwide/target/debug/build/slab/5629529544b2a983/out -L dependency=/opt/rustwide/target/debug/build/smallvec/25afaa8b509e356c/out -L dependency=/opt/rustwide/target/debug/build/socket2/079e36dcc0be2ef0/out -L dependency=/opt/rustwide/target/debug/build/spin/dc062d377076afff/out -L dependency=/opt/rustwide/target/debug/build/sqlx-core/ca6803dd2186d2bf/out -L dependency=/opt/rustwide/target/debug/build/sqlx-postgres/036f844323a2fc83/out -L dependency=/opt/rustwide/target/debug/build/sqlx/c8ebd1dfdfbd49ba/out -L dependency=/opt/rustwide/target/debug/build/stable_deref_trait/63cbf3f3d3f94e56/out -L dependency=/opt/rustwide/target/debug/build/static_assertions/f0217ecdd817a834/out -L dependency=/opt/rustwide/target/debug/build/static_assertions_next/38ce773dd8b679eb/out -L dependency=/opt/rustwide/target/debug/build/stringprep/94fdae503584f596/out -L dependency=/opt/rustwide/target/debug/build/strsim/4d1ed08a123238dc/out -L dependency=/opt/rustwide/target/debug/build/strum/3345ca157386d345/out -L dependency=/opt/rustwide/target/debug/build/subtle/2ae6a7038b9a0630/out -L dependency=/opt/rustwide/target/debug/build/sync_wrapper/b4537d9de714f6d1/out -L dependency=/opt/rustwide/target/debug/build/tempfile/81cc559dcfaa95f4/out -L dependency=/opt/rustwide/target/debug/build/thiserror-impl/1778c02bb1b3fb45/out -L dependency=/opt/rustwide/target/debug/build/thiserror-impl/e92b94d80dfda56a/out -L dependency=/opt/rustwide/target/debug/build/thiserror/0043c23109030bd2/out -L dependency=/opt/rustwide/target/debug/build/thiserror/8853cc8429d96e0b/out -L dependency=/opt/rustwide/target/debug/build/thread_local/b4f6fe44d641c0b1/out -L dependency=/opt/rustwide/target/debug/build/time-core/18c82ab596674382/out -L dependency=/opt/rustwide/target/debug/build/time-macros/7c6e531ff97a96cf/out -L dependency=/opt/rustwide/target/debug/build/time/aba1d74aa4a7d449/out -L dependency=/opt/rustwide/target/debug/build/tinystr/bf5750854d814c2c/out -L dependency=/opt/rustwide/target/debug/build/tinyvec/0e7c5ebf3c1ba3ec/out -L dependency=/opt/rustwide/target/debug/build/tinyvec_macros/7b77ea21c73594ca/out -L dependency=/opt/rustwide/target/debug/build/tokio-macros/fb2f939db6bf0335/out -L dependency=/opt/rustwide/target/debug/build/tokio-stream/c417c5ac38369eed/out -L dependency=/opt/rustwide/target/debug/build/tokio-tungstenite/70861d2a31865c72/out -L dependency=/opt/rustwide/target/debug/build/tokio-util/a27db0e00a88fff6/out -L dependency=/opt/rustwide/target/debug/build/tokio/43e21220f0584419/out -L dependency=/opt/rustwide/target/debug/build/tower-http/dc05573ed0e9a8ca/out -L dependency=/opt/rustwide/target/debug/build/tower-layer/d908dd771b239ecd/out -L dependency=/opt/rustwide/target/debug/build/tower-service/3fb88d28c2218805/out -L dependency=/opt/rustwide/target/debug/build/tower/31795966d7d16f00/out -L dependency=/opt/rustwide/target/debug/build/tracing-attributes/6fa962f5224ab4d9/out -L dependency=/opt/rustwide/target/debug/build/tracing-core/61b417a99ee316a8/out -L dependency=/opt/rustwide/target/debug/build/tracing-log/f3dec39e385b9e70/out -L dependency=/opt/rustwide/target/debug/build/tracing-opentelemetry/e523f26266a63e07/out -L dependency=/opt/rustwide/target/debug/build/tracing-subscriber/e813074a5b0d1c28/out -L dependency=/opt/rustwide/target/debug/build/tracing/e7a08f68baba1c14/out -L dependency=/opt/rustwide/target/debug/build/tungstenite/c4063658eaa2729e/out -L dependency=/opt/rustwide/target/debug/build/typenum/973adb5204d6e560/out -L dependency=/opt/rustwide/target/debug/build/ucd-trie/64e35acb102f3b4d/out -L dependency=/opt/rustwide/target/debug/build/unicode-bidi/a9d2c96e849c6f3c/out -L dependency=/opt/rustwide/target/debug/build/unicode-normalization/e2f4b6af903d2f78/out -L dependency=/opt/rustwide/target/debug/build/unicode-properties/d98df78cf9438258/out -L dependency=/opt/rustwide/target/debug/build/untrusted/a7f0f384c8611dea/out -L dependency=/opt/rustwide/target/debug/build/untrusted/b2f816886faf2178/out -L dependency=/opt/rustwide/target/debug/build/url/af3af6f1acbc6bac/out -L dependency=/opt/rustwide/target/debug/build/utf-8/f4341c3c7568480d/out -L dependency=/opt/rustwide/target/debug/build/utf8_iter/51566bbad89f3a68/out -L dependency=/opt/rustwide/target/debug/build/utf8parse/92d0158219063202/out -L dependency=/opt/rustwide/target/debug/build/uuid/da41cbf5c7d74e6a/out -L dependency=/opt/rustwide/target/debug/build/webpki-roots/73263cd55948bd9f/out -L dependency=/opt/rustwide/target/debug/build/webpki-roots/a4ced23c56333d8d/out -L dependency=/opt/rustwide/target/debug/build/whoami/679b18861a32e944/out -L dependency=/opt/rustwide/target/debug/build/writeable/4f74a67d38fff78e/out -L dependency=/opt/rustwide/target/debug/build/yoke-derive/b058d8a9e3c9d922/out -L dependency=/opt/rustwide/target/debug/build/yoke/fc00e93d63a755fe/out -L dependency=/opt/rustwide/target/debug/build/zerocopy/c2b1af6c91b16afc/out -L dependency=/opt/rustwide/target/debug/build/zerofrom-derive/2e7ddac44e20b053/out -L dependency=/opt/rustwide/target/debug/build/zerofrom/e1261061674e35a7/out -L dependency=/opt/rustwide/target/debug/build/zeroize/7f213bea776ca5b6/out -L dependency=/opt/rustwide/target/debug/build/zerotrie/b96157d99e8805da/out -L dependency=/opt/rustwide/target/debug/build/zerovec-derive/7854ab2f2c2b0433/out -L dependency=/opt/rustwide/target/debug/build/zerovec/05cd4cdd9e2769ab/out -C embed-bitcode=no --check-cfg 'cfg(docsrs,test)' --check-cfg 'cfg(feature, values())' --cap-lints=warn --error-format human` (exit status: 1)
[INFO] [stderr] note: test exited abnormally; to see the full output pass --no-capture to the harness.
[INFO] running `Command { std: "docker" "inspect" "ff89c2b29593b97f46d703e01ff706b6c3f962d8361eee7c40980aeb81612794", kill_on_drop: false }`
[INFO] running `Command { std: "docker" "rm" "-f" "ff89c2b29593b97f46d703e01ff706b6c3f962d8361eee7c40980aeb81612794", kill_on_drop: false }`
[INFO] [stdout] ff89c2b29593b97f46d703e01ff706b6c3f962d8361eee7c40980aeb81612794
