[INFO] cloning repository https://github.com/allenhori/zhao-cli
[INFO] running `Command { std: "git" "-c" "credential.helper=" "-c" "credential.helper=/workspace/cargo-home/bin/git-credential-null" "clone" "--bare" "https://github.com/allenhori/zhao-cli" "/workspace/cache/git-repos/https%3A%2F%2Fgithub.com%2Fallenhori%2Fzhao-cli", kill_on_drop: false }`
[INFO] [stderr] Cloning into bare repository '/workspace/cache/git-repos/https%3A%2F%2Fgithub.com%2Fallenhori%2Fzhao-cli'...
[INFO] running `Command { std: "git" "rev-parse" "HEAD", kill_on_drop: false }`
[INFO] [stdout] 35b972938dff89ed05ced429502015cd1f685221
[INFO] testing allenhori/zhao-cli against 1.99.0-beta.8 for beta-1.100-2
[INFO] running `Command { std: "git" "clone" "/workspace/cache/git-repos/https%3A%2F%2Fgithub.com%2Fallenhori%2Fzhao-cli" "/workspace/builds/worker-2-tc1/source", kill_on_drop: false }`
[INFO] [stderr] Cloning into '/workspace/builds/worker-2-tc1/source'...
[INFO] [stderr] done.
[INFO] started tweaking git repo https://github.com/allenhori/zhao-cli
[INFO] finished tweaking git repo https://github.com/allenhori/zhao-cli
[INFO] tweaked toml for git repo https://github.com/allenhori/zhao-cli written to /workspace/builds/worker-2-tc1/source/Cargo.toml
[INFO] validating manifest of git repo https://github.com/allenhori/zhao-cli on toolchain 1.99.0-beta.8
[INFO] running `Command { std: CARGO_HOME="/workspace/cargo-home" RUSTUP_HOME="/workspace/rustup-home" "/workspace/cargo-home/bin/cargo" "+1.99.0-beta.8" "metadata" "--manifest-path" "Cargo.toml" "--no-deps", kill_on_drop: false }`
[INFO] crate git repo https://github.com/allenhori/zhao-cli already has a lockfile, it will not be regenerated
[INFO] running `Command { std: CARGO_HOME="/workspace/cargo-home" RUSTUP_HOME="/workspace/rustup-home" "/workspace/cargo-home/bin/cargo" "+1.99.0-beta.8" "fetch" "--manifest-path" "Cargo.toml", kill_on_drop: false }`
[INFO] [stderr]     Blocking waiting for file lock on package cache
[INFO] [stderr]     Updating crates.io index
[INFO] [stderr]     Blocking waiting for file lock on package cache
[INFO] [stderr]  Downloading crates ...
[INFO] [stderr]   Downloaded stacker v0.1.25
[INFO] [stderr]   Downloaded snap v1.1.2
[INFO] [stderr]   Downloaded lz4_flex v0.14.0
[INFO] [stderr]   Downloaded winresource v0.1.31
[INFO] [stderr]   Downloaded arrow-ipc v59.3.0
[INFO] [stderr]   Downloaded parquet v59.3.0
[INFO] running `Command { std: "docker" "create" "-v" "/var/lib/crater-agent-workspace/builds/worker-2-tc1/source:/opt/rustwide/workdir:ro,Z" "-v" "/var/lib/crater-agent-workspace/builds/worker-2-tc1/target:/opt/rustwide/target:rw,Z" "-v" "/var/lib/crater-agent-workspace/cargo-home:/opt/rustwide/cargo-home:ro,Z" "-v" "/var/lib/crater-agent-workspace/rustup-home:/opt/rustwide/rustup-home:ro,Z" "-m" "1610612736" "--network" "none" "ghcr.io/rust-lang/crates-build-env/linux@sha256:3111399a4047eeb3a02b7a90e478d715f38a8c6669b5c4b49d30a17385265909" "sleep" "infinity", kill_on_drop: false }`
[INFO] [stdout] 8cf04ea230d72628ba801fac306768c150ddfecdd25c28a2b4864aa9383222d0
[INFO] running `Command { std: "docker" "start" "8cf04ea230d72628ba801fac306768c150ddfecdd25c28a2b4864aa9383222d0", kill_on_drop: false }`
[INFO] running `Command { std: "docker" "inspect" "8cf04ea230d72628ba801fac306768c150ddfecdd25c28a2b4864aa9383222d0", kill_on_drop: false }`
[INFO] running `Command { std: "docker" "exec" "-e" "SOURCE_DIR=/opt/rustwide/workdir" "-e" "CARGO_HOME=/opt/rustwide/cargo-home" "-e" "RUSTUP_HOME=/opt/rustwide/rustup-home" "-e" "CARGO_TARGET_DIR=/opt/rustwide/target" "-w" "/opt/rustwide/workdir" "--user" "0:0" "8cf04ea230d72628ba801fac306768c150ddfecdd25c28a2b4864aa9383222d0" "/opt/rustwide/cargo-home/bin/cargo" "+1.99.0-beta.8" "metadata" "--no-deps" "--format-version=1", kill_on_drop: false }`
[INFO] running `Command { std: "docker" "inspect" "8cf04ea230d72628ba801fac306768c150ddfecdd25c28a2b4864aa9383222d0", kill_on_drop: false }`
[INFO] running `Command { std: "docker" "exec" "-e" "SOURCE_DIR=/opt/rustwide/workdir" "-e" "CARGO_HOME=/opt/rustwide/cargo-home" "-e" "RUSTUP_HOME=/opt/rustwide/rustup-home" "-e" "CARGO_TARGET_DIR=/opt/rustwide/target" "-e" "CARGO_INCREMENTAL=0" "-e" "RUST_BACKTRACE=full" "-e" "RUSTFLAGS=--cap-lints=warn" "-e" "RUSTDOCFLAGS=--cap-lints=warn" "-w" "/opt/rustwide/workdir" "--user" "0:0" "8cf04ea230d72628ba801fac306768c150ddfecdd25c28a2b4864aa9383222d0" "/opt/rustwide/cargo-home/bin/cargo" "+1.99.0-beta.8" "build" "--frozen" "--message-format=json", kill_on_drop: false }`
[INFO] [stderr]    Compiling libc v0.2.189
[INFO] [stderr]    Compiling proc-macro2 v1.0.107
[INFO] [stderr]    Compiling num-traits v0.2.19
[INFO] [stderr]    Compiling zerocopy v0.8.56
[INFO] [stderr]    Compiling object v0.39.1
[INFO] [stderr]    Compiling bitflags v2.13.1
[INFO] [stderr]    Compiling pkg-config v0.3.34
[INFO] [stderr]    Compiling getrandom v0.3.4
[INFO] [stderr]    Compiling hashbrown v0.17.1
[INFO] [stderr]    Compiling ahash v0.8.12
[INFO] [stderr]    Compiling serde_core v1.0.229
[INFO] [stderr]    Compiling arrow-schema v59.3.0
[INFO] [stderr]    Compiling rustls-pki-types v1.15.1
[INFO] [stderr]    Compiling flatbuffers v25.12.19
[INFO] [stderr]    Compiling zstd-safe v7.3.0
[INFO] [stderr]    Compiling quote v1.0.47
[INFO] [stderr]    Compiling smallvec v1.15.2
[INFO] [stderr]    Compiling rustix v1.1.4
[INFO] [stderr]    Compiling syn v2.0.119
[INFO] [stderr]    Compiling syn v3.0.3
[INFO] [stderr]    Compiling num-integer v0.1.47
[INFO] [stderr]    Compiling jobserver v0.1.35
[INFO] [stderr]    Compiling num-bigint v0.5.1
[INFO] [stderr]    Compiling cc v1.4.0
[INFO] [stderr]    Compiling chrono v0.4.45
[INFO] [stderr]    Compiling num-complex v0.4.6
[INFO] [stderr]    Compiling getrandom v0.2.17
[INFO] [stderr]    Compiling zstd-sys v2.1.0+zstd.1.5.7
[INFO] [stderr]    Compiling ring v0.17.14
[INFO] [stderr]    Compiling stacker v0.1.25
[INFO] [stderr]    Compiling snap v1.1.2
[INFO] [stderr]    Compiling serde v1.0.229
[INFO] [stderr]    Compiling log v0.4.33
[INFO] [stderr]    Compiling getrandom v0.4.3
[INFO] [stderr]    Compiling indexmap v2.14.0
[INFO] [stderr]    Compiling zlib-rs v0.6.7
[INFO] [stderr]    Compiling ar_archive_writer v0.5.3
[INFO] [stderr]    Compiling thiserror v2.0.19
[INFO] [stderr]    Compiling percent-encoding v2.3.2
[INFO] [stderr]    Compiling serde_json v1.0.151
[INFO] [stderr]    Compiling twox-hash v2.1.4
[INFO] [stderr]    Compiling rustls v0.23.43
[INFO] [stderr]    Compiling form_urlencoded v1.2.2
[INFO] [stderr]    Compiling lz4_flex v0.14.0
[INFO] [stderr]    Compiling synstructure v0.13.2
[INFO] [stderr]    Compiling psm v0.1.32
[INFO] [stderr]    Compiling displaydoc v0.2.7
[INFO] [stderr]    Compiling serde_derive v1.0.229
[INFO] [stderr]    Compiling thiserror-impl v2.0.19
[INFO] [stderr]    Compiling brotli v8.0.4
[INFO] [stderr]    Compiling webpki-roots v1.0.9
[INFO] [stderr]    Compiling simdutf8 v0.1.5
[INFO] [stderr]    Compiling seq-macro v0.3.6
[INFO] [stderr]    Compiling zerofrom-derive v0.1.7
[INFO] [stderr]    Compiling yoke-derive v0.8.2
[INFO] [stderr]    Compiling zerovec-derive v0.11.3
[INFO] [stderr]    Compiling zerocopy-derive v0.8.56
[INFO] [stderr]    Compiling zerofrom v0.1.8
[INFO] [stderr]    Compiling yoke v0.8.3
[INFO] [stderr]    Compiling recursive-proc-macro-impl v0.1.1
[INFO] [stderr]    Compiling zerovec v0.11.6
[INFO] [stderr]    Compiling zerotrie v0.2.4
[INFO] [stderr]    Compiling recursive v0.1.1
[INFO] [stderr]    Compiling flate2 v1.1.9
[INFO] [stderr]    Compiling tinystr v0.8.3
[INFO] [stderr]    Compiling icu_locale_core v2.2.0
[INFO] [stderr]    Compiling potential_utf v0.1.5
[INFO] [stderr]    Compiling icu_collections v2.2.0
[INFO] [stderr]    Compiling fastrand v2.5.0
[INFO] [stderr]    Compiling base64 v0.23.1
[INFO] [stderr]    Compiling unsafe-libyaml v0.2.11
[INFO] [stderr]    Compiling clap_derive v4.6.4
[INFO] [stderr]    Compiling tempfile v3.27.0
[INFO] [stderr]    Compiling rustls-webpki v0.103.13
[INFO] [stderr]    Compiling clap_builder v4.6.5
[INFO] [stderr]    Compiling icu_provider v2.2.0
[INFO] [stderr]    Compiling icu_properties v2.2.0
[INFO] [stderr]    Compiling icu_normalizer v2.2.0
[INFO] [stderr]    Compiling serde_yaml v0.9.34+deprecated
[INFO] [stderr]    Compiling sqlparser v0.62.0
[INFO] [stderr]    Compiling webpki-roots v0.26.11
[INFO] [stderr]    Compiling idna_adapter v1.2.2
[INFO] [stderr]    Compiling idna v1.1.0
[INFO] [stderr]    Compiling url v2.5.8
[INFO] [stderr]    Compiling xattr v1.6.1
[INFO] [stderr]    Compiling filetime v0.2.29
[INFO] [stderr]    Compiling shell-words v1.1.1
[INFO] [stderr]    Compiling zhao-cli v0.5.6 (/opt/rustwide/workdir/crates/zhao-cli)
[INFO] [stderr]    Compiling half v2.7.1
[INFO] [stderr]    Compiling tar v0.4.46
[INFO] [stderr]    Compiling clap v4.6.5
[INFO] [stderr]    Compiling arrow-buffer v59.3.0
[INFO] [stderr]    Compiling ureq v2.12.1
[INFO] [stderr]    Compiling zstd v0.13.3
[INFO] [stderr]    Compiling arrow-data v59.3.0
[INFO] [stderr]    Compiling arrow-array v59.3.0
[INFO] [stderr]    Compiling arrow-select v59.3.0
[INFO] [stderr]    Compiling arrow-ipc v59.3.0
[INFO] [stderr]    Compiling parquet v59.3.0
[INFO] [stderr]    Compiling zhao-core v0.5.6 (/opt/rustwide/workdir/crates/zhao-core)
[INFO] [stderr]     Finished `dev` profile [unoptimized + debuginfo] target(s) in 2m 23s
[INFO] running `Command { std: "docker" "inspect" "8cf04ea230d72628ba801fac306768c150ddfecdd25c28a2b4864aa9383222d0", kill_on_drop: false }`
[INFO] running `Command { std: "docker" "exec" "-e" "SOURCE_DIR=/opt/rustwide/workdir" "-e" "CARGO_HOME=/opt/rustwide/cargo-home" "-e" "RUSTUP_HOME=/opt/rustwide/rustup-home" "-e" "CARGO_TARGET_DIR=/opt/rustwide/target" "-e" "CARGO_INCREMENTAL=0" "-e" "RUST_BACKTRACE=full" "-e" "RUSTFLAGS=--cap-lints=warn" "-e" "RUSTDOCFLAGS=--cap-lints=warn" "-w" "/opt/rustwide/workdir" "--user" "0:0" "8cf04ea230d72628ba801fac306768c150ddfecdd25c28a2b4864aa9383222d0" "/opt/rustwide/cargo-home/bin/cargo" "+1.99.0-beta.8" "test" "--frozen" "--no-run" "--message-format=json", kill_on_drop: false }`
[INFO] [stderr]    Compiling aho-corasick v1.1.4
[INFO] [stderr]    Compiling predicates-core v1.0.10
[INFO] [stderr]    Compiling float-cmp v0.10.0
[INFO] [stderr]    Compiling assert_cmd v2.2.2
[INFO] [stderr]    Compiling difflib v0.4.0
[INFO] [stderr]    Compiling normalize-line-endings v0.3.0
[INFO] [stderr]    Compiling termtree v0.5.1
[INFO] [stderr]    Compiling wait-timeout v0.2.1
[INFO] [stderr]    Compiling zhao-core v0.5.6 (/opt/rustwide/workdir/crates/zhao-core)
[INFO] [stderr]    Compiling predicates-tree v1.0.13
[INFO] [stderr]    Compiling regex-automata v0.4.16
[INFO] [stderr]    Compiling regex v1.13.1
[INFO] [stderr]    Compiling bstr v1.13.0
[INFO] [stderr]    Compiling predicates v3.1.4
[INFO] [stderr]    Compiling zhao-cli v0.5.6 (/opt/rustwide/workdir/crates/zhao-cli)
[INFO] [stderr]     Finished `test` profile [unoptimized + debuginfo] target(s) in 14.52s
[INFO] running `Command { std: "docker" "inspect" "8cf04ea230d72628ba801fac306768c150ddfecdd25c28a2b4864aa9383222d0", kill_on_drop: false }`
[INFO] running `Command { std: "docker" "exec" "-e" "SOURCE_DIR=/opt/rustwide/workdir" "-e" "CARGO_HOME=/opt/rustwide/cargo-home" "-e" "RUSTUP_HOME=/opt/rustwide/rustup-home" "-e" "CARGO_TARGET_DIR=/opt/rustwide/target" "-e" "CARGO_INCREMENTAL=0" "-e" "RUST_BACKTRACE=full" "-e" "RUSTFLAGS=--cap-lints=warn" "-e" "RUSTDOCFLAGS=--cap-lints=warn" "-w" "/opt/rustwide/workdir" "--user" "0:0" "8cf04ea230d72628ba801fac306768c150ddfecdd25c28a2b4864aa9383222d0" "/opt/rustwide/cargo-home/bin/cargo" "+1.99.0-beta.8" "test" "--frozen", kill_on_drop: false }`
[INFO] [stderr]     Finished `test` profile [unoptimized + debuginfo] target(s) in 0.30s
[INFO] [stderr]      Running unittests src/main.rs (/opt/rustwide/target/debug/deps/zhao-9f8fd4c51bf04c87)
[INFO] [stdout] 
[INFO] [stdout] running 159 tests
[INFO] [stdout] test addon::tests::an_addon_style_name_is_not_builtin ... ok
[INFO] [stdout] test addon::tests::every_real_subcommand_is_recognized_as_builtin ... ok
[INFO] [stdout] test cli::tests::a_dotted_target_splits_into_model_and_column ... ok
[INFO] [stdout] test cli::tests::a_plus_prefix_and_suffix_together_parses_as_both_directions ... ok
[INFO] [stdout] test addon::tests::find_in_path_var_locates_a_matching_executable ... ok
[INFO] [stdout] test cli::tests::bare_target_parses_as_both_directions ... ok
[INFO] [stdout] test dbt_target::tests::cli_dbt_command_and_args_win_over_everything ... ok
[INFO] [stdout] test cli::tests::a_plus_prefix_parses_as_upstream_only ... ok
[INFO] [stdout] test dbt_target::tests::a_trailing_target_path_with_no_value_is_ignored ... ok
[INFO] [stdout] test dbt_target::tests::equals_form_target_path_is_honored ... ok
[INFO] [stdout] test addon::tests::find_in_path_var_checks_every_directory_in_order ... ok
[INFO] [stdout] test cli::tests::a_plus_suffix_parses_as_downstream_only ... ok
[INFO] [stdout] test dbt_target::tests::last_of_multiple_target_path_overrides_wins ... ok
[INFO] [stdout] test cli::tests::a_dotted_target_still_honors_plus_prefix_and_suffix ... ok
[INFO] [stdout] test dbt_target::tests::no_passthrough_args_defaults_to_target ... ok
[INFO] [stdout] test dbt_target::tests::relative_target_path_joins_onto_project_dir ... ok
[INFO] [stdout] test dbt_target::tests::strip_target_path_override_ignores_a_trailing_flag_with_no_value ... ok
[INFO] [stdout] test dbt_target::tests::strip_target_path_override_on_an_empty_list_is_a_no_op ... ok
[INFO] [stdout] test dbt_target::tests::strip_target_path_override_leaves_unrelated_args_untouched ... ok
[INFO] [stdout] test addon::tests::find_in_path_var_returns_none_when_nothing_matches ... ok
[INFO] [stdout] test dbt_target::tests::strip_target_path_override_removes_a_space_separated_pair ... ok
[INFO] [stdout] test dbt_target::tests::space_separated_absolute_target_path_is_honored ... ok
[INFO] [stdout] test dbt_target::tests::strip_target_path_override_removes_every_occurrence ... ok
[INFO] [stdout] test dbt_target::tests::target_path_mixed_with_other_flags_is_still_found ... ok
[INFO] [stdout] test dbt_target::tests::unrelated_passthrough_args_still_default_to_target ... ok
[INFO] [stdout] test dbt_target::tests::with_nothing_set_anywhere_the_default_dbt_command_is_used_and_args_are_empty ... ok
[INFO] [stdout] test dbt_target::tests::strip_target_path_override_removes_the_equals_form ... ok
[INFO] [stdout] test dbt_target::tests::zhao_yml_is_used_when_no_cli_form_is_given ... ok
[INFO] [stdout] test engine::tests::a_plain_non_tty_non_ci_environment_suppresses_color ... ok
[INFO] [stdout] test engine::tests::a_manifest_newer_than_every_source_file_is_not_flagged_stale ... ok
[INFO] [stdout] test engine::tests::a_model_file_newer_than_the_manifest_is_flagged_stale ... ok
[INFO] [stdout] test engine::tests::a_changed_dbt_project_yml_alone_is_flagged_stale ... ok
[INFO] [stdout] test engine::tests::a_real_tty_enables_color_by_default ... ok
[INFO] [stdout] test engine::tests::github_actions_enables_color_even_without_a_real_tty ... ok
[INFO] [stdout] test engine::tests::an_unrelated_file_outside_dbt_source_conventions_is_ignored ... ok
[INFO] [stdout] test engine::tests::no_color_env_var_wins_over_a_real_tty_and_github_actions ... ok
[INFO] [stdout] test lineage::tests::a_bare_model_target_defaults_to_partial_lineage_model ... ok
[INFO] [stdout] test engine::tests::no_dbt_project_present_is_never_flagged_stale ... ok
[INFO] [stdout] test engine::tests::no_color_flag_wins_over_everything_else ... ok
[INFO] [stdout] test lineage::tests::a_column_target_appends_the_column_name ... ok
[INFO] [stdout] test lineage::tests::a_downstream_only_target_gets_the_downstream_only_suffix ... ok
[INFO] [stdout] test lineage::tests::a_package_flag_prepends_the_package_name ... ok
[INFO] [stdout] test lineage::tests::a_unix_absolute_path_gets_exactly_one_more_leading_slash ... ok
[INFO] [stdout] test lineage::tests::a_windows_drive_letter_path_gets_forward_slashes_and_a_triple_slash_prefix ... ok
[INFO] [stdout] test lineage::tests::a_windows_extended_length_path_prefix_is_stripped ... ok
[INFO] [stdout] test lineage::tests::an_upstream_only_target_gets_the_upstream_only_suffix ... ok
[INFO] [stdout] test lineage::tests::no_package_flag_never_adds_a_package_segment ... ok
[INFO] [stdout] test lineage::tests::render_column_text_lists_resolved_columns_and_origins ... ok
[INFO] [stdout] test lineage::tests::a_column_target_with_upstream_only_appends_column_then_direction ... ok
[INFO] [stdout] test lineage::tests::render_text_omits_the_downstream_section_for_upstream_only ... ok
[INFO] [stdout] test lineage::tests::render_column_text_reports_none_when_genuinely_empty ... ok
[INFO] [stdout] test lineage::tests::render_text_omits_the_upstream_section_for_downstream_only ... ok
[INFO] [stdout] test lineage::tests::render_column_text_reports_unresolved_nodes_distinctly ... ok
[INFO] [stdout] test lineage::tests::render_text_reports_none_for_an_empty_included_side_not_a_blank_output ... ok
[INFO] [stdout] test lineage::tests::render_text_lists_both_sections_for_both_directions ... ok
[INFO] [stdout] test lineage_html::tests::a_model_node_serializes_with_kind_node_and_its_materialization ... ok
[INFO] [stdout] test lineage_html::tests::an_origin_serializes_with_no_materialization ... ok
[INFO] [stdout] test lineage_html::tests::a_seed_gets_its_own_css_accent_rule_and_legend_entry_in_generated_html ... ok
[INFO] [stdout] test lineage_html::tests::an_unrecognized_materialization_is_passed_through_verbatim ... ok
[INFO] [stdout] test lineage_html::tests::a_seed_node_serializes_with_kind_seed_and_no_materialization ... ok
[INFO] [stdout] test lineage::tests::no_target_defaults_to_full_lineage ... ok
[INFO] [stdout] test lineage_html::tests::a_targeted_export_carries_the_scope_banner_and_expand_control ... ok
[INFO] [stdout] test lineage::tests::no_target_ignores_package_since_theres_nothing_to_scope ... ok
[INFO] [stdout] test lineage_html::tests::compute_layers_places_origins_and_roots_at_zero_and_steps_downstream_by_one ... ok
[INFO] [stdout] test lineage_html::tests::generated_html_is_a_well_formed_document_with_embedded_data ... ok
[INFO] [stdout] test lineage_html::tests::adapter_vocabulary_terms_are_embedded ... ok
[INFO] [stdout] test lineage_html::tests::generated_html_contains_no_fetchable_external_references ... ok
[INFO] [stdout] test lineage_html::tests::initial_target_and_column_are_both_embedded_when_given ... ok
[INFO] [stdout] test log::tests::log_filename_days_ignores_non_log_files ... ok
[INFO] [stdout] test log::tests::log_filename_days_parses_a_valid_log_filename ... ok
[INFO] [stdout] test lineage_html::tests::no_initial_target_omits_both_keys_entirely ... ok
[INFO] [stdout] test log::tests::civil_from_days_matches_known_dates ... ok
[INFO] [stdout] test log::tests::purge_with_no_retention_configured_removes_nothing ... ok
[INFO] [stdout] test metadata::tests::lineage_edge_json_carries_origin_upstream_and_no_column_detail ... ok
[INFO] [stdout] test lineage_html::tests::initial_target_is_embedded_when_given ... ok
[INFO] [stdout] test log::tests::mirror_never_touches_other_target_zhao_artifacts ... ok
[INFO] [stdout] test lineage_html::tests::the_whole_project_export_still_carries_the_scope_banner_markup ... ok
[INFO] [stdout] test log::tests::days_from_civil_is_the_exact_inverse_of_civil_from_days ... ok
[INFO] [stdout] test metadata::tests::run_metadata_flattens_report_fields_alongside_lineage_edges ... ok
[INFO] [stdout] test report::tests::default_defer_settings_produce_neither_target_nor_state ... ok
[INFO] [stdout] test log::tests::purge_removes_only_logs_older_than_the_configured_window ... ok
[INFO] [stdout] test report::tests::a_state_path_with_spaces_is_surfaced_verbatim ... ok
[INFO] [stdout] test report::tests::defer_settings_with_a_state_path_surface_it_on_the_plan ... ok
[INFO] [stdout] test report::tests::defer_settings_with_only_a_state_surface_it_with_no_target ... ok
[INFO] [stdout] test report::tests::json_report_serializes_struct_field_changes_and_findings ... ok
[INFO] [stdout] test report::tests::render_text_appends_the_impacted_models_line_when_present ... ok
[INFO] [stdout] test log::tests::mirror_appends_across_multiple_calls_the_same_day ... ok
[INFO] [stdout] test report::tests::render_text_appends_the_recommended_command_line_when_present ... ok
[INFO] [stdout] test report::tests::render_text_appends_the_defer_plan_when_present ... ok
[INFO] [stdout] test report::tests::defer_settings_with_only_a_target_produce_no_state ... ok
[INFO] [stdout] test report::tests::finding_json_rule_name_matches_its_serialized_json_tag ... ok
[INFO] [stdout] test report::tests::render_text_omits_the_impacted_models_line_when_absent ... ok
[INFO] [stdout] test report::tests::render_text_appends_the_schema_evolution_section_when_present ... ok
[INFO] [stdout] test report::tests::render_text_describes_a_column_expression_change_and_what_it_reaches ... ok
[INFO] [stdout] test report::tests::impacted_models_lists_changed_models_first_then_downstream_readers ... ok
[INFO] [stdout] test metadata::tests::lineage_edge_json_carries_node_upstream_and_column_detail ... ok
[INFO] [stdout] test report::tests::render_text_reports_a_struct_field_addition_as_informational_only ... ok
[INFO] [stdout] test report::tests::render_text_omits_the_recommended_command_line_when_absent ... ok
[INFO] [stdout] test report::tests::render_text_reports_a_struct_field_type_narrowing_as_a_warning ... ok
[INFO] [stdout] test report::tests::render_text_excludes_pass_severity_findings_from_downstream_impact ... ok
[INFO] [stdout] test report::tests::render_text_produces_the_three_part_report_using_the_adapters_vocabulary ... ok
[INFO] [stdout] test report::tests::render_text_with_use_color_true_contains_ansi_escapes_for_breaking_and_warn ... ok
[INFO] [stdout] test report::tests::render_text_with_use_color_false_contains_no_ansi_escapes ... ok
[INFO] [stdout] test report::tests::render_text_omits_the_schema_evolution_section_when_absent ... ok
[INFO] [stdout] test report::tests::render_text_reports_a_struct_field_removal_as_breaking ... ok
[INFO] [stdout] test report::tests::schema_evolution_warning_fires_for_a_struct_field_change_on_an_incremental_node ... ok
[INFO] [stdout] test report::tests::schema_evolution_warning_message_is_phrased_conditionally ... ok
[INFO] [stdout] test report::tests::schema_evolution_warning_never_fires_for_a_join_change ... ok
[INFO] [stdout] test report::tests::render_text_reports_no_changes_detected_when_nothing_changed ... ok
[INFO] [stdout] test report::tests::schema_evolution_warning_never_fires_for_a_table_node ... ok
[INFO] [stdout] test report::tests::with_defer_plan_defer_is_empty_not_absent_when_only_an_origin_is_upstream ... ok
[INFO] [stdout] test report::tests::with_defer_plan_is_none_when_nothing_is_impactful ... ok
[INFO] [stdout] test report::tests::with_defer_plan_never_defers_a_node_thats_also_being_built ... ok
[INFO] [stdout] test report::tests::with_defer_plan_separates_build_from_transitive_upstream_dependencies ... ok
[INFO] [stdout] test report::tests::schema_evolution_warning_never_fires_for_ephemeral_or_other_materializations ... ok
[INFO] [stdout] test report::tests::schema_evolution_warning_fires_for_a_schema_change_on_an_incremental_node ... ok
[INFO] [stdout] test report::tests::render_text_omits_the_defer_plan_section_when_absent ... ok
[INFO] [stdout] test report::tests::with_impacted_models_includes_a_node_that_no_longer_exists_anywhere_but_its_id ... ok
[INFO] [stdout] test report::tests::with_impacted_models_includes_exactly_the_downstream_impact_nodes ... ok
[INFO] [stdout] test report::tests::with_impacted_models_is_empty_when_nothing_is_impactful ... ok
[INFO] [stdout] test report::tests::with_live_relation_checks_drops_a_confirmed_absent_warning ... ok
[INFO] [stdout] test report::tests::with_recommended_command_builds_a_select_command_from_impacted_models ... ok
[INFO] [stdout] test report::tests::with_recommended_command_is_none_when_nothing_is_impacted_even_if_configured ... ok
[INFO] [stdout] test show::tests::a_brace_inside_a_string_value_does_not_confuse_the_bracket_matcher ... ok
[INFO] [stdout] test report::tests::with_recommended_command_uses_the_configured_dbt_command_wrapper ... ok
[INFO] [stdout] test show::tests::a_leading_json_log_line_is_skipped_in_favor_of_a_real_bare_array_result ... ok
[INFO] [stdout] test report::tests::schema_evolution_warning_never_contains_ddl ... ok
[INFO] [stdout] test show::tests::a_zero_limit_from_any_source_is_clamped_up_to_one ... ok
[INFO] [stdout] test show::tests::a_leading_json_log_line_is_skipped_in_favor_of_the_real_show_result ... ok
[INFO] [stdout] test show::tests::a_package_qualifies_the_target_using_dbts_package_selector_method ... ok
[INFO] [stdout] test show::tests::cli_limit_wins_over_everything ... ok
[INFO] [stdout] test show::tests::column_order_is_preserved_not_resorted ... ok
[INFO] [stdout] test show::tests::config_limit_wins_when_no_cli_limit_is_given ... ok
[INFO] [stdout] test report::tests::with_recommended_command_is_none_when_subcommand_is_not_configured ... ok
[INFO] [stdout] test show::tests::extracts_dbt_cores_object_wrapped_shape_around_log_noise ... ok
[INFO] [stdout] test show::tests::extracts_fusions_bare_array_shape_around_banner_and_trailing_summary_noise ... ok
[INFO] [stdout] test show::tests::columns_are_the_union_of_every_rows_keys_not_just_the_first_row ... ok
[INFO] [stdout] test report::tests::with_live_relation_checks_leaves_an_undetermined_warning_unchanged ... ok
[INFO] [stdout] test report::tests::with_recommended_command_appends_target_when_a_label_is_given ... ok
[INFO] [stdout] test report::tests::with_live_relation_checks_upgrades_a_confirmed_warning_to_definitive_wording ... ok
[INFO] [stdout] test show::tests::falls_back_to_the_first_parseable_value_when_nothing_matches_the_expected_shape ... ok
[INFO] [stdout] test show::tests::no_json_in_the_output_at_all_is_a_clear_error_not_a_panic ... ok
[INFO] [stdout] test show::tests::hardcoded_default_wins_when_neither_is_set ... ok
[INFO] [stdout] test show::tests::no_package_leaves_the_target_bare ... ok
[INFO] [stdout] test update::tests::archive_name_matches_the_release_pipelines_naming ... ok
[INFO] [stdout] test update::tests::detects_homebrew_installs_by_cellar_path ... ok
[INFO] [stdout] test show::tests::an_empty_result_set_yields_empty_columns_not_an_error ... ok
[INFO] [stdout] test update::tests::detects_scoop_installs_by_apps_path ... ok
[INFO] [stdout] test update::tests::does_not_flag_ordinary_install_locations ... ok
[INFO] [stdout] test update::tests::download_url_for_latest_uses_the_latest_download_alias ... ok
[INFO] [stdout] test update::tests::extract_tar_gz_produces_a_clear_error_when_no_zhao_entry_exists ... ok
[INFO] [stdout] test update::tests::extract_tar_gz_finds_the_zhao_binary_by_name ... ok
[INFO] [stdout] test update::tests::download_url_for_a_specific_tag_uses_the_tagged_download_url ... ok
[INFO] [stdout] test update::tests::platform_target_recognizes_a_supported_platform ... ok
[INFO] [stdout] test update::tests::download_url_for_nightly_is_just_the_nightly_tag ... ok
[INFO] [stdout] test update::tests::replace_binary_actually_replaces_the_files_contents ... ok
[INFO] [stdout] test update::tests::tag_from_release_url_extracts_the_tag ... ok
[INFO] [stdout] test update::tests::replace_binary_makes_the_new_file_executable ... ok
[INFO] [stdout] test update::tests::replace_binary_fails_cleanly_when_the_target_directory_does_not_exist ... ok
[INFO] [stdout] 
[INFO] [stdout] test result: ok. 159 passed; 0 failed; 0 ignored; 0 measured; 0 filtered out; finished in 0.04s
[INFO] [stdout] 
[INFO] [stderr]      Running tests/addon_dispatch.rs (/opt/rustwide/target/debug/deps/addon_dispatch-5cd035e2c41c634d)
[INFO] [stdout] 
[INFO] [stdout] running 4 tests
[INFO] [stdout] test an_unknown_subcommand_with_no_matching_addon_still_produces_clap_own_error ... ok
[INFO] [stdout] test an_addons_non_zero_exit_code_passes_through_unmodified ... ok
[INFO] [stdout] test a_builtin_subcommand_name_is_never_treated_as_an_addon_even_if_one_exists_on_path ... ok
[INFO] [stdout] test an_addon_on_path_receives_forwarded_arguments_and_stdout_passes_through ... FAILED
[INFO] [stdout] 
[INFO] [stdout] failures:
[INFO] [stdout] 
[INFO] [stdout] ---- an_addon_on_path_receives_forwarded_arguments_and_stdout_passes_through stdout ----
[INFO] [stdout] 
[INFO] [stdout] thread 'an_addon_on_path_receives_forwarded_arguments_and_stdout_passes_through' (2587) panicked at crates/zhao-cli/tests/addon_dispatch.rs:56:10:
[INFO] [stdout] Unexpected failure.
[INFO] [stdout] code=1
[INFO] [stdout] stderr=```"coreutils: unknown program \'zhao-echo-stub\'\n"```
[INFO] [stdout] command=`PATH="/tmp/.tmpnVDcvr" "/opt/rustwide/target/debug/zhao" "echo-stub" "hello" "world"`
[INFO] [stdout] code=1
[INFO] [stdout] stdout=""
[INFO] [stdout] stderr="coreutils: unknown program \'zhao-echo-stub\'\n"
[INFO] [stdout] 
[INFO] [stdout] stack backtrace:
[INFO] [stdout]    0:     0x59a0dff3af71 - std[70759c8f55707aa4]::backtrace_rs::backtrace::libunwind::trace
[INFO] [stdout]                                at /rustc/dfb0accb7f508ae8be965d8629557221c889dd98/library/std/src/../../backtrace/src/backtrace/libunwind.rs:117:9
[INFO] [stdout]    1:     0x59a0dff3af71 - std[70759c8f55707aa4]::backtrace_rs::backtrace::trace_unsynchronized::<std[70759c8f55707aa4]::sys::backtrace::_print_fmt::{closure#1}>
[INFO] [stdout]                                at /rustc/dfb0accb7f508ae8be965d8629557221c889dd98/library/std/src/../../backtrace/src/backtrace/mod.rs:66:14
[INFO] [stdout]    2:     0x59a0dff3af71 - std[70759c8f55707aa4]::sys::backtrace::_print_fmt
[INFO] [stdout]                                at /rustc/dfb0accb7f508ae8be965d8629557221c889dd98/library/std/src/sys/backtrace.rs:74:9
[INFO] [stdout]    3:     0x59a0dff3af71 - <<std[70759c8f55707aa4]::sys::backtrace::BacktraceLock>::print::DisplayBacktrace as core[df12db4294e9bfd3]::fmt::Display>::fmt
[INFO] [stdout]                                at /rustc/dfb0accb7f508ae8be965d8629557221c889dd98/library/std/src/sys/backtrace.rs:44:26
[INFO] [stdout]    4:     0x59a0dff51dfa - <core[df12db4294e9bfd3]::fmt::rt::Argument>::fmt
[INFO] [stdout]                                at /rustc/dfb0accb7f508ae8be965d8629557221c889dd98/library/core/src/fmt/rt.rs:152:76
[INFO] [stdout]    5:     0x59a0dff51dfa - core[df12db4294e9bfd3]::fmt::write
[INFO] [stdout]    6:     0x59a0dff40aec - core[df12db4294e9bfd3]::io::write::default_write_fmt::<alloc[2182bb758b4b3781]::vec::Vec<u8>>
[INFO] [stdout]                                at /rustc/dfb0accb7f508ae8be965d8629557221c889dd98/library/core/src/io/write.rs:402:11
[INFO] [stdout]    7:     0x59a0dff40aec - <alloc[2182bb758b4b3781]::vec::Vec<u8> as core[df12db4294e9bfd3]::io::write::Write>::write_fmt
[INFO] [stdout]                                at /rustc/dfb0accb7f508ae8be965d8629557221c889dd98/library/core/src/io/write.rs:335:13
[INFO] [stdout]    8:     0x59a0dff156f6 - <std[70759c8f55707aa4]::sys::backtrace::BacktraceLock>::print
[INFO] [stdout]                                at /rustc/dfb0accb7f508ae8be965d8629557221c889dd98/library/std/src/sys/backtrace.rs:47:9
[INFO] [stdout]    9:     0x59a0dff156f6 - std[70759c8f55707aa4]::panicking::default_hook::{closure#0}
[INFO] [stdout]                                at /rustc/dfb0accb7f508ae8be965d8629557221c889dd98/library/std/src/panicking.rs:292:27
[INFO] [stdout]   10:     0x59a0dff32d29 - std[70759c8f55707aa4]::panicking::default_hook
[INFO] [stdout]                                at /rustc/dfb0accb7f508ae8be965d8629557221c889dd98/library/std/src/panicking.rs:316:9
[INFO] [stdout]   11:     0x59a0dfe89050 - <alloc[2182bb758b4b3781]::boxed::Box<dyn for<'a, 'b> core[df12db4294e9bfd3]::ops::function::Fn<(&'a std[70759c8f55707aa4]::panic::PanicHookInfo<'b>,), Output = ()> + core[df12db4294e9bfd3]::marker::Send + core[df12db4294e9bfd3]::marker::Sync> as core[df12db4294e9bfd3]::ops::function::Fn<(&std[70759c8f55707aa4]::panic::PanicHookInfo,)>>::call
[INFO] [stdout]                                at /rustc/dfb0accb7f508ae8be965d8629557221c889dd98/library/alloc/src/boxed.rs:2334:9
[INFO] [stdout]   12:     0x59a0dfe89050 - test[9d35eded1c95d3be]::test_main_inner::<test[9d35eded1c95d3be]::test_main_static::{closure#0}>::{closure#0}
[INFO] [stdout]                                at /rustc/dfb0accb7f508ae8be965d8629557221c889dd98/library/test/src/lib.rs:155:21
[INFO] [stdout]   13:     0x59a0dff32ee2 - <alloc[2182bb758b4b3781]::boxed::Box<dyn for<'a, 'b> core[df12db4294e9bfd3]::ops::function::Fn<(&'a std[70759c8f55707aa4]::panic::PanicHookInfo<'b>,), Output = ()> + core[df12db4294e9bfd3]::marker::Send + core[df12db4294e9bfd3]::marker::Sync> as core[df12db4294e9bfd3]::ops::function::Fn<(&std[70759c8f55707aa4]::panic::PanicHookInfo,)>>::call
[INFO] [stdout]                                at /rustc/dfb0accb7f508ae8be965d8629557221c889dd98/library/alloc/src/boxed.rs:2334:9
[INFO] [stdout]   14:     0x59a0dff32ee2 - std[70759c8f55707aa4]::panicking::panic_with_hook
[INFO] [stdout]                                at /rustc/dfb0accb7f508ae8be965d8629557221c889dd98/library/std/src/panicking.rs:823:13
[INFO] [stdout]   15:     0x59a0dff157a2 - std[70759c8f55707aa4]::panicking::panic_handler::{closure#0}
[INFO] [stdout]                                at /rustc/dfb0accb7f508ae8be965d8629557221c889dd98/library/std/src/panicking.rs:688:13
[INFO] [stdout]   16:     0x59a0dff0e3a9 - std[70759c8f55707aa4]::sys::backtrace::__rust_end_short_backtrace::<std[70759c8f55707aa4]::panicking::panic_handler::{closure#0}, !>
[INFO] [stdout]                                at /rustc/dfb0accb7f508ae8be965d8629557221c889dd98/library/std/src/sys/backtrace.rs:182:18
[INFO] [stdout]   17:     0x59a0dff1648d - __rustc[8fa7c3cbc660c2b3]::rust_begin_unwind
[INFO] [stdout]                                at /rustc/dfb0accb7f508ae8be965d8629557221c889dd98/library/std/src/panicking.rs:679:5
[INFO] [stdout]   18:     0x59a0dff5266c - core[df12db4294e9bfd3]::panicking::panic_fmt
[INFO] [stdout]                                at /rustc/dfb0accb7f508ae8be965d8629557221c889dd98/library/core/src/panicking.rs:80:14
[INFO] [stdout]   19:     0x59a0dfed3ef8 - core[df12db4294e9bfd3]::panicking::panic_display::<assert_cmd[bedbfc5977ded667]::assert::AssertError>
[INFO] [stdout]                                at /rustc/dfb0accb7f508ae8be965d8629557221c889dd98/library/core/src/panicking.rs:259:5
[INFO] [stdout]   20:     0x59a0dfecb907 - <assert_cmd[bedbfc5977ded667]::assert::AssertError>::panic::<assert_cmd[bedbfc5977ded667]::assert::Assert>
[INFO] [stdout]                                at /opt/rustwide/cargo-home/registry/src/index.crates.io-1949cf8c6b5b557f/assert_cmd-2.2.2/src/assert.rs:1061:9
[INFO] [stdout]   21:     0x59a0dfecda4d - <assert_cmd[bedbfc5977ded667]::assert::Assert>::success
[INFO] [stdout]                                at /opt/rustwide/cargo-home/registry/src/index.crates.io-1949cf8c6b5b557f/assert_cmd-2.2.2/src/assert.rs:165:25
[INFO] [stdout]   22:     0x59a0dfe6fb58 - addon_dispatch[89cb526ec38c4593]::an_addon_on_path_receives_forwarded_arguments_and_stdout_passes_through
[INFO] [stdout]                                at /opt/rustwide/workdir/crates/zhao-cli/tests/addon_dispatch.rs:56:10
[INFO] [stdout]   23:     0x59a0dfe6f217 - addon_dispatch[89cb526ec38c4593]::an_addon_on_path_receives_forwarded_arguments_and_stdout_passes_through::{closure#0}
[INFO] [stdout]                                at /opt/rustwide/workdir/crates/zhao-cli/tests/addon_dispatch.rs:45:77
[INFO] [stdout]   24:     0x59a0dfe71966 - <addon_dispatch[89cb526ec38c4593]::an_addon_on_path_receives_forwarded_arguments_and_stdout_passes_through::{closure#0} as core[df12db4294e9bfd3]::ops::function::FnOnce<()>>::call_once
[INFO] [stdout]                                at /rustc/dfb0accb7f508ae8be965d8629557221c889dd98/library/core/src/ops/function.rs:250:5
[INFO] [stdout]   25:     0x59a0dfe7c33b - <fn() -> core[df12db4294e9bfd3]::result::Result<(), alloc[2182bb758b4b3781]::string::String> as core[df12db4294e9bfd3]::ops::function::FnOnce<()>>::call_once
[INFO] [stdout]                                at /rustc/dfb0accb7f508ae8be965d8629557221c889dd98/library/core/src/ops/function.rs:250:5
[INFO] [stdout]   26:     0x59a0dfe7c33b - test[9d35eded1c95d3be]::__rust_begin_short_backtrace::<core[df12db4294e9bfd3]::result::Result<(), alloc[2182bb758b4b3781]::string::String>, fn() -> core[df12db4294e9bfd3]::result::Result<(), alloc[2182bb758b4b3781]::string::String>>
[INFO] [stdout]                                at /rustc/dfb0accb7f508ae8be965d8629557221c889dd98/library/test/src/lib.rs:733:18
[INFO] [stdout]   27:     0x59a0dfe899a5 - test[9d35eded1c95d3be]::run_test_in_process::{closure#0}
[INFO] [stdout]                                at /rustc/dfb0accb7f508ae8be965d8629557221c889dd98/library/test/src/lib.rs:756:74
[INFO] [stdout]   28:     0x59a0dfe899a5 - <core[df12db4294e9bfd3]::panic::unwind_safe::AssertUnwindSafe<test[9d35eded1c95d3be]::run_test_in_process::{closure#0}> as core[df12db4294e9bfd3]::ops::function::FnOnce<()>>::call_once
[INFO] [stdout]                                at /rustc/dfb0accb7f508ae8be965d8629557221c889dd98/library/core/src/panic/unwind_safe.rs:275:9
[INFO] [stdout]   29:     0x59a0dfe899a5 - std[70759c8f55707aa4]::panicking::catch_unwind::do_call::<core[df12db4294e9bfd3]::panic::unwind_safe::AssertUnwindSafe<test[9d35eded1c95d3be]::run_test_in_process::{closure#0}>, core[df12db4294e9bfd3]::result::Result<(), alloc[2182bb758b4b3781]::string::String>>
[INFO] [stdout]                                at /rustc/dfb0accb7f508ae8be965d8629557221c889dd98/library/std/src/panicking.rs:576:43
[INFO] [stdout]   30:     0x59a0dfe899a5 - std[70759c8f55707aa4]::panicking::catch_unwind::<core[df12db4294e9bfd3]::result::Result<(), alloc[2182bb758b4b3781]::string::String>, core[df12db4294e9bfd3]::panic::unwind_safe::AssertUnwindSafe<test[9d35eded1c95d3be]::run_test_in_process::{closure#0}>>
[INFO] [stdout]                                at /rustc/dfb0accb7f508ae8be965d8629557221c889dd98/library/std/src/panicking.rs:544:19
[INFO] [stdout]   31:     0x59a0dfe899a5 - std[70759c8f55707aa4]::panic::catch_unwind::<core[df12db4294e9bfd3]::panic::unwind_safe::AssertUnwindSafe<test[9d35eded1c95d3be]::run_test_in_process::{closure#0}>, core[df12db4294e9bfd3]::result::Result<(), alloc[2182bb758b4b3781]::string::String>>
[INFO] [stdout]                                at /rustc/dfb0accb7f508ae8be965d8629557221c889dd98/library/std/src/panic.rs:359:14
[INFO] [stdout]   32:     0x59a0dfe899a5 - test[9d35eded1c95d3be]::run_test_in_process
[INFO] [stdout]                                at /rustc/dfb0accb7f508ae8be965d8629557221c889dd98/library/test/src/lib.rs:756:27
[INFO] [stdout]   33:     0x59a0dfe899a5 - test[9d35eded1c95d3be]::run_test::{closure#0}
[INFO] [stdout]                                at /rustc/dfb0accb7f508ae8be965d8629557221c889dd98/library/test/src/lib.rs:677:43
[INFO] [stdout]   34:     0x59a0dfe83264 - test[9d35eded1c95d3be]::run_test::{closure#1}
[INFO] [stdout]                                at /rustc/dfb0accb7f508ae8be965d8629557221c889dd98/library/test/src/lib.rs:707:41
[INFO] [stdout]   35:     0x59a0dfe83264 - std[70759c8f55707aa4]::sys::backtrace::__rust_begin_short_backtrace::<test[9d35eded1c95d3be]::run_test::{closure#1}, ()>
[INFO] [stdout]                                at /rustc/dfb0accb7f508ae8be965d8629557221c889dd98/library/std/src/sys/backtrace.rs:166:18
[INFO] [stdout]   36:     0x59a0dfe8cb02 - std[70759c8f55707aa4]::thread::lifecycle::spawn_unchecked::<test[9d35eded1c95d3be]::run_test::{closure#1}, ()>::{closure#1}::{closure#0}
[INFO] [stdout]                                at /rustc/dfb0accb7f508ae8be965d8629557221c889dd98/library/std/src/thread/lifecycle.rs:70:13
[INFO] [stdout]   37:     0x59a0dfe8cb02 - <core[df12db4294e9bfd3]::panic::unwind_safe::AssertUnwindSafe<std[70759c8f55707aa4]::thread::lifecycle::spawn_unchecked<test[9d35eded1c95d3be]::run_test::{closure#1}, ()>::{closure#1}::{closure#0}> as core[df12db4294e9bfd3]::ops::function::FnOnce<()>>::call_once
[INFO] [stdout]                                at /rustc/dfb0accb7f508ae8be965d8629557221c889dd98/library/core/src/panic/unwind_safe.rs:275:9
[INFO] [stdout]   38:     0x59a0dfe8cb02 - std[70759c8f55707aa4]::panicking::catch_unwind::do_call::<core[df12db4294e9bfd3]::panic::unwind_safe::AssertUnwindSafe<std[70759c8f55707aa4]::thread::lifecycle::spawn_unchecked<test[9d35eded1c95d3be]::run_test::{closure#1}, ()>::{closure#1}::{closure#0}>, ()>
[INFO] [stdout]                                at /rustc/dfb0accb7f508ae8be965d8629557221c889dd98/library/std/src/panicking.rs:576:43
[INFO] [stdout]   39:     0x59a0dfe8cb02 - std[70759c8f55707aa4]::panicking::catch_unwind::<(), core[df12db4294e9bfd3]::panic::unwind_safe::AssertUnwindSafe<std[70759c8f55707aa4]::thread::lifecycle::spawn_unchecked<test[9d35eded1c95d3be]::run_test::{closure#1}, ()>::{closure#1}::{closure#0}>>
[INFO] [stdout]                                at /rustc/dfb0accb7f508ae8be965d8629557221c889dd98/library/std/src/panicking.rs:544:19
[INFO] [stdout]   40:     0x59a0dfe8cb02 - std[70759c8f55707aa4]::panic::catch_unwind::<core[df12db4294e9bfd3]::panic::unwind_safe::AssertUnwindSafe<std[70759c8f55707aa4]::thread::lifecycle::spawn_unchecked<test[9d35eded1c95d3be]::run_test::{closure#1}, ()>::{closure#1}::{closure#0}>, ()>
[INFO] [stdout]                                at /rustc/dfb0accb7f508ae8be965d8629557221c889dd98/library/std/src/panic.rs:359:14
[INFO] [stdout]   41:     0x59a0dfe8cb02 - std[70759c8f55707aa4]::thread::lifecycle::spawn_unchecked::<test[9d35eded1c95d3be]::run_test::{closure#1}, ()>::{closure#1}
[INFO] [stdout]                                at /rustc/dfb0accb7f508ae8be965d8629557221c889dd98/library/std/src/thread/lifecycle.rs:68:26
[INFO] [stdout]   42:     0x59a0dfe8cb02 - <std[70759c8f55707aa4]::thread::lifecycle::spawn_unchecked<test[9d35eded1c95d3be]::run_test::{closure#1}, ()>::{closure#1} as core[df12db4294e9bfd3]::ops::function::FnOnce<()>>::call_once::{shim:vtable#0}
[INFO] [stdout]                                at /rustc/dfb0accb7f508ae8be965d8629557221c889dd98/library/core/src/ops/function.rs:250:5
[INFO] [stdout]   43:     0x59a0dff3a7c9 - <alloc[2182bb758b4b3781]::boxed::Box<dyn core[df12db4294e9bfd3]::ops::function::FnOnce<(), Output = ()> + core[df12db4294e9bfd3]::marker::Send> as core[df12db4294e9bfd3]::ops::function::FnOnce<()>>::call_once
[INFO] [stdout]                                at /rustc/dfb0accb7f508ae8be965d8629557221c889dd98/library/alloc/src/boxed.rs:2320:9
[INFO] [stderr] error: test failed, to rerun pass `-p zhao-cli --test addon_dispatch`
[INFO] [stdout]   44:     0x59a0dff3a7c9 - <std[70759c8f55707aa4]::sys::thread::unix::Thread>::new::thread_start
[INFO] [stdout]                                at /rustc/dfb0accb7f508ae8be965d8629557221c889dd98/library/std/src/sys/thread/unix.rs:123:17
[INFO] [stdout]   45:     0x762a72e90dfa - <unknown>
[INFO] [stdout]   46:     0x762a72f243d4 - clone
[INFO] [stdout]   47:                0x0 - <unknown>
[INFO] [stdout] 
[INFO] [stdout] 
[INFO] [stdout] failures:
[INFO] [stdout]     an_addon_on_path_receives_forwarded_arguments_and_stdout_passes_through
[INFO] [stdout] 
[INFO] [stdout] test result: FAILED. 3 passed; 1 failed; 0 ignored; 0 measured; 0 filtered out; finished in 0.06s
[INFO] [stdout] 
[INFO] running `Command { std: "docker" "inspect" "8cf04ea230d72628ba801fac306768c150ddfecdd25c28a2b4864aa9383222d0", kill_on_drop: false }`
[INFO] running `Command { std: "docker" "rm" "-f" "8cf04ea230d72628ba801fac306768c150ddfecdd25c28a2b4864aa9383222d0", kill_on_drop: false }`
[INFO] [stdout] 8cf04ea230d72628ba801fac306768c150ddfecdd25c28a2b4864aa9383222d0
