[INFO] cloning repository https://github.com/Tygo-van-den-Hurk/Advent-of-Code-2024
[INFO] running `Command { std: "git" "-c" "credential.helper=" "-c" "credential.helper=/workspace/cargo-home/bin/git-credential-null" "clone" "--bare" "https://github.com/Tygo-van-den-Hurk/Advent-of-Code-2024" "/workspace/cache/git-repos/https%3A%2F%2Fgithub.com%2FTygo-van-den-Hurk%2FAdvent-of-Code-2024", kill_on_drop: false }`
[INFO] [stderr] Cloning into bare repository '/workspace/cache/git-repos/https%3A%2F%2Fgithub.com%2FTygo-van-den-Hurk%2FAdvent-of-Code-2024'...
[INFO] running `Command { std: "git" "rev-parse" "HEAD", kill_on_drop: false }`
[INFO] [stdout] 56fd36c0d0c01e0ba4a33c42b8391920289848ea
[INFO] testing Tygo-van-den-Hurk/Advent-of-Code-2024 against 1.99.0-beta.8 for beta-1.100-2
[INFO] running `Command { std: "git" "clone" "/workspace/cache/git-repos/https%3A%2F%2Fgithub.com%2FTygo-van-den-Hurk%2FAdvent-of-Code-2024" "/workspace/builds/worker-6-tc1/source", kill_on_drop: false }`
[INFO] [stderr] Cloning into '/workspace/builds/worker-6-tc1/source'...
[INFO] [stderr] done.
[INFO] removed /workspace/builds/worker-6-tc1/source/rust-toolchain.toml
[INFO] started tweaking git repo https://github.com/Tygo-van-den-Hurk/Advent-of-Code-2024
[INFO] finished tweaking git repo https://github.com/Tygo-van-den-Hurk/Advent-of-Code-2024
[INFO] tweaked toml for git repo https://github.com/Tygo-van-den-Hurk/Advent-of-Code-2024 written to /workspace/builds/worker-6-tc1/source/Cargo.toml
[INFO] validating manifest of git repo https://github.com/Tygo-van-den-Hurk/Advent-of-Code-2024 on toolchain 1.99.0-beta.8
[INFO] running `Command { std: CARGO_HOME="/workspace/cargo-home" RUSTUP_HOME="/workspace/rustup-home" "/workspace/cargo-home/bin/cargo" "+1.99.0-beta.8" "metadata" "--manifest-path" "Cargo.toml" "--no-deps", kill_on_drop: false }`
[INFO] crate git repo https://github.com/Tygo-van-den-Hurk/Advent-of-Code-2024 already has a lockfile, it will not be regenerated
[INFO] running `Command { std: CARGO_HOME="/workspace/cargo-home" RUSTUP_HOME="/workspace/rustup-home" "/workspace/cargo-home/bin/cargo" "+1.99.0-beta.8" "fetch" "--manifest-path" "Cargo.toml", kill_on_drop: false }`
[INFO] [stderr]     Updating crates.io index
[INFO] [stderr]  Downloading crates ...
[INFO] [stderr]   Downloaded wasm-bindgen-macro v0.2.97
[INFO] [stderr]   Downloaded wasm-bindgen-shared v0.2.97
[INFO] [stderr]   Downloaded wasm-bindgen-futures v0.4.47
[INFO] [stderr]   Downloaded aoc v0.6.1
[INFO] [stderr]   Downloaded wasm-bindgen-macro-support v0.2.97
[INFO] [stderr]   Downloaded wasm-bindgen-backend v0.2.97
[INFO] [stderr]   Downloaded open v5.3.1
[INFO] [stderr]   Downloaded anstyle-wincon v3.0.6
[INFO] [stderr]   Downloaded select v0.6.0
[INFO] [stderr]   Downloaded xml5ever v0.17.0
[INFO] [stderr]   Downloaded wasm-bindgen v0.2.97
[INFO] [stderr]   Downloaded js-sys v0.3.74
[INFO] [stderr]   Downloaded clap v4.5.23
[INFO] [stderr]   Downloaded markup5ever_rcdom v0.2.0
[INFO] [stderr]   Downloaded openssl-sys v0.9.104
[INFO] [stderr]   Downloaded cc v1.2.2
[INFO] [stderr]   Downloaded clap_builder v4.5.23
[INFO] [stderr]   Downloaded aoc_codegen v0.6.1
[INFO] [stderr]   Downloaded openssl v0.10.68
[INFO] [stderr]   Downloaded chrono-tz v0.8.6
[INFO] [stderr]   Downloaded web-sys v0.3.74
[INFO] [stderr]   Downloaded libc v0.2.167
[INFO] running `Command { std: "docker" "create" "-v" "/var/lib/crater-agent-workspace/builds/worker-6-tc1/source:/opt/rustwide/workdir:ro,Z" "-v" "/var/lib/crater-agent-workspace/builds/worker-6-tc1/target:/opt/rustwide/target:rw,Z" "-v" "/var/lib/crater-agent-workspace/cargo-home:/opt/rustwide/cargo-home:ro,Z" "-v" "/var/lib/crater-agent-workspace/rustup-home:/opt/rustwide/rustup-home:ro,Z" "-m" "1610612736" "--network" "none" "ghcr.io/rust-lang/crates-build-env/linux@sha256:3111399a4047eeb3a02b7a90e478d715f38a8c6669b5c4b49d30a17385265909" "sleep" "infinity", kill_on_drop: false }`
[INFO] [stdout] 5425c7cda946a1f914b7f2315fa5ede0f27675a91f278b89001d1d946cd86a91
[INFO] running `Command { std: "docker" "start" "5425c7cda946a1f914b7f2315fa5ede0f27675a91f278b89001d1d946cd86a91", kill_on_drop: false }`
[INFO] running `Command { std: "docker" "inspect" "5425c7cda946a1f914b7f2315fa5ede0f27675a91f278b89001d1d946cd86a91", kill_on_drop: false }`
[INFO] running `Command { std: "docker" "exec" "-e" "SOURCE_DIR=/opt/rustwide/workdir" "-e" "CARGO_HOME=/opt/rustwide/cargo-home" "-e" "RUSTUP_HOME=/opt/rustwide/rustup-home" "-e" "CARGO_TARGET_DIR=/opt/rustwide/target" "-w" "/opt/rustwide/workdir" "--user" "0:0" "5425c7cda946a1f914b7f2315fa5ede0f27675a91f278b89001d1d946cd86a91" "/opt/rustwide/cargo-home/bin/cargo" "+1.99.0-beta.8" "metadata" "--no-deps" "--format-version=1", kill_on_drop: false }`
[INFO] running `Command { std: "docker" "inspect" "5425c7cda946a1f914b7f2315fa5ede0f27675a91f278b89001d1d946cd86a91", kill_on_drop: false }`
[INFO] running `Command { std: "docker" "exec" "-e" "SOURCE_DIR=/opt/rustwide/workdir" "-e" "CARGO_HOME=/opt/rustwide/cargo-home" "-e" "RUSTUP_HOME=/opt/rustwide/rustup-home" "-e" "CARGO_TARGET_DIR=/opt/rustwide/target" "-e" "CARGO_INCREMENTAL=0" "-e" "RUST_BACKTRACE=full" "-e" "RUSTFLAGS=--cap-lints=warn" "-e" "RUSTDOCFLAGS=--cap-lints=warn" "-w" "/opt/rustwide/workdir" "--user" "0:0" "5425c7cda946a1f914b7f2315fa5ede0f27675a91f278b89001d1d946cd86a91" "/opt/rustwide/cargo-home/bin/cargo" "+1.99.0-beta.8" "build" "--frozen" "--message-format=json", kill_on_drop: false }`
[INFO] [stderr]    Compiling proc-macro2 v1.0.92
[INFO] [stderr]    Compiling unicode-ident v1.0.14
[INFO] [stderr]    Compiling libc v0.2.167
[INFO] [stderr]    Compiling siphasher v0.3.11
[INFO] [stderr]    Compiling byteorder v1.5.0
[INFO] [stderr]    Compiling once_cell v1.20.2
[INFO] [stderr]    Compiling serde v1.0.215
[INFO] [stderr]    Compiling smallvec v1.13.2
[INFO] [stderr]    Compiling pin-project-lite v0.2.15
[INFO] [stderr]    Compiling pkg-config v0.3.31
[INFO] [stderr]    Compiling cc v1.2.2
[INFO] [stderr]    Compiling log v0.4.22
[INFO] [stderr]    Compiling litemap v0.7.4
[INFO] [stderr]    Compiling bytes v1.9.0
[INFO] [stderr]    Compiling new_debug_unreachable v1.0.6
[INFO] [stderr]    Compiling regex-syntax v0.8.5
[INFO] [stderr]    Compiling syn v1.0.109
[INFO] [stderr]    Compiling mac v0.1.1
[INFO] [stderr]    Compiling futf v0.1.5
[INFO] [stderr]    Compiling openssl v0.10.68
[INFO] [stderr]    Compiling phf_shared v0.10.0
[INFO] [stderr]    Compiling phf_shared v0.11.2
[INFO] [stderr]    Compiling precomputed-hash v0.1.1
[INFO] [stderr]    Compiling tendril v0.4.3
[INFO] [stderr]    Compiling tracing-core v0.1.33
[INFO] [stderr]    Compiling futures-io v0.3.31
[INFO] [stderr]    Compiling phf v0.10.1
[INFO] [stderr]    Compiling native-tls v0.2.12
[INFO] [stderr]    Compiling httparse v1.9.5
[INFO] [stderr]    Compiling indexmap v2.7.0
[INFO] [stderr]    Compiling phf v0.11.2
[INFO] [stderr]    Compiling futures-util v0.3.31
[INFO] [stderr]    Compiling num-traits v0.2.19
[INFO] [stderr]    Compiling openssl-probe v0.1.5
[INFO] [stderr]    Compiling futures-channel v0.3.31
[INFO] [stderr]    Compiling serde_json v1.0.133
[INFO] [stderr]    Compiling crossbeam-epoch v0.9.18
[INFO] [stderr]    Compiling http v0.2.12
[INFO] [stderr]    Compiling tracing v0.1.41
[INFO] [stderr]    Compiling quote v1.0.37
[INFO] [stderr]    Compiling is-docker v0.2.0
[INFO] [stderr]    Compiling anyhow v1.0.94
[INFO] [stderr]    Compiling base64 v0.21.7
[INFO] [stderr]    Compiling bit-vec v0.6.3
[INFO] [stderr]    Compiling clap_builder v4.5.23
[INFO] [stderr]    Compiling is-wsl v0.4.0
[INFO] [stderr]    Compiling crossbeam-deque v0.8.6
[INFO] [stderr]    Compiling syn v2.0.90
[INFO] [stderr]    Compiling bit-set v0.5.3
[INFO] [stderr]    Compiling getrandom v0.2.15
[INFO] [stderr]    Compiling rustls-pemfile v1.0.4
[INFO] [stderr]    Compiling ipnet v2.10.1
[INFO] [stderr]    Compiling pathdiff v0.2.3
[INFO] [stderr]    Compiling sync_wrapper v0.1.2
[INFO] [stderr]    Compiling regex-automata v0.4.9
[INFO] [stderr]    Compiling mio v1.0.3
[INFO] [stderr]    Compiling parking_lot_core v0.9.10
[INFO] [stderr]    Compiling socket2 v0.5.8
[INFO] [stderr]    Compiling dirs-sys v0.4.1
[INFO] [stderr]    Compiling rand_core v0.6.4
[INFO] [stderr]    Compiling dirs v5.0.1
[INFO] [stderr]    Compiling http-body v0.4.6
[INFO] [stderr]    Compiling directories v5.0.1
[INFO] [stderr]    Compiling parking_lot v0.12.3
[INFO] [stderr]    Compiling open v5.3.1
[INFO] [stderr]    Compiling rayon-core v1.12.1
[INFO] [stderr]    Compiling openssl-sys v0.9.104
[INFO] [stderr]    Compiling regex v1.11.1
[INFO] [stderr]    Compiling itertools v0.13.0
[INFO] [stderr]    Compiling tokio v1.42.0
[INFO] [stderr]    Compiling rayon v1.10.0
[INFO] [stderr]    Compiling clap v4.5.23
[INFO] [stderr]    Compiling string_cache v0.8.7
[INFO] [stderr]    Compiling serde_urlencoded v0.7.1
[INFO] [stderr]    Compiling chrono v0.4.38
[INFO] [stderr]    Compiling parse-zoneinfo v0.3.1
[INFO] [stderr]    Compiling tokio-util v0.7.13
[INFO] [stderr]    Compiling synstructure v0.13.1
[INFO] [stderr]    Compiling html5ever v0.26.0
[INFO] [stderr]    Compiling zerocopy-derive v0.7.35
[INFO] [stderr]    Compiling zerovec-derive v0.10.3
[INFO] [stderr]    Compiling displaydoc v0.2.5
[INFO] [stderr]    Compiling icu_provider_macros v1.5.0
[INFO] [stderr]    Compiling openssl-macros v0.1.1
[INFO] [stderr]    Compiling serde_derive v1.0.215
[INFO] [stderr]    Compiling aoc_codegen v0.6.1
[INFO] [stderr]    Compiling h2 v0.3.26
[INFO] [stderr]    Compiling zerofrom-derive v0.1.5
[INFO] [stderr]    Compiling yoke-derive v0.7.5
[INFO] [stderr]    Compiling zerocopy v0.7.35
[INFO] [stderr]    Compiling zerofrom v0.1.5
[INFO] [stderr]    Compiling yoke v0.7.5
[INFO] [stderr]    Compiling ppv-lite86 v0.2.20
[INFO] [stderr]    Compiling zerovec v0.10.4
[INFO] [stderr]    Compiling rand_chacha v0.3.1
[INFO] [stderr]    Compiling rand v0.8.5
[INFO] [stderr]    Compiling tinystr v0.7.6
[INFO] [stderr]    Compiling icu_collections v1.5.0
[INFO] [stderr]    Compiling icu_locid v1.5.0
[INFO] [stderr]    Compiling phf_generator v0.10.0
[INFO] [stderr]    Compiling phf_generator v0.11.2
[INFO] [stderr]    Compiling phf_codegen v0.11.2
[INFO] [stderr]    Compiling phf_codegen v0.10.0
[INFO] [stderr]    Compiling string_cache_codegen v0.5.2
[INFO] [stderr]    Compiling chrono-tz-build v0.2.1
[INFO] [stderr]    Compiling markup5ever v0.11.0
[INFO] [stderr]    Compiling chrono-tz v0.8.6
[INFO] [stderr]    Compiling icu_provider v1.5.0
[INFO] [stderr]    Compiling hyper v0.14.31
[INFO] [stderr]    Compiling icu_locid_transform v1.5.0
[INFO] [stderr]    Compiling tokio-native-tls v0.3.1
[INFO] [stderr]    Compiling icu_properties v1.5.1
[INFO] [stderr]    Compiling xml5ever v0.17.0
[INFO] [stderr]    Compiling hyper-tls v0.5.0
[INFO] [stderr]    Compiling markup5ever_rcdom v0.2.0
[INFO] [stderr]    Compiling select v0.6.0
[INFO] [stderr]    Compiling icu_normalizer v1.5.0
[INFO] [stderr]    Compiling idna_adapter v1.2.0
[INFO] [stderr]    Compiling idna v1.0.3
[INFO] [stderr]    Compiling url v2.5.4
[INFO] [stderr]    Compiling reqwest v0.11.27
[INFO] [stderr]    Compiling aoc v0.6.1
[INFO] [stderr]    Compiling advent_of_code_2024 v0.1.0 (/opt/rustwide/workdir)
[INFO] [stdout] warning: use of deprecated module `std::usize`: all constants in this module replaced by associated constants on the type
[INFO] [stdout]    --> src/bin/day05.rs:103:66
[INFO] [stdout]     |
[INFO] [stdout] 103 |     use std::{cmp::Ordering, collections::HashSet, str::FromStr, usize};
[INFO] [stdout]     |                                                                  ^^^^^
[INFO] [stdout]     |
[INFO] [stdout]     = note: `#[warn(deprecated)]` on by default
[INFO] [stdout] 
[INFO] [stdout] 
[INFO] [stdout] warning: unused import: `Write`
[INFO] [stdout]    --> src/bin/day14.rs:214:25
[INFO] [stdout]     |
[INFO] [stdout] 214 |     use std::io::{self, Write};
[INFO] [stdout]     |                         ^^^^^
[INFO] [stdout]     |
[INFO] [stdout]     = note: `#[warn(unused_imports)]` (part of `#[warn(unused)]`) on by default
[INFO] [stdout] 
[INFO] [stdout] 
[INFO] [stdout] warning: field `0` is never read
[INFO] [stdout]   --> src/bin/day14.rs:26:23
[INFO] [stdout]    |
[INFO] [stdout] 26 |         ParseIntError(ParseIntError),
[INFO] [stdout]    |         ------------- ^^^^^^^^^^^^^
[INFO] [stdout]    |         |
[INFO] [stdout]    |         field in this variant
[INFO] [stdout]    |
[INFO] [stdout]    = note: `ParseError` has a derived impl for the trait `Debug`, but this is intentionally ignored during dead code analysis
[INFO] [stdout]    = note: `#[warn(dead_code)]` (part of `#[warn(unused)]`) on by default
[INFO] [stdout] help: consider changing the field to be of unit type to suppress this warning while preserving the field numbering, or remove the field
[INFO] [stdout]    |
[INFO] [stdout] 26 -         ParseIntError(ParseIntError),
[INFO] [stdout] 26 +         ParseIntError(()),
[INFO] [stdout]    |
[INFO] [stdout] 
[INFO] [stdout] 
[INFO] [stdout] warning: field `0` is never read
[INFO] [stdout]    --> src/bin/day14.rs:220:23
[INFO] [stdout]     |
[INFO] [stdout] 220 |         ParseIntError(ParseIntError),
[INFO] [stdout]     |         ------------- ^^^^^^^^^^^^^
[INFO] [stdout]     |         |
[INFO] [stdout]     |         field in this variant
[INFO] [stdout]     |
[INFO] [stdout]     = note: `ParseError` has a derived impl for the trait `Debug`, but this is intentionally ignored during dead code analysis
[INFO] [stdout] help: consider changing the field to be of unit type to suppress this warning while preserving the field numbering, or remove the field
[INFO] [stdout]     |
[INFO] [stdout] 220 -         ParseIntError(ParseIntError),
[INFO] [stdout] 220 +         ParseIntError(()),
[INFO] [stdout]     |
[INFO] [stdout] 
[INFO] [stdout] 
[INFO] [stdout] warning: constant `SIMULATION_DURATION` is never used
[INFO] [stdout]    --> src/bin/day14.rs:237:11
[INFO] [stdout]     |
[INFO] [stdout] 237 |     const SIMULATION_DURATION: usize = 100;
[INFO] [stdout]     |           ^^^^^^^^^^^^^^^^^^^
[INFO] [stdout] 
[INFO] [stdout] 
[INFO] [stdout] warning: unused import: `HashSet`
[INFO] [stdout]   --> src/bin/day12.rs:19:29
[INFO] [stdout]    |
[INFO] [stdout] 19 |     use std::{collections::{HashSet, VecDeque}, usize};
[INFO] [stdout]    |                             ^^^^^^^
[INFO] [stdout]    |
[INFO] [stdout]    = note: `#[warn(unused_imports)]` (part of `#[warn(unused)]`) on by default
[INFO] [stdout] 
[INFO] [stdout] 
[INFO] [stdout] warning: use of deprecated module `std::i32`: all constants in this module replaced by associated constants on the type
[INFO] [stdout]  --> src/bin/day02.rs:3:24
[INFO] [stdout]   |
[INFO] [stdout] 3 | use std::{fmt::{self}, i32};
[INFO] [stdout]   |                        ^^^
[INFO] [stdout]   |
[INFO] [stdout]   = note: `#[warn(deprecated)]` on by default
[INFO] [stdout] 
[INFO] [stdout] 
[INFO] [stdout] warning: use of deprecated module `std::usize`: all constants in this module replaced by associated constants on the type
[INFO] [stdout]   --> src/bin/day12.rs:19:49
[INFO] [stdout]    |
[INFO] [stdout] 19 |     use std::{collections::{HashSet, VecDeque}, usize};
[INFO] [stdout]    |                                                 ^^^^^
[INFO] [stdout]    |
[INFO] [stdout]    = note: `#[warn(deprecated)]` on by default
[INFO] [stdout] 
[INFO] [stdout] 
[INFO] [stderr]     Finished `dev` profile [unoptimized + debuginfo] target(s) in 58.21s
[INFO] running `Command { std: "docker" "inspect" "5425c7cda946a1f914b7f2315fa5ede0f27675a91f278b89001d1d946cd86a91", kill_on_drop: false }`
[INFO] running `Command { std: "docker" "exec" "-e" "SOURCE_DIR=/opt/rustwide/workdir" "-e" "CARGO_HOME=/opt/rustwide/cargo-home" "-e" "RUSTUP_HOME=/opt/rustwide/rustup-home" "-e" "CARGO_TARGET_DIR=/opt/rustwide/target" "-e" "CARGO_INCREMENTAL=0" "-e" "RUST_BACKTRACE=full" "-e" "RUSTFLAGS=--cap-lints=warn" "-e" "RUSTDOCFLAGS=--cap-lints=warn" "-w" "/opt/rustwide/workdir" "--user" "0:0" "5425c7cda946a1f914b7f2315fa5ede0f27675a91f278b89001d1d946cd86a91" "/opt/rustwide/cargo-home/bin/cargo" "+1.99.0-beta.8" "test" "--frozen" "--no-run" "--message-format=json", kill_on_drop: false }`
[INFO] [stderr]    Compiling advent_of_code_2024 v0.1.0 (/opt/rustwide/workdir)
[INFO] [stdout] warning: unused import: `HashSet`
[INFO] [stdout]   --> src/bin/day12.rs:19:29
[INFO] [stdout]    |
[INFO] [stdout] 19 |     use std::{collections::{HashSet, VecDeque}, usize};
[INFO] [stdout]    |                             ^^^^^^^
[INFO] [stdout]    |
[INFO] [stdout]    = note: `#[warn(unused_imports)]` (part of `#[warn(unused)]`) on by default
[INFO] [stdout] 
[INFO] [stdout] 
[INFO] [stdout] warning: use of deprecated module `std::usize`: all constants in this module replaced by associated constants on the type
[INFO] [stdout]   --> src/bin/day12.rs:19:49
[INFO] [stdout]    |
[INFO] [stdout] 19 |     use std::{collections::{HashSet, VecDeque}, usize};
[INFO] [stdout]    |                                                 ^^^^^
[INFO] [stdout]    |
[INFO] [stdout]    = note: `#[warn(deprecated)]` on by default
[INFO] [stdout] 
[INFO] [stdout] 
[INFO] [stdout] warning: unused import: `Write`
[INFO] [stdout]    --> src/bin/day14.rs:214:25
[INFO] [stdout]     |
[INFO] [stdout] 214 |     use std::io::{self, Write};
[INFO] [stdout]     |                         ^^^^^
[INFO] [stdout]     |
[INFO] [stdout]     = note: `#[warn(unused_imports)]` (part of `#[warn(unused)]`) on by default
[INFO] [stdout] 
[INFO] [stdout] 
[INFO] [stdout] warning: use of deprecated module `std::usize`: all constants in this module replaced by associated constants on the type
[INFO] [stdout]    --> src/bin/day05.rs:103:66
[INFO] [stdout]     |
[INFO] [stdout] 103 |     use std::{cmp::Ordering, collections::HashSet, str::FromStr, usize};
[INFO] [stdout]     |                                                                  ^^^^^
[INFO] [stdout]     |
[INFO] [stdout]     = note: `#[warn(deprecated)]` on by default
[INFO] [stdout] 
[INFO] [stdout] 
[INFO] [stdout] warning: use of deprecated module `std::i32`: all constants in this module replaced by associated constants on the type
[INFO] [stdout]  --> src/bin/day02.rs:3:24
[INFO] [stdout]   |
[INFO] [stdout] 3 | use std::{fmt::{self}, i32};
[INFO] [stdout]   |                        ^^^
[INFO] [stdout]   |
[INFO] [stdout]   = note: `#[warn(deprecated)]` on by default
[INFO] [stdout] 
[INFO] [stdout] 
[INFO] [stdout] warning: field `0` is never read
[INFO] [stdout]   --> src/bin/day14.rs:26:23
[INFO] [stdout]    |
[INFO] [stdout] 26 |         ParseIntError(ParseIntError),
[INFO] [stdout]    |         ------------- ^^^^^^^^^^^^^
[INFO] [stdout]    |         |
[INFO] [stdout]    |         field in this variant
[INFO] [stdout]    |
[INFO] [stdout]    = note: `ParseError` has a derived impl for the trait `Debug`, but this is intentionally ignored during dead code analysis
[INFO] [stdout]    = note: `#[warn(dead_code)]` (part of `#[warn(unused)]`) on by default
[INFO] [stdout] help: consider changing the field to be of unit type to suppress this warning while preserving the field numbering, or remove the field
[INFO] [stdout]    |
[INFO] [stdout] 26 -         ParseIntError(ParseIntError),
[INFO] [stdout] 26 +         ParseIntError(()),
[INFO] [stdout]    |
[INFO] [stdout] 
[INFO] [stdout] 
[INFO] [stdout] warning: field `0` is never read
[INFO] [stdout]    --> src/bin/day14.rs:220:23
[INFO] [stdout]     |
[INFO] [stdout] 220 |         ParseIntError(ParseIntError),
[INFO] [stdout]     |         ------------- ^^^^^^^^^^^^^
[INFO] [stdout]     |         |
[INFO] [stdout]     |         field in this variant
[INFO] [stdout]     |
[INFO] [stdout]     = note: `ParseError` has a derived impl for the trait `Debug`, but this is intentionally ignored during dead code analysis
[INFO] [stdout] help: consider changing the field to be of unit type to suppress this warning while preserving the field numbering, or remove the field
[INFO] [stdout]     |
[INFO] [stdout] 220 -         ParseIntError(ParseIntError),
[INFO] [stdout] 220 +         ParseIntError(()),
[INFO] [stdout]     |
[INFO] [stdout] 
[INFO] [stdout] 
[INFO] [stdout] warning: constant `SIMULATION_DURATION` is never used
[INFO] [stdout]    --> src/bin/day14.rs:237:11
[INFO] [stdout]     |
[INFO] [stdout] 237 |     const SIMULATION_DURATION: usize = 100;
[INFO] [stdout]     |           ^^^^^^^^^^^^^^^^^^^
[INFO] [stdout] 
[INFO] [stdout] 
[INFO] [stderr]     Finished `test` profile [unoptimized + debuginfo] target(s) in 2.35s
[INFO] running `Command { std: "docker" "inspect" "5425c7cda946a1f914b7f2315fa5ede0f27675a91f278b89001d1d946cd86a91", kill_on_drop: false }`
[INFO] running `Command { std: "docker" "exec" "-e" "SOURCE_DIR=/opt/rustwide/workdir" "-e" "CARGO_HOME=/opt/rustwide/cargo-home" "-e" "RUSTUP_HOME=/opt/rustwide/rustup-home" "-e" "CARGO_TARGET_DIR=/opt/rustwide/target" "-e" "CARGO_INCREMENTAL=0" "-e" "RUST_BACKTRACE=full" "-e" "RUSTFLAGS=--cap-lints=warn" "-e" "RUSTDOCFLAGS=--cap-lints=warn" "-w" "/opt/rustwide/workdir" "--user" "0:0" "5425c7cda946a1f914b7f2315fa5ede0f27675a91f278b89001d1d946cd86a91" "/opt/rustwide/cargo-home/bin/cargo" "+1.99.0-beta.8" "test" "--frozen", kill_on_drop: false }`
[INFO] [stderr] warning: use of deprecated module `std::usize`: all constants in this module replaced by associated constants on the type
[INFO] [stderr]    --> src/bin/day05.rs:103:66
[INFO] [stderr]     |
[INFO] [stderr] 103 |     use std::{cmp::Ordering, collections::HashSet, str::FromStr, usize};
[INFO] [stderr]     |                                                                  ^^^^^
[INFO] [stderr]     |
[INFO] [stderr]     = note: `#[warn(deprecated)]` on by default
[INFO] [stderr] 
[INFO] [stderr] warning: unused import: `HashSet`
[INFO] [stderr]   --> src/bin/day12.rs:19:29
[INFO] [stderr]    |
[INFO] [stderr] 19 |     use std::{collections::{HashSet, VecDeque}, usize};
[INFO] [stderr]    |                             ^^^^^^^
[INFO] [stderr]    |
[INFO] [stderr]    = note: `#[warn(unused_imports)]` (part of `#[warn(unused)]`) on by default
[INFO] [stderr] 
[INFO] [stderr] warning: use of deprecated module `std::usize`: all constants in this module replaced by associated constants on the type
[INFO] [stderr]   --> src/bin/day12.rs:19:49
[INFO] [stderr]    |
[INFO] [stderr] 19 |     use std::{collections::{HashSet, VecDeque}, usize};
[INFO] [stderr]    |                                                 ^^^^^
[INFO] [stderr]    |
[INFO] [stderr]    = note: `#[warn(deprecated)]` on by default
[INFO] [stderr] 
[INFO] [stderr] warning: use of deprecated module `std::i32`: all constants in this module replaced by associated constants on the type
[INFO] [stderr]  --> src/bin/day02.rs:3:24
[INFO] [stderr]   |
[INFO] [stderr] 3 | use std::{fmt::{self}, i32};
[INFO] [stderr]   |                        ^^^
[INFO] [stderr]   |
[INFO] [stderr]   = note: `#[warn(deprecated)]` on by default
[INFO] [stderr] 
[INFO] [stderr] warning: unused import: `Write`
[INFO] [stderr]    --> src/bin/day14.rs:214:25
[INFO] [stderr]     |
[INFO] [stderr] 214 |     use std::io::{self, Write};
[INFO] [stderr]     |                         ^^^^^
[INFO] [stderr]     |
[INFO] [stderr]     = note: `#[warn(unused_imports)]` (part of `#[warn(unused)]`) on by default
[INFO] [stderr] 
[INFO] [stderr] warning: field `0` is never read
[INFO] [stderr]   --> src/bin/day14.rs:26:23
[INFO] [stderr]    |
[INFO] [stderr] 26 |         ParseIntError(ParseIntError),
[INFO] [stderr]    |         ------------- ^^^^^^^^^^^^^
[INFO] [stderr]    |         |
[INFO] [stderr]    |         field in this variant
[INFO] [stderr]    |
[INFO] [stderr]    = note: `ParseError` has a derived impl for the trait `Debug`, but this is intentionally ignored during dead code analysis
[INFO] [stderr]    = note: `#[warn(dead_code)]` (part of `#[warn(unused)]`) on by default
[INFO] [stderr] help: consider changing the field to be of unit type to suppress this warning while preserving the field numbering, or remove the field
[INFO] [stderr]    |
[INFO] [stderr] 26 -         ParseIntError(ParseIntError),
[INFO] [stderr] 26 +         ParseIntError(()),
[INFO] [stderr]    |
[INFO] [stderr] 
[INFO] [stderr] warning: field `0` is never read
[INFO] [stderr]    --> src/bin/day14.rs:220:23
[INFO] [stderr]     |
[INFO] [stderr] 220 |         ParseIntError(ParseIntError),
[INFO] [stderr]     |         ------------- ^^^^^^^^^^^^^
[INFO] [stderr]     |         |
[INFO] [stderr]     |         field in this variant
[INFO] [stderr]     |
[INFO] [stderr]     = note: `ParseError` has a derived impl for the trait `Debug`, but this is intentionally ignored during dead code analysis
[INFO] [stderr] help: consider changing the field to be of unit type to suppress this warning while preserving the field numbering, or remove the field
[INFO] [stderr]     |
[INFO] [stderr] 220 -         ParseIntError(ParseIntError),
[INFO] [stderr] 220 +         ParseIntError(()),
[INFO] [stderr]     |
[INFO] [stderr] 
[INFO] [stderr] warning: constant `SIMULATION_DURATION` is never used
[INFO] [stderr]    --> src/bin/day14.rs:237:11
[INFO] [stderr]     |
[INFO] [stderr] 237 |     const SIMULATION_DURATION: usize = 100;
[INFO] [stderr]     |           ^^^^^^^^^^^^^^^^^^^
[INFO] [stderr] 
[INFO] [stderr] warning: `advent_of_code_2024` (bin "day05" test) generated 1 warning
[INFO] [stderr] warning: `advent_of_code_2024` (bin "day12" test) generated 2 warnings (run `cargo fix --bin "day12" -p advent_of_code_2024 --tests` to apply 1 suggestion)
[INFO] [stderr] warning: `advent_of_code_2024` (bin "day02" test) generated 1 warning
[INFO] [stderr] warning: `advent_of_code_2024` (bin "day14" test) generated 4 warnings (run `cargo fix --bin "day14" -p advent_of_code_2024 --tests` to apply 1 suggestion)
[INFO] [stderr]     Finished `test` profile [unoptimized + debuginfo] target(s) in 0.21s
[INFO] [stderr]      Running unittests src/main.rs (/opt/rustwide/target/debug/deps/advent_of_code_2024-a1f68d8511d23b17)
[INFO] [stdout] 
[INFO] [stdout] running 0 tests
[INFO] [stdout] 
[INFO] [stdout] test result: ok. 0 passed; 0 failed; 0 ignored; 0 measured; 0 filtered out; finished in 0.00s
[INFO] [stdout] 
[INFO] [stderr]      Running unittests src/bin/day01.rs (/opt/rustwide/target/debug/deps/day01-74430127136595ca)
[INFO] [stdout] 
[INFO] [stdout] running 2 tests
[INFO] [stdout] test tests::test_part2 ... ok
[INFO] [stdout] test tests::test_part1 ... ok
[INFO] [stdout] 
[INFO] [stdout] test result: ok. 2 passed; 0 failed; 0 ignored; 0 measured; 0 filtered out; finished in 0.00s
[INFO] [stdout] 
[INFO] [stderr]      Running unittests src/bin/day02.rs (/opt/rustwide/target/debug/deps/day02-20508a4d4e79b9ed)
[INFO] [stdout] 
[INFO] [stdout] running 4 tests
[INFO] [stdout] test tests::test_part2_failing ... ok
[INFO] [stdout] test tests::test_part2_edgecase ... ok
[INFO] [stdout] test tests::test_part1 ... ok
[INFO] [stdout] test tests::test_part2 ... ok
[INFO] [stdout] 
[INFO] [stdout] test result: ok. 4 passed; 0 failed; 0 ignored; 0 measured; 0 filtered out; finished in 0.00s
[INFO] [stdout] 
[INFO] [stderr]      Running unittests src/bin/day03.rs (/opt/rustwide/target/debug/deps/day03-2009bc2272e4d403)
[INFO] [stdout] 
[INFO] [stdout] running 2 tests
[INFO] [stdout] test tests::test_part1 ... ok
[INFO] [stdout] test tests::test_part2 ... ok
[INFO] [stdout] 
[INFO] [stderr]      Running unittests src/bin/day04.rs (/opt/rustwide/target/debug/deps/day04-45070d87f669ea0e)
[INFO] [stdout] test result: ok. 2 passed; 0 failed; 0 ignored; 0 measured; 0 filtered out; finished in 0.01s
[INFO] [stdout] 
[INFO] [stdout] 
[INFO] [stdout] running 2 tests
[INFO] [stdout] test tests::test_part2 ... ok
[INFO] [stdout] test tests::test_part1 ... ok
[INFO] [stdout] 
[INFO] [stdout] test result: ok. 2 passed; 0 failed; 0 ignored; 0 measured; 0 filtered out; finished in 0.00s
[INFO] [stdout] 
[INFO] [stderr]      Running unittests src/bin/day05.rs (/opt/rustwide/target/debug/deps/day05-752835893604f894)
[INFO] [stdout] 
[INFO] [stdout] running 2 tests
[INFO] [stdout] test tests::test_part2 ... ok
[INFO] [stdout] test tests::test_part1 ... ok
[INFO] [stdout] 
[INFO] [stdout] test result: ok. 2 passed; 0 failed; 0 ignored; 0 measured; 0 filtered out; finished in 0.21s
[INFO] [stdout] 
[INFO] [stderr]      Running unittests src/bin/day06.rs (/opt/rustwide/target/debug/deps/day06-59dddb814855985d)
[INFO] [stdout] 
[INFO] [stdout] running 2 tests
[INFO] [stdout] test tests::test_part1 ... ok
[INFO] [stdout] test tests::test_part2 ... FAILED
[INFO] [stdout] 
[INFO] [stdout] failures:
[INFO] [stdout] 
[INFO] [stdout] ---- tests::test_part2 stdout ----
[INFO] [stdout] 
[INFO] [stdout] Total at this time: 0
[INFO] [stdout] Map at this point (Point { x: 4, y: 6 }) in time:
[INFO] [stdout]     #     
[INFO] [stdout]          #
[INFO] [stdout]           
[INFO] [stdout]   #       
[INFO] [stdout]        #  
[INFO] [stdout]           
[INFO] [stdout]  #  ^     
[INFO] [stdout]         # 
[INFO] [stdout] #         
[INFO] [stderr] error: test failed, to rerun pass `--bin day06`
[INFO] [stdout]       #   
[INFO] [stdout] Next tile is of type MapTile::Empty.
[INFO] [stdout] 
[INFO] [stdout] Total at this time: 0
[INFO] [stdout] Map at this point (Point { x: 4, y: 5 }) in time:
[INFO] [stdout]     #     
[INFO] [stdout]          #
[INFO] [stdout]           
[INFO] [stdout]   #       
[INFO] [stdout]        #  
[INFO] [stdout]     ^     
[INFO] [stdout]  #  ^     
[INFO] [stdout]         # 
[INFO] [stdout] #         
[INFO] [stdout]       #   
[INFO] [stdout] Next tile is of type MapTile::Empty.
[INFO] [stdout] 
[INFO] [stdout] Total at this time: 0
[INFO] [stdout] Map at this point (Point { x: 4, y: 4 }) in time:
[INFO] [stdout]     #     
[INFO] [stdout]          #
[INFO] [stdout]           
[INFO] [stdout]   #       
[INFO] [stdout]     ^  #  
[INFO] [stdout]     ^     
[INFO] [stdout]  #  ^     
[INFO] [stdout]         # 
[INFO] [stdout] #         
[INFO] [stdout]       #   
[INFO] [stdout] Next tile is of type MapTile::Empty.
[INFO] [stdout] 
[INFO] [stdout] Total at this time: 0
[INFO] [stdout] Map at this point (Point { x: 4, y: 3 }) in time:
[INFO] [stdout]     #     
[INFO] [stdout]          #
[INFO] [stdout]           
[INFO] [stdout]   # ^     
[INFO] [stdout]     ^  #  
[INFO] [stdout]     ^     
[INFO] [stdout]  #  ^     
[INFO] [stdout]         # 
[INFO] [stdout] #         
[INFO] [stdout]       #   
[INFO] [stdout] Next tile is of type MapTile::Empty.
[INFO] [stdout] 
[INFO] [stdout] Total at this time: 0
[INFO] [stdout] Map at this point (Point { x: 4, y: 2 }) in time:
[INFO] [stdout]     #     
[INFO] [stdout]          #
[INFO] [stdout]     ^     
[INFO] [stdout]   # ^     
[INFO] [stdout]     ^  #  
[INFO] [stdout]     ^     
[INFO] [stdout]  #  ^     
[INFO] [stdout]         # 
[INFO] [stdout] #         
[INFO] [stdout]       #   
[INFO] [stdout] Next tile is of type MapTile::Empty.
[INFO] [stdout] 
[INFO] [stdout] Total at this time: 0
[INFO] [stdout] Map at this point (Point { x: 4, y: 1 }) in time:
[INFO] [stdout]     #     
[INFO] [stdout]     ^    #
[INFO] [stdout]     ^     
[INFO] [stdout]   # ^     
[INFO] [stdout]     ^  #  
[INFO] [stdout]     ^     
[INFO] [stdout]  #  ^     
[INFO] [stdout]         # 
[INFO] [stdout] #         
[INFO] [stdout]       #   
[INFO] [stdout] Next tile is of type MapTile::Obstacle.
[INFO] [stdout] guard.direction: ^ (before)
[INFO] [stdout] guard.direction: > (after)
[INFO] [stdout] 
[INFO] [stdout] Total at this time: 0
[INFO] [stdout] Map at this point (Point { x: 4, y: 1 }) in time:
[INFO] [stdout]     #     
[INFO] [stdout]     >    #
[INFO] [stdout]     ^     
[INFO] [stdout]   # ^     
[INFO] [stdout]     ^  #  
[INFO] [stdout]     ^     
[INFO] [stdout]  #  ^     
[INFO] [stdout]         # 
[INFO] [stdout] #         
[INFO] [stdout]       #   
[INFO] [stdout] Next tile is of type MapTile::Empty.
[INFO] [stdout] 
[INFO] [stdout] Total at this time: 0
[INFO] [stdout] Map at this point (Point { x: 5, y: 1 }) in time:
[INFO] [stdout]     #     
[INFO] [stdout]     >>   #
[INFO] [stdout]     ^     
[INFO] [stdout]   # ^     
[INFO] [stdout]     ^  #  
[INFO] [stdout]     ^     
[INFO] [stdout]  #  ^     
[INFO] [stdout]         # 
[INFO] [stdout] #         
[INFO] [stdout]       #   
[INFO] [stdout] Next tile is of type MapTile::Empty.
[INFO] [stdout] 
[INFO] [stdout] Total at this time: 0
[INFO] [stdout] Map at this point (Point { x: 6, y: 1 }) in time:
[INFO] [stdout]     #     
[INFO] [stdout]     >>>  #
[INFO] [stdout]     ^     
[INFO] [stdout]   # ^     
[INFO] [stdout]     ^  #  
[INFO] [stdout]     ^     
[INFO] [stdout]  #  ^     
[INFO] [stdout]         # 
[INFO] [stdout] #         
[INFO] [stdout]       #   
[INFO] [stdout] Next tile is of type MapTile::Empty.
[INFO] [stdout] 
[INFO] [stdout] Total at this time: 0
[INFO] [stdout] Map at this point (Point { x: 7, y: 1 }) in time:
[INFO] [stdout]     #     
[INFO] [stdout]     >>>> #
[INFO] [stdout]     ^     
[INFO] [stdout]   # ^     
[INFO] [stdout]     ^  #  
[INFO] [stdout]     ^     
[INFO] [stdout]  #  ^     
[INFO] [stdout]         # 
[INFO] [stdout] #         
[INFO] [stdout]       #   
[INFO] [stdout] Next tile is of type MapTile::Empty.
[INFO] [stdout] 
[INFO] [stdout] Total at this time: 0
[INFO] [stdout] Map at this point (Point { x: 8, y: 1 }) in time:
[INFO] [stdout]     #     
[INFO] [stdout]     >>>>>#
[INFO] [stdout]     ^     
[INFO] [stdout]   # ^     
[INFO] [stdout]     ^  #  
[INFO] [stdout]     ^     
[INFO] [stdout]  #  ^     
[INFO] [stdout]         # 
[INFO] [stdout] #         
[INFO] [stdout]       #   
[INFO] [stdout] Next tile is of type MapTile::Obstacle.
[INFO] [stdout] guard.direction: > (before)
[INFO] [stdout] guard.direction: V (after)
[INFO] [stdout] 
[INFO] [stdout] Total at this time: 0
[INFO] [stdout] Map at this point (Point { x: 8, y: 1 }) in time:
[INFO] [stdout]     #     
[INFO] [stdout]     >>>>V#
[INFO] [stdout]     ^     
[INFO] [stdout]   # ^     
[INFO] [stdout]     ^  #  
[INFO] [stdout]     ^     
[INFO] [stdout]  #  ^     
[INFO] [stdout]         # 
[INFO] [stdout] #         
[INFO] [stdout]       #   
[INFO] [stdout] Next tile is of type MapTile::Empty.
[INFO] [stdout] 
[INFO] [stdout] Total at this time: 0
[INFO] [stdout] Map at this point (Point { x: 8, y: 2 }) in time:
[INFO] [stdout]     #     
[INFO] [stdout]     >>>>V#
[INFO] [stdout]     ^   V 
[INFO] [stdout]   # ^     
[INFO] [stdout]     ^  #  
[INFO] [stdout]     ^     
[INFO] [stdout]  #  ^     
[INFO] [stdout]         # 
[INFO] [stdout] #         
[INFO] [stdout]       #   
[INFO] [stdout] Next tile is of type MapTile::Empty.
[INFO] [stdout] 
[INFO] [stdout] Total at this time: 0
[INFO] [stdout] Map at this point (Point { x: 8, y: 3 }) in time:
[INFO] [stdout]     #     
[INFO] [stdout]     >>>>V#
[INFO] [stdout]     ^   V 
[INFO] [stdout]   # ^   V 
[INFO] [stdout]     ^  #  
[INFO] [stdout]     ^     
[INFO] [stdout]  #  ^     
[INFO] [stdout]         # 
[INFO] [stdout] #         
[INFO] [stdout]       #   
[INFO] [stdout] Next tile is of type MapTile::Empty.
[INFO] [stdout] 
[INFO] [stdout] Total at this time: 0
[INFO] [stdout] Map at this point (Point { x: 8, y: 4 }) in time:
[INFO] [stdout]     #     
[INFO] [stdout]     >>>>V#
[INFO] [stdout]     ^   V 
[INFO] [stdout]   # ^   V 
[INFO] [stdout]     ^  #V 
[INFO] [stdout]     ^     
[INFO] [stdout]  #  ^     
[INFO] [stdout]         # 
[INFO] [stdout] #         
[INFO] [stdout]       #   
[INFO] [stdout] Next tile is of type MapTile::Empty.
[INFO] [stdout] 
[INFO] [stdout] Total at this time: 0
[INFO] [stdout] Map at this point (Point { x: 8, y: 5 }) in time:
[INFO] [stdout]     #     
[INFO] [stdout]     >>>>V#
[INFO] [stdout]     ^   V 
[INFO] [stdout]   # ^   V 
[INFO] [stdout]     ^  #V 
[INFO] [stdout]     ^   V 
[INFO] [stdout]  #  ^     
[INFO] [stdout]         # 
[INFO] [stdout] #         
[INFO] [stdout]       #   
[INFO] [stdout] Next tile is of type MapTile::Empty.
[INFO] [stdout] 
[INFO] [stdout] Total at this time: 0
[INFO] [stdout] Map at this point (Point { x: 8, y: 6 }) in time:
[INFO] [stdout]     #     
[INFO] [stdout]     >>>>V#
[INFO] [stdout]     ^   V 
[INFO] [stdout]   # ^   V 
[INFO] [stdout]     ^  #V 
[INFO] [stdout]     ^   V 
[INFO] [stdout]  #  ^   V 
[INFO] [stdout]         # 
[INFO] [stdout] #         
[INFO] [stdout]       #   
[INFO] [stdout] Next tile is of type MapTile::Obstacle.
[INFO] [stdout] guard.direction: V (before)
[INFO] [stdout] guard.direction: < (after)
[INFO] [stdout] 
[INFO] [stdout] Total at this time: 0
[INFO] [stdout] Map at this point (Point { x: 8, y: 6 }) in time:
[INFO] [stdout]     #     
[INFO] [stdout]     >>>>V#
[INFO] [stdout]     ^   V 
[INFO] [stdout]   # ^   V 
[INFO] [stdout]     ^  #V 
[INFO] [stdout]     ^   V 
[INFO] [stdout]  #  ^   < 
[INFO] [stdout]         # 
[INFO] [stdout] #         
[INFO] [stdout]       #   
[INFO] [stdout] Next tile is of type MapTile::Empty.
[INFO] [stdout] 
[INFO] [stdout] Total at this time: 0
[INFO] [stdout] Map at this point (Point { x: 7, y: 6 }) in time:
[INFO] [stdout]     #     
[INFO] [stdout]     >>>>V#
[INFO] [stdout]     ^   V 
[INFO] [stdout]   # ^   V 
[INFO] [stdout]     ^  #V 
[INFO] [stdout]     ^   V 
[INFO] [stdout]  #  ^  << 
[INFO] [stdout]         # 
[INFO] [stdout] #         
[INFO] [stdout]       #   
[INFO] [stdout] Next tile is of type MapTile::Empty.
[INFO] [stdout] 
[INFO] [stdout] Total at this time: 0
[INFO] [stdout] Map at this point (Point { x: 6, y: 6 }) in time:
[INFO] [stdout]     #     
[INFO] [stdout]     >>>>V#
[INFO] [stdout]     ^   V 
[INFO] [stdout]   # ^   V 
[INFO] [stdout]     ^  #V 
[INFO] [stdout]     ^   V 
[INFO] [stdout]  #  ^ <<< 
[INFO] [stdout]         # 
[INFO] [stdout] #         
[INFO] [stdout]       #   
[INFO] [stdout] Next tile is of type MapTile::Empty.
[INFO] [stdout] 
[INFO] [stdout] Total at this time: 0
[INFO] [stdout] Map at this point (Point { x: 5, y: 6 }) in time:
[INFO] [stdout]     #     
[INFO] [stdout]     >>>>V#
[INFO] [stdout]     ^   V 
[INFO] [stdout]   # ^   V 
[INFO] [stdout]     ^  #V 
[INFO] [stdout]     ^   V 
[INFO] [stdout]  #  ^<<<< 
[INFO] [stdout]         # 
[INFO] [stdout] #         
[INFO] [stdout]       #   
[INFO] [stdout] Next tile is of type MapTile::Empty or MapTile::Traveled.
[INFO] [stdout] 
[INFO] [stdout] Total at this time: 1
[INFO] [stdout] Map at this point (Point { x: 4, y: 6 }) in time:
[INFO] [stdout]     #     
[INFO] [stdout]     >>>>V#
[INFO] [stdout]     ^   V 
[INFO] [stdout]   # ^   V 
[INFO] [stdout]     ^  #V 
[INFO] [stdout]     ^   V 
[INFO] [stdout]  #  <<<<< 
[INFO] [stdout]         # 
[INFO] [stdout] #         
[INFO] [stdout]       #   
[INFO] [stdout] Next tile is of type MapTile::Empty.
[INFO] [stdout] 
[INFO] [stdout] Total at this time: 1
[INFO] [stdout] Map at this point (Point { x: 3, y: 6 }) in time:
[INFO] [stdout]     #     
[INFO] [stdout]     >>>>V#
[INFO] [stdout]     ^   V 
[INFO] [stdout]   # ^   V 
[INFO] [stdout]     ^  #V 
[INFO] [stdout]     ^   V 
[INFO] [stdout]  # <<<<<< 
[INFO] [stdout]         # 
[INFO] [stdout] #         
[INFO] [stdout]       #   
[INFO] [stdout] Next tile is of type MapTile::Empty.
[INFO] [stdout] 
[INFO] [stdout] Total at this time: 1
[INFO] [stdout] Map at this point (Point { x: 2, y: 6 }) in time:
[INFO] [stdout]     #     
[INFO] [stdout]     >>>>V#
[INFO] [stdout]     ^   V 
[INFO] [stdout]   # ^   V 
[INFO] [stdout]     ^  #V 
[INFO] [stdout]     ^   V 
[INFO] [stdout]  #<<<<<<< 
[INFO] [stdout]         # 
[INFO] [stdout] #         
[INFO] [stdout]       #   
[INFO] [stdout] Next tile is of type MapTile::Obstacle.
[INFO] [stdout] guard.direction: < (before)
[INFO] [stdout] guard.direction: ^ (after)
[INFO] [stdout] 
[INFO] [stdout] Total at this time: 1
[INFO] [stdout] Map at this point (Point { x: 2, y: 6 }) in time:
[INFO] [stdout]     #     
[INFO] [stdout]     >>>>V#
[INFO] [stdout]     ^   V 
[INFO] [stdout]   # ^   V 
[INFO] [stdout]     ^  #V 
[INFO] [stdout]     ^   V 
[INFO] [stdout]  #^<<<<<< 
[INFO] [stdout]         # 
[INFO] [stdout] #         
[INFO] [stdout]       #   
[INFO] [stdout] Next tile is of type MapTile::Empty.
[INFO] [stdout] 
[INFO] [stdout] Total at this time: 1
[INFO] [stdout] Map at this point (Point { x: 2, y: 5 }) in time:
[INFO] [stdout]     #     
[INFO] [stdout]     >>>>V#
[INFO] [stdout]     ^   V 
[INFO] [stdout]   # ^   V 
[INFO] [stdout]     ^  #V 
[INFO] [stdout]   ^ ^   V 
[INFO] [stdout]  #^<<<<<< 
[INFO] [stdout]         # 
[INFO] [stdout] #         
[INFO] [stdout]       #   
[INFO] [stdout] Next tile is of type MapTile::Empty.
[INFO] [stdout] 
[INFO] [stdout] Total at this time: 1
[INFO] [stdout] Map at this point (Point { x: 2, y: 4 }) in time:
[INFO] [stdout]     #     
[INFO] [stdout]     >>>>V#
[INFO] [stdout]     ^   V 
[INFO] [stdout]   # ^   V 
[INFO] [stdout]   ^ ^  #V 
[INFO] [stdout]   ^ ^   V 
[INFO] [stdout]  #^<<<<<< 
[INFO] [stdout]         # 
[INFO] [stdout] #         
[INFO] [stdout]       #   
[INFO] [stdout] Next tile is of type MapTile::Obstacle.
[INFO] [stdout] guard.direction: ^ (before)
[INFO] [stdout] guard.direction: > (after)
[INFO] [stdout] 
[INFO] [stdout] Total at this time: 1
[INFO] [stdout] Map at this point (Point { x: 2, y: 4 }) in time:
[INFO] [stdout]     #     
[INFO] [stdout]     >>>>V#
[INFO] [stdout]     ^   V 
[INFO] [stdout]   # ^   V 
[INFO] [stdout]   > ^  #V 
[INFO] [stdout]   ^ ^   V 
[INFO] [stdout]  #^<<<<<< 
[INFO] [stdout]         # 
[INFO] [stdout] #         
[INFO] [stdout]       #   
[INFO] [stdout] Next tile is of type MapTile::Empty.
[INFO] [stdout] 
[INFO] [stdout] Total at this time: 1
[INFO] [stdout] Map at this point (Point { x: 3, y: 4 }) in time:
[INFO] [stdout]     #     
[INFO] [stdout]     >>>>V#
[INFO] [stdout]     ^   V 
[INFO] [stdout]   # ^   V 
[INFO] [stdout]   >>^  #V 
[INFO] [stdout]   ^ ^   V 
[INFO] [stdout]  #^<<<<<< 
[INFO] [stdout]         # 
[INFO] [stdout] #         
[INFO] [stdout]       #   
[INFO] [stdout] Next tile is of type MapTile::Empty or MapTile::Traveled.
[INFO] [stdout] 
[INFO] [stdout] Total at this time: 2
[INFO] [stdout] Map at this point (Point { x: 4, y: 4 }) in time:
[INFO] [stdout]     #     
[INFO] [stdout]     >>>>V#
[INFO] [stdout]     ^   V 
[INFO] [stdout]   # ^   V 
[INFO] [stdout]   >>>  #V 
[INFO] [stdout]   ^ ^   V 
[INFO] [stdout]  #^<<<<<< 
[INFO] [stdout]         # 
[INFO] [stdout] #         
[INFO] [stdout]       #   
[INFO] [stdout] Next tile is of type MapTile::Empty.
[INFO] [stdout] 
[INFO] [stdout] Total at this time: 2
[INFO] [stdout] Map at this point (Point { x: 5, y: 4 }) in time:
[INFO] [stdout]     #     
[INFO] [stdout]     >>>>V#
[INFO] [stdout]     ^   V 
[INFO] [stdout]   # ^   V 
[INFO] [stdout]   >>>> #V 
[INFO] [stdout]   ^ ^   V 
[INFO] [stdout]  #^<<<<<< 
[INFO] [stdout]         # 
[INFO] [stdout] #         
[INFO] [stdout]       #   
[INFO] [stdout] Next tile is of type MapTile::Empty.
[INFO] [stdout] 
[INFO] [stdout] Total at this time: 2
[INFO] [stdout] Map at this point (Point { x: 6, y: 4 }) in time:
[INFO] [stdout]     #     
[INFO] [stdout]     >>>>V#
[INFO] [stdout]     ^   V 
[INFO] [stdout]   # ^   V 
[INFO] [stdout]   >>>>>#V 
[INFO] [stdout]   ^ ^   V 
[INFO] [stdout]  #^<<<<<< 
[INFO] [stdout]         # 
[INFO] [stdout] #         
[INFO] [stdout]       #   
[INFO] [stdout] Next tile is of type MapTile::Obstacle.
[INFO] [stdout] guard.direction: > (before)
[INFO] [stdout] guard.direction: V (after)
[INFO] [stdout] 
[INFO] [stdout] Total at this time: 2
[INFO] [stdout] Map at this point (Point { x: 6, y: 4 }) in time:
[INFO] [stdout]     #     
[INFO] [stdout]     >>>>V#
[INFO] [stdout]     ^   V 
[INFO] [stdout]   # ^   V 
[INFO] [stdout]   >>>>V#V 
[INFO] [stdout]   ^ ^   V 
[INFO] [stdout]  #^<<<<<< 
[INFO] [stdout]         # 
[INFO] [stdout] #         
[INFO] [stdout]       #   
[INFO] [stdout] Next tile is of type MapTile::Empty.
[INFO] [stdout] 
[INFO] [stdout] Total at this time: 2
[INFO] [stdout] Map at this point (Point { x: 6, y: 5 }) in time:
[INFO] [stdout]     #     
[INFO] [stdout]     >>>>V#
[INFO] [stdout]     ^   V 
[INFO] [stdout]   # ^   V 
[INFO] [stdout]   >>>>V#V 
[INFO] [stdout]   ^ ^ V V 
[INFO] [stdout]  #^<<<<<< 
[INFO] [stdout]         # 
[INFO] [stdout] #         
[INFO] [stdout]       #   
[INFO] [stdout] Next tile is of type MapTile::Empty or MapTile::Traveled.
[INFO] [stdout] 
[INFO] [stdout] Total at this time: 3
[INFO] [stdout] Map at this point (Point { x: 6, y: 6 }) in time:
[INFO] [stdout]     #     
[INFO] [stdout]     >>>>V#
[INFO] [stdout]     ^   V 
[INFO] [stdout]   # ^   V 
[INFO] [stdout]   >>>>V#V 
[INFO] [stdout]   ^ ^ V V 
[INFO] [stdout]  #^<<<V<< 
[INFO] [stdout]         # 
[INFO] [stdout] #         
[INFO] [stdout]       #   
[INFO] [stdout] Next tile is of type MapTile::Empty.
[INFO] [stdout] 
[INFO] [stdout] Total at this time: 3
[INFO] [stdout] Map at this point (Point { x: 6, y: 7 }) in time:
[INFO] [stdout]     #     
[INFO] [stdout]     >>>>V#
[INFO] [stdout]     ^   V 
[INFO] [stdout]   # ^   V 
[INFO] [stdout]   >>>>V#V 
[INFO] [stdout]   ^ ^ V V 
[INFO] [stdout]  #^<<<V<< 
[INFO] [stdout]       V # 
[INFO] [stdout] #         
[INFO] [stdout]       #   
[INFO] [stdout] Next tile is of type MapTile::Empty.
[INFO] [stdout] 
[INFO] [stdout] Total at this time: 3
[INFO] [stdout] Map at this point (Point { x: 6, y: 8 }) in time:
[INFO] [stdout]     #     
[INFO] [stdout]     >>>>V#
[INFO] [stdout]     ^   V 
[INFO] [stdout]   # ^   V 
[INFO] [stdout]   >>>>V#V 
[INFO] [stdout]   ^ ^ V V 
[INFO] [stdout]  #^<<<V<< 
[INFO] [stdout]       V # 
[INFO] [stdout] #     V   
[INFO] [stdout]       #   
[INFO] [stdout] Next tile is of type MapTile::Obstacle.
[INFO] [stdout] guard.direction: V (before)
[INFO] [stdout] guard.direction: < (after)
[INFO] [stdout] 
[INFO] [stdout] Total at this time: 3
[INFO] [stdout] Map at this point (Point { x: 6, y: 8 }) in time:
[INFO] [stdout]     #     
[INFO] [stdout]     >>>>V#
[INFO] [stdout]     ^   V 
[INFO] [stdout]   # ^   V 
[INFO] [stdout]   >>>>V#V 
[INFO] [stdout]   ^ ^ V V 
[INFO] [stdout]  #^<<<V<< 
[INFO] [stdout]       V # 
[INFO] [stdout] #     <   
[INFO] [stdout]       #   
[INFO] [stdout] Next tile is of type MapTile::Empty.
[INFO] [stdout] 
[INFO] [stdout] Total at this time: 3
[INFO] [stdout] Map at this point (Point { x: 5, y: 8 }) in time:
[INFO] [stdout]     #     
[INFO] [stdout]     >>>>V#
[INFO] [stdout]     ^   V 
[INFO] [stdout]   # ^   V 
[INFO] [stdout]   >>>>V#V 
[INFO] [stdout]   ^ ^ V V 
[INFO] [stdout]  #^<<<V<< 
[INFO] [stdout]       V # 
[INFO] [stdout] #    <<   
[INFO] [stdout]       #   
[INFO] [stdout] Next tile is of type MapTile::Empty.
[INFO] [stdout] 
[INFO] [stdout] Total at this time: 3
[INFO] [stdout] Map at this point (Point { x: 4, y: 8 }) in time:
[INFO] [stdout]     #     
[INFO] [stdout]     >>>>V#
[INFO] [stdout]     ^   V 
[INFO] [stdout]   # ^   V 
[INFO] [stdout]   >>>>V#V 
[INFO] [stdout]   ^ ^ V V 
[INFO] [stdout]  #^<<<V<< 
[INFO] [stdout]       V # 
[INFO] [stdout] #   <<<   
[INFO] [stdout]       #   
[INFO] [stdout] Next tile is of type MapTile::Empty.
[INFO] [stdout] 
[INFO] [stdout] Total at this time: 3
[INFO] [stdout] Map at this point (Point { x: 3, y: 8 }) in time:
[INFO] [stdout]     #     
[INFO] [stdout]     >>>>V#
[INFO] [stdout]     ^   V 
[INFO] [stdout]   # ^   V 
[INFO] [stdout]   >>>>V#V 
[INFO] [stdout]   ^ ^ V V 
[INFO] [stdout]  #^<<<V<< 
[INFO] [stdout]       V # 
[INFO] [stdout] #  <<<<   
[INFO] [stdout]       #   
[INFO] [stdout] Next tile is of type MapTile::Empty.
[INFO] [stdout] 
[INFO] [stdout] Total at this time: 3
[INFO] [stdout] Map at this point (Point { x: 2, y: 8 }) in time:
[INFO] [stdout]     #     
[INFO] [stdout]     >>>>V#
[INFO] [stdout]     ^   V 
[INFO] [stdout]   # ^   V 
[INFO] [stdout]   >>>>V#V 
[INFO] [stdout]   ^ ^ V V 
[INFO] [stdout]  #^<<<V<< 
[INFO] [stdout]       V # 
[INFO] [stdout] # <<<<<   
[INFO] [stdout]       #   
[INFO] [stdout] Next tile is of type MapTile::Empty.
[INFO] [stdout] 
[INFO] [stdout] Total at this time: 3
[INFO] [stdout] Map at this point (Point { x: 1, y: 8 }) in time:
[INFO] [stdout]     #     
[INFO] [stdout]     >>>>V#
[INFO] [stdout]     ^   V 
[INFO] [stdout]   # ^   V 
[INFO] [stdout]   >>>>V#V 
[INFO] [stdout]   ^ ^ V V 
[INFO] [stdout]  #^<<<V<< 
[INFO] [stdout]       V # 
[INFO] [stdout] #<<<<<<   
[INFO] [stdout]       #   
[INFO] [stdout] Next tile is of type MapTile::Obstacle.
[INFO] [stdout] guard.direction: < (before)
[INFO] [stdout] guard.direction: ^ (after)
[INFO] [stdout] 
[INFO] [stdout] Total at this time: 3
[INFO] [stdout] Map at this point (Point { x: 1, y: 8 }) in time:
[INFO] [stdout]     #     
[INFO] [stdout]     >>>>V#
[INFO] [stdout]     ^   V 
[INFO] [stdout]   # ^   V 
[INFO] [stdout]   >>>>V#V 
[INFO] [stdout]   ^ ^ V V 
[INFO] [stdout]  #^<<<V<< 
[INFO] [stdout]       V # 
[INFO] [stdout] #^<<<<<   
[INFO] [stdout]       #   
[INFO] [stdout] Next tile is of type MapTile::Empty.
[INFO] [stdout] 
[INFO] [stdout] Total at this time: 3
[INFO] [stdout] Map at this point (Point { x: 1, y: 7 }) in time:
[INFO] [stdout]     #     
[INFO] [stdout]     >>>>V#
[INFO] [stdout]     ^   V 
[INFO] [stdout]   # ^   V 
[INFO] [stdout]   >>>>V#V 
[INFO] [stdout]   ^ ^ V V 
[INFO] [stdout]  #^<<<V<< 
[INFO] [stdout]  ^    V # 
[INFO] [stdout] #^<<<<<   
[INFO] [stdout]       #   
[INFO] [stdout] Next tile is of type MapTile::Obstacle.
[INFO] [stdout] guard.direction: ^ (before)
[INFO] [stdout] guard.direction: > (after)
[INFO] [stdout] 
[INFO] [stdout] Total at this time: 3
[INFO] [stdout] Map at this point (Point { x: 1, y: 7 }) in time:
[INFO] [stdout]     #     
[INFO] [stdout]     >>>>V#
[INFO] [stdout]     ^   V 
[INFO] [stdout]   # ^   V 
[INFO] [stdout]   >>>>V#V 
[INFO] [stdout]   ^ ^ V V 
[INFO] [stdout]  #^<<<V<< 
[INFO] [stdout]  >    V # 
[INFO] [stdout] #^<<<<<   
[INFO] [stdout]       #   
[INFO] [stdout] Next tile is of type MapTile::Empty.
[INFO] [stdout] 
[INFO] [stdout] Total at this time: 3
[INFO] [stdout] Map at this point (Point { x: 2, y: 7 }) in time:
[INFO] [stdout]     #     
[INFO] [stdout]     >>>>V#
[INFO] [stdout]     ^   V 
[INFO] [stdout]   # ^   V 
[INFO] [stdout]   >>>>V#V 
[INFO] [stdout]   ^ ^ V V 
[INFO] [stdout]  #^<<<V<< 
[INFO] [stdout]  >>   V # 
[INFO] [stdout] #^<<<<<   
[INFO] [stdout]       #   
[INFO] [stdout] Next tile is of type MapTile::Empty.
[INFO] [stdout] 
[INFO] [stdout] Total at this time: 3
[INFO] [stdout] Map at this point (Point { x: 3, y: 7 }) in time:
[INFO] [stdout]     #     
[INFO] [stdout]     >>>>V#
[INFO] [stdout]     ^   V 
[INFO] [stdout]   # ^   V 
[INFO] [stdout]   >>>>V#V 
[INFO] [stdout]   ^ ^ V V 
[INFO] [stdout]  #^<<<V<< 
[INFO] [stdout]  >>>  V # 
[INFO] [stdout] #^<<<<<   
[INFO] [stdout]       #   
[INFO] [stdout] Next tile is of type MapTile::Empty.
[INFO] [stdout] 
[INFO] [stdout] Total at this time: 3
[INFO] [stdout] Map at this point (Point { x: 4, y: 7 }) in time:
[INFO] [stdout]     #     
[INFO] [stdout]     >>>>V#
[INFO] [stdout]     ^   V 
[INFO] [stdout]   # ^   V 
[INFO] [stdout]   >>>>V#V 
[INFO] [stdout]   ^ ^ V V 
[INFO] [stdout]  #^<<<V<< 
[INFO] [stdout]  >>>> V # 
[INFO] [stdout] #^<<<<<   
[INFO] [stdout]       #   
[INFO] [stdout] Next tile is of type MapTile::Empty.
[INFO] [stdout] 
[INFO] [stdout] Total at this time: 3
[INFO] [stdout] Map at this point (Point { x: 5, y: 7 }) in time:
[INFO] [stdout]     #     
[INFO] [stdout]     >>>>V#
[INFO] [stdout]     ^   V 
[INFO] [stdout]   # ^   V 
[INFO] [stdout]   >>>>V#V 
[INFO] [stdout]   ^ ^ V V 
[INFO] [stdout]  #^<<<V<< 
[INFO] [stdout]  >>>>>V # 
[INFO] [stdout] #^<<<<<   
[INFO] [stdout]       #   
[INFO] [stdout] Next tile is of type MapTile::Empty or MapTile::Traveled.
[INFO] [stdout] 
[INFO] [stdout] Total at this time: 4
[INFO] [stdout] Map at this point (Point { x: 6, y: 7 }) in time:
[INFO] [stdout]     #     
[INFO] [stdout]     >>>>V#
[INFO] [stdout]     ^   V 
[INFO] [stdout]   # ^   V 
[INFO] [stdout]   >>>>V#V 
[INFO] [stdout]   ^ ^ V V 
[INFO] [stdout]  #^<<<V<< 
[INFO] [stdout]  >>>>>> # 
[INFO] [stdout] #^<<<<<   
[INFO] [stdout]       #   
[INFO] [stdout] Next tile is of type MapTile::Empty.
[INFO] [stdout] 
[INFO] [stdout] Total at this time: 4
[INFO] [stdout] Map at this point (Point { x: 7, y: 7 }) in time:
[INFO] [stdout]     #     
[INFO] [stdout]     >>>>V#
[INFO] [stdout]     ^   V 
[INFO] [stdout]   # ^   V 
[INFO] [stdout]   >>>>V#V 
[INFO] [stdout]   ^ ^ V V 
[INFO] [stdout]  #^<<<V<< 
[INFO] [stdout]  >>>>>>># 
[INFO] [stdout] #^<<<<<   
[INFO] [stdout]       #   
[INFO] [stdout] Next tile is of type MapTile::Obstacle.
[INFO] [stdout] guard.direction: > (before)
[INFO] [stdout] guard.direction: V (after)
[INFO] [stdout] 
[INFO] [stdout] Total at this time: 4
[INFO] [stdout] Map at this point (Point { x: 7, y: 7 }) in time:
[INFO] [stdout]     #     
[INFO] [stdout]     >>>>V#
[INFO] [stdout]     ^   V 
[INFO] [stdout]   # ^   V 
[INFO] [stdout]   >>>>V#V 
[INFO] [stdout]   ^ ^ V V 
[INFO] [stdout]  #^<<<V<< 
[INFO] [stdout]  >>>>>>V# 
[INFO] [stdout] #^<<<<<   
[INFO] [stdout]       #   
[INFO] [stdout] Next tile is of type MapTile::Empty.
[INFO] [stdout] 
[INFO] [stdout] Total at this time: 4
[INFO] [stdout] Map at this point (Point { x: 7, y: 8 }) in time:
[INFO] [stdout]     #     
[INFO] [stdout]     >>>>V#
[INFO] [stdout]     ^   V 
[INFO] [stdout]   # ^   V 
[INFO] [stdout]   >>>>V#V 
[INFO] [stdout]   ^ ^ V V 
[INFO] [stdout]  #^<<<V<< 
[INFO] [stdout]  >>>>>>V# 
[INFO] [stdout] #^<<<<<V  
[INFO] [stdout]       #   
[INFO] [stdout] Next tile is of type MapTile::Empty.
[INFO] [stdout] 
[INFO] [stdout] Total at this time: 4
[INFO] [stdout] Map at this point (Point { x: 7, y: 9 }) in time:
[INFO] [stdout]     #     
[INFO] [stdout]     >>>>V#
[INFO] [stdout]     ^   V 
[INFO] [stdout]   # ^   V 
[INFO] [stdout]   >>>>V#V 
[INFO] [stdout]   ^ ^ V V 
[INFO] [stdout]  #^<<<V<< 
[INFO] [stdout]  >>>>>>V# 
[INFO] [stdout] #^<<<<<V  
[INFO] [stdout]       #V  
[INFO] [stdout] Case : new_tile_point.y >= map.len() --> Satisfied
[INFO] [stdout] 
[INFO] [stdout] thread 'tests::test_part2' (2846) panicked at src/bin/day06.rs:454:9:
[INFO] [stdout] assertion `left == right` failed
[INFO] [stdout]   left: 4
[INFO] [stdout]  right: 6
[INFO] [stdout] stack backtrace:
[INFO] [stdout]    0:     0x58cb72a29281 - std[70759c8f55707aa4]::backtrace_rs::backtrace::libunwind::trace
[INFO] [stdout]                                at /rustc/dfb0accb7f508ae8be965d8629557221c889dd98/library/std/src/../../backtrace/src/backtrace/libunwind.rs:117:9
[INFO] [stdout]    1:     0x58cb72a29281 - std[70759c8f55707aa4]::backtrace_rs::backtrace::trace_unsynchronized::<std[70759c8f55707aa4]::sys::backtrace::_print_fmt::{closure#1}>
[INFO] [stdout]                                at /rustc/dfb0accb7f508ae8be965d8629557221c889dd98/library/std/src/../../backtrace/src/backtrace/mod.rs:66:14
[INFO] [stdout]    2:     0x58cb72a29281 - std[70759c8f55707aa4]::sys::backtrace::_print_fmt
[INFO] [stdout]                                at /rustc/dfb0accb7f508ae8be965d8629557221c889dd98/library/std/src/sys/backtrace.rs:74:9
[INFO] [stdout]    3:     0x58cb72a29281 - <<std[70759c8f55707aa4]::sys::backtrace::BacktraceLock>::print::DisplayBacktrace as core[df12db4294e9bfd3]::fmt::Display>::fmt
[INFO] [stdout]                                at /rustc/dfb0accb7f508ae8be965d8629557221c889dd98/library/std/src/sys/backtrace.rs:44:26
[INFO] [stdout]    4:     0x58cb72a3d55a - <core[df12db4294e9bfd3]::fmt::rt::Argument>::fmt
[INFO] [stdout]                                at /rustc/dfb0accb7f508ae8be965d8629557221c889dd98/library/core/src/fmt/rt.rs:152:76
[INFO] [stdout]    5:     0x58cb72a3d55a - core[df12db4294e9bfd3]::fmt::write
[INFO] [stdout]    6:     0x58cb72a2d71c - core[df12db4294e9bfd3]::io::write::default_write_fmt::<alloc[2182bb758b4b3781]::vec::Vec<u8>>
[INFO] [stdout]                                at /rustc/dfb0accb7f508ae8be965d8629557221c889dd98/library/core/src/io/write.rs:402:11
[INFO] [stdout]    7:     0x58cb72a2d71c - <alloc[2182bb758b4b3781]::vec::Vec<u8> as core[df12db4294e9bfd3]::io::write::Write>::write_fmt
[INFO] [stdout]                                at /rustc/dfb0accb7f508ae8be965d8629557221c889dd98/library/core/src/io/write.rs:335:13
[INFO] [stdout]    8:     0x58cb72a05876 - <std[70759c8f55707aa4]::sys::backtrace::BacktraceLock>::print
[INFO] [stdout]                                at /rustc/dfb0accb7f508ae8be965d8629557221c889dd98/library/std/src/sys/backtrace.rs:47:9
[INFO] [stdout]    9:     0x58cb72a05876 - std[70759c8f55707aa4]::panicking::default_hook::{closure#0}
[INFO] [stdout]                                at /rustc/dfb0accb7f508ae8be965d8629557221c889dd98/library/std/src/panicking.rs:292:27
[INFO] [stdout]   10:     0x58cb72a219e9 - std[70759c8f55707aa4]::panicking::default_hook
[INFO] [stdout]                                at /rustc/dfb0accb7f508ae8be965d8629557221c889dd98/library/std/src/panicking.rs:316:9
[INFO] [stdout]   11:     0x58cb729bde70 - <alloc[2182bb758b4b3781]::boxed::Box<dyn for<'a, 'b> core[df12db4294e9bfd3]::ops::function::Fn<(&'a std[70759c8f55707aa4]::panic::PanicHookInfo<'b>,), Output = ()> + core[df12db4294e9bfd3]::marker::Send + core[df12db4294e9bfd3]::marker::Sync> as core[df12db4294e9bfd3]::ops::function::Fn<(&std[70759c8f55707aa4]::panic::PanicHookInfo,)>>::call
[INFO] [stdout]                                at /rustc/dfb0accb7f508ae8be965d8629557221c889dd98/library/alloc/src/boxed.rs:2334:9
[INFO] [stdout]   12:     0x58cb729bde70 - test[9d35eded1c95d3be]::test_main_inner::<test[9d35eded1c95d3be]::test_main_static::{closure#0}>::{closure#0}
[INFO] [stdout]                                at /rustc/dfb0accb7f508ae8be965d8629557221c889dd98/library/test/src/lib.rs:155:21
[INFO] [stdout]   13:     0x58cb72a21ba2 - <alloc[2182bb758b4b3781]::boxed::Box<dyn for<'a, 'b> core[df12db4294e9bfd3]::ops::function::Fn<(&'a std[70759c8f55707aa4]::panic::PanicHookInfo<'b>,), Output = ()> + core[df12db4294e9bfd3]::marker::Send + core[df12db4294e9bfd3]::marker::Sync> as core[df12db4294e9bfd3]::ops::function::Fn<(&std[70759c8f55707aa4]::panic::PanicHookInfo,)>>::call
[INFO] [stdout]                                at /rustc/dfb0accb7f508ae8be965d8629557221c889dd98/library/alloc/src/boxed.rs:2334:9
[INFO] [stdout]   14:     0x58cb72a21ba2 - std[70759c8f55707aa4]::panicking::panic_with_hook
[INFO] [stdout]                                at /rustc/dfb0accb7f508ae8be965d8629557221c889dd98/library/std/src/panicking.rs:823:13
[INFO] [stdout]   15:     0x58cb72a05922 - std[70759c8f55707aa4]::panicking::panic_handler::{closure#0}
[INFO] [stdout]                                at /rustc/dfb0accb7f508ae8be965d8629557221c889dd98/library/std/src/panicking.rs:688:13
[INFO] [stdout]   16:     0x58cb729fe6a9 - std[70759c8f55707aa4]::sys::backtrace::__rust_end_short_backtrace::<std[70759c8f55707aa4]::panicking::panic_handler::{closure#0}, !>
[INFO] [stdout]                                at /rustc/dfb0accb7f508ae8be965d8629557221c889dd98/library/std/src/sys/backtrace.rs:182:18
[INFO] [stdout]   17:     0x58cb72a0651d - __rustc[8fa7c3cbc660c2b3]::rust_begin_unwind
[INFO] [stdout]                                at /rustc/dfb0accb7f508ae8be965d8629557221c889dd98/library/std/src/panicking.rs:679:5
[INFO] [stdout]   18:     0x58cb72a3dc8c - core[df12db4294e9bfd3]::panicking::panic_fmt
[INFO] [stdout]                                at /rustc/dfb0accb7f508ae8be965d8629557221c889dd98/library/core/src/panicking.rs:80:14
[INFO] [stdout]   19:     0x58cb72a3dba3 - core[df12db4294e9bfd3]::panicking::assert_failed_inner
[INFO] [stdout]                                at /rustc/dfb0accb7f508ae8be965d8629557221c889dd98/library/core/src/panicking.rs:452:17
[INFO] [stdout]   20:     0x58cb729fe245 - core[df12db4294e9bfd3]::panicking::assert_failed::<i32, i32>
[INFO] [stdout]                                at /rustc/dfb0accb7f508ae8be965d8629557221c889dd98/library/core/src/panicking.rs:407:5
[INFO] [stdout]   21:     0x58cb729ae78f - day06[fca444360b538a91]::tests::test_part2
[INFO] [stdout]                                at /opt/rustwide/workdir/src/bin/day06.rs:454:9
[INFO] [stdout]   22:     0x58cb729aa7f7 - day06[fca444360b538a91]::tests::test_part2::{closure#0}
[INFO] [stdout]                                at /opt/rustwide/workdir/src/bin/day06.rs:453:20
[INFO] [stdout]   23:     0x58cb729b1076 - <day06[fca444360b538a91]::tests::test_part2::{closure#0} as core[df12db4294e9bfd3]::ops::function::FnOnce<()>>::call_once
[INFO] [stdout]                                at /rustc/dfb0accb7f508ae8be965d8629557221c889dd98/library/core/src/ops/function.rs:250:5
[INFO] [stdout]   24:     0x58cb729b115b - <fn() -> core[df12db4294e9bfd3]::result::Result<(), alloc[2182bb758b4b3781]::string::String> as core[df12db4294e9bfd3]::ops::function::FnOnce<()>>::call_once
[INFO] [stdout]                                at /rustc/dfb0accb7f508ae8be965d8629557221c889dd98/library/core/src/ops/function.rs:250:5
[INFO] [stdout]   25:     0x58cb729b115b - test[9d35eded1c95d3be]::__rust_begin_short_backtrace::<core[df12db4294e9bfd3]::result::Result<(), alloc[2182bb758b4b3781]::string::String>, fn() -> core[df12db4294e9bfd3]::result::Result<(), alloc[2182bb758b4b3781]::string::String>>
[INFO] [stdout]                                at /rustc/dfb0accb7f508ae8be965d8629557221c889dd98/library/test/src/lib.rs:733:18
[INFO] [stdout]   26:     0x58cb729be7c5 - test[9d35eded1c95d3be]::run_test_in_process::{closure#0}
[INFO] [stdout]                                at /rustc/dfb0accb7f508ae8be965d8629557221c889dd98/library/test/src/lib.rs:756:74
[INFO] [stdout]   27:     0x58cb729be7c5 - <core[df12db4294e9bfd3]::panic::unwind_safe::AssertUnwindSafe<test[9d35eded1c95d3be]::run_test_in_process::{closure#0}> as core[df12db4294e9bfd3]::ops::function::FnOnce<()>>::call_once
[INFO] [stdout]                                at /rustc/dfb0accb7f508ae8be965d8629557221c889dd98/library/core/src/panic/unwind_safe.rs:275:9
[INFO] [stdout]   28:     0x58cb729be7c5 - std[70759c8f55707aa4]::panicking::catch_unwind::do_call::<core[df12db4294e9bfd3]::panic::unwind_safe::AssertUnwindSafe<test[9d35eded1c95d3be]::run_test_in_process::{closure#0}>, core[df12db4294e9bfd3]::result::Result<(), alloc[2182bb758b4b3781]::string::String>>
[INFO] [stdout]                                at /rustc/dfb0accb7f508ae8be965d8629557221c889dd98/library/std/src/panicking.rs:576:43
[INFO] [stdout]   29:     0x58cb729be7c5 - std[70759c8f55707aa4]::panicking::catch_unwind::<core[df12db4294e9bfd3]::result::Result<(), alloc[2182bb758b4b3781]::string::String>, core[df12db4294e9bfd3]::panic::unwind_safe::AssertUnwindSafe<test[9d35eded1c95d3be]::run_test_in_process::{closure#0}>>
[INFO] [stdout]                                at /rustc/dfb0accb7f508ae8be965d8629557221c889dd98/library/std/src/panicking.rs:544:19
[INFO] [stdout]   30:     0x58cb729be7c5 - std[70759c8f55707aa4]::panic::catch_unwind::<core[df12db4294e9bfd3]::panic::unwind_safe::AssertUnwindSafe<test[9d35eded1c95d3be]::run_test_in_process::{closure#0}>, core[df12db4294e9bfd3]::result::Result<(), alloc[2182bb758b4b3781]::string::String>>
[INFO] [stdout]                                at /rustc/dfb0accb7f508ae8be965d8629557221c889dd98/library/std/src/panic.rs:359:14
[INFO] [stdout]   31:     0x58cb729be7c5 - test[9d35eded1c95d3be]::run_test_in_process
[INFO] [stdout]                                at /rustc/dfb0accb7f508ae8be965d8629557221c889dd98/library/test/src/lib.rs:756:27
[INFO] [stdout]   32:     0x58cb729be7c5 - test[9d35eded1c95d3be]::run_test::{closure#0}
[INFO] [stdout]                                at /rustc/dfb0accb7f508ae8be965d8629557221c889dd98/library/test/src/lib.rs:677:43
[INFO] [stdout]   33:     0x58cb729b8084 - test[9d35eded1c95d3be]::run_test::{closure#1}
[INFO] [stdout]                                at /rustc/dfb0accb7f508ae8be965d8629557221c889dd98/library/test/src/lib.rs:707:41
[INFO] [stdout]   34:     0x58cb729b8084 - std[70759c8f55707aa4]::sys::backtrace::__rust_begin_short_backtrace::<test[9d35eded1c95d3be]::run_test::{closure#1}, ()>
[INFO] [stdout]                                at /rustc/dfb0accb7f508ae8be965d8629557221c889dd98/library/std/src/sys/backtrace.rs:166:18
[INFO] [stdout]   35:     0x58cb729c1922 - std[70759c8f55707aa4]::thread::lifecycle::spawn_unchecked::<test[9d35eded1c95d3be]::run_test::{closure#1}, ()>::{closure#1}::{closure#0}
[INFO] [stdout]                                at /rustc/dfb0accb7f508ae8be965d8629557221c889dd98/library/std/src/thread/lifecycle.rs:70:13
[INFO] [stdout]   36:     0x58cb729c1922 - <core[df12db4294e9bfd3]::panic::unwind_safe::AssertUnwindSafe<std[70759c8f55707aa4]::thread::lifecycle::spawn_unchecked<test[9d35eded1c95d3be]::run_test::{closure#1}, ()>::{closure#1}::{closure#0}> as core[df12db4294e9bfd3]::ops::function::FnOnce<()>>::call_once
[INFO] [stdout]                                at /rustc/dfb0accb7f508ae8be965d8629557221c889dd98/library/core/src/panic/unwind_safe.rs:275:9
[INFO] [stdout]   37:     0x58cb729c1922 - std[70759c8f55707aa4]::panicking::catch_unwind::do_call::<core[df12db4294e9bfd3]::panic::unwind_safe::AssertUnwindSafe<std[70759c8f55707aa4]::thread::lifecycle::spawn_unchecked<test[9d35eded1c95d3be]::run_test::{closure#1}, ()>::{closure#1}::{closure#0}>, ()>
[INFO] [stdout]                                at /rustc/dfb0accb7f508ae8be965d8629557221c889dd98/library/std/src/panicking.rs:576:43
[INFO] [stdout]   38:     0x58cb729c1922 - std[70759c8f55707aa4]::panicking::catch_unwind::<(), core[df12db4294e9bfd3]::panic::unwind_safe::AssertUnwindSafe<std[70759c8f55707aa4]::thread::lifecycle::spawn_unchecked<test[9d35eded1c95d3be]::run_test::{closure#1}, ()>::{closure#1}::{closure#0}>>
[INFO] [stdout]                                at /rustc/dfb0accb7f508ae8be965d8629557221c889dd98/library/std/src/panicking.rs:544:19
[INFO] [stdout]   39:     0x58cb729c1922 - std[70759c8f55707aa4]::panic::catch_unwind::<core[df12db4294e9bfd3]::panic::unwind_safe::AssertUnwindSafe<std[70759c8f55707aa4]::thread::lifecycle::spawn_unchecked<test[9d35eded1c95d3be]::run_test::{closure#1}, ()>::{closure#1}::{closure#0}>, ()>
[INFO] [stdout]                                at /rustc/dfb0accb7f508ae8be965d8629557221c889dd98/library/std/src/panic.rs:359:14
[INFO] [stdout]   40:     0x58cb729c1922 - std[70759c8f55707aa4]::thread::lifecycle::spawn_unchecked::<test[9d35eded1c95d3be]::run_test::{closure#1}, ()>::{closure#1}
[INFO] [stdout]                                at /rustc/dfb0accb7f508ae8be965d8629557221c889dd98/library/std/src/thread/lifecycle.rs:68:26
[INFO] [stdout]   41:     0x58cb729c1922 - <std[70759c8f55707aa4]::thread::lifecycle::spawn_unchecked<test[9d35eded1c95d3be]::run_test::{closure#1}, ()>::{closure#1} as core[df12db4294e9bfd3]::ops::function::FnOnce<()>>::call_once::{shim:vtable#0}
[INFO] [stdout]                                at /rustc/dfb0accb7f508ae8be965d8629557221c889dd98/library/core/src/ops/function.rs:250:5
[INFO] [stdout]   42:     0x58cb72a28b59 - <alloc[2182bb758b4b3781]::boxed::Box<dyn core[df12db4294e9bfd3]::ops::function::FnOnce<(), Output = ()> + core[df12db4294e9bfd3]::marker::Send> as core[df12db4294e9bfd3]::ops::function::FnOnce<()>>::call_once
[INFO] [stdout]                                at /rustc/dfb0accb7f508ae8be965d8629557221c889dd98/library/alloc/src/boxed.rs:2320:9
[INFO] [stdout]   43:     0x58cb72a28b59 - <std[70759c8f55707aa4]::sys::thread::unix::Thread>::new::thread_start
[INFO] [stdout]                                at /rustc/dfb0accb7f508ae8be965d8629557221c889dd98/library/std/src/sys/thread/unix.rs:123:17
[INFO] [stdout]   44:     0x7d4dc9196dfa - <unknown>
[INFO] [stdout]   45:     0x7d4dc922a3d4 - clone
[INFO] [stdout]   46:                0x0 - <unknown>
[INFO] [stdout] 
[INFO] [stdout] 
[INFO] [stdout] failures:
[INFO] [stdout]     tests::test_part2
[INFO] [stdout] 
[INFO] [stdout] test result: FAILED. 1 passed; 1 failed; 0 ignored; 0 measured; 0 filtered out; finished in 0.03s
[INFO] [stdout] 
[INFO] running `Command { std: "docker" "inspect" "5425c7cda946a1f914b7f2315fa5ede0f27675a91f278b89001d1d946cd86a91", kill_on_drop: false }`
[INFO] running `Command { std: "docker" "rm" "-f" "5425c7cda946a1f914b7f2315fa5ede0f27675a91f278b89001d1d946cd86a91", kill_on_drop: false }`
[INFO] [stdout] 5425c7cda946a1f914b7f2315fa5ede0f27675a91f278b89001d1d946cd86a91
