[INFO] cloning repository https://github.com/Swiftsoftware143/WorkflowSwift
[INFO] running `Command { std: "git" "-c" "credential.helper=" "-c" "credential.helper=/workspace/cargo-home/bin/git-credential-null" "clone" "--bare" "https://github.com/Swiftsoftware143/WorkflowSwift" "/workspace/cache/git-repos/https%3A%2F%2Fgithub.com%2FSwiftsoftware143%2FWorkflowSwift", kill_on_drop: false }`
[INFO] [stderr] Cloning into bare repository '/workspace/cache/git-repos/https%3A%2F%2Fgithub.com%2FSwiftsoftware143%2FWorkflowSwift'...
[INFO] running `Command { std: "git" "rev-parse" "HEAD", kill_on_drop: false }`
[INFO] [stdout] 89cc6d187f77631e46cf99b1d6e83a62eed4967c
[INFO] testing Swiftsoftware143/WorkflowSwift against 1.99.0-beta.8 for beta-1.100-2
[INFO] running `Command { std: "git" "clone" "/workspace/cache/git-repos/https%3A%2F%2Fgithub.com%2FSwiftsoftware143%2FWorkflowSwift" "/workspace/builds/worker-1-tc1/source", kill_on_drop: false }`
[INFO] [stderr] Cloning into '/workspace/builds/worker-1-tc1/source'...
[INFO] [stderr] done.
[INFO] started tweaking git repo https://github.com/Swiftsoftware143/WorkflowSwift
[INFO] finished tweaking git repo https://github.com/Swiftsoftware143/WorkflowSwift
[INFO] tweaked toml for git repo https://github.com/Swiftsoftware143/WorkflowSwift written to /workspace/builds/worker-1-tc1/source/Cargo.toml
[INFO] validating manifest of git repo https://github.com/Swiftsoftware143/WorkflowSwift on toolchain 1.99.0-beta.8
[INFO] running `Command { std: CARGO_HOME="/workspace/cargo-home" RUSTUP_HOME="/workspace/rustup-home" "/workspace/cargo-home/bin/cargo" "+1.99.0-beta.8" "metadata" "--manifest-path" "Cargo.toml" "--no-deps", kill_on_drop: false }`
[INFO] crate git repo https://github.com/Swiftsoftware143/WorkflowSwift already has a lockfile, it will not be regenerated
[INFO] running `Command { std: CARGO_HOME="/workspace/cargo-home" RUSTUP_HOME="/workspace/rustup-home" "/workspace/cargo-home/bin/cargo" "+1.99.0-beta.8" "fetch" "--manifest-path" "Cargo.toml", kill_on_drop: false }`
[INFO] [stderr]     Blocking waiting for file lock on package cache
[INFO] [stderr]     Updating crates.io index
[INFO] [stderr]  Downloading crates ...
[INFO] [stderr]   Downloaded redox_syscall v0.9.1
[INFO] [stderr]   Downloaded lettre v0.11.23
[INFO] [stderr]   Downloaded redis v0.25.5
[INFO] [stderr]   Downloaded quoted_printable v0.5.2
[INFO] [stderr]   Downloaded email-encoding v0.4.2
[INFO] running `Command { std: "docker" "create" "-v" "/var/lib/crater-agent-workspace/builds/worker-1-tc1/source:/opt/rustwide/workdir:ro,Z" "-v" "/var/lib/crater-agent-workspace/builds/worker-1-tc1/target:/opt/rustwide/target:rw,Z" "-v" "/var/lib/crater-agent-workspace/cargo-home:/opt/rustwide/cargo-home:ro,Z" "-v" "/var/lib/crater-agent-workspace/rustup-home:/opt/rustwide/rustup-home:ro,Z" "-m" "1610612736" "--network" "none" "ghcr.io/rust-lang/crates-build-env/linux@sha256:3111399a4047eeb3a02b7a90e478d715f38a8c6669b5c4b49d30a17385265909" "sleep" "infinity", kill_on_drop: false }`
[INFO] [stdout] 5e72a9f961b7ea9977e73f73e9accfddcbced21b42b3c0555f2dc376776816f3
[INFO] running `Command { std: "docker" "start" "5e72a9f961b7ea9977e73f73e9accfddcbced21b42b3c0555f2dc376776816f3", kill_on_drop: false }`
[INFO] running `Command { std: "docker" "inspect" "5e72a9f961b7ea9977e73f73e9accfddcbced21b42b3c0555f2dc376776816f3", kill_on_drop: false }`
[INFO] running `Command { std: "docker" "exec" "-e" "SOURCE_DIR=/opt/rustwide/workdir" "-e" "CARGO_HOME=/opt/rustwide/cargo-home" "-e" "RUSTUP_HOME=/opt/rustwide/rustup-home" "-e" "CARGO_TARGET_DIR=/opt/rustwide/target" "-w" "/opt/rustwide/workdir" "--user" "0:0" "5e72a9f961b7ea9977e73f73e9accfddcbced21b42b3c0555f2dc376776816f3" "/opt/rustwide/cargo-home/bin/cargo" "+1.99.0-beta.8" "metadata" "--no-deps" "--format-version=1", kill_on_drop: false }`
[INFO] running `Command { std: "docker" "inspect" "5e72a9f961b7ea9977e73f73e9accfddcbced21b42b3c0555f2dc376776816f3", kill_on_drop: false }`
[INFO] running `Command { std: "docker" "exec" "-e" "SOURCE_DIR=/opt/rustwide/workdir" "-e" "CARGO_HOME=/opt/rustwide/cargo-home" "-e" "RUSTUP_HOME=/opt/rustwide/rustup-home" "-e" "CARGO_TARGET_DIR=/opt/rustwide/target" "-e" "CARGO_INCREMENTAL=0" "-e" "RUST_BACKTRACE=full" "-e" "RUSTFLAGS=--cap-lints=warn" "-e" "RUSTDOCFLAGS=--cap-lints=warn" "-w" "/opt/rustwide/workdir" "--user" "0:0" "5e72a9f961b7ea9977e73f73e9accfddcbced21b42b3c0555f2dc376776816f3" "/opt/rustwide/cargo-home/bin/cargo" "+1.99.0-beta.8" "build" "--frozen" "--message-format=json", kill_on_drop: false }`
[INFO] [stderr]    Compiling proc-macro2 v1.0.107
[INFO] [stderr]    Compiling serde v1.0.229
[INFO] [stderr]    Compiling serde_core v1.0.229
[INFO] [stderr]    Compiling pin-project-lite v0.2.17
[INFO] [stderr]    Compiling futures-core v0.3.33
[INFO] [stderr]    Compiling stable_deref_trait v1.2.1
[INFO] [stderr]    Compiling bytes v1.12.1
[INFO] [stderr]    Compiling libc v0.2.189
[INFO] [stderr]    Compiling cc v1.4.0
[INFO] [stderr]    Compiling memchr v2.8.3
[INFO] [stderr]    Compiling writeable v0.6.3
[INFO] [stderr]    Compiling litemap v0.8.2
[INFO] [stderr]    Compiling icu_normalizer_data v2.2.0
[INFO] [stderr]    Compiling futures-task v0.3.33
[INFO] [stderr]    Compiling slab v0.4.12
[INFO] [stderr]    Compiling futures-io v0.3.33
[INFO] [stderr]    Compiling icu_properties_data v2.2.0
[INFO] [stderr]    Compiling futures-sink v0.3.33
[INFO] [stderr]    Compiling zeroize v1.9.0
[INFO] [stderr]    Compiling futures-channel v0.3.33
[INFO] [stderr]    Compiling tracing-core v0.1.36
[INFO] [stderr]    Compiling rustls v0.23.43
[INFO] [stderr]    Compiling rustls-pki-types v1.15.1
[INFO] [stderr]    Compiling bitflags v2.13.1
[INFO] [stderr]    Compiling digest v0.10.7
[INFO] [stderr]    Compiling serde_json v1.0.151
[INFO] [stderr]    Compiling num-traits v0.2.19
[INFO] [stderr]    Compiling thiserror v2.0.19
[INFO] [stderr]    Compiling form_urlencoded v1.2.2
[INFO] [stderr]    Compiling webpki-roots v1.0.9
[INFO] [stderr]    Compiling pkg-config v0.3.33
[INFO] [stderr]    Compiling vcpkg v0.2.15
[INFO] [stderr]    Compiling iana-time-zone v0.1.65
[INFO] [stderr]    Compiling foldhash v0.1.5
[INFO] [stderr]    Compiling crossbeam-utils v0.8.22
[INFO] [stderr]    Compiling hashbrown v0.15.5
[INFO] [stderr]    Compiling crc-catalog v2.5.0
[INFO] [stderr]    Compiling hashbrown v0.17.1
[INFO] [stderr]    Compiling quote v1.0.47
[INFO] [stderr]    Compiling crc v3.4.0
[INFO] [stderr]    Compiling event-listener v5.4.2
[INFO] [stderr]    Compiling webpki-roots v0.26.11
[INFO] [stderr]    Compiling sha2 v0.10.9
[INFO] [stderr]    Compiling syn v3.0.3
[INFO] [stderr]    Compiling syn v2.0.119
[INFO] [stderr]    Compiling http v1.5.0
[INFO] [stderr]    Compiling hmac v0.12.1
[INFO] [stderr]    Compiling getrandom v0.2.17
[INFO] [stderr]    Compiling mio v1.2.2
[INFO] [stderr]    Compiling socket2 v0.6.5
[INFO] [stderr]    Compiling errno v0.3.14
[INFO] [stderr]    Compiling indexmap v2.14.0
[INFO] [stderr]    Compiling signal-hook-registry v1.4.8
[INFO] [stderr]    Compiling hashlink v0.10.0
[INFO] [stderr]    Compiling rand_core v0.6.4
[INFO] [stderr]    Compiling unicode-properties v0.1.4
[INFO] [stderr]    Compiling unicode-bidi v0.3.18
[INFO] [stderr]    Compiling ring v0.17.14
[INFO] [stderr]    Compiling http-body v1.1.0
[INFO] [stderr]    Compiling openssl-sys v0.9.117
[INFO] [stderr]    Compiling rand_chacha v0.3.1
[INFO] [stderr]    Compiling getrandom v0.4.3
[INFO] [stderr]    Compiling log v0.4.33
[INFO] [stderr]    Compiling crossbeam-queue v0.3.13
[INFO] [stderr]    Compiling chrono v0.4.45
[INFO] [stderr]    Compiling tokio v1.53.1
[INFO] [stderr]    Compiling stringprep v0.1.5
[INFO] [stderr]    Compiling hkdf v0.12.4
[INFO] [stderr]    Compiling futures-util v0.3.33
[INFO] [stderr]    Compiling md-5 v0.10.6
[INFO] [stderr]    Compiling sync_wrapper v1.0.2
[INFO] [stderr]    Compiling foreign-types-shared v0.1.1
[INFO] [stderr]    Compiling whoami v1.6.1
[INFO] [stderr]    Compiling openssl v0.10.81
[INFO] [stderr]    Compiling dotenvy v0.15.7
[INFO] [stderr]    Compiling base64 v0.22.1
[INFO] [stderr]    Compiling uuid v1.24.0
[INFO] [stderr]    Compiling byteorder v1.5.0
[INFO] [stderr]    Compiling home v0.5.12
[INFO] [stderr]    Compiling foreign-types v0.3.2
[INFO] [stderr]    Compiling rand v0.8.7
[INFO] [stderr]    Compiling atoi v2.0.0
[INFO] [stderr]    Compiling ipnet v2.12.1
[INFO] [stderr]    Compiling time-core v0.1.9
[INFO] [stderr]    Compiling ryu v1.0.23
[INFO] [stderr]    Compiling num-conv v0.2.2
[INFO] [stderr]    Compiling native-tls v0.2.18
[INFO] [stderr]    Compiling http-body-util v0.1.4
[INFO] [stderr]    Compiling num-integer v0.1.46
[INFO] [stderr]    Compiling time-macros v0.2.32
[INFO] [stderr]    Compiling powerfmt v0.2.0
[INFO] [stderr]    Compiling deranged v0.5.8
[INFO] [stderr]    Compiling portable-atomic v1.14.0
[INFO] [stderr]    Compiling num-bigint v0.4.8
[INFO] [stderr]    Compiling regex-automata v0.4.18
[INFO] [stderr]    Compiling raw-cpuid v11.6.0
[INFO] [stderr]    Compiling hashbrown v0.14.5
[INFO] [stderr]    Compiling base64ct v1.8.3
[INFO] [stderr]    Compiling email-encoding v0.4.2
[INFO] [stderr]    Compiling serde_path_to_error v0.1.20
[INFO] [stderr]    Compiling synstructure v0.13.2
[INFO] [stderr]    Compiling password-hash v0.5.0
[INFO] [stderr]    Compiling socket2 v0.5.10
[INFO] [stderr]    Compiling pem v3.0.6
[INFO] [stderr]    Compiling blake2 v0.10.6
[INFO] [stderr]    Compiling tracing-log v0.2.0
[INFO] [stderr]    Compiling nom v8.0.0
[INFO] [stderr]    Compiling spinning_top v0.3.0
[INFO] [stderr]    Compiling thread_local v1.1.10
[INFO] [stderr]    Compiling sha1_smol v1.0.1
[INFO] [stderr]    Compiling time v0.3.55
[INFO] [stderr]    Compiling nu-ansi-term v0.50.3
[INFO] [stderr]    Compiling fastrand v2.5.0
[INFO] [stderr]    Compiling quoted_printable v0.5.2
[INFO] [stderr]    Compiling email_address v0.2.9
[INFO] [stderr]    Compiling matchit v0.8.4
[INFO] [stderr]    Compiling nonzero_ext v0.3.0
[INFO] [stderr]    Compiling no-std-compat v0.4.1
[INFO] [stderr]    Compiling argon2 v0.5.3
[INFO] [stderr]    Compiling zerofrom-derive v0.1.7
[INFO] [stderr]    Compiling yoke-derive v0.8.2
[INFO] [stderr]    Compiling zerovec-derive v0.11.3
[INFO] [stderr]    Compiling tracing-attributes v0.1.31
[INFO] [stderr]    Compiling futures-macro v0.3.33
[INFO] [stderr]    Compiling openssl-macros v0.1.1
[INFO] [stderr]    Compiling matchers v0.2.0
[INFO] [stderr]    Compiling thiserror-impl v1.0.69
[INFO] [stderr]    Compiling quanta v0.12.6
[INFO] [stderr]    Compiling tokio-stream v0.1.19
[INFO] [stderr]    Compiling tracing v0.1.44
[INFO] [stderr]    Compiling zerofrom v0.1.8
[INFO] [stderr]    Compiling thiserror v1.0.69
[INFO] [stderr]    Compiling yoke v0.8.3
[INFO] [stderr]    Compiling serde_derive v1.0.229
[INFO] [stderr]    Compiling displaydoc v0.2.7
[INFO] [stderr]    Compiling tokio-macros v2.7.2
[INFO] [stderr]    Compiling thiserror-impl v2.0.19
[INFO] [stderr]    Compiling zerovec v0.11.6
[INFO] [stderr]    Compiling async-trait v0.1.91
[INFO] [stderr]    Compiling zerotrie v0.2.4
[INFO] [stderr]    Compiling tinystr v0.8.3
[INFO] [stderr]    Compiling potential_utf v0.1.5
[INFO] [stderr]    Compiling icu_locale_core v2.2.0
[INFO] [stderr]    Compiling icu_collections v2.2.0
[INFO] [stderr]    Compiling axum-core v0.5.6
[INFO] [stderr]    Compiling tower v0.4.13
[INFO] [stderr]    Compiling simple_asn1 v0.6.4
[INFO] [stderr]    Compiling rustls-webpki v0.103.13
[INFO] [stderr]    Compiling icu_provider v2.2.0
[INFO] [stderr]    Compiling icu_properties v2.2.0
[INFO] [stderr]    Compiling futures-executor v0.3.33
[INFO] [stderr]    Compiling futures v0.3.33
[INFO] [stderr]    Compiling smallvec v1.15.2
[INFO] [stderr]    Compiling either v1.17.0
[INFO] [stderr]    Compiling serde_urlencoded v0.7.1
[INFO] [stderr]    Compiling jsonwebtoken v9.3.1
[INFO] [stderr]    Compiling icu_normalizer v2.2.0
[INFO] [stderr]    Compiling parking_lot_core v0.9.12
[INFO] [stderr]    Compiling tracing-subscriber v0.3.23
[INFO] [stderr]    Compiling parking_lot v0.12.5
[INFO] [stderr]    Compiling dashmap v5.5.3
[INFO] [stderr]    Compiling idna_adapter v1.2.2
[INFO] [stderr]    Compiling idna v1.1.0
[INFO] [stderr]    Compiling futures-intrusive v0.5.0
[INFO] [stderr]    Compiling governor v0.6.3
[INFO] [stderr]    Compiling url v2.5.8
[INFO] [stderr]    Compiling sqlx-core v0.8.6
[INFO] [stderr]    Compiling hyper v1.11.0
[INFO] [stderr]    Compiling tower v0.5.3
[INFO] [stderr]    Compiling tokio-util v0.7.19
[INFO] [stderr]    Compiling tokio-rustls v0.26.4
[INFO] [stderr]    Compiling tokio-native-tls v0.3.1
[INFO] [stderr]    Compiling lettre v0.11.23
[INFO] [stderr]    Compiling sqlx-postgres v0.8.6
[INFO] [stderr]    Compiling tower-http v0.6.11
[INFO] [stderr]    Compiling combine v4.6.7
[INFO] [stderr]    Compiling hyper-util v0.1.20
[INFO] [stderr]    Compiling hyper-rustls v0.27.9
[INFO] [stderr]    Compiling axum v0.8.9
[INFO] [stderr]    Compiling reqwest v0.12.28
[INFO] [stderr]    Compiling redis v0.25.5
[INFO] [stderr]    Compiling sqlx-macros-core v0.8.6
[INFO] [stderr]    Compiling sqlx-macros v0.8.6
[INFO] [stderr]    Compiling sqlx v0.8.6
[INFO] [stderr]    Compiling workflowswift-api v0.1.0 (/opt/rustwide/workdir)
[INFO] [stderr]     Finished `dev` profile [unoptimized + debuginfo] target(s) in 2m 09s
[INFO] running `Command { std: "docker" "inspect" "5e72a9f961b7ea9977e73f73e9accfddcbced21b42b3c0555f2dc376776816f3", kill_on_drop: false }`
[INFO] running `Command { std: "docker" "exec" "-e" "SOURCE_DIR=/opt/rustwide/workdir" "-e" "CARGO_HOME=/opt/rustwide/cargo-home" "-e" "RUSTUP_HOME=/opt/rustwide/rustup-home" "-e" "CARGO_TARGET_DIR=/opt/rustwide/target" "-e" "CARGO_INCREMENTAL=0" "-e" "RUST_BACKTRACE=full" "-e" "RUSTFLAGS=--cap-lints=warn" "-e" "RUSTDOCFLAGS=--cap-lints=warn" "-w" "/opt/rustwide/workdir" "--user" "0:0" "5e72a9f961b7ea9977e73f73e9accfddcbced21b42b3c0555f2dc376776816f3" "/opt/rustwide/cargo-home/bin/cargo" "+1.99.0-beta.8" "test" "--frozen" "--no-run" "--message-format=json", kill_on_drop: false }`
[INFO] [stderr]    Compiling pin-project-internal v1.1.13
[INFO] [stderr]    Compiling pin-project v1.1.13
[INFO] [stderr]    Compiling tower v0.4.13
[INFO] [stderr]    Compiling workflowswift-api v0.1.0 (/opt/rustwide/workdir)
[INFO] [stderr]     Finished `test` profile [unoptimized + debuginfo] target(s) in 48.67s
[INFO] running `Command { std: "docker" "inspect" "5e72a9f961b7ea9977e73f73e9accfddcbced21b42b3c0555f2dc376776816f3", kill_on_drop: false }`
[INFO] running `Command { std: "docker" "exec" "-e" "SOURCE_DIR=/opt/rustwide/workdir" "-e" "CARGO_HOME=/opt/rustwide/cargo-home" "-e" "RUSTUP_HOME=/opt/rustwide/rustup-home" "-e" "CARGO_TARGET_DIR=/opt/rustwide/target" "-e" "CARGO_INCREMENTAL=0" "-e" "RUST_BACKTRACE=full" "-e" "RUSTFLAGS=--cap-lints=warn" "-e" "RUSTDOCFLAGS=--cap-lints=warn" "-w" "/opt/rustwide/workdir" "--user" "0:0" "5e72a9f961b7ea9977e73f73e9accfddcbced21b42b3c0555f2dc376776816f3" "/opt/rustwide/cargo-home/bin/cargo" "+1.99.0-beta.8" "test" "--frozen", kill_on_drop: false }`
[INFO] [stderr]     Finished `test` profile [unoptimized + debuginfo] target(s) in 1.35s
[INFO] [stderr]      Running unittests src/main.rs (/opt/rustwide/target/debug/deps/workflowswift_api-e803e93a54a0f128)
[INFO] [stdout] 
[INFO] [stdout] running 168 tests
[INFO] [stdout] test ai_llm::tests::content_is_read_from_each_provider_response_shape_and_never_invented ... ok
[INFO] [stdout] test ai_llm::tests::the_request_body_carries_the_prompt_and_the_model_for_each_shape ... ok
[INFO] [stdout] test auth::api_key_auth::tests::discriminator_is_stable_short_and_not_the_legacy_constant ... ok
[INFO] [stdout] test ai_llm::tests::a_malformed_stored_key_is_refused_before_it_reaches_a_header ... ok
[INFO] [stdout] test auth::api_key_auth::tests::explicit_permissions_are_enforced ... ok
[INFO] [stdout] test ai_llm::tests::the_vocabulary_is_the_four_providers_the_app_serves ... ok
[INFO] [stdout] test auth::api_key_auth::tests::empty_permissions_mean_account_scope ... ok
[INFO] [stdout] test ai_llm::tests::the_request_url_matches_each_provider_shape ... ok
[INFO] [stdout] test auth::api_key_auth::tests::api_key_detection ... ok
[INFO] [stdout] test auth::api_key_auth::tests::verify_permits_is_bounded_and_process_wide ... ok
[INFO] [stdout] test auth::boundary::tests::the_bearer_extraction_is_exact ... ok
[INFO] [stdout] test auth::boundary::tests::the_session_arm_recognises_a_jwt_and_the_app_key_shape ... ok
[INFO] [stdout] test ai_llm::tests::every_provider_has_a_constant_https_destination_and_a_default_model ... ok
[INFO] [stdout] test auth::boundary::tests::the_boundary_reads_the_committed_allowlist ... ok
[INFO] [stdout] test auth::route_policy::tests::matching_is_segment_exact ... ok
[INFO] [stdout] test auth::route_policy::tests::neither_list_has_duplicates ... ok
[INFO] [stdout] test auth::route_policy::tests::internal_routes_are_named_and_not_public ... ok
[INFO] [stdout] test auth::route_policy::tests::served_surfaces_are_outside_the_guarded_prefix ... ok
[INFO] [stdout] test auth::route_policy::tests::the_two_lists_are_disjoint ... ok
[INFO] [stdout] test email::tests::default_from_is_aligned_with_the_mailgun_sending_domain ... ok
[INFO] [stdout] test email::tests::mailgun_url_sends_as_the_domain_in_its_path ... ok
[INFO] [stdout] test email::tests::names_mustache_markers_the_renderer_cannot_process ... ok
[INFO] [stdout] test auth::route_policy::tests::tenant_and_operator_surfaces_are_not_public ... ok
[INFO] [stdout] test auth::route_policy::tests::the_found_anonymous_file_readers_are_not_public ... ok
[INFO] [stdout] test email::tests::org_domain_reads_the_domain_of_a_from_header ... ok
[INFO] [stdout] test auth::route_policy::tests::the_census_shape_is_what_the_docs_say ... ok
[INFO] [stdout] test email::tests::stays_quiet_on_a_clean_double_brace_body ... ok
[INFO] [stdout] test email::tests::the_email_provider_vocabulary_matches_the_admin_picker ... ok
[INFO] [stdout] test execution::tests::a_failing_data_card_lookup_is_a_failed_step_not_an_empty_card ... ok
[INFO] [stdout] test execution::tests::a_notify_webhook_that_answers_404_is_not_a_completed_step ... ok
[INFO] [stdout] test execution::tests::a_retired_step_type_is_not_a_completed_step ... ok
[INFO] [stdout] test execution::tests::a_step_with_no_executor_is_marked_not_merely_warned ... ok
[INFO] [stdout] test execution::tests::an_ai_action_step_never_claims_content_nobody_generated ... ok
[INFO] [stdout] test execution::tests::delay_config_shapes_all_resolve_to_a_due_time ... ok
[INFO] [stdout] test execution::tests::error_text_prefers_the_reason_and_falls_back_to_the_code ... ok
[INFO] [stdout] test auth::boundary::tests::the_internal_key_compare_is_exact ... ok
[INFO] [stdout] test auth::route_policy::tests::the_deliberate_public_surfaces_stay_public ... ok
[INFO] [stdout] test email::tests::names_a_single_brace_placeholder_the_renderer_cannot_substitute ... ok
[INFO] [stdout] test auth::route_policy::tests::every_allowlist_entry_names_a_mounted_route ... ok
[INFO] [stdout] test execution::tests::every_accepted_step_type_has_an_arm ... ok
[INFO] [stdout] test execution::tests::a_reject_decision_is_the_only_thing_that_settles_a_gate_as_failed ... ok
[INFO] [stdout] test execution::tests::numeric_status_codes_are_classified_not_defaulted ... ok
[INFO] [stdout] test execution::tests::the_console_picker_offers_only_executable_step_types ... ok
[INFO] [stdout] test execution::tests::the_migration_vocabulary_matches_the_engine ... ok
[INFO] [stdout] test features::tests::boolean_keys_are_either_gated_or_documented_support_promises ... ok
[INFO] [stdout] test handlers::checkout_handler::stripe_contract_tests::stripe_receiver_refuses_without_asking_stripe_to_retry_forever ... ok
[INFO] [stdout] test features::tests::every_reachable_column_has_a_literal_statement ... ok
[INFO] [stdout] test features::tests::statements_are_complete_literals ... ok
[INFO] [stdout] test execution::tests::the_seeded_template_stage_names_are_remapped ... ok
[INFO] [stdout] test handlers::industry_handler::tests::canonical_metric_key_is_idempotent_and_collapses_the_legacy_double_prefix ... ok
[INFO] [stdout] test handlers::industry_handler::tests::lookup_candidates_cover_the_canonical_and_the_legacy_key_form ... ok
[INFO] [stdout] test handlers::integration_dispatch_handler::tests::header_safe_accepts_a_normal_credential ... ok
[INFO] [stdout] test handlers::integration_dispatch_handler::tests::header_safe_rejects_header_injection ... ok
[INFO] [stdout] test handlers::notify_handler::tests::step_index_is_read_from_the_number_or_its_decimal_string ... ok
[INFO] [stdout] test execution::tests::the_console_offers_only_deliverable_notify_channels ... ok
[INFO] [stdout] test handlers::provision_handler::tests::placeholder_addresses_are_refused_and_real_ones_are_not ... ok
[INFO] [stdout] test handlers::rendition_handler::t15a04e9d_rendition_sql_tests::every_mask_is_the_old_builder_text ... ok
[INFO] [stdout] test handlers::provision_handler::tests::generated_password_is_twelve_chars_from_the_credential_charset ... ok
[INFO] [stdout] test auth::middleware::tests::no_path_allowlist_in_the_auth_middleware ... ok
[INFO] [stdout] test handlers::site_handler::tests::a_blank_og_image_does_not_inject_a_tag_and_og_type_is_never_deleted ... ok
[INFO] [stdout] test handlers::site_handler::tests::a_blank_value_leaves_the_shipped_element_alone ... ok
[INFO] [stdout] test handlers::site_handler::tests::a_blank_homepage_field_never_moves_the_shipped_page ... ok
[INFO] [stdout] test handlers::site_handler::tests::every_homepage_editor_moves_only_its_own_region ... ok
[INFO] [stdout] test handlers::site_handler::tests::a_reconciled_row_leaves_the_live_homepage_byte_for_byte ... ok
[INFO] [stdout] test handlers::site_handler::tests::the_legal_body_replacement_is_in_place_and_idempotent ... ok
[INFO] [stdout] test handlers::site_handler::tests::the_dead_features_key_is_gone_from_the_defaults ... ok
[INFO] [stdout] test handlers::site_handler::tests::the_new_surgery_helpers_leave_a_foreign_page_untouched ... ok
[INFO] [stdout] test handlers::site_handler::tests::the_three_editors_now_change_the_page ... ok
[INFO] [stdout] test handlers::site_handler::tests::the_sign_in_and_logo_locators_are_structural_not_value_based ... ok
[INFO] [stdout] test handlers::template_handler::tests::a_stage_name_step_type_is_refused ... ok
[INFO] [stdout] test handlers::template_handler::tests::a_template_that_opens_with_a_data_card_is_accepted ... ok
[INFO] [stdout] test handlers::template_handler::tests::a_template_that_opens_with_anything_else_is_refused_and_names_the_step ... ok
[INFO] [stdout] test handlers::template_handler::tests::a_stored_template_that_opens_with_a_manual_step_is_refused ... ok
[INFO] [stdout] test handlers::template_handler::tests::executable_step_types_pass_and_an_undeliverable_channel_does_not ... ok
[INFO] [stdout] test handlers::template_handler::tests::the_lowest_sort_order_decides_not_the_array_order ... ok
[INFO] [stdout] test handlers::template_handler::tests::an_empty_template_has_no_step_one_to_refuse ... ok
[INFO] [stdout] test handlers::user_integration_handler::tests::console_offered_step_types_do_not_invent_providers ... ok
[INFO] [stdout] test handlers::user_integration_handler::tests::no_retired_step_type_has_a_provider_source ... ok
[INFO] [stdout] test handlers::user_integration_handler::tests::the_dead_browser_arm_resolves_no_provider ... ok
[INFO] [stdout] test handlers::user_integration_handler::tests::the_notify_arm_is_the_engine_channel_vocabulary ... ok
[INFO] [stdout] test handlers::workflow_handler::data_card_first_tests::both_data_card_spellings_count ... ok
[INFO] [stdout] test handlers::workflow_handler::data_card_first_tests::data_card_still_first_is_allowed ... ok
[INFO] [stdout] test handlers::workflow_handler::data_card_first_tests::deleting_a_later_step_is_allowed ... ok
[INFO] [stdout] test handlers::workflow_handler::data_card_first_tests::deleting_from_a_legacy_workflow_stays_editable ... ok
[INFO] [stdout] test handlers::workflow_handler::data_card_first_tests::deleting_the_data_card_is_refused_while_other_steps_remain ... ok
[INFO] [stdout] test handlers::workflow_handler::data_card_first_tests::moving_a_data_card_off_step_one_is_refused ... ok
[INFO] [stdout] test handlers::workflow_handler::data_card_first_tests::deleting_the_only_step_is_allowed ... ok
[INFO] [stdout] test handlers::workflow_handler::data_card_first_tests::legacy_non_data_card_first_stays_editable ... ok
[INFO] [stdout] test handlers::workflow_handler::mirror_destination_gate_tests::a_public_destination_still_mirrors ... ok
[INFO] [stdout] test handlers::workflow_handler::mirror_destination_gate_tests::a_run_time_expression_is_refused_rather_than_shipped_ungated ... ok
[INFO] [stdout] test handlers::workflow_handler::mirror_destination_gate_tests::an_empty_destination_is_refused ... ok
[INFO] [stdout] test handlers::workflow_handler::mirror_retirement_tests::mirror_name_is_the_converter_name ... ok
[INFO] [stdout] test handlers::checkout_handler::stripe_contract_tests::the_header_is_read_once_and_the_tolerance_is_the_decided_value ... ok
[INFO] [stdout] test handlers::workflow_handler::mirror_destination_gate_tests::this_apps_own_callbacks_are_not_gated ... ok
[INFO] [stdout] test handlers::workflow_handler::mirror_retirement_tests::refuses_when_the_lookup_fails ... ok
[INFO] [stdout] test handlers::workflow_handler::mirror_retirement_tests::no_mirror_is_not_a_failure ... ok
[INFO] [stdout] test handlers::workflow_handler::mirror_retirement_tests::refuses_when_n8n_refuses_the_delete ... ok
[INFO] [stdout] test n8n_converter::tests::an_empty_condition_config_still_yields_a_valid_operator ... ok
[INFO] [stdout] test handlers::checkout_handler::stripe_contract_tests::no_refusal_arm_is_answered_2xx ... ok
[INFO] [stdout] test handlers::checkout_handler::stripe_contract_tests::stripe_receiver_refuses_a_signature_whose_stamp_is_not_current ... ok
[INFO] [stdout] test n8n_converter::tests::balance_check_reads_the_response_the_endpoint_actually_returns ... ok
[INFO] [stdout] test n8n_converter::tests::condition_operands_map_every_supported_operator ... ok
[INFO] [stdout] test handlers::workflow_handler::mirror_retirement_tests::retires_the_mirror_and_leaves_another_workflows_mirror_alone ... ok
[INFO] [stdout] test n8n_converter::tests::every_if_node_uses_an_operator_this_n8n_accepts ... ok
[INFO] [stdout] test handlers::workflow_handler::mirror_destination_gate_tests::a_loopback_destination_fails_the_mirror_and_names_the_step ... ok
[INFO] [stdout] test n8n_converter::tests::field_expression_accepts_bare_names_paths_and_ready_expressions ... ok
[INFO] [stdout] test n8n_converter::tests::every_app_callback_carries_the_callers_bearer_from_the_webhook_item ... ok
[INFO] [stdout] test n8n_converter::tests::no_generated_node_demands_an_n8n_credential ... ok
[INFO] [stdout] test n8n_converter::tests::data_card_value_is_defined_by_default ... ok
[INFO] [stdout] test n8n_converter::tests::tenant_destinations_are_the_step_configs_urls_and_never_this_apps_callbacks ... ok
[INFO] [stdout] test n8n_converter::tests::tenant_urls_never_receive_the_app_bearer ... ok
[INFO] [stdout] test auth::api_key_auth::tests::argon2_is_only_constructed_in_this_module ... ok
[INFO] [stdout] test n8n_converter::tests::notify_channels_emit_nodes_that_can_actually_run ... ok
[INFO] [stdout] test n8n_converter::tests::the_arm_scan_reads_top_level_step_types_only ... ok
[INFO] [stdout] test n8n_converter::tests::the_ai_action_step_calls_back_into_the_app_and_names_the_step ... ok
[INFO] [stdout] test n8n_converter::tests::the_error_trigger_drives_only_the_failure_report_and_the_trigger_stays_async ... ok
[INFO] [stdout] test n8n_converter::tests::no_tenant_code_executing_node_is_emitted ... ok
[INFO] [stdout] test n8n_converter::tests::the_failure_arm_reports_with_the_machine_key_not_the_callers_bearer ... ok
[INFO] [stdout] test n8n_converter::tests::the_generated_trigger_registers_post_and_only_post ... ok
[INFO] [stdout] test notify::tests::outcome_maps_throttle_to_429_and_refusal_to_4xx ... ok
[INFO] [stdout] test notify::tests::senders_offer_only_what_can_be_delivered ... ok
[INFO] [stdout] test notify::tests::scopes_are_the_three_the_console_offers ... ok
[INFO] [stdout] test n8n_converter::tests::app_callback_census_is_generated_from_the_converter ... ok
[INFO] [stdout] test n8n_converter::tests::retired_step_types_pass_through_instead_of_calling_a_missing_route ... ok
[INFO] [stdout] test rate_limit::tests::auth_in_flight_sheds_at_the_cap_and_readmits_on_release ... ok
[INFO] [stdout] test rate_limit::tests::shed_middleware_answers_429_only_while_the_cap_is_reached ... ok
[INFO] [stdout] test rate_limit::tests::shed_survives_nest_and_merge ... ok
[INFO] [stdout] test rate_limit::tests::zero_cap_is_clamped_to_one ... ok
[INFO] [stdout] test security::address_identity::tests::a_placeholder_row_does_not_hide_the_real_identity ... ok
[INFO] [stdout] test security::address_identity::tests::a_truncated_phc_string_is_not_an_identity ... ok
[INFO] [stdout] test security::address_identity::tests::rows_without_any_usable_hash_are_ambiguous_when_there_is_more_than_one ... ok
[INFO] [stdout] test security::address_identity::tests::two_usable_rows_are_ambiguous_and_nothing_is_chosen ... ok
[INFO] [stdout] test security::email_addr::tests::accepts_real_addresses_and_normalises_them ... ok
[INFO] [stdout] test security::email_addr::tests::lookup_key_matches_what_normalize_stores ... ok
[INFO] [stdout] test security::email_addr::tests::normalisation_is_idempotent ... ok
[INFO] [stdout] test security::email_addr::tests::plus_aliases_dots_and_subdomains_stay_valid ... ok
[INFO] [stdout] test security::address_identity::tests::one_row_is_used_whatever_its_hash ... ok
[INFO] [stdout] test security::email_addr::tests::rejects_shapes_that_are_not_addresses ... ok
[INFO] [stdout] test security::email_addr::tests::rejects_the_literal_that_minted_the_dead_account ... ok
[INFO] [stdout] test security::payment_provider_secrets::tests::a_none_or_sealed_column_survives_the_boot_seal_untouched ... ok
[INFO] [stdout] test security::address_identity::tests::no_rows_is_unknown ... ok
[INFO] [stdout] test security::payment_provider_secrets::tests::an_empty_or_already_sealed_value_never_reaches_the_cipher ... ok
[INFO] [stdout] test security::payment_provider_secrets::tests::the_ddl_literals_name_their_own_constraint_and_column ... ok
[INFO] [stdout] test security::webhook_security::tests::step_destinations_inside_the_box_are_refused_and_public_ones_are_not ... ok
[INFO] [stdout] test security::payment_provider_secrets::tests::the_two_guards_and_columns_are_distinct ... ok
[INFO] [stdout] test security::webhook_security::tests::test_validate_webhook_url_case_insensitive ... ok
[INFO] [stdout] test security::webhook_security::tests::test_validate_webhook_url_empty_allowlist ... ok
[INFO] [stdout] test security::webhook_security::tests::test_validate_webhook_url_invalid_url ... ok
[INFO] [stdout] test security::webhook_security::tests::test_validate_webhook_url_rejected ... ok
[INFO] [stdout] test security::webhook_security::tests::test_validate_webhook_url_subdomain_match ... ok
[INFO] [stdout] test security::webhook_security::tests::the_step_gate_keeps_the_allowlist_behaviour ... ok
[INFO] [stdout] test sms::tests::is_configured_requires_the_fields_the_provider_arm_needs ... ok
[INFO] [stdout] test security::payment_provider_secrets::tests::a_legacy_plaintext_row_is_read_through_and_an_empty_slot_is_empty ... ok
[INFO] [stdout] test sms::tests::normalize_phone_accepts_e164_and_refuses_guesses ... ok
[INFO] [stdout] test security::webhook_security::tests::test_validate_webhook_url_exact_match ... ok
[INFO] [stdout] test rate_limit::tests::complete_body_reaches_the_handler_unchanged ... ok
[INFO] [stdout] test rate_limit::tests::body_over_the_default_limit_is_rejected_413 ... ok
[INFO] [stdout] test n8n_converter::tests::the_tenant_destination_census_excludes_app_callbacks_and_expressions ... ok
[INFO] [stdout] test rate_limit::tests::stalled_body_is_answered_408_within_the_deadline ... ok
[INFO] [stdout] test handlers::site_handler::tests::a_blank_legal_value_is_skipped_never_rendered ... FAILED
[INFO] [stdout] test execution::tests::a_public_destination_is_allowed_and_a_loopback_one_is_refused ... FAILED
[INFO] [stdout] test execution::tests::a_broken_lookup_fails_the_step_while_the_pre_fix_shape_looked_like_success ... ok
[INFO] [stdout] test handlers::industry_handler::tests::a_failing_series_lookup_is_an_error_not_an_empty_widget ... ok
[INFO] [stdout] test auth::api_key_auth::tests::only_a_usable_argon2_phc_string_is_a_credential ... ok
[INFO] [stdout] test auth::api_key_auth::tests::off_reactor_verification_keeps_the_runtime_responsive ... ok
[INFO] [stdout] test auth::api_key_auth::tests::argon2_verify_decides_correctly_from_the_blocking_pool ... ok
[INFO] [stdout] test auth::api_key_auth::tests::argon2_hash_round_trips_off_the_reactor ... ok
[INFO] [stdout] test auth::api_key_auth::tests::off_reactor_hashing_keeps_the_runtime_responsive ... ok
[INFO] [stdout] 
[INFO] [stdout] failures:
[INFO] [stdout] 
[INFO] [stdout] ---- handlers::site_handler::tests::a_blank_legal_value_is_skipped_never_rendered stdout ----
[INFO] [stdout] 
[INFO] [stdout] thread 'handlers::site_handler::tests::a_blank_legal_value_is_skipped_never_rendered' (3467) panicked at src/handlers/site_handler.rs:1079:9:
[INFO] [stdout] assertion `left == right` failed
[INFO] [stdout]   left: 0
[INFO] [stdout]  right: 3
[INFO] [stdout] stack backtrace:
[INFO] [stdout]    0:     0x63f415db8a41 - std[70759c8f55707aa4]::backtrace_rs::backtrace::libunwind::trace
[INFO] [stdout]                                at /rustc/dfb0accb7f508ae8be965d8629557221c889dd98/library/std/src/../../backtrace/src/backtrace/libunwind.rs:117:9
[INFO] [stdout]    1:     0x63f415db8a41 - std[70759c8f55707aa4]::backtrace_rs::backtrace::trace_unsynchronized::<std[70759c8f55707aa4]::sys::backtrace::_print_fmt::{closure#1}>
[INFO] [stdout]                                at /rustc/dfb0accb7f508ae8be965d8629557221c889dd98/library/std/src/../../backtrace/src/backtrace/mod.rs:66:14
[INFO] [stdout]    2:     0x63f415db8a41 - std[70759c8f55707aa4]::sys::backtrace::_print_fmt
[INFO] [stdout]                                at /rustc/dfb0accb7f508ae8be965d8629557221c889dd98/library/std/src/sys/backtrace.rs:74:9
[INFO] [stdout]    3:     0x63f415db8a41 - <<std[70759c8f55707aa4]::sys::backtrace::BacktraceLock>::print::DisplayBacktrace as core[df12db4294e9bfd3]::fmt::Display>::fmt
[INFO] [stdout]                                at /rustc/dfb0accb7f508ae8be965d8629557221c889dd98/library/std/src/sys/backtrace.rs:44:26
[INFO] [stdout]    4:     0x63f415dd141a - <core[df12db4294e9bfd3]::fmt::rt::Argument>::fmt
[INFO] [stdout]                                at /rustc/dfb0accb7f508ae8be965d8629557221c889dd98/library/core/src/fmt/rt.rs:152:76
[INFO] [stdout]    5:     0x63f415dd141a - core[df12db4294e9bfd3]::fmt::write
[INFO] [stdout]    6:     0x63f415dbdbfc - core[df12db4294e9bfd3]::io::write::default_write_fmt::<alloc[2182bb758b4b3781]::vec::Vec<u8>>
[INFO] [stdout]                                at /rustc/dfb0accb7f508ae8be965d8629557221c889dd98/library/core/src/io/write.rs:402:11
[INFO] [stdout]    7:     0x63f415dbdbfc - <alloc[2182bb758b4b3781]::vec::Vec<u8> as core[df12db4294e9bfd3]::io::write::Write>::write_fmt
[INFO] [stdout]                                at /rustc/dfb0accb7f508ae8be965d8629557221c889dd98/library/core/src/io/write.rs:335:13
[INFO] [stdout]    8:     0x63f415d92d06 - <std[70759c8f55707aa4]::sys::backtrace::BacktraceLock>::print
[INFO] [stdout]                                at /rustc/dfb0accb7f508ae8be965d8629557221c889dd98/library/std/src/sys/backtrace.rs:47:9
[INFO] [stdout]    9:     0x63f415d92d06 - std[70759c8f55707aa4]::panicking::default_hook::{closure#0}
[INFO] [stdout]                                at /rustc/dfb0accb7f508ae8be965d8629557221c889dd98/library/std/src/panicking.rs:292:27
[INFO] [stdout]   10:     0x63f415dafed9 - std[70759c8f55707aa4]::panicking::default_hook
[INFO] [stdout]                                at /rustc/dfb0accb7f508ae8be965d8629557221c889dd98/library/std/src/panicking.rs:316:9
[INFO] [stdout]   11:     0x63f415580730 - <alloc[2182bb758b4b3781]::boxed::Box<dyn for<'a, 'b> core[df12db4294e9bfd3]::ops::function::Fn<(&'a std[70759c8f55707aa4]::panic::PanicHookInfo<'b>,), Output = ()> + core[df12db4294e9bfd3]::marker::Send + core[df12db4294e9bfd3]::marker::Sync> as core[df12db4294e9bfd3]::ops::function::Fn<(&std[70759c8f55707aa4]::panic::PanicHookInfo,)>>::call
[INFO] [stdout]                                at /rustc/dfb0accb7f508ae8be965d8629557221c889dd98/library/alloc/src/boxed.rs:2334:9
[INFO] [stdout]   12:     0x63f415580730 - test[9d35eded1c95d3be]::test_main_inner::<test[9d35eded1c95d3be]::test_main_static::{closure#0}>::{closure#0}
[INFO] [stdout]                                at /rustc/dfb0accb7f508ae8be965d8629557221c889dd98/library/test/src/lib.rs:155:21
[INFO] [stdout]   13:     0x63f415db0202 - <alloc[2182bb758b4b3781]::boxed::Box<dyn for<'a, 'b> core[df12db4294e9bfd3]::ops::function::Fn<(&'a std[70759c8f55707aa4]::panic::PanicHookInfo<'b>,), Output = ()> + core[df12db4294e9bfd3]::marker::Send + core[df12db4294e9bfd3]::marker::Sync> as core[df12db4294e9bfd3]::ops::function::Fn<(&std[70759c8f55707aa4]::panic::PanicHookInfo,)>>::call
[INFO] [stdout]                                at /rustc/dfb0accb7f508ae8be965d8629557221c889dd98/library/alloc/src/boxed.rs:2334:9
[INFO] [stdout]   14:     0x63f415db0202 - std[70759c8f55707aa4]::panicking::panic_with_hook
[INFO] [stdout]                                at /rustc/dfb0accb7f508ae8be965d8629557221c889dd98/library/std/src/panicking.rs:823:13
[INFO] [stdout]   15:     0x63f415d92db2 - std[70759c8f55707aa4]::panicking::panic_handler::{closure#0}
[INFO] [stdout]                                at /rustc/dfb0accb7f508ae8be965d8629557221c889dd98/library/std/src/panicking.rs:688:13
[INFO] [stdout]   16:     0x63f415d8b829 - std[70759c8f55707aa4]::sys::backtrace::__rust_end_short_backtrace::<std[70759c8f55707aa4]::panicking::panic_handler::{closure#0}, !>
[INFO] [stdout]                                at /rustc/dfb0accb7f508ae8be965d8629557221c889dd98/library/std/src/sys/backtrace.rs:182:18
[INFO] [stdout]   17:     0x63f415d93b9d - __rustc[8fa7c3cbc660c2b3]::rust_begin_unwind
[INFO] [stdout]                                at /rustc/dfb0accb7f508ae8be965d8629557221c889dd98/library/std/src/panicking.rs:679:5
[INFO] [stdout]   18:     0x63f415dd1c6c - core[df12db4294e9bfd3]::panicking::panic_fmt
[INFO] [stdout]                                at /rustc/dfb0accb7f508ae8be965d8629557221c889dd98/library/core/src/panicking.rs:80:14
[INFO] [stdout]   19:     0x63f415dd1ad3 - core[df12db4294e9bfd3]::panicking::assert_failed_inner
[INFO] [stdout]                                at /rustc/dfb0accb7f508ae8be965d8629557221c889dd98/library/core/src/panicking.rs:452:17
[INFO] [stdout]   20:     0x63f415dcbf5d - core[df12db4294e9bfd3]::panicking::assert_failed::<usize, usize>
[INFO] [stdout]                                at /rustc/dfb0accb7f508ae8be965d8629557221c889dd98/library/core/src/panicking.rs:407:5
[INFO] [stdout]   21:     0x63f41537c67f - workflowswift_api[8bdce7e68139b8ba]::handlers::site_handler::tests::a_blank_legal_value_is_skipped_never_rendered
[INFO] [stdout]                                at /opt/rustwide/workdir/src/handlers/site_handler.rs:1079:9
[INFO] [stdout]   22:     0x63f415348247 - workflowswift_api[8bdce7e68139b8ba]::handlers::site_handler::tests::a_blank_legal_value_is_skipped_never_rendered::{closure#0}
[INFO] [stdout]                                at /opt/rustwide/workdir/src/handlers/site_handler.rs:1069:55
[INFO] [stdout]   23:     0x63f415334666 - <workflowswift_api[8bdce7e68139b8ba]::handlers::site_handler::tests::a_blank_legal_value_is_skipped_never_rendered::{closure#0} as core[df12db4294e9bfd3]::ops::function::FnOnce<()>>::call_once
[INFO] [stdout]                                at /rustc/dfb0accb7f508ae8be965d8629557221c889dd98/library/core/src/ops/function.rs:250:5
[INFO] [stdout]   24:     0x63f415573a1b - <fn() -> core[df12db4294e9bfd3]::result::Result<(), alloc[2182bb758b4b3781]::string::String> as core[df12db4294e9bfd3]::ops::function::FnOnce<()>>::call_once
[INFO] [stdout]                                at /rustc/dfb0accb7f508ae8be965d8629557221c889dd98/library/core/src/ops/function.rs:250:5
[INFO] [stdout]   25:     0x63f415573a1b - test[9d35eded1c95d3be]::__rust_begin_short_backtrace::<core[df12db4294e9bfd3]::result::Result<(), alloc[2182bb758b4b3781]::string::String>, fn() -> core[df12db4294e9bfd3]::result::Result<(), alloc[2182bb758b4b3781]::string::String>>
[INFO] [stdout]                                at /rustc/dfb0accb7f508ae8be965d8629557221c889dd98/library/test/src/lib.rs:733:18
[INFO] [stdout]   26:     0x63f415581085 - test[9d35eded1c95d3be]::run_test_in_process::{closure#0}
[INFO] [stdout]                                at /rustc/dfb0accb7f508ae8be965d8629557221c889dd98/library/test/src/lib.rs:756:74
[INFO] [stdout]   27:     0x63f415581085 - <core[df12db4294e9bfd3]::panic::unwind_safe::AssertUnwindSafe<test[9d35eded1c95d3be]::run_test_in_process::{closure#0}> as core[df12db4294e9bfd3]::ops::function::FnOnce<()>>::call_once
[INFO] [stdout]                                at /rustc/dfb0accb7f508ae8be965d8629557221c889dd98/library/core/src/panic/unwind_safe.rs:275:9
[INFO] [stdout]   28:     0x63f415581085 - std[70759c8f55707aa4]::panicking::catch_unwind::do_call::<core[df12db4294e9bfd3]::panic::unwind_safe::AssertUnwindSafe<test[9d35eded1c95d3be]::run_test_in_process::{closure#0}>, core[df12db4294e9bfd3]::result::Result<(), alloc[2182bb758b4b3781]::string::String>>
[INFO] [stdout]                                at /rustc/dfb0accb7f508ae8be965d8629557221c889dd98/library/std/src/panicking.rs:576:43
[INFO] [stdout]   29:     0x63f415581085 - std[70759c8f55707aa4]::panicking::catch_unwind::<core[df12db4294e9bfd3]::result::Result<(), alloc[2182bb758b4b3781]::string::String>, core[df12db4294e9bfd3]::panic::unwind_safe::AssertUnwindSafe<test[9d35eded1c95d3be]::run_test_in_process::{closure#0}>>
[INFO] [stdout]                                at /rustc/dfb0accb7f508ae8be965d8629557221c889dd98/library/std/src/panicking.rs:544:19
[INFO] [stdout]   30:     0x63f415581085 - std[70759c8f55707aa4]::panic::catch_unwind::<core[df12db4294e9bfd3]::panic::unwind_safe::AssertUnwindSafe<test[9d35eded1c95d3be]::run_test_in_process::{closure#0}>, core[df12db4294e9bfd3]::result::Result<(), alloc[2182bb758b4b3781]::string::String>>
[INFO] [stdout]                                at /rustc/dfb0accb7f508ae8be965d8629557221c889dd98/library/std/src/panic.rs:359:14
[INFO] [stdout]   31:     0x63f415581085 - test[9d35eded1c95d3be]::run_test_in_process
[INFO] [stdout]                                at /rustc/dfb0accb7f508ae8be965d8629557221c889dd98/library/test/src/lib.rs:756:27
[INFO] [stdout]   32:     0x63f415581085 - test[9d35eded1c95d3be]::run_test::{closure#0}
[INFO] [stdout]                                at /rustc/dfb0accb7f508ae8be965d8629557221c889dd98/library/test/src/lib.rs:677:43
[INFO] [stdout]   33:     0x63f41557a944 - test[9d35eded1c95d3be]::run_test::{closure#1}
[INFO] [stdout]                                at /rustc/dfb0accb7f508ae8be965d8629557221c889dd98/library/test/src/lib.rs:707:41
[INFO] [stdout]   34:     0x63f41557a944 - std[70759c8f55707aa4]::sys::backtrace::__rust_begin_short_backtrace::<test[9d35eded1c95d3be]::run_test::{closure#1}, ()>
[INFO] [stdout]                                at /rustc/dfb0accb7f508ae8be965d8629557221c889dd98/library/std/src/sys/backtrace.rs:166:18
[INFO] [stdout]   35:     0x63f4155841e2 - std[70759c8f55707aa4]::thread::lifecycle::spawn_unchecked::<test[9d35eded1c95d3be]::run_test::{closure#1}, ()>::{closure#1}::{closure#0}
[INFO] [stdout]                                at /rustc/dfb0accb7f508ae8be965d8629557221c889dd98/library/std/src/thread/lifecycle.rs:70:13
[INFO] [stdout]   36:     0x63f4155841e2 - <core[df12db4294e9bfd3]::panic::unwind_safe::AssertUnwindSafe<std[70759c8f55707aa4]::thread::lifecycle::spawn_unchecked<test[9d35eded1c95d3be]::run_test::{closure#1}, ()>::{closure#1}::{closure#0}> as core[df12db4294e9bfd3]::ops::function::FnOnce<()>>::call_once
[INFO] [stdout]                                at /rustc/dfb0accb7f508ae8be965d8629557221c889dd98/library/core/src/panic/unwind_safe.rs:275:9
[INFO] [stdout]   37:     0x63f4155841e2 - std[70759c8f55707aa4]::panicking::catch_unwind::do_call::<core[df12db4294e9bfd3]::panic::unwind_safe::AssertUnwindSafe<std[70759c8f55707aa4]::thread::lifecycle::spawn_unchecked<test[9d35eded1c95d3be]::run_test::{closure#1}, ()>::{closure#1}::{closure#0}>, ()>
[INFO] [stdout]                                at /rustc/dfb0accb7f508ae8be965d8629557221c889dd98/library/std/src/panicking.rs:576:43
[INFO] [stdout]   38:     0x63f4155841e2 - std[70759c8f55707aa4]::panicking::catch_unwind::<(), core[df12db4294e9bfd3]::panic::unwind_safe::AssertUnwindSafe<std[70759c8f55707aa4]::thread::lifecycle::spawn_unchecked<test[9d35eded1c95d3be]::run_test::{closure#1}, ()>::{closure#1}::{closure#0}>>
[INFO] [stdout]                                at /rustc/dfb0accb7f508ae8be965d8629557221c889dd98/library/std/src/panicking.rs:544:19
[INFO] [stdout]   39:     0x63f4155841e2 - std[70759c8f55707aa4]::panic::catch_unwind::<core[df12db4294e9bfd3]::panic::unwind_safe::AssertUnwindSafe<std[70759c8f55707aa4]::thread::lifecycle::spawn_unchecked<test[9d35eded1c95d3be]::run_test::{closure#1}, ()>::{closure#1}::{closure#0}>, ()>
[INFO] [stdout]                                at /rustc/dfb0accb7f508ae8be965d8629557221c889dd98/library/std/src/panic.rs:359:14
[INFO] [stdout]   40:     0x63f4155841e2 - std[70759c8f55707aa4]::thread::lifecycle::spawn_unchecked::<test[9d35eded1c95d3be]::run_test::{closure#1}, ()>::{closure#1}
[INFO] [stdout]                                at /rustc/dfb0accb7f508ae8be965d8629557221c889dd98/library/std/src/thread/lifecycle.rs:68:26
[INFO] [stdout]   41:     0x63f4155841e2 - <std[70759c8f55707aa4]::thread::lifecycle::spawn_unchecked<test[9d35eded1c95d3be]::run_test::{closure#1}, ()>::{closure#1} as core[df12db4294e9bfd3]::ops::function::FnOnce<()>>::call_once::{shim:vtable#0}
[INFO] [stdout]                                at /rustc/dfb0accb7f508ae8be965d8629557221c889dd98/library/core/src/ops/function.rs:250:5
[INFO] [stdout]   42:     0x63f415db76e9 - <alloc[2182bb758b4b3781]::boxed::Box<dyn core[df12db4294e9bfd3]::ops::function::FnOnce<(), Output = ()> + core[df12db4294e9bfd3]::marker::Send> as core[df12db4294e9bfd3]::ops::function::FnOnce<()>>::call_once
[INFO] [stdout]                                at /rustc/dfb0accb7f508ae8be965d8629557221c889dd98/library/alloc/src/boxed.rs:2320:9
[INFO] [stdout]   43:     0x63f415db76e9 - <std[70759c8f55707aa4]::sys::thread::unix::Thread>::new::thread_start
[INFO] [stdout]                                at /rustc/dfb0accb7f508ae8be965d8629557221c889dd98/library/std/src/sys/thread/unix.rs:123:17
[INFO] [stdout]   44:     0x75a050277dfa - <unknown>
[INFO] [stdout]   45:     0x75a05030b3d4 - clone
[INFO] [stdout]   46:                0x0 - <unknown>
[INFO] [stdout] 
[INFO] [stdout] ---- execution::tests::a_public_destination_is_allowed_and_a_loopback_one_is_refused stdout ----
[INFO] [stdout] 
[INFO] [stdout] thread 'execution::tests::a_public_destination_is_allowed_and_a_loopback_one_is_refused' (3436) panicked at src/execution.rs:2590:9:
[INFO] [stdout] assertion failed: gate_step_destination("https://example.com/hook").await.is_ok()
[INFO] [stdout] stack backtrace:
[INFO] [stdout]    0:     0x63f415db8a41 - std[70759c8f55707aa4]::backtrace_rs::backtrace::libunwind::trace
[INFO] [stdout]                                at /rustc/dfb0accb7f508ae8be965d8629557221c889dd98/library/std/src/../../backtrace/src/backtrace/libunwind.rs:117:9
[INFO] [stdout]    1:     0x63f415db8a41 - std[70759c8f55707aa4]::backtrace_rs::backtrace::trace_unsynchronized::<std[70759c8f55707aa4]::sys::backtrace::_print_fmt::{closure#1}>
[INFO] [stdout]                                at /rustc/dfb0accb7f508ae8be965d8629557221c889dd98/library/std/src/../../backtrace/src/backtrace/mod.rs:66:14
[INFO] [stdout]    2:     0x63f415db8a41 - std[70759c8f55707aa4]::sys::backtrace::_print_fmt
[INFO] [stdout]                                at /rustc/dfb0accb7f508ae8be965d8629557221c889dd98/library/std/src/sys/backtrace.rs:74:9
[INFO] [stdout]    3:     0x63f415db8a41 - <<std[70759c8f55707aa4]::sys::backtrace::BacktraceLock>::print::DisplayBacktrace as core[df12db4294e9bfd3]::fmt::Display>::fmt
[INFO] [stdout]                                at /rustc/dfb0accb7f508ae8be965d8629557221c889dd98/library/std/src/sys/backtrace.rs:44:26
[INFO] [stdout]    4:     0x63f415dd141a - <core[df12db4294e9bfd3]::fmt::rt::Argument>::fmt
[INFO] [stdout]                                at /rustc/dfb0accb7f508ae8be965d8629557221c889dd98/library/core/src/fmt/rt.rs:152:76
[INFO] [stdout]    5:     0x63f415dd141a - core[df12db4294e9bfd3]::fmt::write
[INFO] [stdout]    6:     0x63f415dbdbfc - core[df12db4294e9bfd3]::io::write::default_write_fmt::<alloc[2182bb758b4b3781]::vec::Vec<u8>>
[INFO] [stdout]                                at /rustc/dfb0accb7f508ae8be965d8629557221c889dd98/library/core/src/io/write.rs:402:11
[INFO] [stdout]    7:     0x63f415dbdbfc - <alloc[2182bb758b4b3781]::vec::Vec<u8> as core[df12db4294e9bfd3]::io::write::Write>::write_fmt
[INFO] [stdout]                                at /rustc/dfb0accb7f508ae8be965d8629557221c889dd98/library/core/src/io/write.rs:335:13
[INFO] [stdout]    8:     0x63f415d92d06 - <std[70759c8f55707aa4]::sys::backtrace::BacktraceLock>::print
[INFO] [stdout]                                at /rustc/dfb0accb7f508ae8be965d8629557221c889dd98/library/std/src/sys/backtrace.rs:47:9
[INFO] [stdout]    9:     0x63f415d92d06 - std[70759c8f55707aa4]::panicking::default_hook::{closure#0}
[INFO] [stdout]                                at /rustc/dfb0accb7f508ae8be965d8629557221c889dd98/library/std/src/panicking.rs:292:27
[INFO] [stdout]   10:     0x63f415dafed9 - std[70759c8f55707aa4]::panicking::default_hook
[INFO] [stdout]                                at /rustc/dfb0accb7f508ae8be965d8629557221c889dd98/library/std/src/panicking.rs:316:9
[INFO] [stdout]   11:     0x63f415580730 - <alloc[2182bb758b4b3781]::boxed::Box<dyn for<'a, 'b> core[df12db4294e9bfd3]::ops::function::Fn<(&'a std[70759c8f55707aa4]::panic::PanicHookInfo<'b>,), Output = ()> + core[df12db4294e9bfd3]::marker::Send + core[df12db4294e9bfd3]::marker::Sync> as core[df12db4294e9bfd3]::ops::function::Fn<(&std[70759c8f55707aa4]::panic::PanicHookInfo,)>>::call
[INFO] [stdout]                                at /rustc/dfb0accb7f508ae8be965d8629557221c889dd98/library/alloc/src/boxed.rs:2334:9
[INFO] [stdout]   12:     0x63f415580730 - test[9d35eded1c95d3be]::test_main_inner::<test[9d35eded1c95d3be]::test_main_static::{closure#0}>::{closure#0}
[INFO] [stdout]                                at /rustc/dfb0accb7f508ae8be965d8629557221c889dd98/library/test/src/lib.rs:155:21
[INFO] [stdout]   13:     0x63f415db0202 - <alloc[2182bb758b4b3781]::boxed::Box<dyn for<'a, 'b> core[df12db4294e9bfd3]::ops::function::Fn<(&'a std[70759c8f55707aa4]::panic::PanicHookInfo<'b>,), Output = ()> + core[df12db4294e9bfd3]::marker::Send + core[df12db4294e9bfd3]::marker::Sync> as core[df12db4294e9bfd3]::ops::function::Fn<(&std[70759c8f55707aa4]::panic::PanicHookInfo,)>>::call
[INFO] [stdout]                                at /rustc/dfb0accb7f508ae8be965d8629557221c889dd98/library/alloc/src/boxed.rs:2334:9
[INFO] [stdout]   14:     0x63f415db0202 - std[70759c8f55707aa4]::panicking::panic_with_hook
[INFO] [stdout]                                at /rustc/dfb0accb7f508ae8be965d8629557221c889dd98/library/std/src/panicking.rs:823:13
[INFO] [stdout]   15:     0x63f415d92de4 - std[70759c8f55707aa4]::panicking::panic_handler::{closure#0}
[INFO] [stdout]                                at /rustc/dfb0accb7f508ae8be965d8629557221c889dd98/library/std/src/panicking.rs:681:13
[INFO] [stdout]   16:     0x63f415d8b829 - std[70759c8f55707aa4]::sys::backtrace::__rust_end_short_backtrace::<std[70759c8f55707aa4]::panicking::panic_handler::{closure#0}, !>
[INFO] [stdout]                                at /rustc/dfb0accb7f508ae8be965d8629557221c889dd98/library/std/src/sys/backtrace.rs:182:18
[INFO] [stdout]   17:     0x63f415d93b9d - __rustc[8fa7c3cbc660c2b3]::rust_begin_unwind
[INFO] [stdout]                                at /rustc/dfb0accb7f508ae8be965d8629557221c889dd98/library/std/src/panicking.rs:679:5
[INFO] [stdout]   18:     0x63f415dd1c6c - core[df12db4294e9bfd3]::panicking::panic_fmt
[INFO] [stdout]                                at /rustc/dfb0accb7f508ae8be965d8629557221c889dd98/library/core/src/panicking.rs:80:14
[INFO] [stdout]   19:     0x63f415dd1c32 - core[df12db4294e9bfd3]::panicking::panic
[INFO] [stdout]                                at /rustc/dfb0accb7f508ae8be965d8629557221c889dd98/library/core/src/panicking.rs:150:5
[INFO] [stdout]   20:     0x63f415341702 - workflowswift_api[8bdce7e68139b8ba]::execution::tests::a_public_destination_is_allowed_and_a_loopback_one_is_refused::{closure#0}
[INFO] [stdout]                                at /opt/rustwide/workdir/src/execution.rs:2590:9
[INFO] [stdout]   21:     0x63f4153faf92 - <core[df12db4294e9bfd3]::pin::Pin<&mut dyn core[df12db4294e9bfd3]::future::future::Future<Output = ()>> as core[df12db4294e9bfd3]::future::future::Future>::poll
[INFO] [stdout]                                at /rustc/dfb0accb7f508ae8be965d8629557221c889dd98/library/core/src/future/future.rs:133:9
[INFO] [stdout]   22:     0x63f4153fb00d - <core[df12db4294e9bfd3]::pin::Pin<&mut core[df12db4294e9bfd3]::pin::Pin<&mut dyn core[df12db4294e9bfd3]::future::future::Future<Output = ()>>> as core[df12db4294e9bfd3]::future::future::Future>::poll
[INFO] [stdout]                                at /rustc/dfb0accb7f508ae8be965d8629557221c889dd98/library/core/src/future/future.rs:133:9
[INFO] [stdout]   23:     0x63f4153f0fbd - <tokio[d071dd659d9ec510]::runtime::scheduler::current_thread::CoreGuard>::block_on::<core[df12db4294e9bfd3]::pin::Pin<&mut core[df12db4294e9bfd3]::pin::Pin<&mut dyn core[df12db4294e9bfd3]::future::future::Future<Output = ()>>>>::{closure#0}::{closure#0}::{closure#0}
[INFO] [stdout]                                at /opt/rustwide/cargo-home/registry/src/index.crates.io-1949cf8c6b5b557f/tokio-1.53.1/src/runtime/scheduler/current_thread/mod.rs:830:70
[INFO] [stdout]   24:     0x63f4153f0ef5 - tokio[d071dd659d9ec510]::task::coop::with_budget::<core[df12db4294e9bfd3]::task::poll::Poll<()>, <tokio[d071dd659d9ec510]::runtime::scheduler::current_thread::CoreGuard>::block_on<core[df12db4294e9bfd3]::pin::Pin<&mut core[df12db4294e9bfd3]::pin::Pin<&mut dyn core[df12db4294e9bfd3]::future::future::Future<Output = ()>>>>::{closure#0}::{closure#0}::{closure#0}>
[INFO] [stdout]                                at /opt/rustwide/cargo-home/registry/src/index.crates.io-1949cf8c6b5b557f/tokio-1.53.1/src/task/coop/mod.rs:167:5
[INFO] [stdout]   25:     0x63f4153f0ef5 - tokio[d071dd659d9ec510]::task::coop::budget::<core[df12db4294e9bfd3]::task::poll::Poll<()>, <tokio[d071dd659d9ec510]::runtime::scheduler::current_thread::CoreGuard>::block_on<core[df12db4294e9bfd3]::pin::Pin<&mut core[df12db4294e9bfd3]::pin::Pin<&mut dyn core[df12db4294e9bfd3]::future::future::Future<Output = ()>>>>::{closure#0}::{closure#0}::{closure#0}>
[INFO] [stdout]                                at /opt/rustwide/cargo-home/registry/src/index.crates.io-1949cf8c6b5b557f/tokio-1.53.1/src/task/coop/mod.rs:133:5
[INFO] [stdout]   26:     0x63f4153f0ef5 - <tokio[d071dd659d9ec510]::runtime::scheduler::current_thread::CoreGuard>::block_on::<core[df12db4294e9bfd3]::pin::Pin<&mut core[df12db4294e9bfd3]::pin::Pin<&mut dyn core[df12db4294e9bfd3]::future::future::Future<Output = ()>>>>::{closure#0}::{closure#0}
[INFO] [stdout]                                at /opt/rustwide/cargo-home/registry/src/index.crates.io-1949cf8c6b5b557f/tokio-1.53.1/src/runtime/scheduler/current_thread/mod.rs:830:25
[INFO] [stdout]   27:     0x63f4153d1f72 - <tokio[d071dd659d9ec510]::runtime::scheduler::current_thread::Context>::enter::<core[df12db4294e9bfd3]::task::poll::Poll<()>, <tokio[d071dd659d9ec510]::runtime::scheduler::current_thread::CoreGuard>::block_on<core[df12db4294e9bfd3]::pin::Pin<&mut core[df12db4294e9bfd3]::pin::Pin<&mut dyn core[df12db4294e9bfd3]::future::future::Future<Output = ()>>>>::{closure#0}::{closure#0}>
[INFO] [stdout]                                at /opt/rustwide/cargo-home/registry/src/index.crates.io-1949cf8c6b5b557f/tokio-1.53.1/src/runtime/scheduler/current_thread/mod.rs:488:19
[INFO] [stdout]   28:     0x63f4153f03ad - <tokio[d071dd659d9ec510]::runtime::scheduler::current_thread::CoreGuard>::block_on::<core[df12db4294e9bfd3]::pin::Pin<&mut core[df12db4294e9bfd3]::pin::Pin<&mut dyn core[df12db4294e9bfd3]::future::future::Future<Output = ()>>>>::{closure#0}
[INFO] [stdout]                                at /opt/rustwide/cargo-home/registry/src/index.crates.io-1949cf8c6b5b557f/tokio-1.53.1/src/runtime/scheduler/current_thread/mod.rs:829:44
[INFO] [stdout]   29:     0x63f4153ef644 - <tokio[d071dd659d9ec510]::runtime::scheduler::current_thread::CoreGuard>::enter::<<tokio[d071dd659d9ec510]::runtime::scheduler::current_thread::CoreGuard>::block_on<core[df12db4294e9bfd3]::pin::Pin<&mut core[df12db4294e9bfd3]::pin::Pin<&mut dyn core[df12db4294e9bfd3]::future::future::Future<Output = ()>>>>::{closure#0}, core[df12db4294e9bfd3]::option::Option<()>>::{closure#0}
[INFO] [stdout]                                at /opt/rustwide/cargo-home/registry/src/index.crates.io-1949cf8c6b5b557f/tokio-1.53.1/src/runtime/scheduler/current_thread/mod.rs:906:68
[INFO] [stdout]   30:     0x63f415335f1b - <tokio[d071dd659d9ec510]::runtime::context::scoped::Scoped<tokio[d071dd659d9ec510]::runtime::scheduler::Context>>::set::<<tokio[d071dd659d9ec510]::runtime::scheduler::current_thread::CoreGuard>::enter<<tokio[d071dd659d9ec510]::runtime::scheduler::current_thread::CoreGuard>::block_on<core[df12db4294e9bfd3]::pin::Pin<&mut core[df12db4294e9bfd3]::pin::Pin<&mut dyn core[df12db4294e9bfd3]::future::future::Future<Output = ()>>>>::{closure#0}, core[df12db4294e9bfd3]::option::Option<()>>::{closure#0}, (alloc[2182bb758b4b3781]::boxed::Box<tokio[d071dd659d9ec510]::runtime::scheduler::current_thread::Core>, core[df12db4294e9bfd3]::option::Option<()>)>
[INFO] [stdout]                                at /opt/rustwide/cargo-home/registry/src/index.crates.io-1949cf8c6b5b557f/tokio-1.53.1/src/runtime/context/scoped.rs:40:9
[INFO] [stdout]   31:     0x63f4153307e9 - tokio[d071dd659d9ec510]::runtime::context::set_scheduler::<(alloc[2182bb758b4b3781]::boxed::Box<tokio[d071dd659d9ec510]::runtime::scheduler::current_thread::Core>, core[df12db4294e9bfd3]::option::Option<()>), <tokio[d071dd659d9ec510]::runtime::scheduler::current_thread::CoreGuard>::enter<<tokio[d071dd659d9ec510]::runtime::scheduler::current_thread::CoreGuard>::block_on<core[df12db4294e9bfd3]::pin::Pin<&mut core[df12db4294e9bfd3]::pin::Pin<&mut dyn core[df12db4294e9bfd3]::future::future::Future<Output = ()>>>>::{closure#0}, core[df12db4294e9bfd3]::option::Option<()>>::{closure#0}>::{closure#0}
[INFO] [stdout]                                at /opt/rustwide/cargo-home/registry/src/index.crates.io-1949cf8c6b5b557f/tokio-1.53.1/src/runtime/context.rs:187:38
[INFO] [stdout]   32:     0x63f415387baf - <std[70759c8f55707aa4]::thread::local::LocalKey<tokio[d071dd659d9ec510]::runtime::context::Context>>::try_with::<tokio[d071dd659d9ec510]::runtime::context::set_scheduler<(alloc[2182bb758b4b3781]::boxed::Box<tokio[d071dd659d9ec510]::runtime::scheduler::current_thread::Core>, core[df12db4294e9bfd3]::option::Option<()>), <tokio[d071dd659d9ec510]::runtime::scheduler::current_thread::CoreGuard>::enter<<tokio[d071dd659d9ec510]::runtime::scheduler::current_thread::CoreGuard>::block_on<core[df12db4294e9bfd3]::pin::Pin<&mut core[df12db4294e9bfd3]::pin::Pin<&mut dyn core[df12db4294e9bfd3]::future::future::Future<Output = ()>>>>::{closure#0}, core[df12db4294e9bfd3]::option::Option<()>>::{closure#0}>::{closure#0}, (alloc[2182bb758b4b3781]::boxed::Box<tokio[d071dd659d9ec510]::runtime::scheduler::current_thread::Core>, core[df12db4294e9bfd3]::option::Option<()>)>
[INFO] [stdout]                                at /rustc/dfb0accb7f508ae8be965d8629557221c889dd98/library/std/src/thread/local.rs:463:12
[INFO] [stdout]   33:     0x63f41538775e - <std[70759c8f55707aa4]::thread::local::LocalKey<tokio[d071dd659d9ec510]::runtime::context::Context>>::with::<tokio[d071dd659d9ec510]::runtime::context::set_scheduler<(alloc[2182bb758b4b3781]::boxed::Box<tokio[d071dd659d9ec510]::runtime::scheduler::current_thread::Core>, core[df12db4294e9bfd3]::option::Option<()>), <tokio[d071dd659d9ec510]::runtime::scheduler::current_thread::CoreGuard>::enter<<tokio[d071dd659d9ec510]::runtime::scheduler::current_thread::CoreGuard>::block_on<core[df12db4294e9bfd3]::pin::Pin<&mut core[df12db4294e9bfd3]::pin::Pin<&mut dyn core[df12db4294e9bfd3]::future::future::Future<Output = ()>>>>::{closure#0}, core[df12db4294e9bfd3]::option::Option<()>>::{closure#0}>::{closure#0}, (alloc[2182bb758b4b3781]::boxed::Box<tokio[d071dd659d9ec510]::runtime::scheduler::current_thread::Core>, core[df12db4294e9bfd3]::option::Option<()>)>
[INFO] [stdout]                                at /rustc/dfb0accb7f508ae8be965d8629557221c889dd98/library/std/src/thread/local.rs:427:20
[INFO] [stdout]   34:     0x63f41532df3d - tokio[d071dd659d9ec510]::runtime::context::set_scheduler::<(alloc[2182bb758b4b3781]::boxed::Box<tokio[d071dd659d9ec510]::runtime::scheduler::current_thread::Core>, core[df12db4294e9bfd3]::option::Option<()>), <tokio[d071dd659d9ec510]::runtime::scheduler::current_thread::CoreGuard>::enter<<tokio[d071dd659d9ec510]::runtime::scheduler::current_thread::CoreGuard>::block_on<core[df12db4294e9bfd3]::pin::Pin<&mut core[df12db4294e9bfd3]::pin::Pin<&mut dyn core[df12db4294e9bfd3]::future::future::Future<Output = ()>>>>::{closure#0}, core[df12db4294e9bfd3]::option::Option<()>>::{closure#0}>
[INFO] [stdout]                                at /opt/rustwide/cargo-home/registry/src/index.crates.io-1949cf8c6b5b557f/tokio-1.53.1/src/runtime/context.rs:187:17
[INFO] [stdout]   35:     0x63f4153dbef0 - <tokio[d071dd659d9ec510]::runtime::scheduler::current_thread::CoreGuard>::enter::<<tokio[d071dd659d9ec510]::runtime::scheduler::current_thread::CoreGuard>::block_on<core[df12db4294e9bfd3]::pin::Pin<&mut core[df12db4294e9bfd3]::pin::Pin<&mut dyn core[df12db4294e9bfd3]::future::future::Future<Output = ()>>>>::{closure#0}, core[df12db4294e9bfd3]::option::Option<()>>
[INFO] [stdout]                                at /opt/rustwide/cargo-home/registry/src/index.crates.io-1949cf8c6b5b557f/tokio-1.53.1/src/runtime/scheduler/current_thread/mod.rs:906:27
[INFO] [stdout]   36:     0x63f4153dc1e6 - <tokio[d071dd659d9ec510]::runtime::scheduler::current_thread::CoreGuard>::block_on::<core[df12db4294e9bfd3]::pin::Pin<&mut core[df12db4294e9bfd3]::pin::Pin<&mut dyn core[df12db4294e9bfd3]::future::future::Future<Output = ()>>>>
[INFO] [stdout]                                at /opt/rustwide/cargo-home/registry/src/index.crates.io-1949cf8c6b5b557f/tokio-1.53.1/src/runtime/scheduler/current_thread/mod.rs:817:24
[INFO] [stdout]   37:     0x63f4153ee930 - <tokio[d071dd659d9ec510]::runtime::scheduler::current_thread::CurrentThread>::block_on::<core[df12db4294e9bfd3]::pin::Pin<&mut dyn core[df12db4294e9bfd3]::future::future::Future<Output = ()>>>::{closure#0}
[INFO] [stdout]                                at /opt/rustwide/cargo-home/registry/src/index.crates.io-1949cf8c6b5b557f/tokio-1.53.1/src/runtime/scheduler/current_thread/mod.rs:218:33
[INFO] [stdout]   38:     0x63f415437498 - tokio[d071dd659d9ec510]::runtime::context::runtime::enter_runtime::<<tokio[d071dd659d9ec510]::runtime::scheduler::current_thread::CurrentThread>::block_on<core[df12db4294e9bfd3]::pin::Pin<&mut dyn core[df12db4294e9bfd3]::future::future::Future<Output = ()>>>::{closure#0}, ()>
[INFO] [stdout]                                at /opt/rustwide/cargo-home/registry/src/index.crates.io-1949cf8c6b5b557f/tokio-1.53.1/src/runtime/context/runtime.rs:65:16
[INFO] [stdout]   39:     0x63f4153d1b34 - <tokio[d071dd659d9ec510]::runtime::scheduler::current_thread::CurrentThread>::block_on::<core[df12db4294e9bfd3]::pin::Pin<&mut dyn core[df12db4294e9bfd3]::future::future::Future<Output = ()>>>
[INFO] [stdout]                                at /opt/rustwide/cargo-home/registry/src/index.crates.io-1949cf8c6b5b557f/tokio-1.53.1/src/runtime/scheduler/current_thread/mod.rs:206:9
[INFO] [stdout]   40:     0x63f41556733f - <tokio[d071dd659d9ec510]::runtime::runtime::Runtime>::block_on_inner::<core[df12db4294e9bfd3]::pin::Pin<&mut dyn core[df12db4294e9bfd3]::future::future::Future<Output = ()>>>
[INFO] [stdout]                                at /opt/rustwide/cargo-home/registry/src/index.crates.io-1949cf8c6b5b557f/tokio-1.53.1/src/runtime/runtime.rs:374:52
[INFO] [stdout]   41:     0x63f41556748b - <tokio[d071dd659d9ec510]::runtime::runtime::Runtime>::block_on::<core[df12db4294e9bfd3]::pin::Pin<&mut dyn core[df12db4294e9bfd3]::future::future::Future<Output = ()>>>
[INFO] [stdout]                                at /opt/rustwide/cargo-home/registry/src/index.crates.io-1949cf8c6b5b557f/tokio-1.53.1/src/runtime/runtime.rs:343:18
[INFO] [stdout]   42:     0x63f41537936e - workflowswift_api[8bdce7e68139b8ba]::execution::tests::a_public_destination_is_allowed_and_a_loopback_one_is_refused
[INFO] [stdout]                                at /opt/rustwide/workdir/src/execution.rs:2608:67
[INFO] [stdout]   43:     0x63f415340fa7 - workflowswift_api[8bdce7e68139b8ba]::execution::tests::a_public_destination_is_allowed_and_a_loopback_one_is_refused::{closure#0}
[INFO] [stdout]                                at /opt/rustwide/workdir/src/execution.rs:2585:77
[INFO] [stdout]   44:     0x63f4153342a6 - <workflowswift_api[8bdce7e68139b8ba]::execution::tests::a_public_destination_is_allowed_and_a_loopback_one_is_refused::{closure#0} as core[df12db4294e9bfd3]::ops::function::FnOnce<()>>::call_once
[INFO] [stdout]                                at /rustc/dfb0accb7f508ae8be965d8629557221c889dd98/library/core/src/ops/function.rs:250:5
[INFO] [stdout]   45:     0x63f415573a1b - <fn() -> core[df12db4294e9bfd3]::result::Result<(), alloc[2182bb758b4b3781]::string::String> as core[df12db4294e9bfd3]::ops::function::FnOnce<()>>::call_once
[INFO] [stdout]                                at /rustc/dfb0accb7f508ae8be965d8629557221c889dd98/library/core/src/ops/function.rs:250:5
[INFO] [stdout]   46:     0x63f415573a1b - test[9d35eded1c95d3be]::__rust_begin_short_backtrace::<core[df12db4294e9bfd3]::result::Result<(), alloc[2182bb758b4b3781]::string::String>, fn() -> core[df12db4294e9bfd3]::result::Result<(), alloc[2182bb758b4b3781]::string::String>>
[INFO] [stdout]                                at /rustc/dfb0accb7f508ae8be965d8629557221c889dd98/library/test/src/lib.rs:733:18
[INFO] [stdout]   47:     0x63f415581085 - test[9d35eded1c95d3be]::run_test_in_process::{closure#0}
[INFO] [stdout]                                at /rustc/dfb0accb7f508ae8be965d8629557221c889dd98/library/test/src/lib.rs:756:74
[INFO] [stdout]   48:     0x63f415581085 - <core[df12db4294e9bfd3]::panic::unwind_safe::AssertUnwindSafe<test[9d35eded1c95d3be]::run_test_in_process::{closure#0}> as core[df12db4294e9bfd3]::ops::function::FnOnce<()>>::call_once
[INFO] [stdout]                                at /rustc/dfb0accb7f508ae8be965d8629557221c889dd98/library/core/src/panic/unwind_safe.rs:275:9
[INFO] [stdout]   49:     0x63f415581085 - std[70759c8f55707aa4]::panicking::catch_unwind::do_call::<core[df12db4294e9bfd3]::panic::unwind_safe::AssertUnwindSafe<test[9d35eded1c95d3be]::run_test_in_process::{closure#0}>, core[df12db4294e9bfd3]::result::Result<(), alloc[2182bb758b4b3781]::string::String>>
[INFO] [stdout]                                at /rustc/dfb0accb7f508ae8be965d8629557221c889dd98/library/std/src/panicking.rs:576:43
[INFO] [stdout]   50:     0x63f415581085 - std[70759c8f55707aa4]::panicking::catch_unwind::<core[df12db4294e9bfd3]::result::Result<(), alloc[2182bb758b4b3781]::string::String>, core[df12db4294e9bfd3]::panic::unwind_safe::AssertUnwindSafe<test[9d35eded1c95d3be]::run_test_in_process::{closure#0}>>
[INFO] [stdout]                                at /rustc/dfb0accb7f508ae8be965d8629557221c889dd98/library/std/src/panicking.rs:544:19
[INFO] [stdout]   51:     0x63f415581085 - std[70759c8f55707aa4]::panic::catch_unwind::<core[df12db4294e9bfd3]::panic::unwind_safe::AssertUnwindSafe<test[9d35eded1c95d3be]::run_test_in_process::{closure#0}>, core[df12db4294e9bfd3]::result::Result<(), alloc[2182bb758b4b3781]::string::String>>
[INFO] [stdout]                                at /rustc/dfb0accb7f508ae8be965d8629557221c889dd98/library/std/src/panic.rs:359:14
[INFO] [stdout]   52:     0x63f415581085 - test[9d35eded1c95d3be]::run_test_in_process
[INFO] [stdout]                                at /rustc/dfb0accb7f508ae8be965d8629557221c889dd98/library/test/src/lib.rs:756:27
[INFO] [stdout]   53:     0x63f415581085 - test[9d35eded1c95d3be]::run_test::{closure#0}
[INFO] [stdout]                                at /rustc/dfb0accb7f508ae8be965d8629557221c889dd98/library/test/src/lib.rs:677:43
[INFO] [stdout]   54:     0x63f41557a944 - test[9d35eded1c95d3be]::run_test::{closure#1}
[INFO] [stdout]                                at /rustc/dfb0accb7f508ae8be965d8629557221c889dd98/library/test/src/lib.rs:707:41
[INFO] [stdout]   55:     0x63f41557a944 - std[70759c8f55707aa4]::sys::backtrace::__rust_begin_short_backtrace::<test[9d35eded1c95d3be]::run_test::{closure#1}, ()>
[INFO] [stdout]                                at /rustc/dfb0accb7f508ae8be965d8629557221c889dd98/library/std/src/sys/backtrace.rs:166:18
[INFO] [stdout]   56:     0x63f4155841e2 - std[70759c8f55707aa4]::thread::lifecycle::spawn_unchecked::<test[9d35eded1c95d3be]::run_test::{closure#1}, ()>::{closure#1}::{closure#0}
[INFO] [stdout]                                at /rustc/dfb0accb7f508ae8be965d8629557221c889dd98/library/std/src/thread/lifecycle.rs:70:13
[INFO] [stdout]   57:     0x63f4155841e2 - <core[df12db4294e9bfd3]::panic::unwind_safe::AssertUnwindSafe<std[70759c8f55707aa4]::thread::lifecycle::spawn_unchecked<test[9d35eded1c95d3be]::run_test::{closure#1}, ()>::{closure#1}::{closure#0}> as core[df12db4294e9bfd3]::ops::function::FnOnce<()>>::call_once
[INFO] [stdout]                                at /rustc/dfb0accb7f508ae8be965d8629557221c889dd98/library/core/src/panic/unwind_safe.rs:275:9
[INFO] [stdout]   58:     0x63f4155841e2 - std[70759c8f55707aa4]::panicking::catch_unwind::do_call::<core[df12db4294e9bfd3]::panic::unwind_safe::AssertUnwindSafe<std[70759c8f55707aa4]::thread::lifecycle::spawn_unchecked<test[9d35eded1c95d3be]::run_test::{closure#1}, ()>::{closure#1}::{closure#0}>, ()>
[INFO] [stdout]                                at /rustc/dfb0accb7f508ae8be965d8629557221c889dd98/library/std/src/panicking.rs:576:43
[INFO] [stdout]   59:     0x63f4155841e2 - std[70759c8f55707aa4]::panicking::catch_unwind::<(), core[df12db4294e9bfd3]::panic::unwind_safe::AssertUnwindSafe<std[70759c8f55707aa4]::thread::lifecycle::spawn_unchecked<test[9d35eded1c95d3be]::run_test::{closure#1}, ()>::{closure#1}::{closure#0}>>
[INFO] [stdout]                                at /rustc/dfb0accb7f508ae8be965d8629557221c889dd98/library/std/src/panicking.rs:544:19
[INFO] [stdout]   60:     0x63f4155841e2 - std[70759c8f55707aa4]::panic::catch_unwind::<core[df12db4294e9bfd3]::panic::unwind_safe::AssertUnwindSafe<std[70759c8f55707aa4]::thread::lifecycle::spawn_unchecked<test[9d35eded1c95d3be]::run_test::{closure#1}, ()>::{closure#1}::{closure#0}>, ()>
[INFO] [stdout]                                at /rustc/dfb0accb7f508ae8be965d8629557221c889dd98/library/std/src/panic.rs:359:14
[INFO] [stdout]   61:     0x63f4155841e2 - std[70759c8f55707aa4]::thread::lifecycle::spawn_unchecked::<test[9d35eded1c95d3be]::run_test::{closure#1}, ()>::{closure#1}
[INFO] [stdout]                                at /rustc/dfb0accb7f508ae8be965d8629557221c889dd98/library/std/src/thread/lifecycle.rs:68:26
[INFO] [stdout]   62:     0x63f4155841e2 - <std[70759c8f55707aa4]::thread::lifecycle::spawn_unchecked<test[9d35eded1c95d3be]::run_test::{closure#1}, ()>::{closure#1} as core[df12db4294e9bfd3]::ops::function::FnOnce<()>>::call_once::{shim:vtable#0}
[INFO] [stdout]                                at /rustc/dfb0accb7f508ae8be965d8629557221c889dd98/library/core/src/ops/function.rs:250:5
[INFO] [stdout]   63:     0x63f415db76e9 - <alloc[2182bb758b4b3781]::boxed::Box<dyn core[df12db4294e9bfd3]::ops::function::FnOnce<(), Output = ()> + core[df12db4294e9bfd3]::marker::Send> as core[df12db4294e9bfd3]::ops::function::FnOnce<()>>::call_once
[INFO] [stdout]                                at /rustc/dfb0accb7f508ae8be965d8629557221c889dd98/library/alloc/src/boxed.rs:2320:9
[INFO] [stdout]   64:     0x63f415db76e9 - <std[70759c8f55707aa4]::sys::thread::unix::Thread>::new::thread_start
[INFO] [stdout]                                at /rustc/dfb0accb7f508ae8be965d8629557221c889dd98/library/std/src/sys/thread/unix.rs:123:17
[INFO] [stdout]   65:     0x75a050277dfa - <unknown>
[INFO] [stdout]   66:     0x75a05030b3d4 - clone
[INFO] [stdout]   67:                0x0 - <unknown>
[INFO] [stdout] 
[INFO] [stdout] 
[INFO] [stdout] failures:
[INFO] [stdout]     execution::tests::a_public_destination_is_allowed_and_a_loopback_one_is_refused
[INFO] [stdout]     handlers::site_handler::tests::a_blank_legal_value_is_skipped_never_rendered
[INFO] [stdout] 
[INFO] [stdout] test result: FAILED. 166 passed; 2 failed; 0 ignored; 0 measured; 0 filtered out; finished in 19.78s
[INFO] [stdout] 
[INFO] [stderr] error: test failed, to rerun pass `--bin workflowswift-api`
[INFO] running `Command { std: "docker" "inspect" "5e72a9f961b7ea9977e73f73e9accfddcbced21b42b3c0555f2dc376776816f3", kill_on_drop: false }`
[INFO] running `Command { std: "docker" "rm" "-f" "5e72a9f961b7ea9977e73f73e9accfddcbced21b42b3c0555f2dc376776816f3", kill_on_drop: false }`
[INFO] [stdout] 5e72a9f961b7ea9977e73f73e9accfddcbced21b42b3c0555f2dc376776816f3
