[INFO] cloning repository https://github.com/Sweep-cleaner/Sweep
[INFO] running `Command { std: "git" "-c" "credential.helper=" "-c" "credential.helper=/workspace/cargo-home/bin/git-credential-null" "clone" "--bare" "https://github.com/Sweep-cleaner/Sweep" "/workspace/cache/git-repos/https%3A%2F%2Fgithub.com%2FSweep-cleaner%2FSweep", kill_on_drop: false }`
[INFO] [stderr] Cloning into bare repository '/workspace/cache/git-repos/https%3A%2F%2Fgithub.com%2FSweep-cleaner%2FSweep'...
[INFO] running `Command { std: "git" "rev-parse" "HEAD", kill_on_drop: false }`
[INFO] [stdout] 5b4592b9751a0ae2045e336b608cf615de8a055d
[INFO] testing Sweep-cleaner/Sweep against 1.99.0-beta.8 for beta-1.100-2
[INFO] running `Command { std: "git" "clone" "/workspace/cache/git-repos/https%3A%2F%2Fgithub.com%2FSweep-cleaner%2FSweep" "/workspace/builds/worker-6-tc1/source", kill_on_drop: false }`
[INFO] [stderr] Cloning into '/workspace/builds/worker-6-tc1/source'...
[INFO] [stderr] done.
[INFO] removed /workspace/builds/worker-6-tc1/source/rust-toolchain.toml
[INFO] started tweaking git repo https://github.com/Sweep-cleaner/Sweep
[INFO] finished tweaking git repo https://github.com/Sweep-cleaner/Sweep
[INFO] tweaked toml for git repo https://github.com/Sweep-cleaner/Sweep written to /workspace/builds/worker-6-tc1/source/Cargo.toml
[INFO] validating manifest of git repo https://github.com/Sweep-cleaner/Sweep on toolchain 1.99.0-beta.8
[INFO] running `Command { std: CARGO_HOME="/workspace/cargo-home" RUSTUP_HOME="/workspace/rustup-home" "/workspace/cargo-home/bin/cargo" "+1.99.0-beta.8" "metadata" "--manifest-path" "Cargo.toml" "--no-deps", kill_on_drop: false }`
[INFO] crate git repo https://github.com/Sweep-cleaner/Sweep already has a lockfile, it will not be regenerated
[INFO] running `Command { std: CARGO_HOME="/workspace/cargo-home" RUSTUP_HOME="/workspace/rustup-home" "/workspace/cargo-home/bin/cargo" "+1.99.0-beta.8" "fetch" "--manifest-path" "Cargo.toml", kill_on_drop: false }`
[INFO] [stderr]     Updating crates.io index
[INFO] [stderr]  Downloading crates ...
[INFO] [stderr]   Downloaded winreg v0.52.0
[INFO] [stderr]   Downloaded either v1.18.0
[INFO] [stderr]   Downloaded shell-words v1.1.1
[INFO] [stderr]   Downloaded crossbeam-deque v0.8.8
[INFO] [stderr]   Downloaded crossbeam-epoch v0.9.21
[INFO] [stderr]   Downloaded zmij v1.0.23
[INFO] [stderr]   Downloaded find-msvc-tools v0.1.12
[INFO] [stderr]   Downloaded serde_derive v1.0.229
[INFO] [stderr]   Downloaded typenum v1.20.1
[INFO] [stderr]   Downloaded smallvec v1.16.0
[INFO] [stderr]   Downloaded bitflags v2.13.1
[INFO] [stderr]   Downloaded hermit-abi v0.5.3
[INFO] [stderr]   Downloaded syn v2.0.119
[INFO] [stderr]   Downloaded ntapi v0.4.3
[INFO] [stderr]   Downloaded cc v1.4.5
[INFO] [stderr]   Downloaded rand v0.8.8
[INFO] [stderr]   Downloaded wasm-bindgen-shared v0.2.128
[INFO] [stderr]   Downloaded sysinfo v0.30.13
[INFO] [stderr]   Downloaded zerocopy-derive v0.8.56
[INFO] [stderr]   Downloaded wasm-bindgen v0.2.128
[INFO] [stderr]   Downloaded wasm-bindgen-macro v0.2.128
[INFO] [stderr]   Downloaded serde_json v1.0.151
[INFO] [stderr]   Downloaded regex v1.13.1
[INFO] [stderr]   Downloaded bumpalo v3.20.3
[INFO] [stderr]   Downloaded syn v3.0.5
[INFO] [stderr]   Downloaded aho-corasick v1.1.5
[INFO] [stderr]   Downloaded wasm-bindgen-macro-support v0.2.128
[INFO] [stderr]   Downloaded js-sys v0.3.105
[INFO] [stderr]   Downloaded zerocopy v0.8.56
[INFO] [stderr]   Downloaded regex-syntax v0.8.11
[INFO] [stderr]   Downloaded portable-atomic v1.15.0
[INFO] [stderr]   Downloaded libc v0.2.189
[INFO] [stderr]   Downloaded regex-automata v0.4.18
[INFO] [stderr]   Downloaded portable-atomic-util v0.2.8
[INFO] [stderr]   Downloaded defmt-parser v1.0.0
[INFO] [stderr]   Downloaded thiserror-impl v2.0.20
[INFO] [stderr]   Downloaded globset v0.4.20
[INFO] [stderr]   Downloaded jiff-static v0.2.35
[INFO] [stderr]   Downloaded defmt v1.1.1
[INFO] [stderr]   Downloaded thiserror v2.0.20
[INFO] [stderr]   Downloaded bstr v1.13.1
[INFO] [stderr]   Downloaded defmt-macros v1.1.1
[INFO] [stderr]   Downloaded jiff v0.2.35
[INFO] [stderr]   Downloaded jiff-core v0.1.0
[INFO] [stderr]   Downloaded terminal_size v0.4.4
[INFO] [stderr]   Downloaded env_logger v0.11.11
[INFO] [stderr]   Downloaded env_filter v2.0.0
[INFO] [stderr]   Downloaded libredox v0.1.23
[INFO] [stderr]   Downloaded clap_derive v4.6.4
[INFO] [stderr]   Downloaded clap v4.6.6
[INFO] [stderr]   Downloaded clap_builder v4.6.6
[INFO] running `Command { std: "docker" "create" "-v" "/var/lib/crater-agent-workspace/builds/worker-6-tc1/source:/opt/rustwide/workdir:ro,Z" "-v" "/var/lib/crater-agent-workspace/builds/worker-6-tc1/target:/opt/rustwide/target:rw,Z" "-v" "/var/lib/crater-agent-workspace/cargo-home:/opt/rustwide/cargo-home:ro,Z" "-v" "/var/lib/crater-agent-workspace/rustup-home:/opt/rustwide/rustup-home:ro,Z" "-m" "1610612736" "--network" "none" "ghcr.io/rust-lang/crates-build-env/linux@sha256:3111399a4047eeb3a02b7a90e478d715f38a8c6669b5c4b49d30a17385265909" "sleep" "infinity", kill_on_drop: false }`
[INFO] [stdout] 9e247662232f482e40e0d9b05b7f36f28202ac5e42f21ee4f0f8dc4a42deb60c
[INFO] running `Command { std: "docker" "start" "9e247662232f482e40e0d9b05b7f36f28202ac5e42f21ee4f0f8dc4a42deb60c", kill_on_drop: false }`
[INFO] running `Command { std: "docker" "inspect" "9e247662232f482e40e0d9b05b7f36f28202ac5e42f21ee4f0f8dc4a42deb60c", kill_on_drop: false }`
[INFO] running `Command { std: "docker" "exec" "-e" "SOURCE_DIR=/opt/rustwide/workdir" "-e" "CARGO_HOME=/opt/rustwide/cargo-home" "-e" "RUSTUP_HOME=/opt/rustwide/rustup-home" "-e" "CARGO_TARGET_DIR=/opt/rustwide/target" "-w" "/opt/rustwide/workdir" "--user" "0:0" "9e247662232f482e40e0d9b05b7f36f28202ac5e42f21ee4f0f8dc4a42deb60c" "/opt/rustwide/cargo-home/bin/cargo" "+1.99.0-beta.8" "metadata" "--no-deps" "--format-version=1", kill_on_drop: false }`
[INFO] running `Command { std: "docker" "inspect" "9e247662232f482e40e0d9b05b7f36f28202ac5e42f21ee4f0f8dc4a42deb60c", kill_on_drop: false }`
[INFO] running `Command { std: "docker" "exec" "-e" "SOURCE_DIR=/opt/rustwide/workdir" "-e" "CARGO_HOME=/opt/rustwide/cargo-home" "-e" "RUSTUP_HOME=/opt/rustwide/rustup-home" "-e" "CARGO_TARGET_DIR=/opt/rustwide/target" "-e" "CARGO_INCREMENTAL=0" "-e" "RUST_BACKTRACE=full" "-e" "RUSTFLAGS=--cap-lints=warn" "-e" "RUSTDOCFLAGS=--cap-lints=warn" "-w" "/opt/rustwide/workdir" "--user" "0:0" "9e247662232f482e40e0d9b05b7f36f28202ac5e42f21ee4f0f8dc4a42deb60c" "/opt/rustwide/cargo-home/bin/cargo" "+1.99.0-beta.8" "build" "--frozen" "--message-format=json", kill_on_drop: false }`
[INFO] [stderr]    Compiling proc-macro2 v1.0.107
[INFO] [stderr]    Compiling quote v1.0.47
[INFO] [stderr]    Compiling version_check v0.9.5
[INFO] [stderr]    Compiling libc v0.2.189
[INFO] [stderr]    Compiling zerocopy v0.8.56
[INFO] [stderr]    Compiling memchr v2.8.3
[INFO] [stderr]    Compiling serde_core v1.0.229
[INFO] [stderr]    Compiling crossbeam-utils v0.8.23
[INFO] [stderr]    Compiling crossbeam-epoch v0.9.21
[INFO] [stderr]    Compiling serde v1.0.229
[INFO] [stderr]    Compiling rustix v1.1.4
[INFO] [stderr]    Compiling crossbeam-deque v0.8.8
[INFO] [stderr]    Compiling regex-syntax v0.8.11
[INFO] [stderr]    Compiling bitflags v2.13.1
[INFO] [stderr]    Compiling shlex v2.0.1
[INFO] [stderr]    Compiling typenum v1.20.1
[INFO] [stderr]    Compiling find-msvc-tools v0.1.12
[INFO] [stderr]    Compiling rayon-core v1.13.0
[INFO] [stderr]    Compiling pkg-config v0.3.34
[INFO] [stderr]    Compiling hashbrown v0.17.1
[INFO] [stderr]    Compiling zmij v1.0.23
[INFO] [stderr]    Compiling cc v1.4.5
[INFO] [stderr]    Compiling generic-array v0.14.7
[INFO] [stderr]    Compiling ahash v0.8.12
[INFO] [stderr]    Compiling log v0.4.34
[INFO] [stderr]    Compiling portable-atomic v1.15.0
[INFO] [stderr]    Compiling winnow v0.7.15
[INFO] [stderr]    Compiling toml_write v0.1.2
[INFO] [stderr]    Compiling aho-corasick v1.1.5
[INFO] [stderr]    Compiling serde_json v1.0.151
[INFO] [stderr]    Compiling either v1.18.0
[INFO] [stderr]    Compiling jiff-core v0.1.0
[INFO] [stderr]    Compiling option-ext v0.2.0
[INFO] [stderr]    Compiling bstr v1.13.1
[INFO] [stderr]    Compiling indexmap v2.14.2
[INFO] [stderr]    Compiling syn v3.0.5
[INFO] [stderr]    Compiling syn v2.0.119
[INFO] [stderr]    Compiling rayon v1.12.0
[INFO] [stderr]    Compiling number_prefix v0.4.0
[INFO] [stderr]    Compiling block-buffer v0.10.4
[INFO] [stderr]    Compiling crypto-common v0.1.7
[INFO] [stderr]    Compiling getrandom v0.2.17
[INFO] [stderr]    Compiling terminal_size v0.4.4
[INFO] [stderr]    Compiling console v0.15.11
[INFO] [stderr]    Compiling rand_core v0.6.4
[INFO] [stderr]    Compiling jiff v0.2.35
[INFO] [stderr]    Compiling digest v0.10.7
[INFO] [stderr]    Compiling clap_builder v4.6.6
[INFO] [stderr]    Compiling dirs-sys v0.4.1
[INFO] [stderr]    Compiling fallible-streaming-iterator v0.1.9
[INFO] [stderr]    Compiling sweep v0.4.0 (/opt/rustwide/workdir)
[INFO] [stderr]    Compiling fallible-iterator v0.3.0
[INFO] [stderr]    Compiling cpufeatures v0.2.17
[INFO] [stderr]    Compiling libsqlite3-sys v0.30.1
[INFO] [stderr]    Compiling smallvec v1.16.0
[INFO] [stderr]    Compiling itoa v1.0.18
[INFO] [stderr]    Compiling indicatif v0.17.11
[INFO] [stderr]    Compiling sha2 v0.10.9
[INFO] [stderr]    Compiling dirs v5.0.1
[INFO] [stderr]    Compiling num_cpus v1.17.0
[INFO] [stderr]    Compiling regex-automata v0.4.18
[INFO] [stderr]    Compiling quick-xml v0.36.2
[INFO] [stderr]    Compiling shell-words v1.1.1
[INFO] [stderr]    Compiling thiserror-impl v1.0.69
[INFO] [stderr]    Compiling serde_derive v1.0.229
[INFO] [stderr]    Compiling clap_derive v4.6.4
[INFO] [stderr]    Compiling sysinfo v0.30.13
[INFO] [stderr]    Compiling thiserror v1.0.69
[INFO] [stderr]    Compiling ppv-lite86 v0.2.21
[INFO] [stderr]    Compiling regex v1.13.1
[INFO] [stderr]    Compiling globset v0.4.20
[INFO] [stderr]    Compiling hashbrown v0.14.5
[INFO] [stderr]    Compiling rand_chacha v0.3.1
[INFO] [stderr]    Compiling env_filter v2.0.0
[INFO] [stderr]    Compiling clap v4.6.6
[INFO] [stderr]    Compiling rand v0.8.8
[INFO] [stderr]    Compiling env_logger v0.11.11
[INFO] [stderr]    Compiling hashlink v0.9.1
[INFO] [stderr]    Compiling toml_datetime v0.6.11
[INFO] [stderr]    Compiling serde_spanned v0.6.9
[INFO] [stderr]    Compiling toml_edit v0.22.27
[INFO] [stderr]    Compiling toml v0.8.23
[INFO] [stderr]    Compiling rusqlite v0.32.1
[INFO] [stdout] warning: function `system_lxc_log_candidates` is never used
[INFO] [stdout]   --> src/deep/lxc.rs:99:4
[INFO] [stdout]    |
[INFO] [stdout] 99 | fn system_lxc_log_candidates() -> Vec<PathBuf> {
[INFO] [stdout]    |    ^^^^^^^^^^^^^^^^^^^^^^^^^
[INFO] [stdout]    |
[INFO] [stdout]    = note: `#[warn(dead_code)]` (part of `#[warn(unused)]`) on by default
[INFO] [stdout] 
[INFO] [stdout] 
[INFO] [stdout] warning: function `split_line` is never used
[INFO] [stdout]   --> src/engine/undo.rs:32:4
[INFO] [stdout]    |
[INFO] [stdout] 32 | fn split_line(line: &str) -> Option<LogLine> {
[INFO] [stdout]    |    ^^^^^^^^^^
[INFO] [stdout] 
[INFO] [stdout] 
[INFO] [stdout] warning: function `parse_line` is never used
[INFO] [stdout]   --> src/engine/undo.rs:75:4
[INFO] [stdout]    |
[INFO] [stdout] 75 | fn parse_line(line: &str, backup_root: &Path) -> Option<Restore> {
[INFO] [stdout]    |    ^^^^^^^^^^
[INFO] [stdout] 
[INFO] [stdout] 
[INFO] [stderr]     Finished `dev` profile [unoptimized + debuginfo] target(s) in 53.36s
[INFO] running `Command { std: "docker" "inspect" "9e247662232f482e40e0d9b05b7f36f28202ac5e42f21ee4f0f8dc4a42deb60c", kill_on_drop: false }`
[INFO] running `Command { std: "docker" "exec" "-e" "SOURCE_DIR=/opt/rustwide/workdir" "-e" "CARGO_HOME=/opt/rustwide/cargo-home" "-e" "RUSTUP_HOME=/opt/rustwide/rustup-home" "-e" "CARGO_TARGET_DIR=/opt/rustwide/target" "-e" "CARGO_INCREMENTAL=0" "-e" "RUST_BACKTRACE=full" "-e" "RUSTFLAGS=--cap-lints=warn" "-e" "RUSTDOCFLAGS=--cap-lints=warn" "-w" "/opt/rustwide/workdir" "--user" "0:0" "9e247662232f482e40e0d9b05b7f36f28202ac5e42f21ee4f0f8dc4a42deb60c" "/opt/rustwide/cargo-home/bin/cargo" "+1.99.0-beta.8" "test" "--frozen" "--no-run" "--message-format=json", kill_on_drop: false }`
[INFO] [stderr]    Compiling sweep v0.4.0 (/opt/rustwide/workdir)
[INFO] [stdout] warning: function `system_lxc_log_candidates` is never used
[INFO] [stdout]   --> src/deep/lxc.rs:99:4
[INFO] [stdout]    |
[INFO] [stdout] 99 | fn system_lxc_log_candidates() -> Vec<PathBuf> {
[INFO] [stdout]    |    ^^^^^^^^^^^^^^^^^^^^^^^^^
[INFO] [stdout]    |
[INFO] [stdout]    = note: `#[warn(dead_code)]` (part of `#[warn(unused)]`) on by default
[INFO] [stdout] 
[INFO] [stdout] 
[INFO] [stdout] warning: function `split_line` is never used
[INFO] [stdout]   --> src/engine/undo.rs:32:4
[INFO] [stdout]    |
[INFO] [stdout] 32 | fn split_line(line: &str) -> Option<LogLine> {
[INFO] [stdout]    |    ^^^^^^^^^^
[INFO] [stdout] 
[INFO] [stdout] 
[INFO] [stdout] warning: function `parse_line` is never used
[INFO] [stdout]   --> src/engine/undo.rs:75:4
[INFO] [stdout]    |
[INFO] [stdout] 75 | fn parse_line(line: &str, backup_root: &Path) -> Option<Restore> {
[INFO] [stdout]    |    ^^^^^^^^^^
[INFO] [stdout] 
[INFO] [stdout] 
[INFO] [stdout] warning: unused import: `super::*`
[INFO] [stdout]   --> src/deep/flatpak_ext.rs:69:9
[INFO] [stdout]    |
[INFO] [stdout] 69 |     use super::*;
[INFO] [stdout]    |         ^^^^^^^^
[INFO] [stdout]    |
[INFO] [stdout]    = note: `#[warn(unused_imports)]` (part of `#[warn(unused)]`) on by default
[INFO] [stdout] 
[INFO] [stdout] 
[INFO] [stdout] warning: function `system_lxc_log_candidates` is never used
[INFO] [stdout]   --> src/deep/lxc.rs:99:4
[INFO] [stdout]    |
[INFO] [stdout] 99 | fn system_lxc_log_candidates() -> Vec<PathBuf> {
[INFO] [stdout]    |    ^^^^^^^^^^^^^^^^^^^^^^^^^
[INFO] [stdout]    |
[INFO] [stdout]    = note: `#[warn(dead_code)]` (part of `#[warn(unused)]`) on by default
[INFO] [stdout] 
[INFO] [stdout] 
[INFO] [stderr]     Finished `test` profile [unoptimized + debuginfo] target(s) in 13.30s
[INFO] running `Command { std: "docker" "inspect" "9e247662232f482e40e0d9b05b7f36f28202ac5e42f21ee4f0f8dc4a42deb60c", kill_on_drop: false }`
[INFO] running `Command { std: "docker" "exec" "-e" "SOURCE_DIR=/opt/rustwide/workdir" "-e" "CARGO_HOME=/opt/rustwide/cargo-home" "-e" "RUSTUP_HOME=/opt/rustwide/rustup-home" "-e" "CARGO_TARGET_DIR=/opt/rustwide/target" "-e" "CARGO_INCREMENTAL=0" "-e" "RUST_BACKTRACE=full" "-e" "RUSTFLAGS=--cap-lints=warn" "-e" "RUSTDOCFLAGS=--cap-lints=warn" "-w" "/opt/rustwide/workdir" "--user" "0:0" "9e247662232f482e40e0d9b05b7f36f28202ac5e42f21ee4f0f8dc4a42deb60c" "/opt/rustwide/cargo-home/bin/cargo" "+1.99.0-beta.8" "test" "--frozen", kill_on_drop: false }`
[INFO] [stderr] warning: function `system_lxc_log_candidates` is never used
[INFO] [stderr]   --> src/deep/lxc.rs:99:4
[INFO] [stderr]    |
[INFO] [stderr] 99 | fn system_lxc_log_candidates() -> Vec<PathBuf> {
[INFO] [stderr]    |    ^^^^^^^^^^^^^^^^^^^^^^^^^
[INFO] [stderr]    |
[INFO] [stderr]    = note: `#[warn(dead_code)]` (part of `#[warn(unused)]`) on by default
[INFO] [stderr] 
[INFO] [stderr] warning: function `split_line` is never used
[INFO] [stderr]   --> src/engine/undo.rs:32:4
[INFO] [stderr]    |
[INFO] [stderr] 32 | fn split_line(line: &str) -> Option<LogLine> {
[INFO] [stderr]    |    ^^^^^^^^^^
[INFO] [stderr] 
[INFO] [stderr] warning: function `parse_line` is never used
[INFO] [stderr]   --> src/engine/undo.rs:75:4
[INFO] [stderr]    |
[INFO] [stderr] 75 | fn parse_line(line: &str, backup_root: &Path) -> Option<Restore> {
[INFO] [stderr]    |    ^^^^^^^^^^
[INFO] [stderr] 
[INFO] [stderr] warning: unused import: `super::*`
[INFO] [stderr]   --> src/deep/flatpak_ext.rs:69:9
[INFO] [stderr]    |
[INFO] [stderr] 69 |     use super::*;
[INFO] [stderr]    |         ^^^^^^^^
[INFO] [stderr]    |
[INFO] [stderr]    = note: `#[warn(unused_imports)]` (part of `#[warn(unused)]`) on by default
[INFO] [stderr] 
[INFO] [stderr] warning: `sweep` (lib) generated 3 warnings
[INFO] [stderr] warning: `sweep` (lib test) generated 2 warnings (1 duplicate) (run `cargo fix --lib -p sweep --tests` to apply 1 suggestion)
[INFO] [stderr]     Finished `test` profile [unoptimized + debuginfo] target(s) in 0.14s
[INFO] [stderr]      Running unittests src/lib.rs (/opt/rustwide/target/debug/deps/sweep-493ddf0ddb54a1cd)
[INFO] [stdout] 
[INFO] [stdout] running 264 tests
[INFO] [stdout] test action::provider::tests::privileged_flag_drives_trust ... ok
[INFO] [stdout] test action::provider::tests::lookup_works ... ok
[INFO] [stdout] test action::filter::tests::whole_path_regex ... ok
[INFO] [stdout] test action::filter::tests::type_filter ... ok
[INFO] [stdout] test action::provider::tests::every_name_is_unique ... ok
[INFO] [stdout] test action::filter::tests::negative_regex_filters ... ok
[INFO] [stdout] test action::filter::tests::size_and_age_filters ... ok
[INFO] [stdout] test action::filter::tests::regex_filters ... ok
[INFO] [stdout] test core::error::tests::messages_are_single_line_and_useful ... ok
[INFO] [stdout] test core::error::tests::real_failures_are_not_benign ... ok
[INFO] [stdout] test core::keep::tests::protected_roots_are_never_overridable ... ok
[INFO] [stdout] test config::tests::every_field_is_reachable_by_name ... ok
[INFO] [stdout] test core::error::tests::constructors_carry_their_context ... ok
[INFO] [stdout] test config::tests::get_set_round_trips ... ok
[INFO] [stdout] test core::path::tests::comparison_honours_the_explicit_case_switch ... ok
[INFO] [stdout] test core::path::tests::case_sensitivity_follows_the_platform ... ok
[INFO] [stdout] test config::tests::round_trips ... ok
[INFO] [stdout] test core::error::tests::benign_errors_do_not_abort_a_scan ... ok
[INFO] [stdout] test action::structured::tests::json_removes_key ... ok
[INFO] [stdout] test action::structured::tests::ini_removes_section ... ok
[INFO] [stdout] test core::path::tests::dotdot_cannot_escape_the_root ... ok
[INFO] [stdout] test core::keep::tests::keep_list_matches_children ... ok
[INFO] [stdout] test core::keep::tests::user_data_subtree_is_protected ... ok
[INFO] [stdout] test core::path::tests::looks_absolute_needs_a_real_root ... ok
[INFO] [stdout] test core::path::tests::expand_replaces_only_a_leading_tilde ... ok
[INFO] [stdout] test core::path::tests::extended_path_helpers_are_harmless_when_not_extended ... ok
[INFO] [stdout] test core::path::tests::join_opt_tolerates_an_empty_suffix ... ok
[INFO] [stdout] test core::path::tests::normalizes_dot_and_dotdot ... ok
[INFO] [stdout] test core::path::tests::expand_leaves_unterminated_references_alone ... ok
[INFO] [stdout] test config::tests::set_validates ... ok
[INFO] [stdout] test core::path::tests::expand_handles_every_variable_syntax ... ok
[INFO] [stdout] test core::report_md::tests::escapes_pipes_and_renders_tables ... ok
[INFO] [stdout] test core::report_html::tests::escapes_and_renders ... ok
[INFO] [stdout] test core::error::tests::bad_patterns_can_be_annotated_with_a_path ... ok
[INFO] [stdout] test core::path::tests::starts_with_is_component_wise ... ok
[INFO] [stdout] test core::report::tests::counters_split_by_kind ... ok
[INFO] [stdout] test deep::caches::tests::finds_flatpak_app_caches ... ok
[INFO] [stdout] test core::report::tests::merge_keeps_worst_flags_and_longest_duration ... ok
[INFO] [stdout] test deep::cursor::tests::paths_are_absolute ... ok
[INFO] [stdout] test deep::flatpak_data::tests::app_dirs_are_absolute ... ok
[INFO] [stdout] test core::report::tests::entry_keeps_optional_path ... ok
[INFO] [stdout] test core::report::tests::json_shape_is_stable ... ok
[INFO] [stdout] test core::report::tests::kind_classification_is_stable ... ok
[INFO] [stdout] test core::report::tests::summary_json_keeps_totals_and_caps_entries ... ok
[INFO] [stdout] test core::report_md::tests::duration_is_shown_when_measured ... ok
[INFO] [stdout] test deep::gnome::tests::leaves_are_relative_and_unique ... ok
[INFO] [stdout] test deep::caches::tests::heavy_hitters_are_covered ... ok
[INFO] [stdout] test deep::safety::tests::dotdot_symlink_target_stays_critical ... ok
[INFO] [stdout] test deep::flatpak_ext::tests::noop_if_flatpak_missing ... ok
[INFO] [stdout] test deep::gnome::tests::extensions_never_targeted ... ok
[INFO] [stdout] test deep::helix::tests::paths_are_absolute ... ok
[INFO] [stdout] test deep::safety::tests::log_refuses_a_symlinked_path ... ok
[INFO] [stdout] test deep::lxc::tests::system_lxc_dirs_are_absolute ... ok
[INFO] [stdout] test cli::gen::tests::all_shells_generate ... ok
[INFO] [stdout] test deep::managers::tests::detects_without_crashing ... ok
[INFO] [stdout] test deep::crash::tests::empty_when_absent ... ok
[INFO] [stdout] test core::report::tests::finish_stamps_elapsed_time ... ok
[INFO] [stdout] test deep::safety::tests::relative_paths_are_refused ... ok
[INFO] [stdout] test definition::builtin::tests::list_stays_alphabetically_sorted ... ok
[INFO] [stdout] test deep::spotify::tests::cache_and_log_paths_are_absolute ... ok
[INFO] [stdout] test deep::nix::tests::dead_paths_are_store_paths_only ... ok
[INFO] [stdout] test definition::builtin::tests::no_duplicate_definitions ... ok
[INFO] [stdout] test cli::gen::tests::man_page_is_roff ... ok
[INFO] [stdout] test deep::timemachine::tests::snapshot_lines_parsed ... ok
[INFO] [stdout] test definition::builtin::tests::embedded_sources_are_not_empty ... ok
[INFO] [stdout] test deep::temp::tests::finds_user_tmp_dirs ... ok
[INFO] [stdout] test definition::builtin::tests::new_deep_cleaners_are_registered ... ok
[INFO] [stdout] test deep::tests::guarded_delete_removes_nonempty_dir ... ok
[INFO] [stdout] test definition::builtin::tests::recovered_cleaners_are_registered ... ok
[INFO] [stdout] test definition::model::tests::expand_drops_unresolved_placeholders ... ok
[INFO] [stdout] test core::report_md::tests::empty_report_still_valid ... ok
[INFO] [stdout] test definition::builtin::tests::browser_profile_vars_cover_every_desktop_os ... ok
[INFO] [stdout] test definition::model::tests::varset_cartesian ... ok
[INFO] [stdout] test deep::safety::tests::critical_roots ... ok
[INFO] [stdout] test definition::model::tests::searchkind_round_trips ... ok
[INFO] [stdout] test definition::winapp2::tests::absolute_filekey_survives_expansion ... ok
[INFO] [stdout] test definition::native::tests::parses_native_definition ... ok
[INFO] [stdout] test definition::winapp2::tests::fnmatch_regex_escapes_regex_metacharacters ... ok
[INFO] [stdout] test definition::winapp2::tests::detect_file_decides_whether_a_section_is_active ... ok
[INFO] [stdout] test definition::builtin::tests::safari_is_registered_and_macos_only ... ok
[INFO] [stdout] test deep::podman::tests::pending_containers_are_nonempty_only_when_present ... ok
[INFO] [stdout] test definition::winapp2::tests::relative_filekey_is_dropped ... ok
[INFO] [stdout] test definition::winapp2::tests::slug_builds_lowercase_identifiers ... ok
[INFO] [stdout] test engine::autostart::api::tests::filter_parsing_rejects_bad_enums ... ok
[INFO] [stdout] test engine::autostart::api::tests::unknown_op_reports_an_error_without_panicking ... ok
[INFO] [stdout] test engine::autostart::classify::tests::microsoft_task_paths_are_os ... ok
[INFO] [stdout] test engine::autostart::api::tests::item_protection_helper_agrees_with_engine ... ok
[INFO] [stdout] test engine::autostart::api::tests::mutating_ops_require_a_target ... ok
[INFO] [stdout] test engine::autostart::classify::tests::registry_locations_are_not_mistaken_for_os_tasks ... ok
[INFO] [stdout] test engine::autostart::classify::tests::unknown_is_never_low_risk ... ok
[INFO] [stdout] test engine::autostart::classify::tests::winlogon_and_policy_are_critical ... ok
[INFO] [stdout] test engine::autostart::api::tests::enabled_and_disabled_flags_map_to_filter ... ok
[INFO] [stdout] test engine::autostart::api::tests::export_requires_a_destination ... ok
[INFO] [stdout] test definition::winapp2::tests::known_langsecref_maps_to_a_cleaner_id ... ok
[INFO] [stdout] test definition::winapp2::tests::ini_keys_are_folded_to_lower_case ... ok
[INFO] [stdout] test definition::winapp2::tests::undefined_variable_produces_no_actions ... ok
[INFO] [stdout] test engine::autostart::classify::tests::security_notes_are_present ... ok
[INFO] [stdout] test engine::autostart::classify::tests::table_drives_category_and_risk ... ok
[INFO] [stdout] test definition::model::tests::expand_drops_relative_filesystem_paths ... ok
[INFO] [stdout] test definition::model::tests::expand_keeps_absolute_filesystem_paths ... ok
[INFO] [stdout] test engine::autostart::engine::tests::dry_run_changes_nothing_and_writes_no_backup ... ok
[INFO] [stdout] test engine::autostart::engine::tests::disable_then_rollback_restores_the_previous_value ... ok
[INFO] [stdout] test definition::model::tests::osfilter_matches_platform ... ok
[INFO] [stdout] test engine::autostart::engine::tests::export_writes_json_and_csv_with_byte_counts ... ok
[INFO] [stdout] test cli::gen::tests::generated_scripts_cover_cli ... ok
[INFO] [stdout] test engine::autostart::engine::tests::no_op_toggle_is_skipped_without_a_backup ... ok
[INFO] [stdout] test engine::autostart::engine::tests::edit_replaces_command_and_rollback_restores_it ... ok
[INFO] [stdout] test engine::autostart::ledger::tests::csv_export_escapes_and_covers_all_fields ... ok
[INFO] [stdout] test engine::autostart::ledger::tests::append_read_round_trip ... ok
[INFO] [stdout] test engine::autostart::ledger::tests::missing_file_reads_empty_without_panic ... ok
[INFO] [stdout] test engine::autostart::engine::tests::remove_refuses_system_scope_and_remembers_the_attempt ... ok
[INFO] [stdout] test engine::autostart::ledger::tests::corrupt_last_line_is_tolerated ... ok
[INFO] [stdout] test engine::autostart::store::tests::safe_id_normalises_separators ... ok
[INFO] [stdout] test engine::autostart::store::tests::latest_for_picks_the_newest_matching_id ... ok
[INFO] [stdout] test engine::autostart::tests::ambiguous_exact_name_is_an_error ... ok
[INFO] [stdout] test engine::autostart::ledger::tests::json_export_is_an_array ... ok
[INFO] [stdout] test engine::autostart::tests::filter_and_sort_apply_before_serialisation ... ok
[INFO] [stdout] test engine::autostart::tests::json_contract_field_names_and_enum_spellings ... ok
[INFO] [stdout] test engine::autostart::tests::colliding_ids_get_a_location_hash ... ok
[INFO] [stdout] test engine::autostart::tests::ids_are_stable_across_two_builds ... ok
[INFO] [stdout] test engine::autostart::tests::time_formatting_is_rfc3339_and_stable ... ok
[INFO] [stdout] test engine::autostart::tests::lookup_prefers_id_then_exact_name_then_unique_substring ... ok
[INFO] [stdout] test engine::autostart::engine::tests::unknown_target_is_recorded_as_failed ... ok
[INFO] [stdout] test engine::bigfiles::tests::age_parses ... ok
[INFO] [stdout] test engine::autostart::tests::trigger_is_null_when_not_applicable ... ok
[INFO] [stdout] test engine::devscan::tests::cruft_table_sane ... ok
[INFO] [stdout] test engine::autostart::unix::tests::hidden_flag_reads_the_desktop_field ... ok
[INFO] [stdout] test engine::autostart::store::tests::fail_closed_when_backup_cannot_be_written ... ok
[INFO] [stdout] test engine::autostart::store::tests::tampered_backup_is_rejected ... ok
[INFO] [stdout] test engine::devscan::tests::generic_needs_manifest ... ok
[INFO] [stdout] test engine::autostart::store::tests::write_read_and_verify_round_trip ... ok
[INFO] [stdout] test engine::autostart::engine::tests::rollback_with_last_uses_the_newest_backup ... ok
[INFO] [stdout] test engine::dupes::tests::hardlink_shares_inode_and_keeps_content ... ok
[INFO] [stdout] test engine::autostart::ledger::tests::tail_returns_the_newest_entries ... ok
[INFO] [stdout] test engine::autostart::unix::tests::file_state_distinguishes_enabled_disabled_absent ... ok
[INFO] [stdout] test engine::autostart::engine::tests::remove_then_rollback_recreates_the_item ... ok
[INFO] [stdout] test engine::autostart::engine::tests::repeated_rollback_walks_back_through_history ... ok
[INFO] [stdout] test engine::dupes::tests::keep_policy_parses_all_forms ... ok
[INFO] [stdout] test engine::bigfiles::tests::top_truncates_and_sorts ... ok
[INFO] [stdout] test engine::du::tests::dir_totals_are_recursive_and_sorted ... ok
[INFO] [stdout] test engine::du::tests::top_truncates_and_missing_root_is_empty ... ok
[INFO] [stdout] test engine::du::tests::scan_never_marks_deletions ... ok
[INFO] [stdout] test engine::history::tests::date_math ... ok
[INFO] [stdout] test engine::hub::tests::parses_index ... ok
[INFO] [stdout] test engine::logline::tests::modes_and_rejects ... ok
[INFO] [stdout] test engine::dupes::tests::pick_keep_honours_newest_oldest_first ... ok
[INFO] [stdout] test engine::logline::tests::parses_plain_line ... ok
[INFO] [stdout] test engine::hub::tests::rejects_path_traversal ... ok
[INFO] [stdout] test engine::history::tests::separator_inside_path_is_counted ... ok
[INFO] [stdout] test engine::history::tests::aggregates ... ok
[INFO] [stdout] test engine::leftovers::tests::too_short_names_are_refused ... ok
[INFO] [stdout] test engine::leftovers::tests::scoring_ranks_exact_above_prefix_above_substring ... ok
[INFO] [stdout] test engine::leftovers::tests::squash_keeps_only_alphanumerics ... ok
[INFO] [stdout] test engine::logline::tests::run_marker_parses ... ok
[INFO] [stdout] test engine::logline::tests::parses_whole_file_skipping_garbage ... ok
[INFO] [stdout] test engine::logline::tests::separator_inside_path_survives ... ok
[INFO] [stdout] test engine::dupes::tests::min_size_filters ... ok
[INFO] [stdout] test engine::hub::tests::rejects_privileged ... ok
[INFO] [stdout] test engine::memory::tests::used_bytes_reports_plausible_total ... ok
[INFO] [stdout] test engine::network::tests::dns_dry_run_reports_without_running ... ok
[INFO] [stdout] test engine::memory::tests::options_constructors_are_consistent ... ok
[INFO] [stdout] test engine::network::tests::command_lines_are_readable ... ok
[INFO] [stdout] test engine::network::tests::dry_run_never_touches_anything ... ok
[INFO] [stdout] test engine::network::tests::tool_caches_cover_the_documented_managers ... ok
[INFO] [stdout] test engine::memory::tests::dry_run_changes_nothing ... ok
[INFO] [stdout] test engine::memory::tests::aggressive_dry_run_reports_extra_steps ... ok
[INFO] [stdout] test engine::memory::tests::freed_is_saturating_and_tolerates_missing_measurements ... ok
[INFO] [stdout] test engine::network::tests::docker_reclaimed_parsing ... ok
[INFO] [stdout] test engine::privacy::tests::unknown_op_fails_cleanly ... ok
[INFO] [stdout] test engine::network::tests::unknown_op_fails_cleanly ... ok
[INFO] [stdout] test engine::privacy::tests::dry_run_wipe_changes_nothing ... ok
[INFO] [stdout] test engine::dupes::tests::finds_duplicates ... ok
[INFO] [stdout] test engine::residue::tests::residue_confidence_thresholds ... ok
[INFO] [stdout] test engine::network::tests::git_repo_discovery_finds_a_fixture_tree ... ok
[INFO] [stdout] test engine::privacy::tests::shield_plan_is_never_empty_on_supported_platforms ... ok
[INFO] [stdout] test engine::privacy::tests::recent_targets_are_platform_appropriate ... ok
[INFO] [stdout] test engine::residue::tests::residue_empty_dir_scores_full ... ok
[INFO] [stdout] test engine::residue::tests::residue_protected_leaves ... ok
[INFO] [stdout] test engine::schedule::tests::hour_checked_on_every_backend ... ok
[INFO] [stdout] test engine::privacy::tests::linux_units_cover_whoopsie_and_apport ... ok
[INFO] [stdout] test engine::schedule::tests::memopt_plist_has_label_and_memopt ... ok
[INFO] [stdout] test engine::schedule::tests::memopt_runs_quiet_memopt_on_every_backend ... ok
[INFO] [stdout] test engine::schedule::tests::plist_has_label_and_calendar ... ok
[INFO] [stdout] test engine::residue::tests::residue_build_markers ... ok
[INFO] [stdout] test engine::residue::tests::residue_uninstall_heuristic ... ok
[INFO] [stdout] test engine::schedule::tests::timer_has_boot_and_accuracy ... ok
[INFO] [stdout] test engine::schedule::tests::plist_escapes_exe_path ... ok
[INFO] [stdout] test engine::schedule::tests::selections_validated ... ok
[INFO] [stdout] test engine::schedule::tests::service_uses_current_exe ... ok
[INFO] [stdout] test engine::services::tests::unit_names ... ok
[INFO] [stdout] test engine::snapshot::tests::desc_sanitized ... ok
[INFO] [stdout] test engine::snapshot::tests::targets_validated ... ok
[INFO] [stdout] test engine::residue::tests::residue_user_data ... ok
[INFO] [stdout] test engine::residue::tests::residue_selection ... ok
[INFO] [stdout] test engine::startup::tests::command_tokens_handle_quotes_and_bare_paths ... ok
[INFO] [stdout] test engine::startup::tests::enable_without_target_is_reported ... ok
[INFO] [stdout] test engine::startup::tests::estimate_scales_with_size ... ok
[INFO] [stdout] test engine::startup::tests::empty_command_is_handled ... ok
[INFO] [stdout] test engine::startup::tests::impact_levels_follow_the_size_thresholds ... ok
[INFO] [stdout] test engine::startup::tests::truncate_keeps_short_strings_intact ... ok
[INFO] [stdout] test engine::startup::tests::unknown_op_is_reported ... ok
[INFO] [stdout] test engine::startup::tests::split_command_respects_quotes ... ok
[INFO] [stdout] test engine::schedule::tests::task_command_quotes_exe_and_validates ... ok
[INFO] [stdout] test engine::startup::tests::unresolvable_binaries_are_medium_not_low ... ok
[INFO] [stdout] test engine::sysinfo::tests::report_health_only_hides_detail ... ok
[INFO] [stdout] test engine::sysinfo::tests::full_disk_and_swap_raise_the_level ... ok
[INFO] [stdout] test engine::sysinfo::tests::smart_failure_forces_red ... ok
[INFO] [stdout] test engine::sysinfo::tests::smartctl_attributes_and_temperature_parse ... ok
[INFO] [stdout] test engine::sysinfo::tests::smartctl_health_lines_are_classified ... ok
[INFO] [stdout] test engine::sysinfo::tests::thermal_thresholds_are_applied ... ok
[INFO] [stdout] test engine::sysinfo::tests::uptime_is_human_readable ... ok
[INFO] [stdout] test engine::sysinfo::tests::windows_and_macos_statuses_map ... ok
[INFO] [stdout] test engine::undo::tests::duplicates_keep_last ... ok
[INFO] [stdout] test engine::sysinfo::tests::sensors_and_thermal_zones_parse ... ok
[INFO] [stdout] test engine::undo::tests::last_without_markers_is_whole_log ... ok
[INFO] [stdout] test engine::undo::tests::parses_clean_lines ... ok
[INFO] [stdout] test engine::undo::tests::pipe_in_path_parses ... ok
[INFO] [stdout] test engine::undo::tests::pipe_in_path_survives_parsing ... ok
[INFO] [stdout] test engine::sysinfo::tests::healthy_system_is_green ... ok
[INFO] [stdout] test engine::undo::tests::runs_list_newest_first ... ok
[INFO] [stdout] test engine::undo::tests::scopes_select_runs ... ok
[INFO] [stdout] test engine::undo::tests::real_restore_never_overwrites_existing ... ok
[INFO] [stdout] test engine::undo::tests::windows_path_maps_under_backup ... ok
[INFO] [stdout] test engine::watch::tests::escaping_is_safe ... ok
[INFO] [stdout] test engine::undo::tests::without_backup_is_explicit_error_but_restorable_is_written ... ok
[INFO] [stdout] test engine::undo::tests::validation_blocker_writes_nothing ... ok
[INFO] [stdout] test engine::watch::tests::missing_paths_ignored ... ok
[INFO] [stdout] test engine::worker::tests::bad_selectors_are_errors ... ok
[INFO] [stdout] test engine::worker::tests::exclusions_use_the_same_language ... ok
[INFO] [stdout] test engine::watch::tests::once_fires_and_respects_hysteresis ... ok
[INFO] [stdout] test engine::worker::tests::selector_forms ... ok
[INFO] [stdout] test engine::worker::tests::duplicates_collapse ... ok
[INFO] [stdout] test fsutil::size::tests::parses_si_and_iec_sizes ... ok
[INFO] [stdout] test fsutil::size::tests::human_formatting_matches_bleachbit_convention ... ok
[INFO] [stdout] test fsutil::size::tests::sizes_a_real_file ... ok
[INFO] [stdout] test fsutil::size::tests::rejects_bad_sizes ... ok
[INFO] [stdout] test engine::autostart::tests::filtering_500_items_is_fast ... ok
[INFO] [stdout] test fsutil::walk::tests::has_glob_detects_wildcards ... ok
[INFO] [stdout] test fsutil::size::tests::rounds_trip_through_the_config_layer ... ok
[INFO] [stdout] test engine::sysinfo::tests::collect_never_panics_and_reports_health ... ok
[INFO] [stdout] test fsutil::walk::tests::glob_preserves_absolute_root ... ok
[INFO] [stdout] test fsutil::size::tests::totals_sum_in_parallel ... ok
[INFO] [stdout] test fsutil::walk::tests::same_filesystem_keeps_children_on_the_root_device ... ok
[INFO] [stdout] test i18n::tests::diskless_covers_all_languages ... ok
[INFO] [stdout] test i18n::tests::diskless_keys_resolve_through_t ... ok
[INFO] [stdout] test i18n::tests::confirm_prompts_differ_per_language ... ok
[INFO] [stdout] test platform::unix::tests::rotated_names ... ok
[INFO] [stdout] test platform::unix::tests::locale_matching ... ok
[INFO] [stdout] test fsutil::walk::tests::scan_never_follows_links ... ok
[INFO] [stdout] test shred::overwrite::tests::human_sizes ... ok
[INFO] [stdout] test shred::overwrite::tests::pattern_round_trip ... ok
[INFO] [stdout] test i18n::tests::all_languages_cover_english_keys ... ok
[INFO] [stdout] test i18n::tests::falls_back_to_english ... ok
[INFO] [stdout] test engine::startup::tests::unquoted_paths_with_spaces_resolve ... ok
[INFO] [stdout] test engine::startup::tests::impact_of_a_fixture_binary_is_measured ... ok
[INFO] [stdout] test definition::model::tests::expand_keeps_registry_keys ... FAILED
[INFO] [stdout] test engine::autostart::unix::tests::shell_rc_heuristic_ignores_exports_and_aliases ... FAILED
[INFO] [stdout] test engine::network::tests::clear_dir_contents_removes_files_but_keeps_the_dir ... FAILED
[INFO] [stdout] test engine::privacy::tests::wipe_dir_contents_keeps_the_directory ... FAILED
[INFO] [stdout] test engine::privacy::tests::dry_run_shield_changes_nothing ... ok
[INFO] [stdout] test engine::memopt::tests::runs_without_panic ... ok
[INFO] [stdout] test definition::tests::builtins_parse ... ok
[INFO] [stdout] test definition::tests::glob_selection ... ok
[INFO] [stdout] test engine::startup::tests::list_and_report_never_panic ... ok
[INFO] [stderr] error: test failed, to rerun pass `--lib`
[INFO] [stdout] 
[INFO] [stdout] failures:
[INFO] [stdout] 
[INFO] [stdout] ---- definition::model::tests::expand_keeps_registry_keys stdout ----
[INFO] [stdout] 
[INFO] [stdout] thread 'definition::model::tests::expand_keeps_registry_keys' (1737) panicked at src/definition/model.rs:722:9:
[INFO] [stdout] assertion `left == right` failed
[INFO] [stdout]   left: ["HKCU/Software/Sweep"]
[INFO] [stdout]  right: ["HKCU\\Software\\Sweep"]
[INFO] [stdout] stack backtrace:
[INFO] [stdout]    0:     0x626f06b71a91 - std[70759c8f55707aa4]::backtrace_rs::backtrace::libunwind::trace
[INFO] [stdout]                                at /rustc/dfb0accb7f508ae8be965d8629557221c889dd98/library/std/src/../../backtrace/src/backtrace/libunwind.rs:117:9
[INFO] [stdout]    1:     0x626f06b71a91 - std[70759c8f55707aa4]::backtrace_rs::backtrace::trace_unsynchronized::<std[70759c8f55707aa4]::sys::backtrace::_print_fmt::{closure#1}>
[INFO] [stdout]                                at /rustc/dfb0accb7f508ae8be965d8629557221c889dd98/library/std/src/../../backtrace/src/backtrace/mod.rs:66:14
[INFO] [stdout]    2:     0x626f06b71a91 - std[70759c8f55707aa4]::sys::backtrace::_print_fmt
[INFO] [stdout]                                at /rustc/dfb0accb7f508ae8be965d8629557221c889dd98/library/std/src/sys/backtrace.rs:74:9
[INFO] [stdout]    3:     0x626f06b71a91 - <<std[70759c8f55707aa4]::sys::backtrace::BacktraceLock>::print::DisplayBacktrace as core[df12db4294e9bfd3]::fmt::Display>::fmt
[INFO] [stdout]                                at /rustc/dfb0accb7f508ae8be965d8629557221c889dd98/library/std/src/sys/backtrace.rs:44:26
[INFO] [stdout]    4:     0x626f06b8ac8a - <core[df12db4294e9bfd3]::fmt::rt::Argument>::fmt
[INFO] [stdout]                                at /rustc/dfb0accb7f508ae8be965d8629557221c889dd98/library/core/src/fmt/rt.rs:152:76
[INFO] [stdout]    5:     0x626f06b8ac8a - core[df12db4294e9bfd3]::fmt::write
[INFO] [stdout]    6:     0x626f06b7666c - core[df12db4294e9bfd3]::io::write::default_write_fmt::<alloc[2182bb758b4b3781]::vec::Vec<u8>>
[INFO] [stdout]                                at /rustc/dfb0accb7f508ae8be965d8629557221c889dd98/library/core/src/io/write.rs:402:11
[INFO] [stdout]    7:     0x626f06b7666c - <alloc[2182bb758b4b3781]::vec::Vec<u8> as core[df12db4294e9bfd3]::io::write::Write>::write_fmt
[INFO] [stdout]                                at /rustc/dfb0accb7f508ae8be965d8629557221c889dd98/library/core/src/io/write.rs:335:13
[INFO] [stdout]    8:     0x626f06b486d6 - <std[70759c8f55707aa4]::sys::backtrace::BacktraceLock>::print
[INFO] [stdout]                                at /rustc/dfb0accb7f508ae8be965d8629557221c889dd98/library/std/src/sys/backtrace.rs:47:9
[INFO] [stdout]    9:     0x626f06b486d6 - std[70759c8f55707aa4]::panicking::default_hook::{closure#0}
[INFO] [stdout]                                at /rustc/dfb0accb7f508ae8be965d8629557221c889dd98/library/std/src/panicking.rs:292:27
[INFO] [stdout]   10:     0x626f06b67389 - std[70759c8f55707aa4]::panicking::default_hook
[INFO] [stdout]                                at /rustc/dfb0accb7f508ae8be965d8629557221c889dd98/library/std/src/panicking.rs:316:9
[INFO] [stdout]   11:     0x626f06777c70 - <alloc[2182bb758b4b3781]::boxed::Box<dyn for<'a, 'b> core[df12db4294e9bfd3]::ops::function::Fn<(&'a std[70759c8f55707aa4]::panic::PanicHookInfo<'b>,), Output = ()> + core[df12db4294e9bfd3]::marker::Send + core[df12db4294e9bfd3]::marker::Sync> as core[df12db4294e9bfd3]::ops::function::Fn<(&std[70759c8f55707aa4]::panic::PanicHookInfo,)>>::call
[INFO] [stdout]                                at /rustc/dfb0accb7f508ae8be965d8629557221c889dd98/library/alloc/src/boxed.rs:2334:9
[INFO] [stdout]   12:     0x626f06777c70 - test[9d35eded1c95d3be]::test_main_inner::<test[9d35eded1c95d3be]::test_main_static::{closure#0}>::{closure#0}
[INFO] [stdout]                                at /rustc/dfb0accb7f508ae8be965d8629557221c889dd98/library/test/src/lib.rs:155:21
[INFO] [stdout]   13:     0x626f06b676b2 - <alloc[2182bb758b4b3781]::boxed::Box<dyn for<'a, 'b> core[df12db4294e9bfd3]::ops::function::Fn<(&'a std[70759c8f55707aa4]::panic::PanicHookInfo<'b>,), Output = ()> + core[df12db4294e9bfd3]::marker::Send + core[df12db4294e9bfd3]::marker::Sync> as core[df12db4294e9bfd3]::ops::function::Fn<(&std[70759c8f55707aa4]::panic::PanicHookInfo,)>>::call
[INFO] [stdout]                                at /rustc/dfb0accb7f508ae8be965d8629557221c889dd98/library/alloc/src/boxed.rs:2334:9
[INFO] [stdout]   14:     0x626f06b676b2 - std[70759c8f55707aa4]::panicking::panic_with_hook
[INFO] [stdout]                                at /rustc/dfb0accb7f508ae8be965d8629557221c889dd98/library/std/src/panicking.rs:823:13
[INFO] [stdout]   15:     0x626f06b48782 - std[70759c8f55707aa4]::panicking::panic_handler::{closure#0}
[INFO] [stdout]                                at /rustc/dfb0accb7f508ae8be965d8629557221c889dd98/library/std/src/panicking.rs:688:13
[INFO] [stdout]   16:     0x626f06b40ef9 - std[70759c8f55707aa4]::sys::backtrace::__rust_end_short_backtrace::<std[70759c8f55707aa4]::panicking::panic_handler::{closure#0}, !>
[INFO] [stdout]                                at /rustc/dfb0accb7f508ae8be965d8629557221c889dd98/library/std/src/sys/backtrace.rs:182:18
[INFO] [stdout]   17:     0x626f06b4992d - __rustc[8fa7c3cbc660c2b3]::rust_begin_unwind
[INFO] [stdout]                                at /rustc/dfb0accb7f508ae8be965d8629557221c889dd98/library/std/src/panicking.rs:679:5
[INFO] [stdout]   18:     0x626f06b8b55c - core[df12db4294e9bfd3]::panicking::panic_fmt
[INFO] [stdout]                                at /rustc/dfb0accb7f508ae8be965d8629557221c889dd98/library/core/src/panicking.rs:80:14
[INFO] [stdout]   19:     0x626f06b8b3c3 - core[df12db4294e9bfd3]::panicking::assert_failed_inner
[INFO] [stdout]                                at /rustc/dfb0accb7f508ae8be965d8629557221c889dd98/library/core/src/panicking.rs:452:17
[INFO] [stdout]   20:     0x626f064e873c - core[df12db4294e9bfd3]::panicking::assert_failed::<alloc[2182bb758b4b3781]::vec::Vec<std[70759c8f55707aa4]::path::PathBuf>, alloc[2182bb758b4b3781]::vec::Vec<std[70759c8f55707aa4]::path::PathBuf>>
[INFO] [stdout]                                at /rustc/dfb0accb7f508ae8be965d8629557221c889dd98/library/core/src/panicking.rs:407:5
[INFO] [stdout]   21:     0x626f0654db12 - sweep[99cde7cfdd3e7c57]::definition::model::tests::expand_keeps_registry_keys
[INFO] [stdout]                                at /opt/rustwide/workdir/src/definition/model.rs:722:9
[INFO] [stdout]   22:     0x626f06541b57 - sweep[99cde7cfdd3e7c57]::definition::model::tests::expand_keeps_registry_keys::{closure#0}
[INFO] [stdout]                                at /opt/rustwide/workdir/src/definition/model.rs:719:36
[INFO] [stdout]   23:     0x626f063e4276 - <sweep[99cde7cfdd3e7c57]::definition::model::tests::expand_keeps_registry_keys::{closure#0} as core[df12db4294e9bfd3]::ops::function::FnOnce<()>>::call_once
[INFO] [stdout]                                at /rustc/dfb0accb7f508ae8be965d8629557221c889dd98/library/core/src/ops/function.rs:250:5
[INFO] [stdout]   24:     0x626f0676af5b - <fn() -> core[df12db4294e9bfd3]::result::Result<(), alloc[2182bb758b4b3781]::string::String> as core[df12db4294e9bfd3]::ops::function::FnOnce<()>>::call_once
[INFO] [stdout]                                at /rustc/dfb0accb7f508ae8be965d8629557221c889dd98/library/core/src/ops/function.rs:250:5
[INFO] [stdout]   25:     0x626f0676af5b - test[9d35eded1c95d3be]::__rust_begin_short_backtrace::<core[df12db4294e9bfd3]::result::Result<(), alloc[2182bb758b4b3781]::string::String>, fn() -> core[df12db4294e9bfd3]::result::Result<(), alloc[2182bb758b4b3781]::string::String>>
[INFO] [stdout]                                at /rustc/dfb0accb7f508ae8be965d8629557221c889dd98/library/test/src/lib.rs:733:18
[INFO] [stdout]   26:     0x626f067785c5 - test[9d35eded1c95d3be]::run_test_in_process::{closure#0}
[INFO] [stdout]                                at /rustc/dfb0accb7f508ae8be965d8629557221c889dd98/library/test/src/lib.rs:756:74
[INFO] [stdout]   27:     0x626f067785c5 - <core[df12db4294e9bfd3]::panic::unwind_safe::AssertUnwindSafe<test[9d35eded1c95d3be]::run_test_in_process::{closure#0}> as core[df12db4294e9bfd3]::ops::function::FnOnce<()>>::call_once
[INFO] [stdout]                                at /rustc/dfb0accb7f508ae8be965d8629557221c889dd98/library/core/src/panic/unwind_safe.rs:275:9
[INFO] [stdout]   28:     0x626f067785c5 - std[70759c8f55707aa4]::panicking::catch_unwind::do_call::<core[df12db4294e9bfd3]::panic::unwind_safe::AssertUnwindSafe<test[9d35eded1c95d3be]::run_test_in_process::{closure#0}>, core[df12db4294e9bfd3]::result::Result<(), alloc[2182bb758b4b3781]::string::String>>
[INFO] [stdout]                                at /rustc/dfb0accb7f508ae8be965d8629557221c889dd98/library/std/src/panicking.rs:576:43
[INFO] [stdout]   29:     0x626f067785c5 - std[70759c8f55707aa4]::panicking::catch_unwind::<core[df12db4294e9bfd3]::result::Result<(), alloc[2182bb758b4b3781]::string::String>, core[df12db4294e9bfd3]::panic::unwind_safe::AssertUnwindSafe<test[9d35eded1c95d3be]::run_test_in_process::{closure#0}>>
[INFO] [stdout]                                at /rustc/dfb0accb7f508ae8be965d8629557221c889dd98/library/std/src/panicking.rs:544:19
[INFO] [stdout]   30:     0x626f067785c5 - std[70759c8f55707aa4]::panic::catch_unwind::<core[df12db4294e9bfd3]::panic::unwind_safe::AssertUnwindSafe<test[9d35eded1c95d3be]::run_test_in_process::{closure#0}>, core[df12db4294e9bfd3]::result::Result<(), alloc[2182bb758b4b3781]::string::String>>
[INFO] [stdout]                                at /rustc/dfb0accb7f508ae8be965d8629557221c889dd98/library/std/src/panic.rs:359:14
[INFO] [stdout]   31:     0x626f067785c5 - test[9d35eded1c95d3be]::run_test_in_process
[INFO] [stdout]                                at /rustc/dfb0accb7f508ae8be965d8629557221c889dd98/library/test/src/lib.rs:756:27
[INFO] [stdout]   32:     0x626f067785c5 - test[9d35eded1c95d3be]::run_test::{closure#0}
[INFO] [stdout]                                at /rustc/dfb0accb7f508ae8be965d8629557221c889dd98/library/test/src/lib.rs:677:43
[INFO] [stdout]   33:     0x626f06771e84 - test[9d35eded1c95d3be]::run_test::{closure#1}
[INFO] [stdout]                                at /rustc/dfb0accb7f508ae8be965d8629557221c889dd98/library/test/src/lib.rs:707:41
[INFO] [stdout]   34:     0x626f06771e84 - std[70759c8f55707aa4]::sys::backtrace::__rust_begin_short_backtrace::<test[9d35eded1c95d3be]::run_test::{closure#1}, ()>
[INFO] [stdout]                                at /rustc/dfb0accb7f508ae8be965d8629557221c889dd98/library/std/src/sys/backtrace.rs:166:18
[INFO] [stdout]   35:     0x626f0677b722 - std[70759c8f55707aa4]::thread::lifecycle::spawn_unchecked::<test[9d35eded1c95d3be]::run_test::{closure#1}, ()>::{closure#1}::{closure#0}
[INFO] [stdout]                                at /rustc/dfb0accb7f508ae8be965d8629557221c889dd98/library/std/src/thread/lifecycle.rs:70:13
[INFO] [stdout]   36:     0x626f0677b722 - <core[df12db4294e9bfd3]::panic::unwind_safe::AssertUnwindSafe<std[70759c8f55707aa4]::thread::lifecycle::spawn_unchecked<test[9d35eded1c95d3be]::run_test::{closure#1}, ()>::{closure#1}::{closure#0}> as core[df12db4294e9bfd3]::ops::function::FnOnce<()>>::call_once
[INFO] [stdout]                                at /rustc/dfb0accb7f508ae8be965d8629557221c889dd98/library/core/src/panic/unwind_safe.rs:275:9
[INFO] [stdout]   37:     0x626f0677b722 - std[70759c8f55707aa4]::panicking::catch_unwind::do_call::<core[df12db4294e9bfd3]::panic::unwind_safe::AssertUnwindSafe<std[70759c8f55707aa4]::thread::lifecycle::spawn_unchecked<test[9d35eded1c95d3be]::run_test::{closure#1}, ()>::{closure#1}::{closure#0}>, ()>
[INFO] [stdout]                                at /rustc/dfb0accb7f508ae8be965d8629557221c889dd98/library/std/src/panicking.rs:576:43
[INFO] [stdout]   38:     0x626f0677b722 - std[70759c8f55707aa4]::panicking::catch_unwind::<(), core[df12db4294e9bfd3]::panic::unwind_safe::AssertUnwindSafe<std[70759c8f55707aa4]::thread::lifecycle::spawn_unchecked<test[9d35eded1c95d3be]::run_test::{closure#1}, ()>::{closure#1}::{closure#0}>>
[INFO] [stdout]                                at /rustc/dfb0accb7f508ae8be965d8629557221c889dd98/library/std/src/panicking.rs:544:19
[INFO] [stdout]   39:     0x626f0677b722 - std[70759c8f55707aa4]::panic::catch_unwind::<core[df12db4294e9bfd3]::panic::unwind_safe::AssertUnwindSafe<std[70759c8f55707aa4]::thread::lifecycle::spawn_unchecked<test[9d35eded1c95d3be]::run_test::{closure#1}, ()>::{closure#1}::{closure#0}>, ()>
[INFO] [stdout]                                at /rustc/dfb0accb7f508ae8be965d8629557221c889dd98/library/std/src/panic.rs:359:14
[INFO] [stdout]   40:     0x626f0677b722 - std[70759c8f55707aa4]::thread::lifecycle::spawn_unchecked::<test[9d35eded1c95d3be]::run_test::{closure#1}, ()>::{closure#1}
[INFO] [stdout]                                at /rustc/dfb0accb7f508ae8be965d8629557221c889dd98/library/std/src/thread/lifecycle.rs:68:26
[INFO] [stdout]   41:     0x626f0677b722 - <std[70759c8f55707aa4]::thread::lifecycle::spawn_unchecked<test[9d35eded1c95d3be]::run_test::{closure#1}, ()>::{closure#1} as core[df12db4294e9bfd3]::ops::function::FnOnce<()>>::call_once::{shim:vtable#0}
[INFO] [stdout]                                at /rustc/dfb0accb7f508ae8be965d8629557221c889dd98/library/core/src/ops/function.rs:250:5
[INFO] [stdout]   42:     0x626f06b709e9 - <alloc[2182bb758b4b3781]::boxed::Box<dyn core[df12db4294e9bfd3]::ops::function::FnOnce<(), Output = ()> + core[df12db4294e9bfd3]::marker::Send> as core[df12db4294e9bfd3]::ops::function::FnOnce<()>>::call_once
[INFO] [stdout]                                at /rustc/dfb0accb7f508ae8be965d8629557221c889dd98/library/alloc/src/boxed.rs:2320:9
[INFO] [stdout]   43:     0x626f06b709e9 - <std[70759c8f55707aa4]::sys::thread::unix::Thread>::new::thread_start
[INFO] [stdout]                                at /rustc/dfb0accb7f508ae8be965d8629557221c889dd98/library/std/src/sys/thread/unix.rs:123:17
[INFO] [stdout]   44:     0x7ec15911cdfa - <unknown>
[INFO] [stdout]   45:     0x7ec1591b03d4 - clone
[INFO] [stdout]   46:                0x0 - <unknown>
[INFO] [stdout] 
[INFO] [stdout] ---- engine::autostart::unix::tests::shell_rc_heuristic_ignores_exports_and_aliases stdout ----
[INFO] [stdout] 
[INFO] [stdout] thread 'engine::autostart::unix::tests::shell_rc_heuristic_ignores_exports_and_aliases' (1797) panicked at src/engine/autostart/unix.rs:678:9:
[INFO] [stdout] assertion failed: !looks_like_daemon_launch("# nohup foo &")
[INFO] [stdout] stack backtrace:
[INFO] [stdout]    0:     0x626f06b71a91 - std[70759c8f55707aa4]::backtrace_rs::backtrace::libunwind::trace
[INFO] [stdout]                                at /rustc/dfb0accb7f508ae8be965d8629557221c889dd98/library/std/src/../../backtrace/src/backtrace/libunwind.rs:117:9
[INFO] [stdout]    1:     0x626f06b71a91 - std[70759c8f55707aa4]::backtrace_rs::backtrace::trace_unsynchronized::<std[70759c8f55707aa4]::sys::backtrace::_print_fmt::{closure#1}>
[INFO] [stdout]                                at /rustc/dfb0accb7f508ae8be965d8629557221c889dd98/library/std/src/../../backtrace/src/backtrace/mod.rs:66:14
[INFO] [stdout]    2:     0x626f06b71a91 - std[70759c8f55707aa4]::sys::backtrace::_print_fmt
[INFO] [stdout]                                at /rustc/dfb0accb7f508ae8be965d8629557221c889dd98/library/std/src/sys/backtrace.rs:74:9
[INFO] [stdout]    3:     0x626f06b71a91 - <<std[70759c8f55707aa4]::sys::backtrace::BacktraceLock>::print::DisplayBacktrace as core[df12db4294e9bfd3]::fmt::Display>::fmt
[INFO] [stdout]                                at /rustc/dfb0accb7f508ae8be965d8629557221c889dd98/library/std/src/sys/backtrace.rs:44:26
[INFO] [stdout]    4:     0x626f06b8ac8a - <core[df12db4294e9bfd3]::fmt::rt::Argument>::fmt
[INFO] [stdout]                                at /rustc/dfb0accb7f508ae8be965d8629557221c889dd98/library/core/src/fmt/rt.rs:152:76
[INFO] [stdout]    5:     0x626f06b8ac8a - core[df12db4294e9bfd3]::fmt::write
[INFO] [stdout]    6:     0x626f06b7666c - core[df12db4294e9bfd3]::io::write::default_write_fmt::<alloc[2182bb758b4b3781]::vec::Vec<u8>>
[INFO] [stdout]                                at /rustc/dfb0accb7f508ae8be965d8629557221c889dd98/library/core/src/io/write.rs:402:11
[INFO] [stdout]    7:     0x626f06b7666c - <alloc[2182bb758b4b3781]::vec::Vec<u8> as core[df12db4294e9bfd3]::io::write::Write>::write_fmt
[INFO] [stdout]                                at /rustc/dfb0accb7f508ae8be965d8629557221c889dd98/library/core/src/io/write.rs:335:13
[INFO] [stdout]    8:     0x626f06b486d6 - <std[70759c8f55707aa4]::sys::backtrace::BacktraceLock>::print
[INFO] [stdout]                                at /rustc/dfb0accb7f508ae8be965d8629557221c889dd98/library/std/src/sys/backtrace.rs:47:9
[INFO] [stdout]    9:     0x626f06b486d6 - std[70759c8f55707aa4]::panicking::default_hook::{closure#0}
[INFO] [stdout]                                at /rustc/dfb0accb7f508ae8be965d8629557221c889dd98/library/std/src/panicking.rs:292:27
[INFO] [stdout]   10:     0x626f06b67389 - std[70759c8f55707aa4]::panicking::default_hook
[INFO] [stdout]                                at /rustc/dfb0accb7f508ae8be965d8629557221c889dd98/library/std/src/panicking.rs:316:9
[INFO] [stdout]   11:     0x626f06777c70 - <alloc[2182bb758b4b3781]::boxed::Box<dyn for<'a, 'b> core[df12db4294e9bfd3]::ops::function::Fn<(&'a std[70759c8f55707aa4]::panic::PanicHookInfo<'b>,), Output = ()> + core[df12db4294e9bfd3]::marker::Send + core[df12db4294e9bfd3]::marker::Sync> as core[df12db4294e9bfd3]::ops::function::Fn<(&std[70759c8f55707aa4]::panic::PanicHookInfo,)>>::call
[INFO] [stdout]                                at /rustc/dfb0accb7f508ae8be965d8629557221c889dd98/library/alloc/src/boxed.rs:2334:9
[INFO] [stdout]   12:     0x626f06777c70 - test[9d35eded1c95d3be]::test_main_inner::<test[9d35eded1c95d3be]::test_main_static::{closure#0}>::{closure#0}
[INFO] [stdout]                                at /rustc/dfb0accb7f508ae8be965d8629557221c889dd98/library/test/src/lib.rs:155:21
[INFO] [stdout]   13:     0x626f06b676b2 - <alloc[2182bb758b4b3781]::boxed::Box<dyn for<'a, 'b> core[df12db4294e9bfd3]::ops::function::Fn<(&'a std[70759c8f55707aa4]::panic::PanicHookInfo<'b>,), Output = ()> + core[df12db4294e9bfd3]::marker::Send + core[df12db4294e9bfd3]::marker::Sync> as core[df12db4294e9bfd3]::ops::function::Fn<(&std[70759c8f55707aa4]::panic::PanicHookInfo,)>>::call
[INFO] [stdout]                                at /rustc/dfb0accb7f508ae8be965d8629557221c889dd98/library/alloc/src/boxed.rs:2334:9
[INFO] [stdout]   14:     0x626f06b676b2 - std[70759c8f55707aa4]::panicking::panic_with_hook
[INFO] [stdout]                                at /rustc/dfb0accb7f508ae8be965d8629557221c889dd98/library/std/src/panicking.rs:823:13
[INFO] [stdout]   15:     0x626f06b487b4 - std[70759c8f55707aa4]::panicking::panic_handler::{closure#0}
[INFO] [stdout]                                at /rustc/dfb0accb7f508ae8be965d8629557221c889dd98/library/std/src/panicking.rs:681:13
[INFO] [stdout]   16:     0x626f06b40ef9 - std[70759c8f55707aa4]::sys::backtrace::__rust_end_short_backtrace::<std[70759c8f55707aa4]::panicking::panic_handler::{closure#0}, !>
[INFO] [stdout]                                at /rustc/dfb0accb7f508ae8be965d8629557221c889dd98/library/std/src/sys/backtrace.rs:182:18
[INFO] [stdout]   17:     0x626f06b4992d - __rustc[8fa7c3cbc660c2b3]::rust_begin_unwind
[INFO] [stdout]                                at /rustc/dfb0accb7f508ae8be965d8629557221c889dd98/library/std/src/panicking.rs:679:5
[INFO] [stdout]   18:     0x626f06b8b55c - core[df12db4294e9bfd3]::panicking::panic_fmt
[INFO] [stdout]                                at /rustc/dfb0accb7f508ae8be965d8629557221c889dd98/library/core/src/panicking.rs:80:14
[INFO] [stdout]   19:     0x626f06b8b522 - core[df12db4294e9bfd3]::panicking::panic
[INFO] [stdout]                                at /rustc/dfb0accb7f508ae8be965d8629557221c889dd98/library/core/src/panicking.rs:150:5
[INFO] [stdout]   20:     0x626f0651166b - sweep[99cde7cfdd3e7c57]::engine::autostart::unix::tests::shell_rc_heuristic_ignores_exports_and_aliases
[INFO] [stdout]                                at /opt/rustwide/workdir/src/engine/autostart/unix.rs:678:9
[INFO] [stdout]   21:     0x626f064ed277 - sweep[99cde7cfdd3e7c57]::engine::autostart::unix::tests::shell_rc_heuristic_ignores_exports_and_aliases::{closure#0}
[INFO] [stdout]                                at /opt/rustwide/workdir/src/engine/autostart/unix.rs:672:56
[INFO] [stdout]   22:     0x626f063e5e36 - <sweep[99cde7cfdd3e7c57]::engine::autostart::unix::tests::shell_rc_heuristic_ignores_exports_and_aliases::{closure#0} as core[df12db4294e9bfd3]::ops::function::FnOnce<()>>::call_once
[INFO] [stdout]                                at /rustc/dfb0accb7f508ae8be965d8629557221c889dd98/library/core/src/ops/function.rs:250:5
[INFO] [stdout]   23:     0x626f0676af5b - <fn() -> core[df12db4294e9bfd3]::result::Result<(), alloc[2182bb758b4b3781]::string::String> as core[df12db4294e9bfd3]::ops::function::FnOnce<()>>::call_once
[INFO] [stdout]                                at /rustc/dfb0accb7f508ae8be965d8629557221c889dd98/library/core/src/ops/function.rs:250:5
[INFO] [stdout]   24:     0x626f0676af5b - test[9d35eded1c95d3be]::__rust_begin_short_backtrace::<core[df12db4294e9bfd3]::result::Result<(), alloc[2182bb758b4b3781]::string::String>, fn() -> core[df12db4294e9bfd3]::result::Result<(), alloc[2182bb758b4b3781]::string::String>>
[INFO] [stdout]                                at /rustc/dfb0accb7f508ae8be965d8629557221c889dd98/library/test/src/lib.rs:733:18
[INFO] [stdout]   25:     0x626f067785c5 - test[9d35eded1c95d3be]::run_test_in_process::{closure#0}
[INFO] [stdout]                                at /rustc/dfb0accb7f508ae8be965d8629557221c889dd98/library/test/src/lib.rs:756:74
[INFO] [stdout]   26:     0x626f067785c5 - <core[df12db4294e9bfd3]::panic::unwind_safe::AssertUnwindSafe<test[9d35eded1c95d3be]::run_test_in_process::{closure#0}> as core[df12db4294e9bfd3]::ops::function::FnOnce<()>>::call_once
[INFO] [stdout]                                at /rustc/dfb0accb7f508ae8be965d8629557221c889dd98/library/core/src/panic/unwind_safe.rs:275:9
[INFO] [stdout]   27:     0x626f067785c5 - std[70759c8f55707aa4]::panicking::catch_unwind::do_call::<core[df12db4294e9bfd3]::panic::unwind_safe::AssertUnwindSafe<test[9d35eded1c95d3be]::run_test_in_process::{closure#0}>, core[df12db4294e9bfd3]::result::Result<(), alloc[2182bb758b4b3781]::string::String>>
[INFO] [stdout]                                at /rustc/dfb0accb7f508ae8be965d8629557221c889dd98/library/std/src/panicking.rs:576:43
[INFO] [stdout]   28:     0x626f067785c5 - std[70759c8f55707aa4]::panicking::catch_unwind::<core[df12db4294e9bfd3]::result::Result<(), alloc[2182bb758b4b3781]::string::String>, core[df12db4294e9bfd3]::panic::unwind_safe::AssertUnwindSafe<test[9d35eded1c95d3be]::run_test_in_process::{closure#0}>>
[INFO] [stdout]                                at /rustc/dfb0accb7f508ae8be965d8629557221c889dd98/library/std/src/panicking.rs:544:19
[INFO] [stdout]   29:     0x626f067785c5 - std[70759c8f55707aa4]::panic::catch_unwind::<core[df12db4294e9bfd3]::panic::unwind_safe::AssertUnwindSafe<test[9d35eded1c95d3be]::run_test_in_process::{closure#0}>, core[df12db4294e9bfd3]::result::Result<(), alloc[2182bb758b4b3781]::string::String>>
[INFO] [stdout]                                at /rustc/dfb0accb7f508ae8be965d8629557221c889dd98/library/std/src/panic.rs:359:14
[INFO] [stdout]   30:     0x626f067785c5 - test[9d35eded1c95d3be]::run_test_in_process
[INFO] [stdout]                                at /rustc/dfb0accb7f508ae8be965d8629557221c889dd98/library/test/src/lib.rs:756:27
[INFO] [stdout]   31:     0x626f067785c5 - test[9d35eded1c95d3be]::run_test::{closure#0}
[INFO] [stdout]                                at /rustc/dfb0accb7f508ae8be965d8629557221c889dd98/library/test/src/lib.rs:677:43
[INFO] [stdout]   32:     0x626f06771e84 - test[9d35eded1c95d3be]::run_test::{closure#1}
[INFO] [stdout]                                at /rustc/dfb0accb7f508ae8be965d8629557221c889dd98/library/test/src/lib.rs:707:41
[INFO] [stdout]   33:     0x626f06771e84 - std[70759c8f55707aa4]::sys::backtrace::__rust_begin_short_backtrace::<test[9d35eded1c95d3be]::run_test::{closure#1}, ()>
[INFO] [stdout]                                at /rustc/dfb0accb7f508ae8be965d8629557221c889dd98/library/std/src/sys/backtrace.rs:166:18
[INFO] [stdout]   34:     0x626f0677b722 - std[70759c8f55707aa4]::thread::lifecycle::spawn_unchecked::<test[9d35eded1c95d3be]::run_test::{closure#1}, ()>::{closure#1}::{closure#0}
[INFO] [stdout]                                at /rustc/dfb0accb7f508ae8be965d8629557221c889dd98/library/std/src/thread/lifecycle.rs:70:13
[INFO] [stdout]   35:     0x626f0677b722 - <core[df12db4294e9bfd3]::panic::unwind_safe::AssertUnwindSafe<std[70759c8f55707aa4]::thread::lifecycle::spawn_unchecked<test[9d35eded1c95d3be]::run_test::{closure#1}, ()>::{closure#1}::{closure#0}> as core[df12db4294e9bfd3]::ops::function::FnOnce<()>>::call_once
[INFO] [stdout]                                at /rustc/dfb0accb7f508ae8be965d8629557221c889dd98/library/core/src/panic/unwind_safe.rs:275:9
[INFO] [stdout]   36:     0x626f0677b722 - std[70759c8f55707aa4]::panicking::catch_unwind::do_call::<core[df12db4294e9bfd3]::panic::unwind_safe::AssertUnwindSafe<std[70759c8f55707aa4]::thread::lifecycle::spawn_unchecked<test[9d35eded1c95d3be]::run_test::{closure#1}, ()>::{closure#1}::{closure#0}>, ()>
[INFO] [stdout]                                at /rustc/dfb0accb7f508ae8be965d8629557221c889dd98/library/std/src/panicking.rs:576:43
[INFO] [stdout]   37:     0x626f0677b722 - std[70759c8f55707aa4]::panicking::catch_unwind::<(), core[df12db4294e9bfd3]::panic::unwind_safe::AssertUnwindSafe<std[70759c8f55707aa4]::thread::lifecycle::spawn_unchecked<test[9d35eded1c95d3be]::run_test::{closure#1}, ()>::{closure#1}::{closure#0}>>
[INFO] [stdout]                                at /rustc/dfb0accb7f508ae8be965d8629557221c889dd98/library/std/src/panicking.rs:544:19
[INFO] [stdout]   38:     0x626f0677b722 - std[70759c8f55707aa4]::panic::catch_unwind::<core[df12db4294e9bfd3]::panic::unwind_safe::AssertUnwindSafe<std[70759c8f55707aa4]::thread::lifecycle::spawn_unchecked<test[9d35eded1c95d3be]::run_test::{closure#1}, ()>::{closure#1}::{closure#0}>, ()>
[INFO] [stdout]                                at /rustc/dfb0accb7f508ae8be965d8629557221c889dd98/library/std/src/panic.rs:359:14
[INFO] [stdout]   39:     0x626f0677b722 - std[70759c8f55707aa4]::thread::lifecycle::spawn_unchecked::<test[9d35eded1c95d3be]::run_test::{closure#1}, ()>::{closure#1}
[INFO] [stdout]                                at /rustc/dfb0accb7f508ae8be965d8629557221c889dd98/library/std/src/thread/lifecycle.rs:68:26
[INFO] [stdout]   40:     0x626f0677b722 - <std[70759c8f55707aa4]::thread::lifecycle::spawn_unchecked<test[9d35eded1c95d3be]::run_test::{closure#1}, ()>::{closure#1} as core[df12db4294e9bfd3]::ops::function::FnOnce<()>>::call_once::{shim:vtable#0}
[INFO] [stdout]                                at /rustc/dfb0accb7f508ae8be965d8629557221c889dd98/library/core/src/ops/function.rs:250:5
[INFO] [stdout]   41:     0x626f06b709e9 - <alloc[2182bb758b4b3781]::boxed::Box<dyn core[df12db4294e9bfd3]::ops::function::FnOnce<(), Output = ()> + core[df12db4294e9bfd3]::marker::Send> as core[df12db4294e9bfd3]::ops::function::FnOnce<()>>::call_once
[INFO] [stdout]                                at /rustc/dfb0accb7f508ae8be965d8629557221c889dd98/library/alloc/src/boxed.rs:2320:9
[INFO] [stdout]   42:     0x626f06b709e9 - <std[70759c8f55707aa4]::sys::thread::unix::Thread>::new::thread_start
[INFO] [stdout]                                at /rustc/dfb0accb7f508ae8be965d8629557221c889dd98/library/std/src/sys/thread/unix.rs:123:17
[INFO] [stdout]   43:     0x7ec15911cdfa - <unknown>
[INFO] [stdout]   44:     0x7ec1591b03d4 - clone
[INFO] [stdout]   45:                0x0 - <unknown>
[INFO] [stdout] 
[INFO] [stdout] ---- engine::network::tests::clear_dir_contents_removes_files_but_keeps_the_dir stdout ----
[INFO] [stdout] 
[INFO] [stdout] thread 'engine::network::tests::clear_dir_contents_removes_files_but_keeps_the_dir' (1846) panicked at src/engine/network.rs:518:9:
[INFO] [stdout] assertion `left == right` failed
[INFO] [stdout]   left: 8192
[INFO] [stdout]  right: 150
[INFO] [stdout] stack backtrace:
[INFO] [stdout]    0:     0x626f06b71a91 - std[70759c8f55707aa4]::backtrace_rs::backtrace::libunwind::trace
[INFO] [stdout]                                at /rustc/dfb0accb7f508ae8be965d8629557221c889dd98/library/std/src/../../backtrace/src/backtrace/libunwind.rs:117:9
[INFO] [stdout]    1:     0x626f06b71a91 - std[70759c8f55707aa4]::backtrace_rs::backtrace::trace_unsynchronized::<std[70759c8f55707aa4]::sys::backtrace::_print_fmt::{closure#1}>
[INFO] [stdout]                                at /rustc/dfb0accb7f508ae8be965d8629557221c889dd98/library/std/src/../../backtrace/src/backtrace/mod.rs:66:14
[INFO] [stdout]    2:     0x626f06b71a91 - std[70759c8f55707aa4]::sys::backtrace::_print_fmt
[INFO] [stdout]                                at /rustc/dfb0accb7f508ae8be965d8629557221c889dd98/library/std/src/sys/backtrace.rs:74:9
[INFO] [stdout]    3:     0x626f06b71a91 - <<std[70759c8f55707aa4]::sys::backtrace::BacktraceLock>::print::DisplayBacktrace as core[df12db4294e9bfd3]::fmt::Display>::fmt
[INFO] [stdout]                                at /rustc/dfb0accb7f508ae8be965d8629557221c889dd98/library/std/src/sys/backtrace.rs:44:26
[INFO] [stdout]    4:     0x626f06b8ac8a - <core[df12db4294e9bfd3]::fmt::rt::Argument>::fmt
[INFO] [stdout]                                at /rustc/dfb0accb7f508ae8be965d8629557221c889dd98/library/core/src/fmt/rt.rs:152:76
[INFO] [stdout]    5:     0x626f06b8ac8a - core[df12db4294e9bfd3]::fmt::write
[INFO] [stdout]    6:     0x626f06b7666c - core[df12db4294e9bfd3]::io::write::default_write_fmt::<alloc[2182bb758b4b3781]::vec::Vec<u8>>
[INFO] [stdout]                                at /rustc/dfb0accb7f508ae8be965d8629557221c889dd98/library/core/src/io/write.rs:402:11
[INFO] [stdout]    7:     0x626f06b7666c - <alloc[2182bb758b4b3781]::vec::Vec<u8> as core[df12db4294e9bfd3]::io::write::Write>::write_fmt
[INFO] [stdout]                                at /rustc/dfb0accb7f508ae8be965d8629557221c889dd98/library/core/src/io/write.rs:335:13
[INFO] [stdout]    8:     0x626f06b486d6 - <std[70759c8f55707aa4]::sys::backtrace::BacktraceLock>::print
[INFO] [stdout]                                at /rustc/dfb0accb7f508ae8be965d8629557221c889dd98/library/std/src/sys/backtrace.rs:47:9
[INFO] [stdout]    9:     0x626f06b486d6 - std[70759c8f55707aa4]::panicking::default_hook::{closure#0}
[INFO] [stdout]                                at /rustc/dfb0accb7f508ae8be965d8629557221c889dd98/library/std/src/panicking.rs:292:27
[INFO] [stdout]   10:     0x626f06b67389 - std[70759c8f55707aa4]::panicking::default_hook
[INFO] [stdout]                                at /rustc/dfb0accb7f508ae8be965d8629557221c889dd98/library/std/src/panicking.rs:316:9
[INFO] [stdout]   11:     0x626f06777c70 - <alloc[2182bb758b4b3781]::boxed::Box<dyn for<'a, 'b> core[df12db4294e9bfd3]::ops::function::Fn<(&'a std[70759c8f55707aa4]::panic::PanicHookInfo<'b>,), Output = ()> + core[df12db4294e9bfd3]::marker::Send + core[df12db4294e9bfd3]::marker::Sync> as core[df12db4294e9bfd3]::ops::function::Fn<(&std[70759c8f55707aa4]::panic::PanicHookInfo,)>>::call
[INFO] [stdout]                                at /rustc/dfb0accb7f508ae8be965d8629557221c889dd98/library/alloc/src/boxed.rs:2334:9
[INFO] [stdout]   12:     0x626f06777c70 - test[9d35eded1c95d3be]::test_main_inner::<test[9d35eded1c95d3be]::test_main_static::{closure#0}>::{closure#0}
[INFO] [stdout]                                at /rustc/dfb0accb7f508ae8be965d8629557221c889dd98/library/test/src/lib.rs:155:21
[INFO] [stdout]   13:     0x626f06b676b2 - <alloc[2182bb758b4b3781]::boxed::Box<dyn for<'a, 'b> core[df12db4294e9bfd3]::ops::function::Fn<(&'a std[70759c8f55707aa4]::panic::PanicHookInfo<'b>,), Output = ()> + core[df12db4294e9bfd3]::marker::Send + core[df12db4294e9bfd3]::marker::Sync> as core[df12db4294e9bfd3]::ops::function::Fn<(&std[70759c8f55707aa4]::panic::PanicHookInfo,)>>::call
[INFO] [stdout]                                at /rustc/dfb0accb7f508ae8be965d8629557221c889dd98/library/alloc/src/boxed.rs:2334:9
[INFO] [stdout]   14:     0x626f06b676b2 - std[70759c8f55707aa4]::panicking::panic_with_hook
[INFO] [stdout]                                at /rustc/dfb0accb7f508ae8be965d8629557221c889dd98/library/std/src/panicking.rs:823:13
[INFO] [stdout]   15:     0x626f06b48782 - std[70759c8f55707aa4]::panicking::panic_handler::{closure#0}
[INFO] [stdout]                                at /rustc/dfb0accb7f508ae8be965d8629557221c889dd98/library/std/src/panicking.rs:688:13
[INFO] [stdout]   16:     0x626f06b40ef9 - std[70759c8f55707aa4]::sys::backtrace::__rust_end_short_backtrace::<std[70759c8f55707aa4]::panicking::panic_handler::{closure#0}, !>
[INFO] [stdout]                                at /rustc/dfb0accb7f508ae8be965d8629557221c889dd98/library/std/src/sys/backtrace.rs:182:18
[INFO] [stdout]   17:     0x626f06b4992d - __rustc[8fa7c3cbc660c2b3]::rust_begin_unwind
[INFO] [stdout]                                at /rustc/dfb0accb7f508ae8be965d8629557221c889dd98/library/std/src/panicking.rs:679:5
[INFO] [stdout]   18:     0x626f06b8b55c - core[df12db4294e9bfd3]::panicking::panic_fmt
[INFO] [stdout]                                at /rustc/dfb0accb7f508ae8be965d8629557221c889dd98/library/core/src/panicking.rs:80:14
[INFO] [stdout]   19:     0x626f06b8b3c3 - core[df12db4294e9bfd3]::panicking::assert_failed_inner
[INFO] [stdout]                                at /rustc/dfb0accb7f508ae8be965d8629557221c889dd98/library/core/src/panicking.rs:452:17
[INFO] [stdout]   20:     0x626f06b85312 - core[df12db4294e9bfd3]::panicking::assert_failed::<u64, u64>
[INFO] [stdout]                                at /rustc/dfb0accb7f508ae8be965d8629557221c889dd98/library/core/src/panicking.rs:407:5
[INFO] [stdout]   21:     0x626f063d08d2 - sweep[99cde7cfdd3e7c57]::engine::network::tests::clear_dir_contents_removes_files_but_keeps_the_dir
[INFO] [stdout]                                at /opt/rustwide/workdir/src/engine/network.rs:518:9
[INFO] [stdout]   22:     0x626f063c2e57 - sweep[99cde7cfdd3e7c57]::engine::network::tests::clear_dir_contents_removes_files_but_keeps_the_dir::{closure#0}
[INFO] [stdout]                                at /opt/rustwide/workdir/src/engine/network.rs:510:60
[INFO] [stdout]   23:     0x626f063e5396 - <sweep[99cde7cfdd3e7c57]::engine::network::tests::clear_dir_contents_removes_files_but_keeps_the_dir::{closure#0} as core[df12db4294e9bfd3]::ops::function::FnOnce<()>>::call_once
[INFO] [stdout]                                at /rustc/dfb0accb7f508ae8be965d8629557221c889dd98/library/core/src/ops/function.rs:250:5
[INFO] [stdout]   24:     0x626f0676af5b - <fn() -> core[df12db4294e9bfd3]::result::Result<(), alloc[2182bb758b4b3781]::string::String> as core[df12db4294e9bfd3]::ops::function::FnOnce<()>>::call_once
[INFO] [stdout]                                at /rustc/dfb0accb7f508ae8be965d8629557221c889dd98/library/core/src/ops/function.rs:250:5
[INFO] [stdout]   25:     0x626f0676af5b - test[9d35eded1c95d3be]::__rust_begin_short_backtrace::<core[df12db4294e9bfd3]::result::Result<(), alloc[2182bb758b4b3781]::string::String>, fn() -> core[df12db4294e9bfd3]::result::Result<(), alloc[2182bb758b4b3781]::string::String>>
[INFO] [stdout]                                at /rustc/dfb0accb7f508ae8be965d8629557221c889dd98/library/test/src/lib.rs:733:18
[INFO] [stdout]   26:     0x626f067785c5 - test[9d35eded1c95d3be]::run_test_in_process::{closure#0}
[INFO] [stdout]                                at /rustc/dfb0accb7f508ae8be965d8629557221c889dd98/library/test/src/lib.rs:756:74
[INFO] [stdout]   27:     0x626f067785c5 - <core[df12db4294e9bfd3]::panic::unwind_safe::AssertUnwindSafe<test[9d35eded1c95d3be]::run_test_in_process::{closure#0}> as core[df12db4294e9bfd3]::ops::function::FnOnce<()>>::call_once
[INFO] [stdout]                                at /rustc/dfb0accb7f508ae8be965d8629557221c889dd98/library/core/src/panic/unwind_safe.rs:275:9
[INFO] [stdout]   28:     0x626f067785c5 - std[70759c8f55707aa4]::panicking::catch_unwind::do_call::<core[df12db4294e9bfd3]::panic::unwind_safe::AssertUnwindSafe<test[9d35eded1c95d3be]::run_test_in_process::{closure#0}>, core[df12db4294e9bfd3]::result::Result<(), alloc[2182bb758b4b3781]::string::String>>
[INFO] [stdout]                                at /rustc/dfb0accb7f508ae8be965d8629557221c889dd98/library/std/src/panicking.rs:576:43
[INFO] [stdout]   29:     0x626f067785c5 - std[70759c8f55707aa4]::panicking::catch_unwind::<core[df12db4294e9bfd3]::result::Result<(), alloc[2182bb758b4b3781]::string::String>, core[df12db4294e9bfd3]::panic::unwind_safe::AssertUnwindSafe<test[9d35eded1c95d3be]::run_test_in_process::{closure#0}>>
[INFO] [stdout]                                at /rustc/dfb0accb7f508ae8be965d8629557221c889dd98/library/std/src/panicking.rs:544:19
[INFO] [stdout]   30:     0x626f067785c5 - std[70759c8f55707aa4]::panic::catch_unwind::<core[df12db4294e9bfd3]::panic::unwind_safe::AssertUnwindSafe<test[9d35eded1c95d3be]::run_test_in_process::{closure#0}>, core[df12db4294e9bfd3]::result::Result<(), alloc[2182bb758b4b3781]::string::String>>
[INFO] [stdout]                                at /rustc/dfb0accb7f508ae8be965d8629557221c889dd98/library/std/src/panic.rs:359:14
[INFO] [stdout]   31:     0x626f067785c5 - test[9d35eded1c95d3be]::run_test_in_process
[INFO] [stdout]                                at /rustc/dfb0accb7f508ae8be965d8629557221c889dd98/library/test/src/lib.rs:756:27
[INFO] [stdout]   32:     0x626f067785c5 - test[9d35eded1c95d3be]::run_test::{closure#0}
[INFO] [stdout]                                at /rustc/dfb0accb7f508ae8be965d8629557221c889dd98/library/test/src/lib.rs:677:43
[INFO] [stdout]   33:     0x626f06771e84 - test[9d35eded1c95d3be]::run_test::{closure#1}
[INFO] [stdout]                                at /rustc/dfb0accb7f508ae8be965d8629557221c889dd98/library/test/src/lib.rs:707:41
[INFO] [stdout]   34:     0x626f06771e84 - std[70759c8f55707aa4]::sys::backtrace::__rust_begin_short_backtrace::<test[9d35eded1c95d3be]::run_test::{closure#1}, ()>
[INFO] [stdout]                                at /rustc/dfb0accb7f508ae8be965d8629557221c889dd98/library/std/src/sys/backtrace.rs:166:18
[INFO] [stdout]   35:     0x626f0677b722 - std[70759c8f55707aa4]::thread::lifecycle::spawn_unchecked::<test[9d35eded1c95d3be]::run_test::{closure#1}, ()>::{closure#1}::{closure#0}
[INFO] [stdout]                                at /rustc/dfb0accb7f508ae8be965d8629557221c889dd98/library/std/src/thread/lifecycle.rs:70:13
[INFO] [stdout]   36:     0x626f0677b722 - <core[df12db4294e9bfd3]::panic::unwind_safe::AssertUnwindSafe<std[70759c8f55707aa4]::thread::lifecycle::spawn_unchecked<test[9d35eded1c95d3be]::run_test::{closure#1}, ()>::{closure#1}::{closure#0}> as core[df12db4294e9bfd3]::ops::function::FnOnce<()>>::call_once
[INFO] [stdout]                                at /rustc/dfb0accb7f508ae8be965d8629557221c889dd98/library/core/src/panic/unwind_safe.rs:275:9
[INFO] [stdout]   37:     0x626f0677b722 - std[70759c8f55707aa4]::panicking::catch_unwind::do_call::<core[df12db4294e9bfd3]::panic::unwind_safe::AssertUnwindSafe<std[70759c8f55707aa4]::thread::lifecycle::spawn_unchecked<test[9d35eded1c95d3be]::run_test::{closure#1}, ()>::{closure#1}::{closure#0}>, ()>
[INFO] [stdout]                                at /rustc/dfb0accb7f508ae8be965d8629557221c889dd98/library/std/src/panicking.rs:576:43
[INFO] [stdout]   38:     0x626f0677b722 - std[70759c8f55707aa4]::panicking::catch_unwind::<(), core[df12db4294e9bfd3]::panic::unwind_safe::AssertUnwindSafe<std[70759c8f55707aa4]::thread::lifecycle::spawn_unchecked<test[9d35eded1c95d3be]::run_test::{closure#1}, ()>::{closure#1}::{closure#0}>>
[INFO] [stdout]                                at /rustc/dfb0accb7f508ae8be965d8629557221c889dd98/library/std/src/panicking.rs:544:19
[INFO] [stdout]   39:     0x626f0677b722 - std[70759c8f55707aa4]::panic::catch_unwind::<core[df12db4294e9bfd3]::panic::unwind_safe::AssertUnwindSafe<std[70759c8f55707aa4]::thread::lifecycle::spawn_unchecked<test[9d35eded1c95d3be]::run_test::{closure#1}, ()>::{closure#1}::{closure#0}>, ()>
[INFO] [stdout]                                at /rustc/dfb0accb7f508ae8be965d8629557221c889dd98/library/std/src/panic.rs:359:14
[INFO] [stdout]   40:     0x626f0677b722 - std[70759c8f55707aa4]::thread::lifecycle::spawn_unchecked::<test[9d35eded1c95d3be]::run_test::{closure#1}, ()>::{closure#1}
[INFO] [stdout]                                at /rustc/dfb0accb7f508ae8be965d8629557221c889dd98/library/std/src/thread/lifecycle.rs:68:26
[INFO] [stdout]   41:     0x626f0677b722 - <std[70759c8f55707aa4]::thread::lifecycle::spawn_unchecked<test[9d35eded1c95d3be]::run_test::{closure#1}, ()>::{closure#1} as core[df12db4294e9bfd3]::ops::function::FnOnce<()>>::call_once::{shim:vtable#0}
[INFO] [stdout]                                at /rustc/dfb0accb7f508ae8be965d8629557221c889dd98/library/core/src/ops/function.rs:250:5
[INFO] [stdout]   42:     0x626f06b709e9 - <alloc[2182bb758b4b3781]::boxed::Box<dyn core[df12db4294e9bfd3]::ops::function::FnOnce<(), Output = ()> + core[df12db4294e9bfd3]::marker::Send> as core[df12db4294e9bfd3]::ops::function::FnOnce<()>>::call_once
[INFO] [stdout]                                at /rustc/dfb0accb7f508ae8be965d8629557221c889dd98/library/alloc/src/boxed.rs:2320:9
[INFO] [stdout]   43:     0x626f06b709e9 - <std[70759c8f55707aa4]::sys::thread::unix::Thread>::new::thread_start
[INFO] [stdout]                                at /rustc/dfb0accb7f508ae8be965d8629557221c889dd98/library/std/src/sys/thread/unix.rs:123:17
[INFO] [stdout]   44:     0x7ec15911cdfa - <unknown>
[INFO] [stdout]   45:     0x7ec1591b03d4 - clone
[INFO] [stdout]   46:                0x0 - <unknown>
[INFO] [stdout] 
[INFO] [stdout] ---- engine::privacy::tests::wipe_dir_contents_keeps_the_directory stdout ----
[INFO] [stdout] 
[INFO] [stdout] thread 'engine::privacy::tests::wipe_dir_contents_keeps_the_directory' (1860) panicked at src/engine/privacy.rs:523:9:
[INFO] [stdout] assertion `left == right` failed
[INFO] [stdout]   left: 8192
[INFO] [stdout]  right: 100
[INFO] [stdout] stack backtrace:
[INFO] [stdout]    0:     0x626f06b71a91 - std[70759c8f55707aa4]::backtrace_rs::backtrace::libunwind::trace
[INFO] [stdout]                                at /rustc/dfb0accb7f508ae8be965d8629557221c889dd98/library/std/src/../../backtrace/src/backtrace/libunwind.rs:117:9
[INFO] [stdout]    1:     0x626f06b71a91 - std[70759c8f55707aa4]::backtrace_rs::backtrace::trace_unsynchronized::<std[70759c8f55707aa4]::sys::backtrace::_print_fmt::{closure#1}>
[INFO] [stdout]                                at /rustc/dfb0accb7f508ae8be965d8629557221c889dd98/library/std/src/../../backtrace/src/backtrace/mod.rs:66:14
[INFO] [stdout]    2:     0x626f06b71a91 - std[70759c8f55707aa4]::sys::backtrace::_print_fmt
[INFO] [stdout]                                at /rustc/dfb0accb7f508ae8be965d8629557221c889dd98/library/std/src/sys/backtrace.rs:74:9
[INFO] [stdout]    3:     0x626f06b71a91 - <<std[70759c8f55707aa4]::sys::backtrace::BacktraceLock>::print::DisplayBacktrace as core[df12db4294e9bfd3]::fmt::Display>::fmt
[INFO] [stdout]                                at /rustc/dfb0accb7f508ae8be965d8629557221c889dd98/library/std/src/sys/backtrace.rs:44:26
[INFO] [stdout]    4:     0x626f06b8ac8a - <core[df12db4294e9bfd3]::fmt::rt::Argument>::fmt
[INFO] [stdout]                                at /rustc/dfb0accb7f508ae8be965d8629557221c889dd98/library/core/src/fmt/rt.rs:152:76
[INFO] [stdout]    5:     0x626f06b8ac8a - core[df12db4294e9bfd3]::fmt::write
[INFO] [stdout]    6:     0x626f06b7666c - core[df12db4294e9bfd3]::io::write::default_write_fmt::<alloc[2182bb758b4b3781]::vec::Vec<u8>>
[INFO] [stdout]                                at /rustc/dfb0accb7f508ae8be965d8629557221c889dd98/library/core/src/io/write.rs:402:11
[INFO] [stdout]    7:     0x626f06b7666c - <alloc[2182bb758b4b3781]::vec::Vec<u8> as core[df12db4294e9bfd3]::io::write::Write>::write_fmt
[INFO] [stdout]                                at /rustc/dfb0accb7f508ae8be965d8629557221c889dd98/library/core/src/io/write.rs:335:13
[INFO] [stdout]    8:     0x626f06b486d6 - <std[70759c8f55707aa4]::sys::backtrace::BacktraceLock>::print
[INFO] [stdout]                                at /rustc/dfb0accb7f508ae8be965d8629557221c889dd98/library/std/src/sys/backtrace.rs:47:9
[INFO] [stdout]    9:     0x626f06b486d6 - std[70759c8f55707aa4]::panicking::default_hook::{closure#0}
[INFO] [stdout]                                at /rustc/dfb0accb7f508ae8be965d8629557221c889dd98/library/std/src/panicking.rs:292:27
[INFO] [stdout]   10:     0x626f06b67389 - std[70759c8f55707aa4]::panicking::default_hook
[INFO] [stdout]                                at /rustc/dfb0accb7f508ae8be965d8629557221c889dd98/library/std/src/panicking.rs:316:9
[INFO] [stdout]   11:     0x626f06777c70 - <alloc[2182bb758b4b3781]::boxed::Box<dyn for<'a, 'b> core[df12db4294e9bfd3]::ops::function::Fn<(&'a std[70759c8f55707aa4]::panic::PanicHookInfo<'b>,), Output = ()> + core[df12db4294e9bfd3]::marker::Send + core[df12db4294e9bfd3]::marker::Sync> as core[df12db4294e9bfd3]::ops::function::Fn<(&std[70759c8f55707aa4]::panic::PanicHookInfo,)>>::call
[INFO] [stdout]                                at /rustc/dfb0accb7f508ae8be965d8629557221c889dd98/library/alloc/src/boxed.rs:2334:9
[INFO] [stdout]   12:     0x626f06777c70 - test[9d35eded1c95d3be]::test_main_inner::<test[9d35eded1c95d3be]::test_main_static::{closure#0}>::{closure#0}
[INFO] [stdout]                                at /rustc/dfb0accb7f508ae8be965d8629557221c889dd98/library/test/src/lib.rs:155:21
[INFO] [stdout]   13:     0x626f06b676b2 - <alloc[2182bb758b4b3781]::boxed::Box<dyn for<'a, 'b> core[df12db4294e9bfd3]::ops::function::Fn<(&'a std[70759c8f55707aa4]::panic::PanicHookInfo<'b>,), Output = ()> + core[df12db4294e9bfd3]::marker::Send + core[df12db4294e9bfd3]::marker::Sync> as core[df12db4294e9bfd3]::ops::function::Fn<(&std[70759c8f55707aa4]::panic::PanicHookInfo,)>>::call
[INFO] [stdout]                                at /rustc/dfb0accb7f508ae8be965d8629557221c889dd98/library/alloc/src/boxed.rs:2334:9
[INFO] [stdout]   14:     0x626f06b676b2 - std[70759c8f55707aa4]::panicking::panic_with_hook
[INFO] [stdout]                                at /rustc/dfb0accb7f508ae8be965d8629557221c889dd98/library/std/src/panicking.rs:823:13
[INFO] [stdout]   15:     0x626f06b48782 - std[70759c8f55707aa4]::panicking::panic_handler::{closure#0}
[INFO] [stdout]                                at /rustc/dfb0accb7f508ae8be965d8629557221c889dd98/library/std/src/panicking.rs:688:13
[INFO] [stdout]   16:     0x626f06b40ef9 - std[70759c8f55707aa4]::sys::backtrace::__rust_end_short_backtrace::<std[70759c8f55707aa4]::panicking::panic_handler::{closure#0}, !>
[INFO] [stdout]                                at /rustc/dfb0accb7f508ae8be965d8629557221c889dd98/library/std/src/sys/backtrace.rs:182:18
[INFO] [stdout]   17:     0x626f06b4992d - __rustc[8fa7c3cbc660c2b3]::rust_begin_unwind
[INFO] [stdout]                                at /rustc/dfb0accb7f508ae8be965d8629557221c889dd98/library/std/src/panicking.rs:679:5
[INFO] [stdout]   18:     0x626f06b8b55c - core[df12db4294e9bfd3]::panicking::panic_fmt
[INFO] [stdout]                                at /rustc/dfb0accb7f508ae8be965d8629557221c889dd98/library/core/src/panicking.rs:80:14
[INFO] [stdout]   19:     0x626f06b8b3c3 - core[df12db4294e9bfd3]::panicking::assert_failed_inner
[INFO] [stdout]                                at /rustc/dfb0accb7f508ae8be965d8629557221c889dd98/library/core/src/panicking.rs:452:17
[INFO] [stdout]   20:     0x626f06b85312 - core[df12db4294e9bfd3]::panicking::assert_failed::<u64, u64>
[INFO] [stdout]                                at /rustc/dfb0accb7f508ae8be965d8629557221c889dd98/library/core/src/panicking.rs:407:5
[INFO] [stdout]   21:     0x626f063d1938 - sweep[99cde7cfdd3e7c57]::engine::privacy::tests::wipe_dir_contents_keeps_the_directory
[INFO] [stdout]                                at /opt/rustwide/workdir/src/engine/privacy.rs:523:9
[INFO] [stdout]   22:     0x626f063c30b7 - sweep[99cde7cfdd3e7c57]::engine::privacy::tests::wipe_dir_contents_keeps_the_directory::{closure#0}
[INFO] [stdout]                                at /opt/rustwide/workdir/src/engine/privacy.rs:514:47
[INFO] [stdout]   23:     0x626f063e5436 - <sweep[99cde7cfdd3e7c57]::engine::privacy::tests::wipe_dir_contents_keeps_the_directory::{closure#0} as core[df12db4294e9bfd3]::ops::function::FnOnce<()>>::call_once
[INFO] [stdout]                                at /rustc/dfb0accb7f508ae8be965d8629557221c889dd98/library/core/src/ops/function.rs:250:5
[INFO] [stdout]   24:     0x626f0676af5b - <fn() -> core[df12db4294e9bfd3]::result::Result<(), alloc[2182bb758b4b3781]::string::String> as core[df12db4294e9bfd3]::ops::function::FnOnce<()>>::call_once
[INFO] [stdout]                                at /rustc/dfb0accb7f508ae8be965d8629557221c889dd98/library/core/src/ops/function.rs:250:5
[INFO] [stdout]   25:     0x626f0676af5b - test[9d35eded1c95d3be]::__rust_begin_short_backtrace::<core[df12db4294e9bfd3]::result::Result<(), alloc[2182bb758b4b3781]::string::String>, fn() -> core[df12db4294e9bfd3]::result::Result<(), alloc[2182bb758b4b3781]::string::String>>
[INFO] [stdout]                                at /rustc/dfb0accb7f508ae8be965d8629557221c889dd98/library/test/src/lib.rs:733:18
[INFO] [stdout]   26:     0x626f067785c5 - test[9d35eded1c95d3be]::run_test_in_process::{closure#0}
[INFO] [stdout]                                at /rustc/dfb0accb7f508ae8be965d8629557221c889dd98/library/test/src/lib.rs:756:74
[INFO] [stdout]   27:     0x626f067785c5 - <core[df12db4294e9bfd3]::panic::unwind_safe::AssertUnwindSafe<test[9d35eded1c95d3be]::run_test_in_process::{closure#0}> as core[df12db4294e9bfd3]::ops::function::FnOnce<()>>::call_once
[INFO] [stdout]                                at /rustc/dfb0accb7f508ae8be965d8629557221c889dd98/library/core/src/panic/unwind_safe.rs:275:9
[INFO] [stdout]   28:     0x626f067785c5 - std[70759c8f55707aa4]::panicking::catch_unwind::do_call::<core[df12db4294e9bfd3]::panic::unwind_safe::AssertUnwindSafe<test[9d35eded1c95d3be]::run_test_in_process::{closure#0}>, core[df12db4294e9bfd3]::result::Result<(), alloc[2182bb758b4b3781]::string::String>>
[INFO] [stdout]                                at /rustc/dfb0accb7f508ae8be965d8629557221c889dd98/library/std/src/panicking.rs:576:43
[INFO] [stdout]   29:     0x626f067785c5 - std[70759c8f55707aa4]::panicking::catch_unwind::<core[df12db4294e9bfd3]::result::Result<(), alloc[2182bb758b4b3781]::string::String>, core[df12db4294e9bfd3]::panic::unwind_safe::AssertUnwindSafe<test[9d35eded1c95d3be]::run_test_in_process::{closure#0}>>
[INFO] [stdout]                                at /rustc/dfb0accb7f508ae8be965d8629557221c889dd98/library/std/src/panicking.rs:544:19
[INFO] [stdout]   30:     0x626f067785c5 - std[70759c8f55707aa4]::panic::catch_unwind::<core[df12db4294e9bfd3]::panic::unwind_safe::AssertUnwindSafe<test[9d35eded1c95d3be]::run_test_in_process::{closure#0}>, core[df12db4294e9bfd3]::result::Result<(), alloc[2182bb758b4b3781]::string::String>>
[INFO] [stdout]                                at /rustc/dfb0accb7f508ae8be965d8629557221c889dd98/library/std/src/panic.rs:359:14
[INFO] [stdout]   31:     0x626f067785c5 - test[9d35eded1c95d3be]::run_test_in_process
[INFO] [stdout]                                at /rustc/dfb0accb7f508ae8be965d8629557221c889dd98/library/test/src/lib.rs:756:27
[INFO] [stdout]   32:     0x626f067785c5 - test[9d35eded1c95d3be]::run_test::{closure#0}
[INFO] [stdout]                                at /rustc/dfb0accb7f508ae8be965d8629557221c889dd98/library/test/src/lib.rs:677:43
[INFO] [stdout]   33:     0x626f06771e84 - test[9d35eded1c95d3be]::run_test::{closure#1}
[INFO] [stdout]                                at /rustc/dfb0accb7f508ae8be965d8629557221c889dd98/library/test/src/lib.rs:707:41
[INFO] [stdout]   34:     0x626f06771e84 - std[70759c8f55707aa4]::sys::backtrace::__rust_begin_short_backtrace::<test[9d35eded1c95d3be]::run_test::{closure#1}, ()>
[INFO] [stdout]                                at /rustc/dfb0accb7f508ae8be965d8629557221c889dd98/library/std/src/sys/backtrace.rs:166:18
[INFO] [stdout]   35:     0x626f0677b722 - std[70759c8f55707aa4]::thread::lifecycle::spawn_unchecked::<test[9d35eded1c95d3be]::run_test::{closure#1}, ()>::{closure#1}::{closure#0}
[INFO] [stdout]                                at /rustc/dfb0accb7f508ae8be965d8629557221c889dd98/library/std/src/thread/lifecycle.rs:70:13
[INFO] [stdout]   36:     0x626f0677b722 - <core[df12db4294e9bfd3]::panic::unwind_safe::AssertUnwindSafe<std[70759c8f55707aa4]::thread::lifecycle::spawn_unchecked<test[9d35eded1c95d3be]::run_test::{closure#1}, ()>::{closure#1}::{closure#0}> as core[df12db4294e9bfd3]::ops::function::FnOnce<()>>::call_once
[INFO] [stdout]                                at /rustc/dfb0accb7f508ae8be965d8629557221c889dd98/library/core/src/panic/unwind_safe.rs:275:9
[INFO] [stdout]   37:     0x626f0677b722 - std[70759c8f55707aa4]::panicking::catch_unwind::do_call::<core[df12db4294e9bfd3]::panic::unwind_safe::AssertUnwindSafe<std[70759c8f55707aa4]::thread::lifecycle::spawn_unchecked<test[9d35eded1c95d3be]::run_test::{closure#1}, ()>::{closure#1}::{closure#0}>, ()>
[INFO] [stdout]                                at /rustc/dfb0accb7f508ae8be965d8629557221c889dd98/library/std/src/panicking.rs:576:43
[INFO] [stdout]   38:     0x626f0677b722 - std[70759c8f55707aa4]::panicking::catch_unwind::<(), core[df12db4294e9bfd3]::panic::unwind_safe::AssertUnwindSafe<std[70759c8f55707aa4]::thread::lifecycle::spawn_unchecked<test[9d35eded1c95d3be]::run_test::{closure#1}, ()>::{closure#1}::{closure#0}>>
[INFO] [stdout]                                at /rustc/dfb0accb7f508ae8be965d8629557221c889dd98/library/std/src/panicking.rs:544:19
[INFO] [stdout]   39:     0x626f0677b722 - std[70759c8f55707aa4]::panic::catch_unwind::<core[df12db4294e9bfd3]::panic::unwind_safe::AssertUnwindSafe<std[70759c8f55707aa4]::thread::lifecycle::spawn_unchecked<test[9d35eded1c95d3be]::run_test::{closure#1}, ()>::{closure#1}::{closure#0}>, ()>
[INFO] [stdout]                                at /rustc/dfb0accb7f508ae8be965d8629557221c889dd98/library/std/src/panic.rs:359:14
[INFO] [stdout]   40:     0x626f0677b722 - std[70759c8f55707aa4]::thread::lifecycle::spawn_unchecked::<test[9d35eded1c95d3be]::run_test::{closure#1}, ()>::{closure#1}
[INFO] [stdout]                                at /rustc/dfb0accb7f508ae8be965d8629557221c889dd98/library/std/src/thread/lifecycle.rs:68:26
[INFO] [stdout]   41:     0x626f0677b722 - <std[70759c8f55707aa4]::thread::lifecycle::spawn_unchecked<test[9d35eded1c95d3be]::run_test::{closure#1}, ()>::{closure#1} as core[df12db4294e9bfd3]::ops::function::FnOnce<()>>::call_once::{shim:vtable#0}
[INFO] [stdout]                                at /rustc/dfb0accb7f508ae8be965d8629557221c889dd98/library/core/src/ops/function.rs:250:5
[INFO] [stdout]   42:     0x626f06b709e9 - <alloc[2182bb758b4b3781]::boxed::Box<dyn core[df12db4294e9bfd3]::ops::function::FnOnce<(), Output = ()> + core[df12db4294e9bfd3]::marker::Send> as core[df12db4294e9bfd3]::ops::function::FnOnce<()>>::call_once
[INFO] [stdout]                                at /rustc/dfb0accb7f508ae8be965d8629557221c889dd98/library/alloc/src/boxed.rs:2320:9
[INFO] [stdout]   43:     0x626f06b709e9 - <std[70759c8f55707aa4]::sys::thread::unix::Thread>::new::thread_start
[INFO] [stdout]                                at /rustc/dfb0accb7f508ae8be965d8629557221c889dd98/library/std/src/sys/thread/unix.rs:123:17
[INFO] [stdout]   44:     0x7ec15911cdfa - <unknown>
[INFO] [stdout]   45:     0x7ec1591b03d4 - clone
[INFO] [stdout]   46:                0x0 - <unknown>
[INFO] [stdout] 
[INFO] [stdout] 
[INFO] [stdout] failures:
[INFO] [stdout]     definition::model::tests::expand_keeps_registry_keys
[INFO] [stdout]     engine::autostart::unix::tests::shell_rc_heuristic_ignores_exports_and_aliases
[INFO] [stdout]     engine::network::tests::clear_dir_contents_removes_files_but_keeps_the_dir
[INFO] [stdout]     engine::privacy::tests::wipe_dir_contents_keeps_the_directory
[INFO] [stdout] 
[INFO] [stdout] test result: FAILED. 260 passed; 4 failed; 0 ignored; 0 measured; 0 filtered out; finished in 0.50s
[INFO] [stdout] 
[INFO] running `Command { std: "docker" "inspect" "9e247662232f482e40e0d9b05b7f36f28202ac5e42f21ee4f0f8dc4a42deb60c", kill_on_drop: false }`
[INFO] running `Command { std: "docker" "rm" "-f" "9e247662232f482e40e0d9b05b7f36f28202ac5e42f21ee4f0f8dc4a42deb60c", kill_on_drop: false }`
[INFO] [stdout] 9e247662232f482e40e0d9b05b7f36f28202ac5e42f21ee4f0f8dc4a42deb60c
