[INFO] cloning repository https://github.com/Mic92/tinc-rs
[INFO] running `Command { std: "git" "-c" "credential.helper=" "-c" "credential.helper=/workspace/cargo-home/bin/git-credential-null" "clone" "--bare" "https://github.com/Mic92/tinc-rs" "/workspace/cache/git-repos/https%3A%2F%2Fgithub.com%2FMic92%2Ftinc-rs", kill_on_drop: false }`
[INFO] [stderr] Cloning into bare repository '/workspace/cache/git-repos/https%3A%2F%2Fgithub.com%2FMic92%2Ftinc-rs'...
[INFO] running `Command { std: "git" "rev-parse" "HEAD", kill_on_drop: false }`
[INFO] [stdout] 7af9101b51cdf8d46fb37bc014246bbafb0c3e43
[INFO] testing Mic92/tinc-rs against 1.100.0-beta.1 for beta-1.100-2
[INFO] running `Command { std: "git" "clone" "/workspace/cache/git-repos/https%3A%2F%2Fgithub.com%2FMic92%2Ftinc-rs" "/workspace/builds/worker-1-tc2/source", kill_on_drop: false }`
[INFO] [stderr] Cloning into '/workspace/builds/worker-1-tc2/source'...
[INFO] [stderr] done.
[INFO] removed /workspace/builds/worker-1-tc2/source/.cargo/config.toml
[INFO] started tweaking git repo https://github.com/Mic92/tinc-rs
[INFO] finished tweaking git repo https://github.com/Mic92/tinc-rs
[INFO] tweaked toml for git repo https://github.com/Mic92/tinc-rs written to /workspace/builds/worker-1-tc2/source/Cargo.toml
[INFO] validating manifest of git repo https://github.com/Mic92/tinc-rs on toolchain 1.100.0-beta.1
[INFO] running `Command { std: CARGO_HOME="/workspace/cargo-home" RUSTUP_HOME="/workspace/rustup-home" "/workspace/cargo-home/bin/cargo" "+1.100.0-beta.1" "metadata" "--manifest-path" "Cargo.toml" "--no-deps", kill_on_drop: false }`
[INFO] crate git repo https://github.com/Mic92/tinc-rs already has a lockfile, it will not be regenerated
[INFO] running `Command { std: CARGO_HOME="/workspace/cargo-home" RUSTUP_HOME="/workspace/rustup-home" "/workspace/cargo-home/bin/cargo" "+1.100.0-beta.1" "fetch" "--manifest-path" "Cargo.toml", kill_on_drop: false }`
[INFO] [stderr]     Blocking waiting for file lock on package cache
[INFO] [stderr]     Blocking waiting for file lock on package cache
[INFO] running `Command { std: "docker" "create" "-v" "/var/lib/crater-agent-workspace/builds/worker-1-tc2/source:/opt/rustwide/workdir:ro,Z" "-v" "/var/lib/crater-agent-workspace/builds/worker-1-tc2/target:/opt/rustwide/target:rw,Z" "-v" "/var/lib/crater-agent-workspace/cargo-home:/opt/rustwide/cargo-home:ro,Z" "-v" "/var/lib/crater-agent-workspace/rustup-home:/opt/rustwide/rustup-home:ro,Z" "-m" "1610612736" "--network" "none" "ghcr.io/rust-lang/crates-build-env/linux@sha256:3111399a4047eeb3a02b7a90e478d715f38a8c6669b5c4b49d30a17385265909" "sleep" "infinity", kill_on_drop: false }`
[INFO] [stdout] 2940430f491e29dfda43ac545789f46539ae29965564beb25d8f7d5348dd42d5
[INFO] running `Command { std: "docker" "start" "2940430f491e29dfda43ac545789f46539ae29965564beb25d8f7d5348dd42d5", kill_on_drop: false }`
[INFO] running `Command { std: "docker" "inspect" "2940430f491e29dfda43ac545789f46539ae29965564beb25d8f7d5348dd42d5", kill_on_drop: false }`
[INFO] running `Command { std: "docker" "exec" "-e" "SOURCE_DIR=/opt/rustwide/workdir" "-e" "CARGO_HOME=/opt/rustwide/cargo-home" "-e" "RUSTUP_HOME=/opt/rustwide/rustup-home" "-e" "CARGO_TARGET_DIR=/opt/rustwide/target" "-w" "/opt/rustwide/workdir" "--user" "0:0" "2940430f491e29dfda43ac545789f46539ae29965564beb25d8f7d5348dd42d5" "/opt/rustwide/cargo-home/bin/cargo" "+1.100.0-beta.1" "metadata" "--no-deps" "--format-version=1", kill_on_drop: false }`
[INFO] running `Command { std: "docker" "inspect" "2940430f491e29dfda43ac545789f46539ae29965564beb25d8f7d5348dd42d5", kill_on_drop: false }`
[INFO] running `Command { std: "docker" "exec" "-e" "SOURCE_DIR=/opt/rustwide/workdir" "-e" "CARGO_HOME=/opt/rustwide/cargo-home" "-e" "RUSTUP_HOME=/opt/rustwide/rustup-home" "-e" "CARGO_TARGET_DIR=/opt/rustwide/target" "-e" "CARGO_INCREMENTAL=0" "-e" "RUST_BACKTRACE=full" "-e" "RUSTFLAGS=--cap-lints=warn" "-e" "RUSTDOCFLAGS=--cap-lints=warn" "-w" "/opt/rustwide/workdir" "--user" "0:0" "2940430f491e29dfda43ac545789f46539ae29965564beb25d8f7d5348dd42d5" "/opt/rustwide/cargo-home/bin/cargo" "+1.100.0-beta.1" "build" "--frozen" "--message-format=json", kill_on_drop: false }`
[INFO] [stderr]    Compiling syn v2.0.117
[INFO] [stderr]    Compiling cmov v0.5.3
[INFO] [stderr]    Compiling typenum v1.19.0
[INFO] [stderr]    Compiling libc v0.2.189
[INFO] [stderr]    Compiling syn v3.0.5
[INFO] [stderr]    Compiling pkg-config v0.3.34
[INFO] [stderr]    Compiling cc v1.5.1
[INFO] [stderr]    Compiling num-traits v0.2.19
[INFO] [stderr]    Compiling keccak v0.2.0
[INFO] [stderr]    Compiling getrandom v0.4.3
[INFO] [stderr]    Compiling memoffset v0.9.1
[INFO] [stderr]    Compiling cfg_aliases v0.2.1
[INFO] [stderr]    Compiling curve25519-dalek v5.0.0-pre.6
[INFO] [stderr]    Compiling bitflags v2.13.2
[INFO] [stderr]    Compiling thiserror v2.0.21
[INFO] [stderr]    Compiling serde_core v1.0.229
[INFO] [stderr]    Compiling nix v0.31.3
[INFO] [stderr]    Compiling cpubits v0.1.1
[INFO] [stderr]    Compiling tinc-proto v0.0.0 (/opt/rustwide/workdir/crates/tinc-proto)
[INFO] [stderr]    Compiling serde v1.0.229
[INFO] [stderr]    Compiling memchr v2.8.0
[INFO] [stderr]    Compiling ascii v1.1.0
[INFO] [stderr]    Compiling ctutils v0.4.2
[INFO] [stderr]    Compiling chunked_transfer v1.5.0
[INFO] [stderr]    Compiling zerocopy v0.8.59
[INFO] [stderr]    Compiling base64 v0.23.1
[INFO] [stderr]    Compiling crc32fast v1.5.0
[INFO] [stderr]    Compiling slotmap v1.1.1
[INFO] [stderr]    Compiling netdev v0.46.3
[INFO] [stderr]    Compiling tiny_http v0.12.0
[INFO] [stderr]    Compiling netlink-packet-core v0.9.0
[INFO] [stderr]    Compiling miniz_oxide v0.9.1
[INFO] [stderr]    Compiling env_filter v2.0.0
[INFO] [stderr]    Compiling twox-hash v2.1.2
[INFO] [stderr]    Compiling sponge-cursor v0.1.0
[INFO] [stderr]    Compiling lz4_flex v0.14.0
[INFO] [stderr]    Compiling env_logger v0.11.11
[INFO] [stderr]    Compiling flate2 v1.1.10
[INFO] [stderr]    Compiling openssl-sys v0.9.117
[INFO] [stderr]    Compiling tincd v0.1.0 (/opt/rustwide/workdir/crates/tincd)
[INFO] [stderr]    Compiling tinc-ffi v0.0.0 (/opt/rustwide/workdir/crates/tinc-ffi)
[INFO] [stderr]    Compiling thiserror-impl v2.0.21
[INFO] [stderr]    Compiling serde_derive v1.0.229
[INFO] [stderr]    Compiling netlink-sys v0.9.0
[INFO] [stderr]    Compiling socket2 v0.6.5
[INFO] [stderr]    Compiling serde_json v1.0.151
[INFO] [stderr]    Compiling zeroize_derive v1.5.0
[INFO] [stderr]    Compiling curve25519-dalek-derive v0.1.1
[INFO] [stderr]    Compiling zerocopy-derive v0.8.59
[INFO] [stderr]    Compiling enumflags2_derive v0.7.12
[INFO] [stderr]    Compiling zeroize v1.9.0
[INFO] [stderr]    Compiling hybrid-array v0.4.10
[INFO] [stderr]    Compiling der v0.8.1
[INFO] [stderr]    Compiling crypto-bigint v0.7.5
[INFO] [stderr]    Compiling enumflags2 v0.7.12
[INFO] [stderr]    Compiling landlock v0.4.7
[INFO] [stderr]    Compiling crypto-common v0.2.2
[INFO] [stderr]    Compiling block-buffer v0.12.0
[INFO] [stderr]    Compiling module-lattice v0.2.3
[INFO] [stderr]    Compiling spki v0.8.0
[INFO] [stderr]    Compiling tinc-device v0.0.0 (/opt/rustwide/workdir/crates/tinc-device)
[INFO] [stderr]    Compiling pkcs1 v0.8.0-rc.4
[INFO] [stderr]    Compiling pkcs8 v0.11.0
[INFO] [stderr]    Compiling digest v0.11.2
[INFO] [stderr]    Compiling kem v0.3.0
[INFO] [stderr]    Compiling signature v3.0.0-rc.10
[INFO] [stderr]    Compiling sha2 v0.11.0
[INFO] [stderr]    Compiling sha3 v0.11.0
[INFO] [stderr]    Compiling hmac v0.13.0
[INFO] [stderr]    Compiling shake v0.1.0
[INFO] [stderr]    Compiling ed25519 v3.0.0-rc.4
[INFO] [stderr]    Compiling ml-kem v0.3.2
[INFO] [stderr]    Compiling ed25519-dalek v3.0.0-pre.6
[INFO] [stderr]    Compiling tinc-crypto v0.0.0 (/opt/rustwide/workdir/crates/tinc-crypto)
[INFO] [stderr]    Compiling crypto-primes v0.7.2
[INFO] [stderr]    Compiling tinc-conf v0.0.0 (/opt/rustwide/workdir/crates/tinc-conf)
[INFO] [stderr]    Compiling tinc-sptps v0.0.0 (/opt/rustwide/workdir/crates/tinc-sptps)
[INFO] [stderr]    Compiling netlink-packet-route v0.33.0
[INFO] [stderr]    Compiling rsa v0.10.0-rc.18
[INFO] [stderr]    Compiling tinc-tools v0.0.0 (/opt/rustwide/workdir/crates/tinc-tools)
[INFO] [stderr] warning: unused dependency `shake`
[INFO] [stderr]    --> crates/tincd/Cargo.toml:103:1
[INFO] [stderr]     |
[INFO] [stderr] 103 | shake = { version = "0.1", default-features = false }
[INFO] [stderr]     | ^^^^^^^^^^^^^^^^^^^^^^^^^^^^^^^^^^^^^^^^^^^^^^^^^^^^^
[INFO] [stderr]     |
[INFO] [stderr]     = note: `cargo::unused_dependencies` is set to `warn` by default
[INFO] [stderr] help: consider removing the dependency on `shake`
[INFO] [stderr] warning: `tincd` (manifest) generated 1 warning
[INFO] [stderr]     Finished `dev` profile [unoptimized + debuginfo] target(s) in 1m 08s
[INFO] [stderr] warning: the following packages contain code that will be rejected by a future version of Rust: nix v0.31.3
[INFO] [stderr] note: to see what the problems were, use the option `--future-incompat-report`, or run `cargo report future-incompatibilities --id 1`
[INFO] running `Command { std: "docker" "inspect" "2940430f491e29dfda43ac545789f46539ae29965564beb25d8f7d5348dd42d5", kill_on_drop: false }`
[INFO] running `Command { std: "docker" "exec" "-e" "SOURCE_DIR=/opt/rustwide/workdir" "-e" "CARGO_HOME=/opt/rustwide/cargo-home" "-e" "RUSTUP_HOME=/opt/rustwide/rustup-home" "-e" "CARGO_TARGET_DIR=/opt/rustwide/target" "-e" "CARGO_INCREMENTAL=0" "-e" "RUST_BACKTRACE=full" "-e" "RUSTFLAGS=--cap-lints=warn" "-e" "RUSTDOCFLAGS=--cap-lints=warn" "-w" "/opt/rustwide/workdir" "--user" "0:0" "2940430f491e29dfda43ac545789f46539ae29965564beb25d8f7d5348dd42d5" "/opt/rustwide/cargo-home/bin/cargo" "+1.100.0-beta.1" "test" "--frozen" "--no-run" "--message-format=json", kill_on_drop: false }`
[INFO] [stderr]    Compiling bitflags v2.13.2
[INFO] [stderr]    Compiling rustix v1.1.4
[INFO] [stderr]    Compiling linux-raw-sys v0.12.1
[INFO] [stderr]    Compiling fastrand v2.4.0
[INFO] [stderr]    Compiling once_cell v1.21.4
[INFO] [stderr]    Compiling zerocopy v0.8.59
[INFO] [stderr]    Compiling module-lattice v0.2.3
[INFO] [stderr]    Compiling crypto-bigint v0.7.5
[INFO] [stderr]    Compiling getrandom v0.3.4
[INFO] [stderr]    Compiling wait-timeout v0.2.1
[INFO] [stderr]    Compiling quick-error v1.2.3
[INFO] [stderr]    Compiling bit-vec v0.8.0
[INFO] [stderr]    Compiling unarray v0.1.4
[INFO] [stderr]    Compiling nix v0.31.3
[INFO] [stderr]    Compiling bit-set v0.8.0
[INFO] [stderr]    Compiling inout v0.2.2
[INFO] [stderr]    Compiling rand_core v0.9.5
[INFO] [stderr]    Compiling ml-kem v0.3.2
[INFO] [stderr]    Compiling cipher v0.5.2
[INFO] [stderr]    Compiling rand v0.9.2
[INFO] [stderr]    Compiling rand_xorshift v0.4.0
[INFO] [stderr]    Compiling chacha20 v0.10.2
[INFO] [stderr]    Compiling tinc-crypto v0.0.0 (/opt/rustwide/workdir/crates/tinc-crypto)
[INFO] [stderr]    Compiling tempfile v3.27.0
[INFO] [stderr]    Compiling tinc-sptps v0.0.0 (/opt/rustwide/workdir/crates/tinc-sptps)
[INFO] [stderr]    Compiling tinc-conf v0.0.0 (/opt/rustwide/workdir/crates/tinc-conf)
[INFO] [stderr]    Compiling rusty-fork v0.3.1
[INFO] [stderr]    Compiling tinc-ffi v0.0.0 (/opt/rustwide/workdir/crates/tinc-ffi)
[INFO] [stderr]    Compiling crypto-primes v0.7.2
[INFO] [stderr]    Compiling tinc-device v0.0.0 (/opt/rustwide/workdir/crates/tinc-device)
[INFO] [stderr]    Compiling ppv-lite86 v0.2.21
[INFO] [stderr]    Compiling netlink-packet-route v0.33.0
[INFO] [stderr]    Compiling rsa v0.10.0-rc.18
[INFO] [stderr]    Compiling rand_chacha v0.10.0
[INFO] [stderr]    Compiling rand_chacha v0.9.0
[INFO] [stderr]    Compiling proptest v1.11.0
[INFO] [stderr]    Compiling tinc-tools v0.0.0 (/opt/rustwide/workdir/crates/tinc-tools)
[INFO] [stderr]    Compiling tinc-proto v0.0.0 (/opt/rustwide/workdir/crates/tinc-proto)
[INFO] [stderr]    Compiling netdev v0.46.3
[INFO] [stderr]    Compiling tincd v0.1.0 (/opt/rustwide/workdir/crates/tincd)
[INFO] [stderr] warning: unused dependency `shake`
[INFO] [stderr]    --> crates/tincd/Cargo.toml:103:1
[INFO] [stderr]     |
[INFO] [stderr] 103 | shake = { version = "0.1", default-features = false }
[INFO] [stderr]     | ^^^^^^^^^^^^^^^^^^^^^^^^^^^^^^^^^^^^^^^^^^^^^^^^^^^^^
[INFO] [stderr]     |
[INFO] [stderr]     = note: `cargo::unused_dependencies` is set to `warn` by default
[INFO] [stderr] help: consider removing the dependency on `shake`
[INFO] [stderr] warning: `tincd` (manifest) generated 1 warning
[INFO] [stderr]     Finished `test` profile [unoptimized + debuginfo] target(s) in 1m 15s
[INFO] [stderr] warning: the following packages contain code that will be rejected by a future version of Rust: nix v0.31.3
[INFO] [stderr] note: to see what the problems were, use the option `--future-incompat-report`, or run `cargo report future-incompatibilities --id 1`
[INFO] running `Command { std: "docker" "inspect" "2940430f491e29dfda43ac545789f46539ae29965564beb25d8f7d5348dd42d5", kill_on_drop: false }`
[INFO] running `Command { std: "docker" "exec" "-e" "SOURCE_DIR=/opt/rustwide/workdir" "-e" "CARGO_HOME=/opt/rustwide/cargo-home" "-e" "RUSTUP_HOME=/opt/rustwide/rustup-home" "-e" "CARGO_TARGET_DIR=/opt/rustwide/target" "-e" "CARGO_INCREMENTAL=0" "-e" "RUST_BACKTRACE=full" "-e" "RUSTFLAGS=--cap-lints=warn" "-e" "RUSTDOCFLAGS=--cap-lints=warn" "-w" "/opt/rustwide/workdir" "--user" "0:0" "2940430f491e29dfda43ac545789f46539ae29965564beb25d8f7d5348dd42d5" "/opt/rustwide/cargo-home/bin/cargo" "+1.100.0-beta.1" "test" "--frozen", kill_on_drop: false }`
[INFO] [stderr] warning: unused dependency `shake`
[INFO] [stderr]    --> crates/tincd/Cargo.toml:103:1
[INFO] [stderr]     |
[INFO] [stderr] 103 | shake = { version = "0.1", default-features = false }
[INFO] [stderr]     | ^^^^^^^^^^^^^^^^^^^^^^^^^^^^^^^^^^^^^^^^^^^^^^^^^^^^^
[INFO] [stderr]     |
[INFO] [stderr]     = note: `cargo::unused_dependencies` is set to `warn` by default
[INFO] [stderr] help: consider removing the dependency on `shake`
[INFO] [stderr] warning: `tincd` (manifest) generated 1 warning
[INFO] [stderr]     Finished `test` profile [unoptimized + debuginfo] target(s) in 0.31s
[INFO] [stderr] warning: the following packages contain code that will be rejected by a future version of Rust: nix v0.31.3
[INFO] [stderr] note: to see what the problems were, use the option `--future-incompat-report`, or run `cargo report future-incompatibilities --id 1`
[INFO] [stderr]      Running unittests src/lib.rs (/opt/rustwide/target/debug/build/tinc-conf/411f6d7ca45e9337/out/tinc_conf-411f6d7ca45e9337)
[INFO] [stdout] 
[INFO] [stdout] running 62 tests
[INFO] [stdout] test hostdirs::tests::dangling_symlink_occupies_name ... ok
[INFO] [stdout] test hostdirs::tests::no_overlay_is_plain_hosts ... ok
[INFO] [stdout] test name::tests::underscore_preserved ... ok
[INFO] [stdout] test name::tests::host_truncates_at_dot_and_squashes ... ok
[INFO] [stdout] test name::tests::literal_not_squashed ... ok
[INFO] [stdout] test name::tests::empty_after_truncate_errors ... ok
[INFO] [stdout] test parse::tests::file_crlf ... ok
[INFO] [stdout] test hostdirs::tests::overlay_overrides_primary ... ok
[INFO] [stdout] test parse::tests::file_skips_pem ... ok
[INFO] [stdout] test parse::tests::file_non_utf8_tolerated ... ok
[INFO] [stdout] test parse::tests::line_blank_skips ... ok
[INFO] [stdout] test parse::tests::entry_bool ... ok
[INFO] [stdout] test parse::tests::line_empty_value_errors ... ok
[INFO] [stdout] test parse::tests::entry_int ... ok
[INFO] [stdout] test parse::tests::file_bom_stripped ... ok
[INFO] [stdout] test parse::tests::file_comments_and_blanks ... ok
[INFO] [stdout] test hostdirs::tests::names_overlay_missing_vs_unreadable ... ok
[INFO] [stdout] test parse::tests::line_empty_variable_passes ... ok
[INFO] [stdout] test parse::tests::line_trailing_strip ... ok
[INFO] [stdout] test parse::tests::line_equals_terminates_variable ... ok
[INFO] [stdout] test parse::tests::lookup_case_insensitive ... ok
[INFO] [stdout] test parse::tests::lookup_cmdline_first ... ok
[INFO] [stdout] test parse::tests::line_separator_forms ... ok
[INFO] [stdout] test parse::tests::line_value_with_spaces ... ok
[INFO] [stdout] test parse::tests::server_confd_filter ... ok
[INFO] [stdout] test parse::tests::server_no_tincconf ... ok
[INFO] [stdout] test parse::tests::server_confd_one_bad ... ok
[INFO] [stdout] test parse::tests::server_confd_head_bug_not_ported ... ok
[INFO] [stdout] test parse::tests::server_no_confd ... ok
[INFO] [stdout] test parse::tests::server_confd_is_file ... ok
[INFO] [stdout] test pem::tests::read_bad_b64 ... ok
[INFO] [stdout] test pem::tests::read_end_type_unchecked ... ok
[INFO] [stdout] test pem::tests::read_crlf ... ok
[INFO] [stdout] test parse::tests::server_confd_merged ... ok
[INFO] [stdout] test parse::tests::lookup_file_tiebreak ... ok
[INFO] [stdout] test parse::tests::lookup_multi_ordered_by_line ... ok
[INFO] [stdout] test parse::tests::lookup_line_before_file ... ok
[INFO] [stdout] test pem::tests::read_empty_body_line ... ok
[INFO] [stdout] test pem::tests::read_not_found ... ok
[INFO] [stdout] test pem::tests::read_size_short ... ok
[INFO] [stdout] test pem::tests::read_size_long ... ok
[INFO] [stdout] test parse::tests::server_confd_empty ... ok
[INFO] [stdout] test pem::tests::public_key_file_shape ... ok
[INFO] [stdout] test pem::tests::read_skips_preamble ... ok
[INFO] [stdout] test pem::tests::read_ignores_chunking ... ok
[INFO] [stdout] test pem::tests::read_type_prefix ... ok
[INFO] [stdout] test vars::tests::safe_not_obsolete ... ok
[INFO] [stdout] test vars::tests::spot_check ... ok
[INFO] [stdout] test vars::tests::unsafe_paths_not_safe ... ok
[INFO] [stdout] test pem::tests::write_chunking ... ok
[INFO] [stdout] test vars::tests::flags_contains ... ok
[INFO] [stdout] test vars::tests::lookup_case_insensitive ... ok
[INFO] [stdout] test pem::tests::signing_key_roundtrip ... ok
[INFO] [stdout] test pem::tests::roundtrip_sizes ... ok
[INFO] [stdout] test parse::tests::file_pem_unterminated ... ok
[INFO] [stdout] test pem::tests::write_chunking_uneven ... ok
[INFO] [stdout] test name::tests::host_env_beats_gethostname ... ok
[INFO] [stdout] test vars::tests::lookup_unknown ... ok
[INFO] [stdout] test vars::tests::every_entry_is_server_or_host ... ok
[INFO] [stdout] test vars::tests::no_duplicate_names ... ok
[INFO] [stdout] test name::tests::envvar_same_semantics_as_host ... ok
[INFO] [stderr]      Running tests/roundtrip.rs (/opt/rustwide/target/debug/build/tinc-conf/2070214747abf4aa/out/roundtrip-2070214747abf4aa)
[INFO] [stdout] test hostdirs::tests::overlay_equal_to_primary_is_ignored ... ok
[INFO] [stdout] 
[INFO] [stdout] test result: ok. 62 passed; 0 failed; 0 ignored; 0 measured; 0 filtered out; finished in 0.04s
[INFO] [stdout] 
[INFO] [stdout] 
[INFO] [stdout] running 3 tests
[INFO] [stdout] test pem_roundtrip ... ok
[INFO] [stdout] test line_roundtrip ... ok
[INFO] [stdout] test pem_skips_preamble ... ok
[INFO] [stderr]      Running unittests src/lib.rs (/opt/rustwide/target/debug/build/tinc-crypto/838a1304cd2029b0/out/tinc_crypto-838a1304cd2029b0)
[INFO] [stdout] 
[INFO] [stdout] test result: ok. 3 passed; 0 failed; 0 ignored; 0 measured; 0 filtered out; finished in 0.22s
[INFO] [stdout] 
[INFO] [stdout] 
[INFO] [stdout] running 14 tests
[INFO] [stdout] test invite::tests::cookie_affects_filename ... ok
[INFO] [stdout] test invite::tests::filename_from_cookie ... ok
[INFO] [stdout] test invite::tests::env_key ... ok
[INFO] [stdout] test invite::tests::key_hash_via_fingerprint ... ok
[INFO] [stdout] test invite::tests::key_affects_slug_prefix_only ... ok
[INFO] [stdout] test aead::tests::config_str_roundtrip ... ok
[INFO] [stdout] test aead::tests::default_label_suffix_empty ... ok
[INFO] [stdout] test invite::tests::headers ... ok
[INFO] [stdout] test invite::tests::parse_bad_alphabet ... ok
[INFO] [stdout] test invite::tests::slug_roundtrip ... ok
[INFO] [stdout] test invite::tests::parse_multibyte_no_panic ... ok
[INFO] [stdout] test invite::tests::parse_short ... ok
[INFO] [stdout] test hybrid::tests::mlkem768_round_trip ... ok
[INFO] [stdout] test aead::tests::aes_open_into_err_leaves_out_unchanged ... ok
[INFO] [stdout] 
[INFO] [stdout] test result: ok. 14 passed; 0 failed; 0 ignored; 0 measured; 0 filtered out; finished in 0.05s
[INFO] [stdout] 
[INFO] [stderr]      Running tests/kat.rs (/opt/rustwide/target/debug/build/tinc-crypto/c86d990639db42e2/out/kat-c86d990639db42e2)
[INFO] [stdout] 
[INFO] [stdout] running 9 tests
[INFO] [stdout] test b64_encode_matches_c ... ok
[INFO] [stdout] test prf_matches_c ... ok
[INFO] [stdout] test b64_decode_accepts_mixed_alphabet ... ok
[INFO] [stdout] test invitation_crypto_kernel_matches_c ... ok
[INFO] [stdout] test aes256gcm_known_answer ... ok
[INFO] [stdout] test chapoly_seal_matches_c ... ok
[INFO] [stdout] test chapoly_open_rejects_tampered ... ok
[INFO] [stdout] test ecdh_from_seed_matches_c ... ok
[INFO] [stdout] test sign_matches_c ... ok
[INFO] [stdout] 
[INFO] [stdout] test result: ok. 9 passed; 0 failed; 0 ignored; 0 measured; 0 filtered out; finished in 0.08s
[INFO] [stdout] 
[INFO] [stderr]      Running unittests src/lib.rs (/opt/rustwide/target/debug/build/tinc-device/b46af65375a76238/out/tinc_device-b46af65375a76238)
[INFO] [stdout] 
[INFO] [stdout] running 62 tests
[INFO] [stdout] test bsd::tests::prefix_ipv4_is_af_inet_be ... ok
[INFO] [stdout] test bsd::tests::nibble_then_prefix_roundtrip ... ok
[INFO] [stdout] test arena::tests::slot_accessors ... ok
[INFO] [stdout] test bsd::tests::prefix_ipv6_is_libc_af_inet6_be ... ok
[INFO] [stdout] test bsd::tests::tap_write_ether_via_seqpacket ... ok
[INFO] [stdout] test arena::tests::slots_within_contiguous ... ok
[INFO] [stdout] test bsd::tests::tun_read_ipv4_via_pipe ... ok
[INFO] [stdout] test bsd::tests::tun_utun_write_short_buf_errors ... ok
[INFO] [stdout] test bsd::tests::read_unknown_nibble_errors ... ok
[INFO] [stdout] test bsd::tests::tun_write_strips_ether ... ok
[INFO] [stdout] test arena::tests::arena_is_page_aligned ... ok
[INFO] [stdout] test ether::tests::set_etherheader_cases ... ok
[INFO] [stdout] test bsd::tests::utun_read_runt_errors ... ok
[INFO] [stdout] test ether::tests::nibble_cases ... ok
[INFO] [stdout] test bsd::tests::utun_write_synthesizes_ipv6_prefix ... ok
[INFO] [stdout] test bsd::tests::tap_read_ether_via_seqpacket ... ok
[INFO] [stdout] test bsd::tests::read_eof_via_seqpacket ... ok
[INFO] [stdout] test fd::tests::read_ip_via_pipe ... ok
[INFO] [stdout] test bsd::tests::utun_write_unknown_ethertype_errors ... ok
[INFO] [stdout] test bsd::tests::prefix_unknown ... ok
[INFO] [stdout] test bsd::tests::utun_read_ignores_prefix ... ok
[INFO] [stdout] test bsd::tests::utun_write_synthesizes_prefix ... ok
[INFO] [stdout] test fd::tests::read_unknown_version_via_pipe ... ok
[INFO] [stdout] test fd::tests::scm_rights_round_trip ... ok
[INFO] [stdout] test fd::tests::write_strips_ether_via_pipe ... ok
[INFO] [stdout] test linux::tests::open_mq_validation ... ok
[INFO] [stdout] test linux::tests::open_too_long_iface_err_before_open ... ok
[INFO] [stdout] test linux::tests::pack_ifr_name_exactly_16_err ... ok
[INFO] [stdout] test linux::tests::open_non_root_err ... ok
[INFO] [stdout] test tests::drain_dummy_is_empty ... ok
[INFO] [stdout] test tests::drain_respects_cap ... ok
[INFO] [stdout] test tso::tests::checksum_chains ... ok
[INFO] [stdout] test fd::tests::read_eof_via_pipe ... ok
[INFO] [stdout] test tests::drain_immediate_eagain_is_empty ... ok
[INFO] [stdout] test tests::drain_propagates_real_error ... ok
[INFO] [stdout] test tso::tests::checksum_odd_tail ... ok
[INFO] [stdout] test tests::drain_clamps_cap_to_arena ... ok
[INFO] [stdout] test raw::tests::write_ether_via_seqpacket ... ok
[INFO] [stdout] test tso::tests::gro_coalesce_three_v4 ... ok
[INFO] [stdout] test tso::tests::gro_psh_terminates ... ok
[INFO] [stdout] test tso::tests::gro_short_tail_terminates ... ok
[INFO] [stdout] test tso::tests::split_seq_wraps ... ok
[INFO] [stdout] test tso::tests::gso_none_completes_partial_csum ... ok
[INFO] [stdout] test tests::drain_frames_until_eagain ... ok
[INFO] [stdout] test tso::tests::split_errors ... ok
[INFO] [stdout] test tso::tests::gro_reassembles_tso_split_output ... ok
[INFO] [stdout] test tso::tests::gro_flush_on_mismatch ... ok
[INFO] [stdout] test tso::tests::gro_rejects ... ok
[INFO] [stdout] test tso::tests::gro_hits_64k_cap ... ok
[INFO] [stdout] test tso::tests::split_v4_even ... ok
[INFO] [stdout] test raw::tests::read_ether_via_seqpacket ... ok
[INFO] [stdout] test tso::tests::checksum_rfc1071_reference ... ok
[INFO] [stdout] test tso::tests::split_v4_short_tail ... ok
[INFO] [stdout] test tso::tests::split_v6_even ... ok
[INFO] [stdout] test tso::tests::split_v4_single_chunk ... ok
[INFO] [stdout] test tso::tests::vnet_hdr_decode ... ok
[INFO] [stdout] test linux::tests::pack_ifr_name_ok ... ok
[INFO] [stdout] test raw::tests::read_eof_via_seqpacket ... ok
[INFO] [stdout] test tso::tests::gro_single_packet_zero_vnet_hdr ... ok
[INFO] [stdout] test arena::tests::set_len_rejects_overflow - should panic ... ok
[INFO] [stdout] test raw::tests::open_bad_iface_errors ... FAILED
[INFO] [stdout] test arena::tests::slot_oob_panics - should panic ... ok
[INFO] [stdout] 
[INFO] [stdout] failures:
[INFO] [stdout] 
[INFO] [stdout] ---- raw::tests::open_bad_iface_errors stdout ----
[INFO] [stdout] 
[INFO] [stdout] thread 'raw::tests::open_bad_iface_errors' (3585) panicked at crates/tinc-device/src/raw.rs:213:13:
[INFO] [stdout] open("nonexistent_iface_23chr"): unexpected error kind: Uncategorized (No such device (os error 19))
[INFO] [stdout] stack backtrace:
[INFO] [stdout]    0:     0x57410ad3d801 - std[617be2ca0a6fd877]::backtrace_rs::backtrace::libunwind::trace
[INFO] [stdout]                                at /rustc/e3feeb59cd1bdd011a2bfcc0747b55125d9b8527/library/std/src/../../backtrace/src/backtrace/libunwind.rs:117:9
[INFO] [stdout]    1:     0x57410ad3d801 - std[617be2ca0a6fd877]::backtrace_rs::backtrace::trace_unsynchronized::<std[617be2ca0a6fd877]::sys::backtrace::_print_fmt::{closure#1}>
[INFO] [stdout]                                at /rustc/e3feeb59cd1bdd011a2bfcc0747b55125d9b8527/library/std/src/../../backtrace/src/backtrace/mod.rs:66:14
[INFO] [stdout]    2:     0x57410ad3d801 - std[617be2ca0a6fd877]::sys::backtrace::_print_fmt
[INFO] [stdout]                                at /rustc/e3feeb59cd1bdd011a2bfcc0747b55125d9b8527/library/std/src/sys/backtrace.rs:74:9
[INFO] [stdout]    3:     0x57410ad3d801 - <<std[617be2ca0a6fd877]::sys::backtrace::BacktraceLock>::print::DisplayBacktrace as core[a373ad73a504971]::fmt::Display>::fmt
[INFO] [stdout]                                at /rustc/e3feeb59cd1bdd011a2bfcc0747b55125d9b8527/library/std/src/sys/backtrace.rs:44:26
[INFO] [stdout]    4:     0x57410ad51d9a - <core[a373ad73a504971]::fmt::rt::Argument>::fmt
[INFO] [stdout]                                at /rustc/e3feeb59cd1bdd011a2bfcc0747b55125d9b8527/library/core/src/fmt/rt.rs:152:76
[INFO] [stdout]    5:     0x57410ad51d9a - core[a373ad73a504971]::fmt::write
[INFO] [stdout]    6:     0x57410ad41afc - core[a373ad73a504971]::io::write::default_write_fmt::<alloc[2e1b2a31b91974c5]::vec::Vec<u8>>
[INFO] [stdout]                                at /rustc/e3feeb59cd1bdd011a2bfcc0747b55125d9b8527/library/core/src/io/write.rs:402:11
[INFO] [stdout]    7:     0x57410ad41afc - <alloc[2e1b2a31b91974c5]::vec::Vec<u8> as core[a373ad73a504971]::io::write::Write>::write_fmt
[INFO] [stdout]                                at /rustc/e3feeb59cd1bdd011a2bfcc0747b55125d9b8527/library/core/src/io/write.rs:335:13
[INFO] [stdout]    8:     0x57410ad193d6 - <std[617be2ca0a6fd877]::sys::backtrace::BacktraceLock>::print
[INFO] [stdout]                                at /rustc/e3feeb59cd1bdd011a2bfcc0747b55125d9b8527/library/std/src/sys/backtrace.rs:47:9
[INFO] [stdout]    9:     0x57410ad193d6 - std[617be2ca0a6fd877]::panicking::default_hook::{closure#0}
[INFO] [stdout]                                at /rustc/e3feeb59cd1bdd011a2bfcc0747b55125d9b8527/library/std/src/panicking.rs:289:27
[INFO] [stdout]   10:     0x57410ad357f9 - std[617be2ca0a6fd877]::panicking::default_hook
[INFO] [stdout]                                at /rustc/e3feeb59cd1bdd011a2bfcc0747b55125d9b8527/library/std/src/panicking.rs:313:9
[INFO] [stdout]   11:     0x57410acc8f10 - <alloc[2e1b2a31b91974c5]::boxed::Box<dyn for<'a, 'b> core[a373ad73a504971]::ops::function::Fn<(&'a std[617be2ca0a6fd877]::panic::PanicHookInfo<'b>,), Output = ()> + core[a373ad73a504971]::marker::Sync + core[a373ad73a504971]::marker::Send> as core[a373ad73a504971]::ops::function::Fn<(&std[617be2ca0a6fd877]::panic::PanicHookInfo,)>>::call
[INFO] [stdout]                                at /rustc/e3feeb59cd1bdd011a2bfcc0747b55125d9b8527/library/alloc/src/boxed.rs:2328:9
[INFO] [stdout]   12:     0x57410acc8f10 - test[aada8e7e76ba119b]::test_main_inner::{closure#0}
[INFO] [stdout]                                at /rustc/e3feeb59cd1bdd011a2bfcc0747b55125d9b8527/library/test/src/lib.rs:137:21
[INFO] [stdout]   13:     0x57410ad359b2 - <alloc[2e1b2a31b91974c5]::boxed::Box<dyn for<'a, 'b> core[a373ad73a504971]::ops::function::Fn<(&'a std[617be2ca0a6fd877]::panic::PanicHookInfo<'b>,), Output = ()> + core[a373ad73a504971]::marker::Sync + core[a373ad73a504971]::marker::Send> as core[a373ad73a504971]::ops::function::Fn<(&std[617be2ca0a6fd877]::panic::PanicHookInfo,)>>::call
[INFO] [stdout]                                at /rustc/e3feeb59cd1bdd011a2bfcc0747b55125d9b8527/library/alloc/src/boxed.rs:2328:9
[INFO] [stdout]   14:     0x57410ad359b2 - std[617be2ca0a6fd877]::panicking::panic_with_hook
[INFO] [stdout]                                at /rustc/e3feeb59cd1bdd011a2bfcc0747b55125d9b8527/library/std/src/panicking.rs:819:13
[INFO] [stdout]   15:     0x57410ad19482 - std[617be2ca0a6fd877]::panicking::panic_handler::{closure#0}
[INFO] [stdout]                                at /rustc/e3feeb59cd1bdd011a2bfcc0747b55125d9b8527/library/std/src/panicking.rs:685:13
[INFO] [stdout]   16:     0x57410ad12199 - std[617be2ca0a6fd877]::sys::backtrace::__rust_end_short_backtrace::<std[617be2ca0a6fd877]::panicking::panic_handler::{closure#0}, !>
[INFO] [stdout]                                at /rustc/e3feeb59cd1bdd011a2bfcc0747b55125d9b8527/library/std/src/sys/backtrace.rs:182:18
[INFO] [stdout]   17:     0x57410ad1a08d - __rustc[ea4f61d10b84890b]::rust_begin_unwind
[INFO] [stdout]                                at /rustc/e3feeb59cd1bdd011a2bfcc0747b55125d9b8527/library/std/src/panicking.rs:676:5
[INFO] [stdout]   18:     0x57410ad5257c - core[a373ad73a504971]::panicking::panic_fmt
[INFO] [stdout]                                at /rustc/e3feeb59cd1bdd011a2bfcc0747b55125d9b8527/library/core/src/panicking.rs:80:14
[INFO] [stdout]   19:     0x57410ac8a0b4 - tinc_device[b697a1d8bdd2728b]::raw::tests::open_bad_iface_errors
[INFO] [stdout]                                at /opt/rustwide/workdir/crates/tinc-device/src/raw.rs:213:13
[INFO] [stdout]   20:     0x57410ac82097 - tinc_device[b697a1d8bdd2728b]::raw::tests::open_bad_iface_errors::{closure#0}
[INFO] [stdout]                                at /opt/rustwide/workdir/crates/tinc-device/src/raw.rs:203:31
[INFO] [stdout]   21:     0x57410aca9576 - <tinc_device[b697a1d8bdd2728b]::raw::tests::open_bad_iface_errors::{closure#0} as core[a373ad73a504971]::ops::function::FnOnce<()>>::call_once
[INFO] [stdout]                                at /rustc/e3feeb59cd1bdd011a2bfcc0747b55125d9b8527/library/core/src/ops/function.rs:250:5
[INFO] [stdout]   22:     0x57410acbc35b - <fn() -> core[a373ad73a504971]::result::Result<(), alloc[2e1b2a31b91974c5]::string::String> as core[a373ad73a504971]::ops::function::FnOnce<()>>::call_once
[INFO] [stdout]                                at /rustc/e3feeb59cd1bdd011a2bfcc0747b55125d9b8527/library/core/src/ops/function.rs:250:5
[INFO] [stdout]   23:     0x57410acbc35b - test[aada8e7e76ba119b]::__rust_begin_short_backtrace::<core[a373ad73a504971]::result::Result<(), alloc[2e1b2a31b91974c5]::string::String>, fn() -> core[a373ad73a504971]::result::Result<(), alloc[2e1b2a31b91974c5]::string::String>>
[INFO] [stdout]                                at /rustc/e3feeb59cd1bdd011a2bfcc0747b55125d9b8527/library/test/src/lib.rs:701:18
[INFO] [stdout]   24:     0x57410acc9535 - test[aada8e7e76ba119b]::run_test_in_process::{closure#0}
[INFO] [stdout]                                at /rustc/e3feeb59cd1bdd011a2bfcc0747b55125d9b8527/library/test/src/lib.rs:724:74
[INFO] [stdout]   25:     0x57410acc9535 - <core[a373ad73a504971]::panic::unwind_safe::AssertUnwindSafe<test[aada8e7e76ba119b]::run_test_in_process::{closure#0}> as core[a373ad73a504971]::ops::function::FnOnce<()>>::call_once
[INFO] [stdout]                                at /rustc/e3feeb59cd1bdd011a2bfcc0747b55125d9b8527/library/core/src/panic/unwind_safe.rs:275:9
[INFO] [stdout]   26:     0x57410acc9535 - std[617be2ca0a6fd877]::panicking::catch_unwind::do_call::<core[a373ad73a504971]::panic::unwind_safe::AssertUnwindSafe<test[aada8e7e76ba119b]::run_test_in_process::{closure#0}>, core[a373ad73a504971]::result::Result<(), alloc[2e1b2a31b91974c5]::string::String>>
[INFO] [stdout]                                at /rustc/e3feeb59cd1bdd011a2bfcc0747b55125d9b8527/library/std/src/panicking.rs:573:43
[INFO] [stdout]   27:     0x57410acc9535 - std[617be2ca0a6fd877]::panicking::catch_unwind::<core[a373ad73a504971]::result::Result<(), alloc[2e1b2a31b91974c5]::string::String>, core[a373ad73a504971]::panic::unwind_safe::AssertUnwindSafe<test[aada8e7e76ba119b]::run_test_in_process::{closure#0}>>
[INFO] [stdout]                                at /rustc/e3feeb59cd1bdd011a2bfcc0747b55125d9b8527/library/std/src/panicking.rs:541:19
[INFO] [stdout]   28:     0x57410acc9535 - std[617be2ca0a6fd877]::panic::catch_unwind::<core[a373ad73a504971]::panic::unwind_safe::AssertUnwindSafe<test[aada8e7e76ba119b]::run_test_in_process::{closure#0}>, core[a373ad73a504971]::result::Result<(), alloc[2e1b2a31b91974c5]::string::String>>
[INFO] [stdout]                                at /rustc/e3feeb59cd1bdd011a2bfcc0747b55125d9b8527/library/std/src/panic.rs:359:14
[INFO] [stdout]   29:     0x57410acc9535 - test[aada8e7e76ba119b]::run_test_in_process
[INFO] [stdout]                                at /rustc/e3feeb59cd1bdd011a2bfcc0747b55125d9b8527/library/test/src/lib.rs:724:27
[INFO] [stdout]   30:     0x57410acc9535 - test[aada8e7e76ba119b]::run_test::{closure#0}
[INFO] [stdout]                                at /rustc/e3feeb59cd1bdd011a2bfcc0747b55125d9b8527/library/test/src/lib.rs:645:43
[INFO] [stdout]   31:     0x57410acc2e24 - test[aada8e7e76ba119b]::run_test::{closure#1}
[INFO] [stdout]                                at /rustc/e3feeb59cd1bdd011a2bfcc0747b55125d9b8527/library/test/src/lib.rs:675:41
[INFO] [stdout]   32:     0x57410acc2e24 - std[617be2ca0a6fd877]::sys::backtrace::__rust_begin_short_backtrace::<test[aada8e7e76ba119b]::run_test::{closure#1}, ()>
[INFO] [stdout]                                at /rustc/e3feeb59cd1bdd011a2bfcc0747b55125d9b8527/library/std/src/sys/backtrace.rs:166:18
[INFO] [stdout]   33:     0x57410accc5c2 - std[617be2ca0a6fd877]::thread::lifecycle::spawn_unchecked::<test[aada8e7e76ba119b]::run_test::{closure#1}, ()>::{closure#1}::{closure#0}
[INFO] [stdout]                                at /rustc/e3feeb59cd1bdd011a2bfcc0747b55125d9b8527/library/std/src/thread/lifecycle.rs:70:13
[INFO] [stdout]   34:     0x57410accc5c2 - <core[a373ad73a504971]::panic::unwind_safe::AssertUnwindSafe<std[617be2ca0a6fd877]::thread::lifecycle::spawn_unchecked<test[aada8e7e76ba119b]::run_test::{closure#1}, ()>::{closure#1}::{closure#0}> as core[a373ad73a504971]::ops::function::FnOnce<()>>::call_once
[INFO] [stdout]                                at /rustc/e3feeb59cd1bdd011a2bfcc0747b55125d9b8527/library/core/src/panic/unwind_safe.rs:275:9
[INFO] [stdout]   35:     0x57410accc5c2 - std[617be2ca0a6fd877]::panicking::catch_unwind::do_call::<core[a373ad73a504971]::panic::unwind_safe::AssertUnwindSafe<std[617be2ca0a6fd877]::thread::lifecycle::spawn_unchecked<test[aada8e7e76ba119b]::run_test::{closure#1}, ()>::{closure#1}::{closure#0}>, ()>
[INFO] [stdout]                                at /rustc/e3feeb59cd1bdd011a2bfcc0747b55125d9b8527/library/std/src/panicking.rs:573:43
[INFO] [stdout]   36:     0x57410accc5c2 - std[617be2ca0a6fd877]::panicking::catch_unwind::<(), core[a373ad73a504971]::panic::unwind_safe::AssertUnwindSafe<std[617be2ca0a6fd877]::thread::lifecycle::spawn_unchecked<test[aada8e7e76ba119b]::run_test::{closure#1}, ()>::{closure#1}::{closure#0}>>
[INFO] [stdout]                                at /rustc/e3feeb59cd1bdd011a2bfcc0747b55125d9b8527/library/std/src/panicking.rs:541:19
[INFO] [stdout]   37:     0x57410accc5c2 - std[617be2ca0a6fd877]::panic::catch_unwind::<core[a373ad73a504971]::panic::unwind_safe::AssertUnwindSafe<std[617be2ca0a6fd877]::thread::lifecycle::spawn_unchecked<test[aada8e7e76ba119b]::run_test::{closure#1}, ()>::{closure#1}::{closure#0}>, ()>
[INFO] [stdout]                                at /rustc/e3feeb59cd1bdd011a2bfcc0747b55125d9b8527/library/std/src/panic.rs:359:14
[INFO] [stdout]   38:     0x57410accc5c2 - std[617be2ca0a6fd877]::thread::lifecycle::spawn_unchecked::<test[aada8e7e76ba119b]::run_test::{closure#1}, ()>::{closure#1}
[INFO] [stdout]                                at /rustc/e3feeb59cd1bdd011a2bfcc0747b55125d9b8527/library/std/src/thread/lifecycle.rs:68:26
[INFO] [stdout]   39:     0x57410accc5c2 - <std[617be2ca0a6fd877]::thread::lifecycle::spawn_unchecked<test[aada8e7e76ba119b]::run_test::{closure#1}, ()>::{closure#1} as core[a373ad73a504971]::ops::function::FnOnce<()>>::call_once::{shim:vtable#0}
[INFO] [stdout]                                at /rustc/e3feeb59cd1bdd011a2bfcc0747b55125d9b8527/library/core/src/ops/function.rs:250:5
[INFO] [stdout]   40:     0x57410ad3d05f - <alloc[2e1b2a31b91974c5]::boxed::Box<dyn core[a373ad73a504971]::ops::function::FnOnce<(), Output = ()> + core[a373ad73a504971]::marker::Send> as core[a373ad73a504971]::ops::function::FnOnce<()>>::call_once
[INFO] [stdout]                                at /rustc/e3feeb59cd1bdd011a2bfcc0747b55125d9b8527/library/alloc/src/boxed.rs:2314:9
[INFO] [stdout]   41:     0x57410ad3d05f - <std[617be2ca0a6fd877]::sys::thread::unix::Thread>::new::thread_start
[INFO] [stdout]                                at /rustc/e3feeb59cd1bdd011a2bfcc0747b55125d9b8527/library/std/src/sys/thread/unix.rs:127:17
[INFO] [stdout]   42:     0x70d1bc3a5dfa - <unknown>
[INFO] [stdout]   43:     0x70d1bc4393d4 - clone
[INFO] [stdout]   44:                0x0 - <unknown>
[INFO] [stdout] 
[INFO] [stdout] 
[INFO] [stdout] failures:
[INFO] [stdout]     raw::tests::open_bad_iface_errors
[INFO] [stdout] 
[INFO] [stdout] test result: FAILED. 61 passed; 1 failed; 0 ignored; 0 measured; 0 filtered out; finished in 0.09s
[INFO] [stdout] 
[INFO] [stderr] error: test failed, to rerun pass `-p tinc-device --lib`
[INFO] running `Command { std: "docker" "inspect" "2940430f491e29dfda43ac545789f46539ae29965564beb25d8f7d5348dd42d5", kill_on_drop: false }`
[INFO] running `Command { std: "docker" "rm" "-f" "2940430f491e29dfda43ac545789f46539ae29965564beb25d8f7d5348dd42d5", kill_on_drop: false }`
[INFO] [stdout] 2940430f491e29dfda43ac545789f46539ae29965564beb25d8f7d5348dd42d5
