[INFO] cloning repository https://github.com/Lyco256/Editor
[INFO] running `Command { std: "git" "-c" "credential.helper=" "-c" "credential.helper=/workspace/cargo-home/bin/git-credential-null" "clone" "--bare" "https://github.com/Lyco256/Editor" "/workspace/cache/git-repos/https%3A%2F%2Fgithub.com%2FLyco256%2FEditor", kill_on_drop: false }`
[INFO] [stderr] Cloning into bare repository '/workspace/cache/git-repos/https%3A%2F%2Fgithub.com%2FLyco256%2FEditor'...
[INFO] running `Command { std: "git" "rev-parse" "HEAD", kill_on_drop: false }`
[INFO] [stdout] bc16de019dc9641ed399dcacef17c34fe2850d32
[INFO] testing Lyco256/Editor against 1.99.0-beta.8 for beta-1.100-2
[INFO] running `Command { std: "git" "clone" "/workspace/cache/git-repos/https%3A%2F%2Fgithub.com%2FLyco256%2FEditor" "/workspace/builds/worker-6-tc1/source", kill_on_drop: false }`
[INFO] [stderr] Cloning into '/workspace/builds/worker-6-tc1/source'...
[INFO] [stderr] done.
[INFO] removed /workspace/builds/worker-6-tc1/source/rust-toolchain.toml
[INFO] started tweaking git repo https://github.com/Lyco256/Editor
[INFO] finished tweaking git repo https://github.com/Lyco256/Editor
[INFO] tweaked toml for git repo https://github.com/Lyco256/Editor written to /workspace/builds/worker-6-tc1/source/Cargo.toml
[INFO] validating manifest of git repo https://github.com/Lyco256/Editor on toolchain 1.99.0-beta.8
[INFO] running `Command { std: CARGO_HOME="/workspace/cargo-home" RUSTUP_HOME="/workspace/rustup-home" "/workspace/cargo-home/bin/cargo" "+1.99.0-beta.8" "metadata" "--manifest-path" "Cargo.toml" "--no-deps", kill_on_drop: false }`
[INFO] crate git repo https://github.com/Lyco256/Editor already has a lockfile, it will not be regenerated
[INFO] running `Command { std: CARGO_HOME="/workspace/cargo-home" RUSTUP_HOME="/workspace/rustup-home" "/workspace/cargo-home/bin/cargo" "+1.99.0-beta.8" "fetch" "--manifest-path" "Cargo.toml", kill_on_drop: false }`
[INFO] [stderr] warning: crates/vscode-compat/Cargo.toml: `lints.clippy.assigning-clones` is deprecated in favor of `lints.clippy.assigning_clones` and will not work in a future edition
[INFO] [stderr] warning: crates/vscode-compat/Cargo.toml: `lints.clippy.manual-assert-eq` is deprecated in favor of `lints.clippy.manual_assert_eq` and will not work in a future edition
[INFO] [stderr] warning: `vscode-compat` (manifest) generated 2 warnings
[INFO] [stderr] warning: crates/config-core/Cargo.toml: `lints.clippy.assigning-clones` is deprecated in favor of `lints.clippy.assigning_clones` and will not work in a future edition
[INFO] [stderr] warning: crates/config-core/Cargo.toml: `lints.clippy.manual-assert-eq` is deprecated in favor of `lints.clippy.manual_assert_eq` and will not work in a future edition
[INFO] [stderr] warning: `config-core` (manifest) generated 2 warnings
[INFO] [stderr] warning: crates/lsp-client/Cargo.toml: `lints.clippy.assigning-clones` is deprecated in favor of `lints.clippy.assigning_clones` and will not work in a future edition
[INFO] [stderr] warning: crates/lsp-client/Cargo.toml: `lints.clippy.manual-assert-eq` is deprecated in favor of `lints.clippy.manual_assert_eq` and will not work in a future edition
[INFO] [stderr] warning: `lsp-client` (manifest) generated 2 warnings
[INFO] [stderr] warning: crates/terminal-backend/Cargo.toml: `lints.clippy.assigning-clones` is deprecated in favor of `lints.clippy.assigning_clones` and will not work in a future edition
[INFO] [stderr] warning: crates/terminal-backend/Cargo.toml: `lints.clippy.manual-assert-eq` is deprecated in favor of `lints.clippy.manual_assert_eq` and will not work in a future edition
[INFO] [stderr] warning: `terminal-backend` (manifest) generated 2 warnings
[INFO] [stderr] warning: crates/vcs-git/Cargo.toml: `lints.clippy.assigning-clones` is deprecated in favor of `lints.clippy.assigning_clones` and will not work in a future edition
[INFO] [stderr] warning: crates/vcs-git/Cargo.toml: `lints.clippy.manual-assert-eq` is deprecated in favor of `lints.clippy.manual_assert_eq` and will not work in a future edition
[INFO] [stderr] warning: `vcs-git` (manifest) generated 2 warnings
[INFO] [stderr] warning: crates/editor-types/Cargo.toml: `lints.clippy.assigning-clones` is deprecated in favor of `lints.clippy.assigning_clones` and will not work in a future edition
[INFO] [stderr] warning: crates/editor-types/Cargo.toml: `lints.clippy.manual-assert-eq` is deprecated in favor of `lints.clippy.manual_assert_eq` and will not work in a future edition
[INFO] [stderr] warning: `editor-types` (manifest) generated 2 warnings
[INFO] [stderr] warning: crates/app-ui/Cargo.toml: `lints.clippy.assigning-clones` is deprecated in favor of `lints.clippy.assigning_clones` and will not work in a future edition
[INFO] [stderr] warning: crates/app-ui/Cargo.toml: `lints.clippy.manual-assert-eq` is deprecated in favor of `lints.clippy.manual_assert_eq` and will not work in a future edition
[INFO] [stderr] warning: `app-ui` (manifest) generated 2 warnings
[INFO] [stderr] warning: crates/editor-core/Cargo.toml: `lints.clippy.assigning-clones` is deprecated in favor of `lints.clippy.assigning_clones` and will not work in a future edition
[INFO] [stderr] warning: crates/editor-core/Cargo.toml: `lints.clippy.manual-assert-eq` is deprecated in favor of `lints.clippy.manual_assert_eq` and will not work in a future edition
[INFO] [stderr] warning: `editor-core` (manifest) generated 2 warnings
[INFO] [stderr] warning: crates/workspace-core/Cargo.toml: `lints.clippy.assigning-clones` is deprecated in favor of `lints.clippy.assigning_clones` and will not work in a future edition
[INFO] [stderr] warning: crates/workspace-core/Cargo.toml: `lints.clippy.manual-assert-eq` is deprecated in favor of `lints.clippy.manual_assert_eq` and will not work in a future edition
[INFO] [stderr] warning: `workspace-core` (manifest) generated 2 warnings
[INFO] [stderr] warning: crates/syntax-engine/Cargo.toml: `lints.clippy.assigning-clones` is deprecated in favor of `lints.clippy.assigning_clones` and will not work in a future edition
[INFO] [stderr] warning: crates/syntax-engine/Cargo.toml: `lints.clippy.manual-assert-eq` is deprecated in favor of `lints.clippy.manual_assert_eq` and will not work in a future edition
[INFO] [stderr] warning: `syntax-engine` (manifest) generated 2 warnings
[INFO] [stderr] warning: Cargo.toml: `lints.clippy.assigning-clones` is deprecated in favor of `lints.clippy.assigning_clones` and will not work in a future edition
[INFO] [stderr] warning: Cargo.toml: `lints.clippy.manual-assert-eq` is deprecated in favor of `lints.clippy.manual_assert_eq` and will not work in a future edition
[INFO] [stderr] warning: Cargo.toml: `lints.clippy.assigning-clones` is deprecated in favor of `lints.clippy.assigning_clones` and will not work in a future edition
[INFO] [stderr] warning: Cargo.toml: `lints.clippy.manual-assert-eq` is deprecated in favor of `lints.clippy.manual_assert_eq` and will not work in a future edition
[INFO] [stderr] warning: `editor` (manifest) generated 4 warnings
[INFO] [stderr]     Updating crates.io index
[INFO] [stderr]  Downloading crates ...
[INFO] [stderr]   Downloaded tokio-macros v2.7.2
[INFO] [stderr]   Downloaded thiserror v2.0.20
[INFO] [stderr]   Downloaded num-conv v0.2.2
[INFO] [stderr]   Downloaded sha1 v0.10.7
[INFO] [stderr]   Downloaded constant_time_eq v0.1.5
[INFO] [stderr]   Downloaded time-core v0.1.9
[INFO] [stderr]   Downloaded pbkdf2 v0.11.0
[INFO] [stderr]   Downloaded tree_magic_mini v3.2.2
[INFO] [stderr]   Downloaded os_pipe v1.2.3
[INFO] [stderr]   Downloaded kqueue-sys v1.1.2
[INFO] [stderr]   Downloaded inotify-sys v0.1.8
[INFO] [stderr]   Downloaded fsevent-sys v4.1.0
[INFO] [stderr]   Downloaded mio v1.2.3
[INFO] [stderr]   Downloaded zstd v0.11.2+zstd.1.5.2
[INFO] [stderr]   Downloaded find-msvc-tools v0.1.12
[INFO] [stderr]   Downloaded wayland-sys v0.31.11
[INFO] [stderr]   Downloaded error-code v3.4.0
[INFO] [stderr]   Downloaded notify-types v2.1.0
[INFO] [stderr]   Downloaded zstd-safe v5.0.2+zstd.1.5.2
[INFO] [stderr]   Downloaded password-hash v0.4.2
[INFO] [stderr]   Downloaded thiserror-impl v2.0.20
[INFO] [stderr]   Downloaded kqueue v1.2.1
[INFO] [stderr]   Downloaded inotify v0.11.5
[INFO] [stderr]   Downloaded deranged v0.5.8
[INFO] [stderr]   Downloaded smallvec v1.16.0
[INFO] [stderr]   Downloaded base64ct v1.8.3
[INFO] [stderr]   Downloaded wayland-protocols-wlr v0.3.12
[INFO] [stderr]   Downloaded fixedbitset v0.5.7
[INFO] [stderr]   Downloaded tree-sitter-toml-ng v0.7.0
[INFO] [stderr]   Downloaded tree-sitter-language v0.1.8
[INFO] [stderr]   Downloaded streaming-iterator v0.1.9
[INFO] [stderr]   Downloaded tree-sitter-json v0.24.8
[INFO] [stderr]   Downloaded tree-sitter-html v0.23.2
[INFO] [stderr]   Downloaded futures-macro v0.3.34
[INFO] [stderr]   Downloaded unarray v0.1.4
[INFO] [stderr]   Downloaded wait-timeout v0.2.1
[INFO] [stderr]   Downloaded rand_xorshift v0.4.0
[INFO] [stderr]   Downloaded notify v8.2.0
[INFO] [stderr]   Downloaded crc32fast v1.5.1
[INFO] [stderr]   Downloaded bzip2 v0.4.4
[INFO] [stderr]   Downloaded wl-clipboard-rs v0.9.3
[INFO] [stderr]   Downloaded wayland-scanner v0.31.11
[INFO] [stderr]   Downloaded futures-timer v3.0.4
[INFO] [stderr]   Downloaded proc-macro-crate v3.5.0
[INFO] [stderr]   Downloaded rand_core v0.9.5
[INFO] [stderr]   Downloaded chardetng v0.1.17
[INFO] [stderr]   Downloaded tree-sitter-css v0.25.0
[INFO] [stderr]   Downloaded relative-path v1.9.3
[INFO] [stderr]   Downloaded toml_parser v1.1.3+spec-1.1.0
[INFO] [stderr]   Downloaded toml_datetime v1.1.1+spec-1.1.0
[INFO] [stderr]   Downloaded glob v0.3.4
[INFO] [stderr]   Downloaded str_indices v0.4.4
[INFO] [stderr]   Downloaded quick-error v1.2.3
[INFO] [stderr]   Downloaded zip v0.6.6
[INFO] [stderr]   Downloaded wayland-client v0.31.15
[INFO] [stderr]   Downloaded wayland-backend v0.3.17
[INFO] [stderr]   Downloaded dispatch2 v0.3.1
[INFO] [stderr]   Downloaded rstest v0.26.1
[INFO] [stderr]   Downloaded rusty-fork v0.3.1
[INFO] [stderr]   Downloaded rstest_macros v0.26.1
[INFO] [stderr]   Downloaded toml_edit v0.25.13+spec-1.1.0
[INFO] [stderr]   Downloaded wit-bindgen v0.57.1
[INFO] [stderr]   Downloaded cc v1.4.5
[INFO] [stderr]   Downloaded tree-sitter-go v0.25.0
[INFO] [stderr]   Downloaded rand v0.9.5
[INFO] [stderr]   Downloaded indexmap v2.14.1
[INFO] [stderr]   Downloaded typenum v1.20.1
[INFO] [stderr]   Downloaded tree-sitter-yaml v0.7.2
[INFO] [stderr]   Downloaded tree-sitter-markdown-updated v0.1.0
[INFO] [stderr]   Downloaded wayland-protocols v0.32.13
[INFO] [stderr]   Downloaded tree-sitter-java v0.23.5
[INFO] [stderr]   Downloaded ropey v1.6.1
[INFO] [stderr]   Downloaded wasip2 v1.0.4+wasi-0.2.12
[INFO] [stderr]   Downloaded nom v8.0.0
[INFO] [stderr]   Downloaded tree-sitter-python v0.25.0
[INFO] [stderr]   Downloaded tree-sitter-javascript v0.25.0
[INFO] [stderr]   Downloaded winnow v1.0.4
[INFO] [stderr]   Downloaded quick-xml v0.41.0
[INFO] [stderr]   Downloaded proptest v1.11.0
[INFO] [stderr]   Downloaded syn v3.0.5
[INFO] [stderr]   Downloaded tree-sitter v0.27.0
[INFO] [stderr]   Downloaded time v0.3.55
[INFO] [stderr]   Downloaded objc2 v0.6.4
[INFO] [stderr]   Downloaded tree-sitter-c v0.24.2
[INFO] [stderr]   Downloaded tree-sitter-rust v0.24.2
[INFO] [stderr]   Downloaded tree-sitter-bash v0.25.1
[INFO] [stderr]   Downloaded bzip2-sys v0.1.13+1.0.8
[INFO] [stderr]   Downloaded zstd-sys v2.1.0+zstd.1.5.7
[INFO] [stderr]   Downloaded tree-sitter-typescript v0.23.2
[INFO] [stderr]   Downloaded petgraph v0.8.3
[INFO] [stderr]   Downloaded tokio v1.53.1
[INFO] [stderr]   Downloaded tree-sitter-cpp v0.23.4
[INFO] [stderr]   Downloaded tree-sitter-c-sharp v0.23.5
[INFO] running `Command { std: "docker" "create" "-v" "/var/lib/crater-agent-workspace/builds/worker-6-tc1/source:/opt/rustwide/workdir:ro,Z" "-v" "/var/lib/crater-agent-workspace/builds/worker-6-tc1/target:/opt/rustwide/target:rw,Z" "-v" "/var/lib/crater-agent-workspace/cargo-home:/opt/rustwide/cargo-home:ro,Z" "-v" "/var/lib/crater-agent-workspace/rustup-home:/opt/rustwide/rustup-home:ro,Z" "-m" "1610612736" "--network" "none" "ghcr.io/rust-lang/crates-build-env/linux@sha256:3111399a4047eeb3a02b7a90e478d715f38a8c6669b5c4b49d30a17385265909" "sleep" "infinity", kill_on_drop: false }`
[INFO] [stdout] 85092a2c2e0eeff4431e5d76a4b69387ff1d42bb63eb8fd2f6f99e1ef7f061fb
[INFO] running `Command { std: "docker" "start" "85092a2c2e0eeff4431e5d76a4b69387ff1d42bb63eb8fd2f6f99e1ef7f061fb", kill_on_drop: false }`
[INFO] running `Command { std: "docker" "inspect" "85092a2c2e0eeff4431e5d76a4b69387ff1d42bb63eb8fd2f6f99e1ef7f061fb", kill_on_drop: false }`
[INFO] running `Command { std: "docker" "exec" "-e" "SOURCE_DIR=/opt/rustwide/workdir" "-e" "CARGO_HOME=/opt/rustwide/cargo-home" "-e" "RUSTUP_HOME=/opt/rustwide/rustup-home" "-e" "CARGO_TARGET_DIR=/opt/rustwide/target" "-w" "/opt/rustwide/workdir" "--user" "0:0" "85092a2c2e0eeff4431e5d76a4b69387ff1d42bb63eb8fd2f6f99e1ef7f061fb" "/opt/rustwide/cargo-home/bin/cargo" "+1.99.0-beta.8" "metadata" "--no-deps" "--format-version=1", kill_on_drop: false }`
[INFO] running `Command { std: "docker" "inspect" "85092a2c2e0eeff4431e5d76a4b69387ff1d42bb63eb8fd2f6f99e1ef7f061fb", kill_on_drop: false }`
[INFO] running `Command { std: "docker" "exec" "-e" "SOURCE_DIR=/opt/rustwide/workdir" "-e" "CARGO_HOME=/opt/rustwide/cargo-home" "-e" "RUSTUP_HOME=/opt/rustwide/rustup-home" "-e" "CARGO_TARGET_DIR=/opt/rustwide/target" "-e" "CARGO_INCREMENTAL=0" "-e" "RUST_BACKTRACE=full" "-e" "RUSTFLAGS=--cap-lints=warn" "-e" "RUSTDOCFLAGS=--cap-lints=warn" "-w" "/opt/rustwide/workdir" "--user" "0:0" "85092a2c2e0eeff4431e5d76a4b69387ff1d42bb63eb8fd2f6f99e1ef7f061fb" "/opt/rustwide/cargo-home/bin/cargo" "+1.99.0-beta.8" "build" "--frozen" "--message-format=json", kill_on_drop: false }`
[INFO] [stderr] warning: crates/workspace-core/Cargo.toml: `lints.clippy.assigning-clones` is deprecated in favor of `lints.clippy.assigning_clones` and will not work in a future edition
[INFO] [stderr] warning: crates/workspace-core/Cargo.toml: `lints.clippy.manual-assert-eq` is deprecated in favor of `lints.clippy.manual_assert_eq` and will not work in a future edition
[INFO] [stderr] warning: `workspace-core` (manifest) generated 2 warnings
[INFO] [stderr] warning: crates/syntax-engine/Cargo.toml: `lints.clippy.assigning-clones` is deprecated in favor of `lints.clippy.assigning_clones` and will not work in a future edition
[INFO] [stderr] warning: crates/syntax-engine/Cargo.toml: `lints.clippy.manual-assert-eq` is deprecated in favor of `lints.clippy.manual_assert_eq` and will not work in a future edition
[INFO] [stderr] warning: `syntax-engine` (manifest) generated 2 warnings
[INFO] [stderr] warning: crates/vscode-compat/Cargo.toml: `lints.clippy.assigning-clones` is deprecated in favor of `lints.clippy.assigning_clones` and will not work in a future edition
[INFO] [stderr] warning: crates/vscode-compat/Cargo.toml: `lints.clippy.manual-assert-eq` is deprecated in favor of `lints.clippy.manual_assert_eq` and will not work in a future edition
[INFO] [stderr] warning: `vscode-compat` (manifest) generated 2 warnings
[INFO] [stderr] warning: crates/config-core/Cargo.toml: `lints.clippy.assigning-clones` is deprecated in favor of `lints.clippy.assigning_clones` and will not work in a future edition
[INFO] [stderr] warning: crates/config-core/Cargo.toml: `lints.clippy.manual-assert-eq` is deprecated in favor of `lints.clippy.manual_assert_eq` and will not work in a future edition
[INFO] [stderr] warning: `config-core` (manifest) generated 2 warnings
[INFO] [stderr] warning: crates/lsp-client/Cargo.toml: `lints.clippy.assigning-clones` is deprecated in favor of `lints.clippy.assigning_clones` and will not work in a future edition
[INFO] [stderr] warning: crates/lsp-client/Cargo.toml: `lints.clippy.manual-assert-eq` is deprecated in favor of `lints.clippy.manual_assert_eq` and will not work in a future edition
[INFO] [stderr] warning: `lsp-client` (manifest) generated 2 warnings
[INFO] [stderr] warning: crates/terminal-backend/Cargo.toml: `lints.clippy.assigning-clones` is deprecated in favor of `lints.clippy.assigning_clones` and will not work in a future edition
[INFO] [stderr] warning: crates/terminal-backend/Cargo.toml: `lints.clippy.manual-assert-eq` is deprecated in favor of `lints.clippy.manual_assert_eq` and will not work in a future edition
[INFO] [stderr] warning: `terminal-backend` (manifest) generated 2 warnings
[INFO] [stderr] warning: crates/vcs-git/Cargo.toml: `lints.clippy.assigning-clones` is deprecated in favor of `lints.clippy.assigning_clones` and will not work in a future edition
[INFO] [stderr] warning: crates/vcs-git/Cargo.toml: `lints.clippy.manual-assert-eq` is deprecated in favor of `lints.clippy.manual_assert_eq` and will not work in a future edition
[INFO] [stderr] warning: `vcs-git` (manifest) generated 2 warnings
[INFO] [stderr] warning: crates/editor-types/Cargo.toml: `lints.clippy.assigning-clones` is deprecated in favor of `lints.clippy.assigning_clones` and will not work in a future edition
[INFO] [stderr] warning: crates/editor-types/Cargo.toml: `lints.clippy.manual-assert-eq` is deprecated in favor of `lints.clippy.manual_assert_eq` and will not work in a future edition
[INFO] [stderr] warning: `editor-types` (manifest) generated 2 warnings
[INFO] [stderr] warning: crates/app-ui/Cargo.toml: `lints.clippy.assigning-clones` is deprecated in favor of `lints.clippy.assigning_clones` and will not work in a future edition
[INFO] [stderr] warning: crates/app-ui/Cargo.toml: `lints.clippy.manual-assert-eq` is deprecated in favor of `lints.clippy.manual_assert_eq` and will not work in a future edition
[INFO] [stderr] warning: `app-ui` (manifest) generated 2 warnings
[INFO] [stderr] warning: Cargo.toml: `lints.clippy.assigning-clones` is deprecated in favor of `lints.clippy.assigning_clones` and will not work in a future edition
[INFO] [stderr] warning: Cargo.toml: `lints.clippy.manual-assert-eq` is deprecated in favor of `lints.clippy.manual_assert_eq` and will not work in a future edition
[INFO] [stderr] warning: Cargo.toml: `lints.clippy.assigning-clones` is deprecated in favor of `lints.clippy.assigning_clones` and will not work in a future edition
[INFO] [stderr] warning: Cargo.toml: `lints.clippy.manual-assert-eq` is deprecated in favor of `lints.clippy.manual_assert_eq` and will not work in a future edition
[INFO] [stderr] warning: `editor` (manifest) generated 4 warnings
[INFO] [stderr] warning: crates/editor-core/Cargo.toml: `lints.clippy.assigning-clones` is deprecated in favor of `lints.clippy.assigning_clones` and will not work in a future edition
[INFO] [stderr] warning: crates/editor-core/Cargo.toml: `lints.clippy.manual-assert-eq` is deprecated in favor of `lints.clippy.manual_assert_eq` and will not work in a future edition
[INFO] [stderr] warning: `editor-core` (manifest) generated 2 warnings
[INFO] [stderr]    Compiling libc v0.2.189
[INFO] [stderr]    Compiling shlex v2.0.1
[INFO] [stderr]    Compiling find-msvc-tools v0.1.12
[INFO] [stderr]    Compiling tree-sitter-language v0.1.8
[INFO] [stderr]    Compiling memchr v2.8.3
[INFO] [stderr]    Compiling proc-macro2 v1.0.107
[INFO] [stderr]    Compiling quote v1.0.47
[INFO] [stderr]    Compiling unicode-ident v1.0.24
[INFO] [stderr]    Compiling pkg-config v0.3.34
[INFO] [stderr]    Compiling cfg-if v1.0.4
[INFO] [stderr]    Compiling bitflags v2.13.1
[INFO] [stderr]    Compiling rustix v1.1.4
[INFO] [stderr]    Compiling linux-raw-sys v0.12.1
[INFO] [stderr]    Compiling version_check v0.9.5
[INFO] [stderr]    Compiling zmij v1.0.23
[INFO] [stderr]    Compiling hashbrown v0.17.1
[INFO] [stderr]    Compiling generic-array v0.14.7
[INFO] [stderr]    Compiling equivalent v1.0.2
[INFO] [stderr]    Compiling smallvec v1.16.0
[INFO] [stderr]    Compiling itoa v1.0.18
[INFO] [stderr]    Compiling serde_core v1.0.229
[INFO] [stderr]    Compiling log v0.4.34
[INFO] [stderr]    Compiling typenum v1.20.1
[INFO] [stderr]    Compiling thiserror v2.0.20
[INFO] [stderr]    Compiling syn v3.0.5
[INFO] [stderr]    Compiling aho-corasick v1.1.5
[INFO] [stderr]    Compiling serde v1.0.229
[INFO] [stderr]    Compiling regex-syntax v0.8.11
[INFO] [stderr]    Compiling wayland-sys v0.31.11
[INFO] [stderr]    Compiling unicode-segmentation v1.13.3
[INFO] [stderr]    Compiling jobserver v0.1.35
[INFO] [stderr]    Compiling cc v1.4.5
[INFO] [stderr]    Compiling errno v0.3.14
[INFO] [stderr]    Compiling signal-hook-registry v1.4.8
[INFO] [stderr]    Compiling crypto-common v0.1.7
[INFO] [stderr]    Compiling mio v1.2.3
[INFO] [stderr]    Compiling serde_json v1.0.151
[INFO] [stderr]    Compiling getrandom v0.4.3
[INFO] [stderr]    Compiling subtle v2.6.1
[INFO] [stderr]    Compiling block-buffer v0.10.4
[INFO] [stderr]    Compiling indexmap v2.14.1
[INFO] [stderr]    Compiling regex-automata v0.4.18
[INFO] [stderr]    Compiling quick-xml v0.41.0
[INFO] [stderr]    Compiling downcast-rs v1.2.1
[INFO] [stderr]    Compiling crossbeam-utils v0.8.22
[INFO] [stderr]    Compiling wayland-backend v0.3.17
[INFO] [stderr]    Compiling zstd-sys v2.1.0+zstd.1.5.7
[INFO] [stderr]    Compiling wayland-client v0.31.15
[INFO] [stderr]    Compiling digest v0.10.7
[INFO] [stderr]    Compiling encoding_rs v0.8.35
[INFO] [stderr]    Compiling wayland-scanner v0.31.11
[INFO] [stderr]    Compiling crossbeam-epoch v0.9.20
[INFO] [stderr]    Compiling inotify-sys v0.1.8
[INFO] [stderr]    Compiling parking_lot_core v0.9.12
[INFO] [stderr]    Compiling cpufeatures v0.2.17
[INFO] [stderr]    Compiling once_cell v1.21.4
[INFO] [stderr]    Compiling thiserror-impl v2.0.20
[INFO] [stderr]    Compiling serde_derive v1.0.229
[INFO] [stderr]    Compiling foldhash v0.1.5
[INFO] [stderr]    Compiling fastrand v2.5.0
[INFO] [stderr]    Compiling hashbrown v0.15.5
[INFO] [stderr]    Compiling regex v1.13.1
[INFO] [stderr]    Compiling tree-sitter v0.27.0
[INFO] [stderr]    Compiling chardetng v0.1.17
[INFO] [stderr]    Compiling tempfile v3.27.0
[INFO] [stderr]    Compiling bzip2-sys v0.1.13+1.0.8
[INFO] [stderr]    Compiling signal-hook v0.3.18
[INFO] [stderr]    Compiling zstd-safe v5.0.2+zstd.1.5.2
[INFO] [stderr]    Compiling fixedbitset v0.5.7
[INFO] [stderr]    Compiling crossbeam-deque v0.8.7
[INFO] [stderr]    Compiling crc32fast v1.5.1
[INFO] [stderr]    Compiling lock_api v0.4.14
[INFO] [stderr]    Compiling walkdir v2.5.0
[INFO] [stderr]    Compiling petgraph v0.8.3
[INFO] [stderr]    Compiling tokio-macros v2.7.2
[INFO] [stderr]    Compiling inout v0.1.4
[INFO] [stderr]    Compiling convert_case v0.10.0
[INFO] [stderr]    Compiling syn v2.0.119
[INFO] [stderr]    Compiling bstr v1.13.1
[INFO] [stderr]    Compiling nom v8.0.0
[INFO] [stderr]    Compiling wayland-protocols v0.32.13
[INFO] [stderr]    Compiling editor-types v0.1.0 (/opt/rustwide/workdir/crates/editor-types)
[INFO] [stderr]    Compiling rand_core v0.6.4
[INFO] [stderr]    Compiling simd-adler32 v0.3.10
[INFO] [stderr]    Compiling bytes v1.12.1
[INFO] [stderr]    Compiling adler2 v2.0.1
[INFO] [stderr]    Compiling pin-project-lite v0.2.17
[INFO] [stderr]    Compiling base64ct v1.8.3
[INFO] [stderr]    Compiling config-core v0.1.0 (/opt/rustwide/workdir/crates/config-core)
[INFO] [stderr]    Compiling str_indices v0.4.4
[INFO] [stderr]    Compiling unicode-width v0.2.2
[INFO] [stderr]    Compiling ropey v1.6.1
[INFO] [stderr]    Compiling tokio v1.53.1
[INFO] [stderr]    Compiling password-hash v0.4.2
[INFO] [stderr]    Compiling derive_more-impl v2.1.1
[INFO] [stderr]    Compiling miniz_oxide v0.9.1
[INFO] [stderr]    Compiling globset v0.4.20
[INFO] [stderr]    Compiling cipher v0.4.4
[INFO] [stderr]    Compiling parking_lot v0.12.5
[INFO] [stderr]    Compiling inotify v0.11.5
[INFO] [stderr]    Compiling tree_magic_mini v3.2.2
[INFO] [stderr]    Compiling gethostname v1.1.0
[INFO] [stderr]    Compiling sha2 v0.10.9
[INFO] [stderr]    Compiling hmac v0.12.1
[INFO] [stderr]    Compiling tree-sitter-python v0.25.0
[INFO] [stderr]    Compiling tree-sitter-html v0.23.2
[INFO] [stderr]    Compiling tree-sitter-javascript v0.25.0
[INFO] [stderr]    Compiling tree-sitter-css v0.25.0
[INFO] [stderr]    Compiling tree-sitter-yaml v0.7.2
[INFO] [stderr]    Compiling tree-sitter-c-sharp v0.23.5
[INFO] [stderr]    Compiling tree-sitter-toml-ng v0.7.0
[INFO] [stderr]    Compiling tree-sitter-bash v0.25.1
[INFO] [stderr]    Compiling tree-sitter-json v0.24.8
[INFO] [stderr]    Compiling tree-sitter-java v0.23.5
[INFO] [stderr]    Compiling tree-sitter-go v0.25.0
[INFO] [stderr]    Compiling tree-sitter-cpp v0.23.4
[INFO] [stderr]    Compiling tree-sitter-markdown-updated v0.1.0
[INFO] [stderr]    Compiling tree-sitter-typescript v0.23.2
[INFO] [stderr]    Compiling tree-sitter-c v0.24.2
[INFO] [stderr]    Compiling tree-sitter-rust v0.24.2
[INFO] [stderr]    Compiling os_pipe v1.2.3
[INFO] [stderr]    Compiling notify-types v2.1.0
[INFO] [stderr]    Compiling powerfmt v0.2.0
[INFO] [stderr]    Compiling windows-link v0.2.1
[INFO] [stderr]    Compiling streaming-iterator v0.1.9
[INFO] [stderr]    Compiling litrs v1.0.0
[INFO] [stderr]    Compiling time-core v0.1.9
[INFO] [stderr]    Compiling num-conv v0.2.2
[INFO] [stderr]    Compiling x11rb-protocol v0.13.2
[INFO] [stderr]    Compiling deranged v0.5.8
[INFO] [stderr]    Compiling wayland-protocols-wlr v0.3.12
[INFO] [stderr]    Compiling document-features v0.2.12
[INFO] [stderr]    Compiling notify v8.2.0
[INFO] [stderr]    Compiling time v0.3.55
[INFO] [stderr]    Compiling windows-sys v0.61.2
[INFO] [stderr]    Compiling wl-clipboard-rs v0.9.3
[INFO] [stderr]    Compiling x11rb v0.13.2
[INFO] [stderr]    Compiling zstd v0.11.2+zstd.1.5.2
[INFO] [stderr]    Compiling pbkdf2 v0.11.0
[INFO] [stderr]    Compiling signal-hook-mio v0.2.5
[INFO] [stderr]    Compiling flate2 v1.1.10
[INFO] [stderr]    Compiling ignore v0.4.33
[INFO] [stderr]    Compiling bzip2 v0.4.4
[INFO] [stderr]    Compiling aes v0.8.4
[INFO] [stderr]    Compiling derive_more v2.1.1
[INFO] [stderr]    Compiling editor-core v0.1.0 (/opt/rustwide/workdir/crates/editor-core)
[INFO] [stderr]    Compiling sha1 v0.10.7
[INFO] [stderr]    Compiling percent-encoding v2.3.2
[INFO] [stderr]    Compiling byteorder v1.5.0
[INFO] [stderr]    Compiling constant_time_eq v0.1.5
[INFO] [stderr]    Compiling arboard v3.6.1
[INFO] [stderr]    Compiling crossterm v0.29.0
[INFO] [stderr]    Compiling zip v0.6.6
[INFO] [stderr]    Compiling workspace-core v0.1.0 (/opt/rustwide/workdir/crates/workspace-core)
[INFO] [stderr]    Compiling vscode-compat v0.1.0 (/opt/rustwide/workdir/crates/vscode-compat)
[INFO] [stderr]    Compiling terminal-backend v0.1.0 (/opt/rustwide/workdir/crates/terminal-backend)
[INFO] [stderr]    Compiling lsp-client v0.1.0 (/opt/rustwide/workdir/crates/lsp-client)
[INFO] [stderr]    Compiling vcs-git v0.1.0 (/opt/rustwide/workdir/crates/vcs-git)
[INFO] [stderr]    Compiling syntax-engine v0.1.0 (/opt/rustwide/workdir/crates/syntax-engine)
[INFO] [stderr]    Compiling app-ui v0.1.0 (/opt/rustwide/workdir/crates/app-ui)
[INFO] [stderr]    Compiling editor v0.1.0 (/opt/rustwide/workdir)
[INFO] [stderr]     Finished `dev` profile [unoptimized + debuginfo] target(s) in 3m 09s
[INFO] running `Command { std: "docker" "inspect" "85092a2c2e0eeff4431e5d76a4b69387ff1d42bb63eb8fd2f6f99e1ef7f061fb", kill_on_drop: false }`
[INFO] running `Command { std: "docker" "exec" "-e" "SOURCE_DIR=/opt/rustwide/workdir" "-e" "CARGO_HOME=/opt/rustwide/cargo-home" "-e" "RUSTUP_HOME=/opt/rustwide/rustup-home" "-e" "CARGO_TARGET_DIR=/opt/rustwide/target" "-e" "CARGO_INCREMENTAL=0" "-e" "RUST_BACKTRACE=full" "-e" "RUSTFLAGS=--cap-lints=warn" "-e" "RUSTDOCFLAGS=--cap-lints=warn" "-w" "/opt/rustwide/workdir" "--user" "0:0" "85092a2c2e0eeff4431e5d76a4b69387ff1d42bb63eb8fd2f6f99e1ef7f061fb" "/opt/rustwide/cargo-home/bin/cargo" "+1.99.0-beta.8" "test" "--frozen" "--no-run" "--message-format=json", kill_on_drop: false }`
[INFO] [stderr] warning: crates/workspace-core/Cargo.toml: `lints.clippy.assigning-clones` is deprecated in favor of `lints.clippy.assigning_clones` and will not work in a future edition
[INFO] [stderr] warning: crates/workspace-core/Cargo.toml: `lints.clippy.manual-assert-eq` is deprecated in favor of `lints.clippy.manual_assert_eq` and will not work in a future edition
[INFO] [stderr] warning: `workspace-core` (manifest) generated 2 warnings
[INFO] [stderr] warning: crates/syntax-engine/Cargo.toml: `lints.clippy.assigning-clones` is deprecated in favor of `lints.clippy.assigning_clones` and will not work in a future edition
[INFO] [stderr] warning: crates/syntax-engine/Cargo.toml: `lints.clippy.manual-assert-eq` is deprecated in favor of `lints.clippy.manual_assert_eq` and will not work in a future edition
[INFO] [stderr] warning: `syntax-engine` (manifest) generated 2 warnings
[INFO] [stderr] warning: crates/vscode-compat/Cargo.toml: `lints.clippy.assigning-clones` is deprecated in favor of `lints.clippy.assigning_clones` and will not work in a future edition
[INFO] [stderr] warning: crates/vscode-compat/Cargo.toml: `lints.clippy.manual-assert-eq` is deprecated in favor of `lints.clippy.manual_assert_eq` and will not work in a future edition
[INFO] [stderr] warning: `vscode-compat` (manifest) generated 2 warnings
[INFO] [stderr] warning: crates/config-core/Cargo.toml: `lints.clippy.assigning-clones` is deprecated in favor of `lints.clippy.assigning_clones` and will not work in a future edition
[INFO] [stderr] warning: crates/config-core/Cargo.toml: `lints.clippy.manual-assert-eq` is deprecated in favor of `lints.clippy.manual_assert_eq` and will not work in a future edition
[INFO] [stderr] warning: `config-core` (manifest) generated 2 warnings
[INFO] [stderr] warning: crates/lsp-client/Cargo.toml: `lints.clippy.assigning-clones` is deprecated in favor of `lints.clippy.assigning_clones` and will not work in a future edition
[INFO] [stderr] warning: crates/lsp-client/Cargo.toml: `lints.clippy.manual-assert-eq` is deprecated in favor of `lints.clippy.manual_assert_eq` and will not work in a future edition
[INFO] [stderr] warning: `lsp-client` (manifest) generated 2 warnings
[INFO] [stderr] warning: crates/terminal-backend/Cargo.toml: `lints.clippy.assigning-clones` is deprecated in favor of `lints.clippy.assigning_clones` and will not work in a future edition
[INFO] [stderr] warning: crates/terminal-backend/Cargo.toml: `lints.clippy.manual-assert-eq` is deprecated in favor of `lints.clippy.manual_assert_eq` and will not work in a future edition
[INFO] [stderr] warning: `terminal-backend` (manifest) generated 2 warnings
[INFO] [stderr] warning: crates/vcs-git/Cargo.toml: `lints.clippy.assigning-clones` is deprecated in favor of `lints.clippy.assigning_clones` and will not work in a future edition
[INFO] [stderr] warning: crates/vcs-git/Cargo.toml: `lints.clippy.manual-assert-eq` is deprecated in favor of `lints.clippy.manual_assert_eq` and will not work in a future edition
[INFO] [stderr] warning: `vcs-git` (manifest) generated 2 warnings
[INFO] [stderr] warning: crates/editor-types/Cargo.toml: `lints.clippy.assigning-clones` is deprecated in favor of `lints.clippy.assigning_clones` and will not work in a future edition
[INFO] [stderr] warning: crates/editor-types/Cargo.toml: `lints.clippy.manual-assert-eq` is deprecated in favor of `lints.clippy.manual_assert_eq` and will not work in a future edition
[INFO] [stderr] warning: `editor-types` (manifest) generated 2 warnings
[INFO] [stderr] warning: crates/app-ui/Cargo.toml: `lints.clippy.assigning-clones` is deprecated in favor of `lints.clippy.assigning_clones` and will not work in a future edition
[INFO] [stderr] warning: crates/app-ui/Cargo.toml: `lints.clippy.manual-assert-eq` is deprecated in favor of `lints.clippy.manual_assert_eq` and will not work in a future edition
[INFO] [stderr] warning: `app-ui` (manifest) generated 2 warnings
[INFO] [stderr] warning: Cargo.toml: `lints.clippy.assigning-clones` is deprecated in favor of `lints.clippy.assigning_clones` and will not work in a future edition
[INFO] [stderr] warning: Cargo.toml: `lints.clippy.manual-assert-eq` is deprecated in favor of `lints.clippy.manual_assert_eq` and will not work in a future edition
[INFO] [stderr] warning: Cargo.toml: `lints.clippy.assigning-clones` is deprecated in favor of `lints.clippy.assigning_clones` and will not work in a future edition
[INFO] [stderr] warning: Cargo.toml: `lints.clippy.manual-assert-eq` is deprecated in favor of `lints.clippy.manual_assert_eq` and will not work in a future edition
[INFO] [stderr] warning: `editor` (manifest) generated 4 warnings
[INFO] [stderr] warning: crates/editor-core/Cargo.toml: `lints.clippy.assigning-clones` is deprecated in favor of `lints.clippy.assigning_clones` and will not work in a future edition
[INFO] [stderr] warning: crates/editor-core/Cargo.toml: `lints.clippy.manual-assert-eq` is deprecated in favor of `lints.clippy.manual_assert_eq` and will not work in a future edition
[INFO] [stderr] warning: `editor-core` (manifest) generated 2 warnings
[INFO] [stderr]    Compiling editor v0.1.0 (/opt/rustwide/workdir)
[INFO] [stderr]     Finished `test` profile [unoptimized + debuginfo] target(s) in 18.29s
[INFO] running `Command { std: "docker" "inspect" "85092a2c2e0eeff4431e5d76a4b69387ff1d42bb63eb8fd2f6f99e1ef7f061fb", kill_on_drop: false }`
[INFO] running `Command { std: "docker" "exec" "-e" "SOURCE_DIR=/opt/rustwide/workdir" "-e" "CARGO_HOME=/opt/rustwide/cargo-home" "-e" "RUSTUP_HOME=/opt/rustwide/rustup-home" "-e" "CARGO_TARGET_DIR=/opt/rustwide/target" "-e" "CARGO_INCREMENTAL=0" "-e" "RUST_BACKTRACE=full" "-e" "RUSTFLAGS=--cap-lints=warn" "-e" "RUSTDOCFLAGS=--cap-lints=warn" "-w" "/opt/rustwide/workdir" "--user" "0:0" "85092a2c2e0eeff4431e5d76a4b69387ff1d42bb63eb8fd2f6f99e1ef7f061fb" "/opt/rustwide/cargo-home/bin/cargo" "+1.99.0-beta.8" "test" "--frozen", kill_on_drop: false }`
[INFO] [stderr] warning: crates/workspace-core/Cargo.toml: `lints.clippy.assigning-clones` is deprecated in favor of `lints.clippy.assigning_clones` and will not work in a future edition
[INFO] [stderr] warning: crates/workspace-core/Cargo.toml: `lints.clippy.manual-assert-eq` is deprecated in favor of `lints.clippy.manual_assert_eq` and will not work in a future edition
[INFO] [stderr] warning: `workspace-core` (manifest) generated 2 warnings
[INFO] [stderr] warning: crates/syntax-engine/Cargo.toml: `lints.clippy.assigning-clones` is deprecated in favor of `lints.clippy.assigning_clones` and will not work in a future edition
[INFO] [stderr] warning: crates/syntax-engine/Cargo.toml: `lints.clippy.manual-assert-eq` is deprecated in favor of `lints.clippy.manual_assert_eq` and will not work in a future edition
[INFO] [stderr] warning: `syntax-engine` (manifest) generated 2 warnings
[INFO] [stderr] warning: crates/vscode-compat/Cargo.toml: `lints.clippy.assigning-clones` is deprecated in favor of `lints.clippy.assigning_clones` and will not work in a future edition
[INFO] [stderr] warning: crates/vscode-compat/Cargo.toml: `lints.clippy.manual-assert-eq` is deprecated in favor of `lints.clippy.manual_assert_eq` and will not work in a future edition
[INFO] [stderr] warning: `vscode-compat` (manifest) generated 2 warnings
[INFO] [stderr] warning: crates/config-core/Cargo.toml: `lints.clippy.assigning-clones` is deprecated in favor of `lints.clippy.assigning_clones` and will not work in a future edition
[INFO] [stderr] warning: crates/config-core/Cargo.toml: `lints.clippy.manual-assert-eq` is deprecated in favor of `lints.clippy.manual_assert_eq` and will not work in a future edition
[INFO] [stderr] warning: `config-core` (manifest) generated 2 warnings
[INFO] [stderr] warning: crates/lsp-client/Cargo.toml: `lints.clippy.assigning-clones` is deprecated in favor of `lints.clippy.assigning_clones` and will not work in a future edition
[INFO] [stderr] warning: crates/lsp-client/Cargo.toml: `lints.clippy.manual-assert-eq` is deprecated in favor of `lints.clippy.manual_assert_eq` and will not work in a future edition
[INFO] [stderr] warning: `lsp-client` (manifest) generated 2 warnings
[INFO] [stderr] warning: crates/terminal-backend/Cargo.toml: `lints.clippy.assigning-clones` is deprecated in favor of `lints.clippy.assigning_clones` and will not work in a future edition
[INFO] [stderr] warning: crates/terminal-backend/Cargo.toml: `lints.clippy.manual-assert-eq` is deprecated in favor of `lints.clippy.manual_assert_eq` and will not work in a future edition
[INFO] [stderr] warning: `terminal-backend` (manifest) generated 2 warnings
[INFO] [stderr] warning: crates/vcs-git/Cargo.toml: `lints.clippy.assigning-clones` is deprecated in favor of `lints.clippy.assigning_clones` and will not work in a future edition
[INFO] [stderr] warning: crates/vcs-git/Cargo.toml: `lints.clippy.manual-assert-eq` is deprecated in favor of `lints.clippy.manual_assert_eq` and will not work in a future edition
[INFO] [stderr] warning: `vcs-git` (manifest) generated 2 warnings
[INFO] [stderr] warning: crates/editor-types/Cargo.toml: `lints.clippy.assigning-clones` is deprecated in favor of `lints.clippy.assigning_clones` and will not work in a future edition
[INFO] [stderr] warning: crates/editor-types/Cargo.toml: `lints.clippy.manual-assert-eq` is deprecated in favor of `lints.clippy.manual_assert_eq` and will not work in a future edition
[INFO] [stderr] warning: `editor-types` (manifest) generated 2 warnings
[INFO] [stderr] warning: crates/app-ui/Cargo.toml: `lints.clippy.assigning-clones` is deprecated in favor of `lints.clippy.assigning_clones` and will not work in a future edition
[INFO] [stderr] warning: crates/app-ui/Cargo.toml: `lints.clippy.manual-assert-eq` is deprecated in favor of `lints.clippy.manual_assert_eq` and will not work in a future edition
[INFO] [stderr] warning: `app-ui` (manifest) generated 2 warnings
[INFO] [stderr] warning: Cargo.toml: `lints.clippy.assigning-clones` is deprecated in favor of `lints.clippy.assigning_clones` and will not work in a future edition
[INFO] [stderr] warning: Cargo.toml: `lints.clippy.manual-assert-eq` is deprecated in favor of `lints.clippy.manual_assert_eq` and will not work in a future edition
[INFO] [stderr] warning: Cargo.toml: `lints.clippy.assigning-clones` is deprecated in favor of `lints.clippy.assigning_clones` and will not work in a future edition
[INFO] [stderr] warning: Cargo.toml: `lints.clippy.manual-assert-eq` is deprecated in favor of `lints.clippy.manual_assert_eq` and will not work in a future edition
[INFO] [stderr] warning: `editor` (manifest) generated 4 warnings
[INFO] [stderr] warning: crates/editor-core/Cargo.toml: `lints.clippy.assigning-clones` is deprecated in favor of `lints.clippy.assigning_clones` and will not work in a future edition
[INFO] [stderr] warning: crates/editor-core/Cargo.toml: `lints.clippy.manual-assert-eq` is deprecated in favor of `lints.clippy.manual_assert_eq` and will not work in a future edition
[INFO] [stderr] warning: `editor-core` (manifest) generated 2 warnings
[INFO] [stderr]     Finished `test` profile [unoptimized + debuginfo] target(s) in 0.29s
[INFO] [stderr]      Running unittests src/lib.rs (/opt/rustwide/target/debug/deps/editor-fa855f5c49fb72b2)
[INFO] [stdout] 
[INFO] [stdout] running 150 tests
[INFO] [stdout] test app::bootstrap::tests::parses_file_and_directory_as_one_positional_path ... ok
[INFO] [stdout] test app::bootstrap::tests::lsp_file_uri_round_trips_absolute_paths ... ok
[INFO] [stdout] test app::bootstrap::tests::server_workspace_edit_create_does_not_overwrite_directory ... ok
[INFO] [stdout] test app::bootstrap::tests::server_workspace_edit_resource_failure_rolls_back_prior_changes ... ok
[INFO] [stdout] test app::bootstrap::tests::redirected_missing_file_reports_failure ... ok
[INFO] [stdout] test app::bootstrap::tests::rejects_unknown_options_and_multiple_paths ... ok
[INFO] [stdout] test app::bootstrap::tests::server_workspace_edit_worker_applies_directory_resource_operations ... ok
[INFO] [stdout] test app::bootstrap::tests::server_workspace_edit_worker_applies_file_resource_operations ... ok
[INFO] [stdout] test app::bootstrap::tests::superseding_syntax_jobs_cancel_old_work_without_losing_current_identity ... ok
[INFO] [stdout] test app::bootstrap::tests::server_workspace_edit_worker_rejects_resource_operation_outside_root ... ok
[INFO] [stdout] test app::bootstrap::tests::static_theme_maps_known_semantic_roles ... ok
[INFO] [stdout] test app::bootstrap::tests::server_workspace_edit_worker_applies_unopened_document_atomically ... ok
[INFO] [stdout] test app::bootstrap::tests::workspace_jsonc_settings_are_loaded_into_root_state ... ok
[INFO] [stdout] test app::bootstrap::tests::workspace_snippets_are_loaded_for_active_language ... ok
[INFO] [stdout] test app::bootstrap::tests::static_vsix_theme_is_loaded_without_executing_extension_code ... ok
[INFO] [stdout] test app::bootstrap::tests::workspace_language_configuration_is_applied_to_smart_editing ... ok
[INFO] [stdout] test app::runtime::tests::contextual_overlay_clips_unicode_content_by_display_cells ... ok
[INFO] [stdout] test app::bootstrap::tests::static_extension_language_mapping_applies_to_custom_extensions ... ok
[INFO] [stdout] test app::runtime::tests::constrained_split_cursor_and_overlay_follow_shared_group_geometry ... ok
[INFO] [stdout] test app::runtime::tests::dirty_buffer_search_projection_drops_stale_disk_hits_and_keeps_exact_live_match ... ok
[INFO] [stdout] test app::runtime::tests::blank_line_mouse_target_maps_through_rendered_geometry ... ok
[INFO] [stdout] test app::bootstrap::tests::redirected_file_startup_runs_headless_lifecycle ... ok
[INFO] [stdout] test app::runtime::tests::active_drag_outside_text_translates_to_bounded_pane_autoscroll ... ok
[INFO] [stdout] test app::runtime::tests::git_hunk_projection_marks_added_lines_and_deleted_nearest_survivor ... ok
[INFO] [stdout] test app::runtime::tests::gutter_selection_cell_selects_line_and_fold_cell_stays_separate ... ok
[INFO] [stdout] test app::runtime::tests::contextual_overlay_pointer_hit_consumes_click_without_moving_document_caret ... ok
[INFO] [stdout] test app::runtime::tests::asynchronous_events_render_before_next_action_is_translated ... ok
[INFO] [stdout] test app::runtime::tests::blank_menu_bar_and_popup_border_clicks_do_not_run_commands ... ok
[INFO] [stdout] test app::runtime::tests::failed_frame_presentation_does_not_publish_new_pointer_geometry ... ok
[INFO] [stdout] test app::runtime::tests::focusing_secondary_pane_does_not_swap_stable_pane_geometry ... ok
[INFO] [stdout] test app::runtime::tests::interactive_zero_resize_retains_last_valid_pointer_geometry ... ok
[INFO] [stdout] test app::runtime::tests::interactive_valid_resize_rebuilds_former_explorer_pointer_geometry ... ok
[INFO] [stdout] test app::runtime::tests::page_motion_uses_rendered_text_height_without_over_scrolling_last_visible_row ... ok
[INFO] [stdout] test app::runtime::tests::palette_click_activates_the_command_under_the_pointer ... ok
[INFO] [stdout] test app::runtime::tests::interactive_mouse_click_uses_the_presented_layout_snapshot ... ok
[INFO] [stdout] test app::runtime::tests::pointer_and_native_cursor_follow_rows_after_a_collapsed_fold ... ok
[INFO] [stdout] test app::runtime::tests::pin_and_unpin_update_the_visible_tab_disposition_marker ... ok
[INFO] [stdout] test app::runtime::tests::contextual_overlay_uses_the_rendered_text_origin_and_document_column ... ok
[INFO] [stdout] test app::runtime::tests::render_records_page_height_for_non_focused_panes_before_wheel_scrolling ... ok
[INFO] [stdout] test app::runtime::tests::rendered_document_uses_the_persistent_buffer_not_stale_active_text ... ok
[INFO] [stdout] test app::runtime::tests::recovery_clamps_saved_scroll_after_disk_document_shrinks ... ok
[INFO] [stdout] test app::runtime::tests::menu_mouse_route_uses_hit_geometry_and_dismisses_outside ... ok
[INFO] [stdout] test app::runtime::tests::rendering_dismisses_contextual_overlay_when_its_anchor_is_offscreen ... ok
[INFO] [stdout] test app::runtime::tests::root_frame_projects_syntax_roles_and_folds ... ok
[INFO] [stdout] test app::runtime::tests::interactive_resize_sequence_renders_each_exact_size_and_bottom_status ... ok
[INFO] [stdout] test app::runtime::tests::root_frame_renders_interactive_language_result_panel ... ok
[INFO] [stdout] test app::runtime::tests::secondary_pane_uses_its_document_semantics_and_inlay_hints ... ok
[INFO] [stdout] test app::runtime::tests::recovered_horizontal_origin_is_reclamped_after_viewport_expands ... ok
[INFO] [stdout] test app::runtime::tests::root_frame_renders_keyboard_input_overlay ... ok
[INFO] [stdout] test app::runtime::tests::specialized_bottom_panel_does_not_cover_palette_hit_surface ... ok
[INFO] [stdout] test app::runtime::tests::zero_resize_retains_the_previous_size_and_pointer_layout ... ok
[INFO] [stdout] test app::runtime::tests::zero_resize_keeps_last_valid_geometry_until_valid_resize ... ok
[INFO] [stdout] test app::state::tests::acceptance_explorer_clicks_route_preview_replacement_and_permanent_open ... ok
[INFO] [stdout] test app::state::tests::acceptance_insert_line_and_select_shortcuts_use_key_dispatch ... ok
[INFO] [stdout] test app::state::tests::acceptance_home_end_page_word_and_word_delete_use_key_dispatch ... ok
[INFO] [stdout] test app::state::tests::acceptance_menu_keyboard_navigation_uses_root_dispatch ... ok
[INFO] [stdout] test app::state::tests::acceptance_navigation_keys_never_silently_noop ... ok
[INFO] [stdout] test app::state::tests::acceptance_left_right_and_shift_navigation_use_real_key_dispatch ... ok
[INFO] [stdout] test app::state::tests::alt_line_move_and_copy_reveal_the_resulting_cursor ... ok
[INFO] [stdout] test app::state::tests::alt_up_down_move_or_copy_the_current_line ... ok
[INFO] [stdout] test app::runtime::tests::tiny_split_resize_preserves_focus_until_the_pane_is_visible_again ... ok
[INFO] [stdout] test app::state::tests::clicking_secondary_group_tab_switches_that_group ... ok
[INFO] [stdout] test app::state::tests::command_palette_routes_selected_command_to_root_state ... ok
[INFO] [stdout] test app::state::tests::configured_vscode_keybinding_dispatches_through_root_command_path ... ok
[INFO] [stdout] test app::state::tests::contextual_language_actions_keep_bottom_panel_selection_stable ... ok
[INFO] [stdout] test app::state::tests::control_q_and_control_c_exit_the_event_loop ... ok
[INFO] [stdout] test app::state::tests::control_up_down_scrolls_only_the_focused_pane_viewport ... ok
[INFO] [stdout] test app::state::tests::collapsing_a_fold_moves_hidden_carets_to_the_visible_header ... ok
[INFO] [stdout] test app::state::tests::cut_deletes_only_after_clipboard_write_succeeds ... ok
[INFO] [stdout] test app::state::tests::direct_terminal_paste_schedules_formatting ... ok
[INFO] [stdout] test app::state::tests::dirty_active_file_cannot_be_deleted_by_file_operation ... ok
[INFO] [stdout] test app::state::tests::drag_autoscroll_scrolls_and_extends_selection_in_target_pane ... ok
[INFO] [stdout] test app::state::tests::editing_a_preview_tab_promotes_it_to_open ... ok
[INFO] [stdout] test app::state::tests::configured_vscode_chord_and_when_context_are_enforced ... ok
[INFO] [stdout] test app::state::tests::editorconfig_document_settings_override_workspace_indentation_and_eol ... ok
[INFO] [stdout] test app::state::tests::dirty_quit_is_blocked_and_surfaces_a_warning ... ok
[INFO] [stdout] test app::state::tests::explicit_encoding_reopen_and_conversion_are_safe_and_saveable ... ok
[INFO] [stdout] test app::state::tests::explorer_directory_click_toggles_async_expansion ... ok
[INFO] [stdout] test app::state::tests::explorer_keyboard_focus_navigates_and_activates_entries ... ok
[INFO] [stdout] test app::state::tests::editorconfig_save_rules_normalize_trailing_whitespace_and_final_newline ... ok
[INFO] [stdout] test app::state::tests::explorer_wheel_updates_explorer_scroll_without_editor_scroll ... ok
[INFO] [stdout] test app::state::tests::external_process_is_blocked_before_dispatch_when_untrusted ... ok
[INFO] [stdout] test app::runtime::tests::status_summary_tracks_cursor_focus_document_and_resize ... ok
[INFO] [stdout] test app::state::tests::format_on_save_saves_formatted_transaction ... ok
[INFO] [stdout] test app::state::tests::file_operations_require_confirmation_and_refresh_active_path ... ok
[INFO] [stdout] test app::state::tests::git_view_commands_route_to_the_source_control_panel ... ok
[INFO] [stdout] test app::state::tests::format_effect_is_trust_gated_and_result_is_one_undoable_transaction ... ok
[INFO] [stdout] test app::state::tests::git_hunk_and_confirmed_discard_dispatch_typed_effects ... ok
[INFO] [stdout] test app::state::tests::format_on_paste_schedules_formatter_after_clipboard_transaction ... ok
[INFO] [stdout] test app::state::tests::horizontal_reveal_accounts_for_preceding_inline_hint_width ... ok
[INFO] [stdout] test app::state::tests::horizontal_wheel_changes_only_target_pane_viewport ... ok
[INFO] [stdout] test app::state::tests::in_document_find_and_replace_route_through_root_actions ... ok
[INFO] [stdout] test app::state::tests::invalid_in_document_find_surfaces_a_typed_error ... ok
[INFO] [stdout] test app::state::tests::keyboard_find_prompt_runs_in_document_search ... ok
[INFO] [stdout] test app::state::tests::horizontal_drag_autoscroll_keeps_extending_at_text_edges ... ok
[INFO] [stdout] test app::state::tests::language_comments_and_word_pattern_drive_editor_actions ... ok
[INFO] [stdout] test app::state::tests::large_file_language_requests_are_rejected_before_dispatch ... ok
[INFO] [stdout] test app::state::tests::language_server_ready_queues_document_lifecycle_notifications ... ok
[INFO] [stdout] test app::state::tests::large_file_mode_keeps_editing_and_suppresses_lsp_effects ... ok
[INFO] [stdout] test app::state::tests::keyboard_quick_open_prompt_opens_selected_candidate ... ok
[INFO] [stdout] test app::state::tests::left_mouse_release_outside_editor_targets_clears_drag_anchor ... ok
[INFO] [stdout] test app::state::tests::lsp_diagnostics_are_converted_to_root_ranges ... ok
[INFO] [stdout] test app::state::tests::lsp_did_change_sends_only_the_changed_range ... ok
[INFO] [stdout] test app::state::tests::lsp_diagnostics_are_routed_to_their_background_tab ... ok
[INFO] [stdout] test app::state::tests::lsp_request_is_trust_gated_before_dispatch ... ok
[INFO] [stdout] test app::state::tests::lsp_formatting_edits_are_one_undoable_transaction ... ok
[INFO] [stdout] test app::state::tests::lsp_results_update_versioned_language_views ... ok
[INFO] [stdout] test app::state::tests::mouse_click_and_drag_create_a_logical_selection ... ok
[INFO] [stdout] test app::state::tests::multi_root_trust_requires_every_canonical_root ... ok
[INFO] [stdout] test app::state::tests::language_location_navigation_reuses_active_tab_and_moves_cursor ... ok
[INFO] [stdout] test app::state::tests::opening_a_second_clean_preview_reuses_the_preview_tab ... ok
[INFO] [stdout] test app::state::tests::paste_is_applied_as_one_transaction_after_clipboard_read ... ok
[INFO] [stdout] test app::state::tests::paste_routes_to_focused_overlay_and_never_edits_obscured_document ... ok
[INFO] [stdout] test app::state::tests::pin_and_close_other_tabs_preserve_pinned_editor ... ok
[INFO] [stdout] test app::state::tests::pointer_modifiers_select_words_and_add_secondary_cursors ... ok
[INFO] [stdout] test app::state::tests::project_replace_requires_preview_before_apply_effect ... ok
[INFO] [stdout] test app::state::tests::lifecycle_and_navigation_commands_are_reachable_from_registry ... ok
[INFO] [stdout] test app::state::tests::rename_and_code_action_edits_apply_as_undoable_root_transactions ... ok
[INFO] [stdout] test app::state::tests::revoking_workspace_trust_stops_a_running_language_server ... ok
[INFO] [stdout] test app::state::tests::rename_with_unopened_document_uses_background_workspace_edit ... ok
[INFO] [stdout] test app::state::tests::recovery_with_maximum_duplicate_pane_id_allocates_a_free_fallback ... ok
[INFO] [stdout] test app::state::tests::secondary_pane_pointer_updates_only_its_displayed_tab ... ok
[INFO] [stdout] test app::state::tests::semantic_token_delta_response_updates_versioned_spans ... ok
[INFO] [stdout] test app::state::tests::server_workspace_edit_applies_to_all_matching_open_tabs_and_queues_response ... ok
[INFO] [stdout] test app::state::tests::server_workspace_edit_is_rejected_after_trust_is_revoked ... ok
[INFO] [stdout] test app::state::tests::split_panes_keep_independent_fold_and_viewport_state ... ok
[INFO] [stdout] test app::state::tests::snippet_tab_expands_body_as_one_transaction ... ok
[INFO] [stdout] test app::state::tests::structural_selection_expands_to_next_syntax_symbol_range ... ok
[INFO] [stdout] test app::state::tests::tab_at_caret_advances_to_next_effective_indentation_stop ... ok
[INFO] [stdout] test app::state::tests::split_handle_resize_is_scoped_to_the_target_split_identity ... ok
[INFO] [stdout] test app::state::tests::tab_character_at_caret_respects_effective_stop_width ... ok
[INFO] [stdout] test app::state::tests::tab_selection_ending_at_next_line_start_does_not_indent_that_line ... ok
[INFO] [stdout] test app::state::tests::startup_explorer_files_are_available_in_quick_open ... ok
[INFO] [stdout] test app::state::tests::text_edits_schedule_versioned_syntax_refresh ... ok
[INFO] [stdout] test app::state::tests::trust_without_a_workspace_root_cannot_enable_external_processes ... ok
[INFO] [stdout] test app::state::tests::trusted_git_refresh_is_emitted_as_a_background_effect ... ok
[INFO] [stdout] test app::state::tests::trusted_workspace_allows_external_process_dispatch ... ok
[INFO] [stdout] test app::state::tests::tab_indents_selected_lines_without_replacing_selection_text ... ok
[INFO] [stdout] test app::state::tests::typed_language_and_git_actions_enter_the_root_transition_path ... ok
[INFO] [stdout] test app::state::tests::upward_line_number_drag_selects_both_end_lines_and_every_line_between ... ok
[INFO] [stdout] test app::state::tests::vertical_navigation_skips_collapsed_rows_before_editing ... ok
[INFO] [stdout] test app::state::tests::trusting_workspace_marks_lsp_unavailable_when_no_known_server_exists ... ok
[INFO] [stdout] test app::state::tests::workspace_settings_enable_formatting_and_configure_viewport ... ok
[INFO] [stdout] test app::runtime::tests::shrinking_and_expanding_replaces_the_presented_pointer_snapshot ... ok
[INFO] [stdout] test app::state::tests::text_input_updates_persistent_buffer_and_undoes ... ok
[INFO] [stdout] test app::state::tests::workspace_search_events_update_only_the_active_session ... ok
[INFO] [stdout] test app::runtime::tests::root_split_actions_create_and_resize_reachable_nested_panes ... ok
[INFO] [stdout] test app::runtime::tests::split_divider_drag_capture_tracks_raw_mouse_until_release ... ok
[INFO] [stdout] test app::state::tests::nested_explorer_disclosure_click_expands_through_runtime_hit_testing ... ok
[INFO] [stdout] test app::runtime::tests::generated_resize_geometry_preserves_containment_nonoverlap_and_hit_identity ... ok
[INFO] [stdout] 
[INFO] [stdout] test result: ok. 150 passed; 0 failed; 0 ignored; 0 measured; 0 filtered out; finished in 25.67s
[INFO] [stdout] 
[INFO] [stderr]      Running unittests src/main.rs (/opt/rustwide/target/debug/deps/editor-34f52567709427ed)
[INFO] [stdout] 
[INFO] [stdout] running 0 tests
[INFO] [stdout] 
[INFO] [stdout] test result: ok. 0 passed; 0 failed; 0 ignored; 0 measured; 0 filtered out; finished in 0.00s
[INFO] [stdout] 
[INFO] [stderr]      Running tests/doc_mirror.rs (/opt/rustwide/target/debug/deps/doc_mirror-77e111e82bf1d823)
[INFO] [stdout] 
[INFO] [stdout] running 2 tests
[INFO] [stdout] test every_source_mirror_points_to_a_production_rust_file ... ok
[INFO] [stderr]      Running tests/headless_runtime.rs (/opt/rustwide/target/debug/deps/headless_runtime-e4c41d58a3b656ed)
[INFO] [stdout] test every_production_rust_source_has_exact_documentation_mirror ... ok
[INFO] [stdout] 
[INFO] [stdout] test result: ok. 2 passed; 0 failed; 0 ignored; 0 measured; 0 filtered out; finished in 0.01s
[INFO] [stdout] 
[INFO] [stdout] 
[INFO] [stdout] running 34 tests
[INFO] [stdout] test adding_an_untrusted_root_cancels_a_starting_language_server ... ok
[INFO] [stdout] test dragging_in_second_pane_never_reuses_first_panes_pointer_anchor ... ok
[INFO] [stdout] test encoding_and_line_endings_survive_root_save_and_session_round_trip ... ok
[INFO] [stdout] test git_status_projection_routes_dashboard_mutations_through_root_effects ... ok
[INFO] [stdout] test closing_other_tabs_keeps_live_pane_bindings ... ok
[INFO] [stdout] test closing_a_tab_rebinds_every_pane_to_a_live_document ... ok
[INFO] [stdout] test multiple_tabs_and_active_tab_survive_session_restore ... ok
[INFO] [stdout] test new_untitled_tab_preserves_dirty_document_and_owns_focused_pane ... ok
[INFO] [stdout] test missing_original_file_keeps_recovered_unsaved_text ... ok
[INFO] [stdout] test opening_a_tab_updates_the_focused_pane_and_split_restore_keeps_both_bindings ... ok
[INFO] [stdout] test opening_file_or_folder_preserves_unsaved_untitled_buffer ... ok
[INFO] [stdout] test opening_an_untrusted_folder_stops_the_prior_language_server ... ok
[INFO] [stdout] test project_replacement_plan_runs_as_a_background_effect ... ok
[INFO] [stdout] test pinning_an_untitled_tab_preserves_each_tabs_identity ... ok
[INFO] [stdout] test restoring_workspace_recomputes_trust_from_persisted_roots ... ok
[INFO] [stdout] test headless_action_loop_preserves_editing_state_between_frames ... ok
[INFO] [stdout] test quitting_is_blocked_when_a_background_tab_has_unsaved_changes ... ok
[INFO] [stdout] test root_file_operation_confirmation_updates_active_document_after_atomic_rename ... ok
[INFO] [stdout] test root_file_operation_acceptance_covers_create_move_and_delete ... ok
[INFO] [stdout] test adding_workspace_roots_updates_explorer_projection ... ok
[INFO] [stdout] test same_document_split_restores_independent_cursors_and_scroll_positions ... ok
[INFO] [stdout] test session_snapshot_restores_unsaved_text_after_restart ... ok
[INFO] [stdout] test split_layout_and_multiple_selections_survive_session_restore ... ok
[INFO] [stdout] test split_command_and_palette_route_keep_distinct_open_documents_visible ... ok
[INFO] [stdout] test recovery_checkpoint_is_written_after_an_edit ... ok
[INFO] [stdout] test edit_save_and_reopen_round_trip_through_root_effects ... ok
[INFO] [stdout] test startup_directory_becomes_a_workspace_without_opening_a_file_tab ... ok
[INFO] [stdout] test startup_file_is_loaded_without_launching_external_effects ... ok
[INFO] [stdout] test starts_renders_and_quits_cleanly_with_fake_adapters ... ok
[INFO] [stdout] test save_as_retargets_only_after_atomic_write_and_close_protects_dirty_tabs ... ok
[INFO] [stdout] test root_headless_syntax_effect_renders_a_highlighted_frame ... ok
[INFO] [stdout] test root_fake_server_cancellation_and_crash_restart_are_observable ... FAILED
[INFO] [stdout] test root_lsp_effect_and_response_lifecycle_updates_language_views ... FAILED
[INFO] [stdout] test ten_mib_edit_transaction_stays_within_interactive_budget ... ok
[INFO] [stdout] 
[INFO] [stdout] failures:
[INFO] [stdout] 
[INFO] [stdout] ---- root_fake_server_cancellation_and_crash_restart_are_observable stdout ----
[INFO] [stdout] 
[INFO] [stdout] thread 'root_fake_server_cancellation_and_crash_restart_are_observable' (3469) panicked at tests/headless_runtime.rs:28:10:
[INFO] [stdout] workspace test dependencies should be readable: Os { code: 2, kind: NotFound, message: "No such file or directory" }
[INFO] [stdout] stack backtrace:
[INFO] [stdout]    0:     0x5addce73a961 - std[70759c8f55707aa4]::backtrace_rs::backtrace::libunwind::trace
[INFO] [stdout]                                at /rustc/dfb0accb7f508ae8be965d8629557221c889dd98/library/std/src/../../backtrace/src/backtrace/libunwind.rs:117:9
[INFO] [stdout]    1:     0x5addce73a961 - std[70759c8f55707aa4]::backtrace_rs::backtrace::trace_unsynchronized::<std[70759c8f55707aa4]::sys::backtrace::_print_fmt::{closure#1}>
[INFO] [stdout]                                at /rustc/dfb0accb7f508ae8be965d8629557221c889dd98/library/std/src/../../backtrace/src/backtrace/mod.rs:66:14
[INFO] [stdout]    2:     0x5addce73a961 - std[70759c8f55707aa4]::sys::backtrace::_print_fmt
[INFO] [stdout]                                at /rustc/dfb0accb7f508ae8be965d8629557221c889dd98/library/std/src/sys/backtrace.rs:74:9
[INFO] [stdout]    3:     0x5addce73a961 - <<std[70759c8f55707aa4]::sys::backtrace::BacktraceLock>::print::DisplayBacktrace as core[df12db4294e9bfd3]::fmt::Display>::fmt
[INFO] [stdout]                                at /rustc/dfb0accb7f508ae8be965d8629557221c889dd98/library/std/src/sys/backtrace.rs:44:26
[INFO] [stdout]    4:     0x5addce7523aa - <core[df12db4294e9bfd3]::fmt::rt::Argument>::fmt
[INFO] [stdout]                                at /rustc/dfb0accb7f508ae8be965d8629557221c889dd98/library/core/src/fmt/rt.rs:152:76
[INFO] [stdout]    5:     0x5addce7523aa - core[df12db4294e9bfd3]::fmt::write
[INFO] [stdout]    6:     0x5addce73f3fc - core[df12db4294e9bfd3]::io::write::default_write_fmt::<alloc[2182bb758b4b3781]::vec::Vec<u8>>
[INFO] [stdout]                                at /rustc/dfb0accb7f508ae8be965d8629557221c889dd98/library/core/src/io/write.rs:402:11
[INFO] [stdout]    7:     0x5addce73f3fc - <alloc[2182bb758b4b3781]::vec::Vec<u8> as core[df12db4294e9bfd3]::io::write::Write>::write_fmt
[INFO] [stdout]                                at /rustc/dfb0accb7f508ae8be965d8629557221c889dd98/library/core/src/io/write.rs:335:13
[INFO] [stdout]    8:     0x5addce7134f6 - <std[70759c8f55707aa4]::sys::backtrace::BacktraceLock>::print
[INFO] [stdout]                                at /rustc/dfb0accb7f508ae8be965d8629557221c889dd98/library/std/src/sys/backtrace.rs:47:9
[INFO] [stdout]    9:     0x5addce7134f6 - std[70759c8f55707aa4]::panicking::default_hook::{closure#0}
[INFO] [stdout]                                at /rustc/dfb0accb7f508ae8be965d8629557221c889dd98/library/std/src/panicking.rs:292:27
[INFO] [stdout]   10:     0x5addce731719 - std[70759c8f55707aa4]::panicking::default_hook
[INFO] [stdout]                                at /rustc/dfb0accb7f508ae8be965d8629557221c889dd98/library/std/src/panicking.rs:316:9
[INFO] [stdout]   11:     0x5addcde79e20 - <alloc[2182bb758b4b3781]::boxed::Box<dyn for<'a, 'b> core[df12db4294e9bfd3]::ops::function::Fn<(&'a std[70759c8f55707aa4]::panic::PanicHookInfo<'b>,), Output = ()> + core[df12db4294e9bfd3]::marker::Send + core[df12db4294e9bfd3]::marker::Sync> as core[df12db4294e9bfd3]::ops::function::Fn<(&std[70759c8f55707aa4]::panic::PanicHookInfo,)>>::call
[INFO] [stdout]                                at /rustc/dfb0accb7f508ae8be965d8629557221c889dd98/library/alloc/src/boxed.rs:2334:9
[INFO] [stdout]   12:     0x5addcde79e20 - test[9d35eded1c95d3be]::test_main_inner::<test[9d35eded1c95d3be]::test_main_static::{closure#0}>::{closure#0}
[INFO] [stdout]                                at /rustc/dfb0accb7f508ae8be965d8629557221c889dd98/library/test/src/lib.rs:155:21
[INFO] [stdout]   13:     0x5addce731a42 - <alloc[2182bb758b4b3781]::boxed::Box<dyn for<'a, 'b> core[df12db4294e9bfd3]::ops::function::Fn<(&'a std[70759c8f55707aa4]::panic::PanicHookInfo<'b>,), Output = ()> + core[df12db4294e9bfd3]::marker::Send + core[df12db4294e9bfd3]::marker::Sync> as core[df12db4294e9bfd3]::ops::function::Fn<(&std[70759c8f55707aa4]::panic::PanicHookInfo,)>>::call
[INFO] [stdout]                                at /rustc/dfb0accb7f508ae8be965d8629557221c889dd98/library/alloc/src/boxed.rs:2334:9
[INFO] [stdout]   14:     0x5addce731a42 - std[70759c8f55707aa4]::panicking::panic_with_hook
[INFO] [stdout]                                at /rustc/dfb0accb7f508ae8be965d8629557221c889dd98/library/std/src/panicking.rs:823:13
[INFO] [stdout]   15:     0x5addce7135a2 - std[70759c8f55707aa4]::panicking::panic_handler::{closure#0}
[INFO] [stdout]                                at /rustc/dfb0accb7f508ae8be965d8629557221c889dd98/library/std/src/panicking.rs:688:13
[INFO] [stdout]   16:     0x5addce70bed9 - std[70759c8f55707aa4]::sys::backtrace::__rust_end_short_backtrace::<std[70759c8f55707aa4]::panicking::panic_handler::{closure#0}, !>
[INFO] [stdout]                                at /rustc/dfb0accb7f508ae8be965d8629557221c889dd98/library/std/src/sys/backtrace.rs:182:18
[INFO] [stdout]   17:     0x5addce71437d - __rustc[8fa7c3cbc660c2b3]::rust_begin_unwind
[INFO] [stdout]                                at /rustc/dfb0accb7f508ae8be965d8629557221c889dd98/library/std/src/panicking.rs:679:5
[INFO] [stdout]   18:     0x5addce752c4c - core[df12db4294e9bfd3]::panicking::panic_fmt
[INFO] [stdout]                                at /rustc/dfb0accb7f508ae8be965d8629557221c889dd98/library/core/src/panicking.rs:80:14
[INFO] [stdout]   19:     0x5addce7529a2 - core[df12db4294e9bfd3]::result::unwrap_failed
[INFO] [stdout]                                at /rustc/dfb0accb7f508ae8be965d8629557221c889dd98/library/core/src/result.rs:1871:5
[INFO] [stdout]   20:     0x5addcde58148 - <core[df12db4294e9bfd3]::result::Result<std[70759c8f55707aa4]::fs::ReadDir, core[df12db4294e9bfd3]::io::error::Error>>::expect
[INFO] [stdout]                                at /rustc/dfb0accb7f508ae8be965d8629557221c889dd98/library/core/src/result.rs:1184:23
[INFO] [stdout]   21:     0x5addcde34cbb - headless_runtime[19939d7ea5737fb]::fake_lsp_server_bin
[INFO] [stdout]                                at /opt/rustwide/workdir/tests/headless_runtime.rs:28:10
[INFO] [stdout]   22:     0x5addcde2fa34 - headless_runtime[19939d7ea5737fb]::root_fake_server_cancellation_and_crash_restart_are_observable::{closure#0}
[INFO] [stdout]                                at /opt/rustwide/workdir/tests/headless_runtime.rs:714:56
[INFO] [stdout]   23:     0x5addcde63ec2 - <core[df12db4294e9bfd3]::pin::Pin<&mut dyn core[df12db4294e9bfd3]::future::future::Future<Output = ()>> as core[df12db4294e9bfd3]::future::future::Future>::poll
[INFO] [stdout]                                at /rustc/dfb0accb7f508ae8be965d8629557221c889dd98/library/core/src/future/future.rs:133:9
[INFO] [stdout]   24:     0x5addcde63f3d - <core[df12db4294e9bfd3]::pin::Pin<&mut core[df12db4294e9bfd3]::pin::Pin<&mut dyn core[df12db4294e9bfd3]::future::future::Future<Output = ()>>> as core[df12db4294e9bfd3]::future::future::Future>::poll
[INFO] [stdout]                                at /rustc/dfb0accb7f508ae8be965d8629557221c889dd98/library/core/src/future/future.rs:133:9
[INFO] [stdout]   25:     0x5addcde4a31d - <tokio[10044d7e6e00f4a1]::runtime::scheduler::current_thread::CoreGuard>::block_on::<core[df12db4294e9bfd3]::pin::Pin<&mut core[df12db4294e9bfd3]::pin::Pin<&mut dyn core[df12db4294e9bfd3]::future::future::Future<Output = ()>>>>::{closure#0}::{closure#0}::{closure#0}
[INFO] [stdout]                                at /opt/rustwide/cargo-home/registry/src/index.crates.io-1949cf8c6b5b557f/tokio-1.53.1/src/runtime/scheduler/current_thread/mod.rs:830:70
[INFO] [stdout]   26:     0x5addcde4a255 - tokio[10044d7e6e00f4a1]::task::coop::with_budget::<core[df12db4294e9bfd3]::task::poll::Poll<()>, <tokio[10044d7e6e00f4a1]::runtime::scheduler::current_thread::CoreGuard>::block_on<core[df12db4294e9bfd3]::pin::Pin<&mut core[df12db4294e9bfd3]::pin::Pin<&mut dyn core[df12db4294e9bfd3]::future::future::Future<Output = ()>>>>::{closure#0}::{closure#0}::{closure#0}>
[INFO] [stdout]                                at /opt/rustwide/cargo-home/registry/src/index.crates.io-1949cf8c6b5b557f/tokio-1.53.1/src/task/coop/mod.rs:167:5
[INFO] [stdout]   27:     0x5addcde4a255 - tokio[10044d7e6e00f4a1]::task::coop::budget::<core[df12db4294e9bfd3]::task::poll::Poll<()>, <tokio[10044d7e6e00f4a1]::runtime::scheduler::current_thread::CoreGuard>::block_on<core[df12db4294e9bfd3]::pin::Pin<&mut core[df12db4294e9bfd3]::pin::Pin<&mut dyn core[df12db4294e9bfd3]::future::future::Future<Output = ()>>>>::{closure#0}::{closure#0}::{closure#0}>
[INFO] [stdout]                                at /opt/rustwide/cargo-home/registry/src/index.crates.io-1949cf8c6b5b557f/tokio-1.53.1/src/task/coop/mod.rs:133:5
[INFO] [stdout]   28:     0x5addcde4a255 - <tokio[10044d7e6e00f4a1]::runtime::scheduler::current_thread::CoreGuard>::block_on::<core[df12db4294e9bfd3]::pin::Pin<&mut core[df12db4294e9bfd3]::pin::Pin<&mut dyn core[df12db4294e9bfd3]::future::future::Future<Output = ()>>>>::{closure#0}::{closure#0}
[INFO] [stdout]                                at /opt/rustwide/cargo-home/registry/src/index.crates.io-1949cf8c6b5b557f/tokio-1.53.1/src/runtime/scheduler/current_thread/mod.rs:830:25
[INFO] [stdout]   29:     0x5addcde45632 - <tokio[10044d7e6e00f4a1]::runtime::scheduler::current_thread::Context>::enter::<core[df12db4294e9bfd3]::task::poll::Poll<()>, <tokio[10044d7e6e00f4a1]::runtime::scheduler::current_thread::CoreGuard>::block_on<core[df12db4294e9bfd3]::pin::Pin<&mut core[df12db4294e9bfd3]::pin::Pin<&mut dyn core[df12db4294e9bfd3]::future::future::Future<Output = ()>>>>::{closure#0}::{closure#0}>
[INFO] [stdout]                                at /opt/rustwide/cargo-home/registry/src/index.crates.io-1949cf8c6b5b557f/tokio-1.53.1/src/runtime/scheduler/current_thread/mod.rs:488:19
[INFO] [stdout]   30:     0x5addcde4970d - <tokio[10044d7e6e00f4a1]::runtime::scheduler::current_thread::CoreGuard>::block_on::<core[df12db4294e9bfd3]::pin::Pin<&mut core[df12db4294e9bfd3]::pin::Pin<&mut dyn core[df12db4294e9bfd3]::future::future::Future<Output = ()>>>>::{closure#0}
[INFO] [stdout]                                at /opt/rustwide/cargo-home/registry/src/index.crates.io-1949cf8c6b5b557f/tokio-1.53.1/src/runtime/scheduler/current_thread/mod.rs:829:44
[INFO] [stdout]   31:     0x5addcde489a4 - <tokio[10044d7e6e00f4a1]::runtime::scheduler::current_thread::CoreGuard>::enter::<<tokio[10044d7e6e00f4a1]::runtime::scheduler::current_thread::CoreGuard>::block_on<core[df12db4294e9bfd3]::pin::Pin<&mut core[df12db4294e9bfd3]::pin::Pin<&mut dyn core[df12db4294e9bfd3]::future::future::Future<Output = ()>>>>::{closure#0}, core[df12db4294e9bfd3]::option::Option<()>>::{closure#0}
[INFO] [stdout]                                at /opt/rustwide/cargo-home/registry/src/index.crates.io-1949cf8c6b5b557f/tokio-1.53.1/src/runtime/scheduler/current_thread/mod.rs:906:68
[INFO] [stdout]   32:     0x5addcde53a9b - <tokio[10044d7e6e00f4a1]::runtime::context::scoped::Scoped<tokio[10044d7e6e00f4a1]::runtime::scheduler::Context>>::set::<<tokio[10044d7e6e00f4a1]::runtime::scheduler::current_thread::CoreGuard>::enter<<tokio[10044d7e6e00f4a1]::runtime::scheduler::current_thread::CoreGuard>::block_on<core[df12db4294e9bfd3]::pin::Pin<&mut core[df12db4294e9bfd3]::pin::Pin<&mut dyn core[df12db4294e9bfd3]::future::future::Future<Output = ()>>>>::{closure#0}, core[df12db4294e9bfd3]::option::Option<()>>::{closure#0}, (alloc[2182bb758b4b3781]::boxed::Box<tokio[10044d7e6e00f4a1]::runtime::scheduler::current_thread::Core>, core[df12db4294e9bfd3]::option::Option<()>)>
[INFO] [stdout]                                at /opt/rustwide/cargo-home/registry/src/index.crates.io-1949cf8c6b5b557f/tokio-1.53.1/src/runtime/context/scoped.rs:40:9
[INFO] [stdout]   33:     0x5addcde68c19 - tokio[10044d7e6e00f4a1]::runtime::context::set_scheduler::<(alloc[2182bb758b4b3781]::boxed::Box<tokio[10044d7e6e00f4a1]::runtime::scheduler::current_thread::Core>, core[df12db4294e9bfd3]::option::Option<()>), <tokio[10044d7e6e00f4a1]::runtime::scheduler::current_thread::CoreGuard>::enter<<tokio[10044d7e6e00f4a1]::runtime::scheduler::current_thread::CoreGuard>::block_on<core[df12db4294e9bfd3]::pin::Pin<&mut core[df12db4294e9bfd3]::pin::Pin<&mut dyn core[df12db4294e9bfd3]::future::future::Future<Output = ()>>>>::{closure#0}, core[df12db4294e9bfd3]::option::Option<()>>::{closure#0}>::{closure#0}
[INFO] [stdout]                                at /opt/rustwide/cargo-home/registry/src/index.crates.io-1949cf8c6b5b557f/tokio-1.53.1/src/runtime/context.rs:187:38
[INFO] [stdout]   34:     0x5addcde5e0ef - <std[70759c8f55707aa4]::thread::local::LocalKey<tokio[10044d7e6e00f4a1]::runtime::context::Context>>::try_with::<tokio[10044d7e6e00f4a1]::runtime::context::set_scheduler<(alloc[2182bb758b4b3781]::boxed::Box<tokio[10044d7e6e00f4a1]::runtime::scheduler::current_thread::Core>, core[df12db4294e9bfd3]::option::Option<()>), <tokio[10044d7e6e00f4a1]::runtime::scheduler::current_thread::CoreGuard>::enter<<tokio[10044d7e6e00f4a1]::runtime::scheduler::current_thread::CoreGuard>::block_on<core[df12db4294e9bfd3]::pin::Pin<&mut core[df12db4294e9bfd3]::pin::Pin<&mut dyn core[df12db4294e9bfd3]::future::future::Future<Output = ()>>>>::{closure#0}, core[df12db4294e9bfd3]::option::Option<()>>::{closure#0}>::{closure#0}, (alloc[2182bb758b4b3781]::boxed::Box<tokio[10044d7e6e00f4a1]::runtime::scheduler::current_thread::Core>, core[df12db4294e9bfd3]::option::Option<()>)>
[INFO] [stdout]                                at /rustc/dfb0accb7f508ae8be965d8629557221c889dd98/library/std/src/thread/local.rs:463:12
[INFO] [stdout]   35:     0x5addcde5dc9e - <std[70759c8f55707aa4]::thread::local::LocalKey<tokio[10044d7e6e00f4a1]::runtime::context::Context>>::with::<tokio[10044d7e6e00f4a1]::runtime::context::set_scheduler<(alloc[2182bb758b4b3781]::boxed::Box<tokio[10044d7e6e00f4a1]::runtime::scheduler::current_thread::Core>, core[df12db4294e9bfd3]::option::Option<()>), <tokio[10044d7e6e00f4a1]::runtime::scheduler::current_thread::CoreGuard>::enter<<tokio[10044d7e6e00f4a1]::runtime::scheduler::current_thread::CoreGuard>::block_on<core[df12db4294e9bfd3]::pin::Pin<&mut core[df12db4294e9bfd3]::pin::Pin<&mut dyn core[df12db4294e9bfd3]::future::future::Future<Output = ()>>>>::{closure#0}, core[df12db4294e9bfd3]::option::Option<()>>::{closure#0}>::{closure#0}, (alloc[2182bb758b4b3781]::boxed::Box<tokio[10044d7e6e00f4a1]::runtime::scheduler::current_thread::Core>, core[df12db4294e9bfd3]::option::Option<()>)>
[INFO] [stdout]                                at /rustc/dfb0accb7f508ae8be965d8629557221c889dd98/library/std/src/thread/local.rs:427:20
[INFO] [stdout]   36:     0x5addcde6785d - tokio[10044d7e6e00f4a1]::runtime::context::set_scheduler::<(alloc[2182bb758b4b3781]::boxed::Box<tokio[10044d7e6e00f4a1]::runtime::scheduler::current_thread::Core>, core[df12db4294e9bfd3]::option::Option<()>), <tokio[10044d7e6e00f4a1]::runtime::scheduler::current_thread::CoreGuard>::enter<<tokio[10044d7e6e00f4a1]::runtime::scheduler::current_thread::CoreGuard>::block_on<core[df12db4294e9bfd3]::pin::Pin<&mut core[df12db4294e9bfd3]::pin::Pin<&mut dyn core[df12db4294e9bfd3]::future::future::Future<Output = ()>>>>::{closure#0}, core[df12db4294e9bfd3]::option::Option<()>>::{closure#0}>
[INFO] [stdout]                                at /opt/rustwide/cargo-home/registry/src/index.crates.io-1949cf8c6b5b557f/tokio-1.53.1/src/runtime/context.rs:187:17
[INFO] [stdout]   37:     0x5addcde45e80 - <tokio[10044d7e6e00f4a1]::runtime::scheduler::current_thread::CoreGuard>::enter::<<tokio[10044d7e6e00f4a1]::runtime::scheduler::current_thread::CoreGuard>::block_on<core[df12db4294e9bfd3]::pin::Pin<&mut core[df12db4294e9bfd3]::pin::Pin<&mut dyn core[df12db4294e9bfd3]::future::future::Future<Output = ()>>>>::{closure#0}, core[df12db4294e9bfd3]::option::Option<()>>
[INFO] [stdout]                                at /opt/rustwide/cargo-home/registry/src/index.crates.io-1949cf8c6b5b557f/tokio-1.53.1/src/runtime/scheduler/current_thread/mod.rs:906:27
[INFO] [stdout]   38:     0x5addcde46176 - <tokio[10044d7e6e00f4a1]::runtime::scheduler::current_thread::CoreGuard>::block_on::<core[df12db4294e9bfd3]::pin::Pin<&mut core[df12db4294e9bfd3]::pin::Pin<&mut dyn core[df12db4294e9bfd3]::future::future::Future<Output = ()>>>>
[INFO] [stdout]                                at /opt/rustwide/cargo-home/registry/src/index.crates.io-1949cf8c6b5b557f/tokio-1.53.1/src/runtime/scheduler/current_thread/mod.rs:817:24
[INFO] [stdout]   39:     0x5addcde48850 - <tokio[10044d7e6e00f4a1]::runtime::scheduler::current_thread::CurrentThread>::block_on::<core[df12db4294e9bfd3]::pin::Pin<&mut dyn core[df12db4294e9bfd3]::future::future::Future<Output = ()>>>::{closure#0}
[INFO] [stdout]                                at /opt/rustwide/cargo-home/registry/src/index.crates.io-1949cf8c6b5b557f/tokio-1.53.1/src/runtime/scheduler/current_thread/mod.rs:218:33
[INFO] [stdout]   40:     0x5addcde5f508 - tokio[10044d7e6e00f4a1]::runtime::context::runtime::enter_runtime::<<tokio[10044d7e6e00f4a1]::runtime::scheduler::current_thread::CurrentThread>::block_on<core[df12db4294e9bfd3]::pin::Pin<&mut dyn core[df12db4294e9bfd3]::future::future::Future<Output = ()>>>::{closure#0}, ()>
[INFO] [stdout]                                at /opt/rustwide/cargo-home/registry/src/index.crates.io-1949cf8c6b5b557f/tokio-1.53.1/src/runtime/context/runtime.rs:65:16
[INFO] [stdout]   41:     0x5addcde451f4 - <tokio[10044d7e6e00f4a1]::runtime::scheduler::current_thread::CurrentThread>::block_on::<core[df12db4294e9bfd3]::pin::Pin<&mut dyn core[df12db4294e9bfd3]::future::future::Future<Output = ()>>>
[INFO] [stdout]                                at /opt/rustwide/cargo-home/registry/src/index.crates.io-1949cf8c6b5b557f/tokio-1.53.1/src/runtime/scheduler/current_thread/mod.rs:206:9
[INFO] [stdout]   42:     0x5addcde536af - <tokio[10044d7e6e00f4a1]::runtime::runtime::Runtime>::block_on_inner::<core[df12db4294e9bfd3]::pin::Pin<&mut dyn core[df12db4294e9bfd3]::future::future::Future<Output = ()>>>
[INFO] [stdout]                                at /opt/rustwide/cargo-home/registry/src/index.crates.io-1949cf8c6b5b557f/tokio-1.53.1/src/runtime/runtime.rs:374:52
[INFO] [stdout]   43:     0x5addcde537fb - <tokio[10044d7e6e00f4a1]::runtime::runtime::Runtime>::block_on::<core[df12db4294e9bfd3]::pin::Pin<&mut dyn core[df12db4294e9bfd3]::future::future::Future<Output = ()>>>
[INFO] [stdout]                                at /opt/rustwide/cargo-home/registry/src/index.crates.io-1949cf8c6b5b557f/tokio-1.53.1/src/runtime/runtime.rs:343:18
[INFO] [stdout]   44:     0x5addcde3e2b1 - headless_runtime[19939d7ea5737fb]::root_fake_server_cancellation_and_crash_restart_are_observable
[INFO] [stdout]                                at /opt/rustwide/workdir/tests/headless_runtime.rs:831:52
[INFO] [stdout]   45:     0x5addcde27f37 - headless_runtime[19939d7ea5737fb]::root_fake_server_cancellation_and_crash_restart_are_observable::{closure#0}
[INFO] [stdout]                                at /opt/rustwide/workdir/tests/headless_runtime.rs:712:74
[INFO] [stdout]   46:     0x5addcde53106 - <headless_runtime[19939d7ea5737fb]::root_fake_server_cancellation_and_crash_restart_are_observable::{closure#0} as core[df12db4294e9bfd3]::ops::function::FnOnce<()>>::call_once
[INFO] [stdout]                                at /rustc/dfb0accb7f508ae8be965d8629557221c889dd98/library/core/src/ops/function.rs:250:5
[INFO] [stdout]   47:     0x5addcde6d10b - <fn() -> core[df12db4294e9bfd3]::result::Result<(), alloc[2182bb758b4b3781]::string::String> as core[df12db4294e9bfd3]::ops::function::FnOnce<()>>::call_once
[INFO] [stdout]                                at /rustc/dfb0accb7f508ae8be965d8629557221c889dd98/library/core/src/ops/function.rs:250:5
[INFO] [stdout]   48:     0x5addcde6d10b - test[9d35eded1c95d3be]::__rust_begin_short_backtrace::<core[df12db4294e9bfd3]::result::Result<(), alloc[2182bb758b4b3781]::string::String>, fn() -> core[df12db4294e9bfd3]::result::Result<(), alloc[2182bb758b4b3781]::string::String>>
[INFO] [stdout]                                at /rustc/dfb0accb7f508ae8be965d8629557221c889dd98/library/test/src/lib.rs:733:18
[INFO] [stdout]   49:     0x5addcde7a775 - test[9d35eded1c95d3be]::run_test_in_process::{closure#0}
[INFO] [stdout]                                at /rustc/dfb0accb7f508ae8be965d8629557221c889dd98/library/test/src/lib.rs:756:74
[INFO] [stdout]   50:     0x5addcde7a775 - <core[df12db4294e9bfd3]::panic::unwind_safe::AssertUnwindSafe<test[9d35eded1c95d3be]::run_test_in_process::{closure#0}> as core[df12db4294e9bfd3]::ops::function::FnOnce<()>>::call_once
[INFO] [stdout]                                at /rustc/dfb0accb7f508ae8be965d8629557221c889dd98/library/core/src/panic/unwind_safe.rs:275:9
[INFO] [stdout]   51:     0x5addcde7a775 - std[70759c8f55707aa4]::panicking::catch_unwind::do_call::<core[df12db4294e9bfd3]::panic::unwind_safe::AssertUnwindSafe<test[9d35eded1c95d3be]::run_test_in_process::{closure#0}>, core[df12db4294e9bfd3]::result::Result<(), alloc[2182bb758b4b3781]::string::String>>
[INFO] [stdout]                                at /rustc/dfb0accb7f508ae8be965d8629557221c889dd98/library/std/src/panicking.rs:576:43
[INFO] [stdout]   52:     0x5addcde7a775 - std[70759c8f55707aa4]::panicking::catch_unwind::<core[df12db4294e9bfd3]::result::Result<(), alloc[2182bb758b4b3781]::string::String>, core[df12db4294e9bfd3]::panic::unwind_safe::AssertUnwindSafe<test[9d35eded1c95d3be]::run_test_in_process::{closure#0}>>
[INFO] [stdout]                                at /rustc/dfb0accb7f508ae8be965d8629557221c889dd98/library/std/src/panicking.rs:544:19
[INFO] [stdout]   53:     0x5addcde7a775 - std[70759c8f55707aa4]::panic::catch_unwind::<core[df12db4294e9bfd3]::panic::unwind_safe::AssertUnwindSafe<test[9d35eded1c95d3be]::run_test_in_process::{closure#0}>, core[df12db4294e9bfd3]::result::Result<(), alloc[2182bb758b4b3781]::string::String>>
[INFO] [stdout]                                at /rustc/dfb0accb7f508ae8be965d8629557221c889dd98/library/std/src/panic.rs:359:14
[INFO] [stdout]   54:     0x5addcde7a775 - test[9d35eded1c95d3be]::run_test_in_process
[INFO] [stdout]                                at /rustc/dfb0accb7f508ae8be965d8629557221c889dd98/library/test/src/lib.rs:756:27
[INFO] [stdout]   55:     0x5addcde7a775 - test[9d35eded1c95d3be]::run_test::{closure#0}
[INFO] [stdout]                                at /rustc/dfb0accb7f508ae8be965d8629557221c889dd98/library/test/src/lib.rs:677:43
[INFO] [stdout]   56:     0x5addcde74034 - test[9d35eded1c95d3be]::run_test::{closure#1}
[INFO] [stdout]                                at /rustc/dfb0accb7f508ae8be965d8629557221c889dd98/library/test/src/lib.rs:707:41
[INFO] [stdout]   57:     0x5addcde74034 - std[70759c8f55707aa4]::sys::backtrace::__rust_begin_short_backtrace::<test[9d35eded1c95d3be]::run_test::{closure#1}, ()>
[INFO] [stdout]                                at /rustc/dfb0accb7f508ae8be965d8629557221c889dd98/library/std/src/sys/backtrace.rs:166:18
[INFO] [stdout]   58:     0x5addcde7d8d2 - std[70759c8f55707aa4]::thread::lifecycle::spawn_unchecked::<test[9d35eded1c95d3be]::run_test::{closure#1}, ()>::{closure#1}::{closure#0}
[INFO] [stdout]                                at /rustc/dfb0accb7f508ae8be965d8629557221c889dd98/library/std/src/thread/lifecycle.rs:70:13
[INFO] [stdout]   59:     0x5addcde7d8d2 - <core[df12db4294e9bfd3]::panic::unwind_safe::AssertUnwindSafe<std[70759c8f55707aa4]::thread::lifecycle::spawn_unchecked<test[9d35eded1c95d3be]::run_test::{closure#1}, ()>::{closure#1}::{closure#0}> as core[df12db4294e9bfd3]::ops::function::FnOnce<()>>::call_once
[INFO] [stdout]                                at /rustc/dfb0accb7f508ae8be965d8629557221c889dd98/library/core/src/panic/unwind_safe.rs:275:9
[INFO] [stdout]   60:     0x5addcde7d8d2 - std[70759c8f55707aa4]::panicking::catch_unwind::do_call::<core[df12db4294e9bfd3]::panic::unwind_safe::AssertUnwindSafe<std[70759c8f55707aa4]::thread::lifecycle::spawn_unchecked<test[9d35eded1c95d3be]::run_test::{closure#1}, ()>::{closure#1}::{closure#0}>, ()>
[INFO] [stdout]                                at /rustc/dfb0accb7f508ae8be965d8629557221c889dd98/library/std/src/panicking.rs:576:43
[INFO] [stdout]   61:     0x5addcde7d8d2 - std[70759c8f55707aa4]::panicking::catch_unwind::<(), core[df12db4294e9bfd3]::panic::unwind_safe::AssertUnwindSafe<std[70759c8f55707aa4]::thread::lifecycle::spawn_unchecked<test[9d35eded1c95d3be]::run_test::{closure#1}, ()>::{closure#1}::{closure#0}>>
[INFO] [stdout]                                at /rustc/dfb0accb7f508ae8be965d8629557221c889dd98/library/std/src/panicking.rs:544:19
[INFO] [stdout]   62:     0x5addcde7d8d2 - std[70759c8f55707aa4]::panic::catch_unwind::<core[df12db4294e9bfd3]::panic::unwind_safe::AssertUnwindSafe<std[70759c8f55707aa4]::thread::lifecycle::spawn_unchecked<test[9d35eded1c95d3be]::run_test::{closure#1}, ()>::{closure#1}::{closure#0}>, ()>
[INFO] [stdout]                                at /rustc/dfb0accb7f508ae8be965d8629557221c889dd98/library/std/src/panic.rs:359:14
[INFO] [stdout]   63:     0x5addcde7d8d2 - std[70759c8f55707aa4]::thread::lifecycle::spawn_unchecked::<test[9d35eded1c95d3be]::run_test::{closure#1}, ()>::{closure#1}
[INFO] [stdout]                                at /rustc/dfb0accb7f508ae8be965d8629557221c889dd98/library/std/src/thread/lifecycle.rs:68:26
[INFO] [stdout]   64:     0x5addcde7d8d2 - <std[70759c8f55707aa4]::thread::lifecycle::spawn_unchecked<test[9d35eded1c95d3be]::run_test::{closure#1}, ()>::{closure#1} as core[df12db4294e9bfd3]::ops::function::FnOnce<()>>::call_once::{shim:vtable#0}
[INFO] [stdout]                                at /rustc/dfb0accb7f508ae8be965d8629557221c889dd98/library/core/src/ops/function.rs:250:5
[INFO] [stdout]   65:     0x5addce7399a9 - <alloc[2182bb758b4b3781]::boxed::Box<dyn core[df12db4294e9bfd3]::ops::function::FnOnce<(), Output = ()> + core[df12db4294e9bfd3]::marker::Send> as core[df12db4294e9bfd3]::ops::function::FnOnce<()>>::call_once
[INFO] [stdout]                                at /rustc/dfb0accb7f508ae8be965d8629557221c889dd98/library/alloc/src/boxed.rs:2320:9
[INFO] [stdout]   66:     0x5addce7399a9 - <std[70759c8f55707aa4]::sys::thread::unix::Thread>::new::thread_start
[INFO] [stdout]                                at /rustc/dfb0accb7f508ae8be965d8629557221c889dd98/library/std/src/sys/thread/unix.rs:123:17
[INFO] [stdout]   67:     0x743b8ed87dfa - <unknown>
[INFO] [stdout]   68:     0x743b8ee1b3d4 - clone
[INFO] [stdout]   69:                0x0 - <unknown>
[INFO] [stdout] 
[INFO] [stdout] ---- root_lsp_effect_and_response_lifecycle_updates_language_views stdout ----
[INFO] [stdout] 
[INFO] [stdout] thread 'root_lsp_effect_and_response_lifecycle_updates_language_views' (3473) panicked at tests/headless_runtime.rs:28:10:
[INFO] [stdout] workspace test dependencies should be readable: Os { code: 2, kind: NotFound, message: "No such file or directory" }
[INFO] [stdout] stack backtrace:
[INFO] [stdout]    0:     0x5addce73a961 - std[70759c8f55707aa4]::backtrace_rs::backtrace::libunwind::trace
[INFO] [stdout]                                at /rustc/dfb0accb7f508ae8be965d8629557221c889dd98/library/std/src/../../backtrace/src/backtrace/libunwind.rs:117:9
[INFO] [stdout]    1:     0x5addce73a961 - std[70759c8f55707aa4]::backtrace_rs::backtrace::trace_unsynchronized::<std[70759c8f55707aa4]::sys::backtrace::_print_fmt::{closure#1}>
[INFO] [stdout]                                at /rustc/dfb0accb7f508ae8be965d8629557221c889dd98/library/std/src/../../backtrace/src/backtrace/mod.rs:66:14
[INFO] [stdout]    2:     0x5addce73a961 - std[70759c8f55707aa4]::sys::backtrace::_print_fmt
[INFO] [stdout]                                at /rustc/dfb0accb7f508ae8be965d8629557221c889dd98/library/std/src/sys/backtrace.rs:74:9
[INFO] [stdout]    3:     0x5addce73a961 - <<std[70759c8f55707aa4]::sys::backtrace::BacktraceLock>::print::DisplayBacktrace as core[df12db4294e9bfd3]::fmt::Display>::fmt
[INFO] [stdout]                                at /rustc/dfb0accb7f508ae8be965d8629557221c889dd98/library/std/src/sys/backtrace.rs:44:26
[INFO] [stdout]    4:     0x5addce7523aa - <core[df12db4294e9bfd3]::fmt::rt::Argument>::fmt
[INFO] [stdout]                                at /rustc/dfb0accb7f508ae8be965d8629557221c889dd98/library/core/src/fmt/rt.rs:152:76
[INFO] [stdout]    5:     0x5addce7523aa - core[df12db4294e9bfd3]::fmt::write
[INFO] [stdout]    6:     0x5addce73f3fc - core[df12db4294e9bfd3]::io::write::default_write_fmt::<alloc[2182bb758b4b3781]::vec::Vec<u8>>
[INFO] [stdout]                                at /rustc/dfb0accb7f508ae8be965d8629557221c889dd98/library/core/src/io/write.rs:402:11
[INFO] [stdout]    7:     0x5addce73f3fc - <alloc[2182bb758b4b3781]::vec::Vec<u8> as core[df12db4294e9bfd3]::io::write::Write>::write_fmt
[INFO] [stdout]                                at /rustc/dfb0accb7f508ae8be965d8629557221c889dd98/library/core/src/io/write.rs:335:13
[INFO] [stdout]    8:     0x5addce7134f6 - <std[70759c8f55707aa4]::sys::backtrace::BacktraceLock>::print
[INFO] [stdout]                                at /rustc/dfb0accb7f508ae8be965d8629557221c889dd98/library/std/src/sys/backtrace.rs:47:9
[INFO] [stdout]    9:     0x5addce7134f6 - std[70759c8f55707aa4]::panicking::default_hook::{closure#0}
[INFO] [stdout]                                at /rustc/dfb0accb7f508ae8be965d8629557221c889dd98/library/std/src/panicking.rs:292:27
[INFO] [stdout]   10:     0x5addce731719 - std[70759c8f55707aa4]::panicking::default_hook
[INFO] [stdout]                                at /rustc/dfb0accb7f508ae8be965d8629557221c889dd98/library/std/src/panicking.rs:316:9
[INFO] [stdout]   11:     0x5addcde79e20 - <alloc[2182bb758b4b3781]::boxed::Box<dyn for<'a, 'b> core[df12db4294e9bfd3]::ops::function::Fn<(&'a std[70759c8f55707aa4]::panic::PanicHookInfo<'b>,), Output = ()> + core[df12db4294e9bfd3]::marker::Send + core[df12db4294e9bfd3]::marker::Sync> as core[df12db4294e9bfd3]::ops::function::Fn<(&std[70759c8f55707aa4]::panic::PanicHookInfo,)>>::call
[INFO] [stdout]                                at /rustc/dfb0accb7f508ae8be965d8629557221c889dd98/library/alloc/src/boxed.rs:2334:9
[INFO] [stdout]   12:     0x5addcde79e20 - test[9d35eded1c95d3be]::test_main_inner::<test[9d35eded1c95d3be]::test_main_static::{closure#0}>::{closure#0}
[INFO] [stdout]                                at /rustc/dfb0accb7f508ae8be965d8629557221c889dd98/library/test/src/lib.rs:155:21
[INFO] [stdout]   13:     0x5addce731a42 - <alloc[2182bb758b4b3781]::boxed::Box<dyn for<'a, 'b> core[df12db4294e9bfd3]::ops::function::Fn<(&'a std[70759c8f55707aa4]::panic::PanicHookInfo<'b>,), Output = ()> + core[df12db4294e9bfd3]::marker::Send + core[df12db4294e9bfd3]::marker::Sync> as core[df12db4294e9bfd3]::ops::function::Fn<(&std[70759c8f55707aa4]::panic::PanicHookInfo,)>>::call
[INFO] [stdout]                                at /rustc/dfb0accb7f508ae8be965d8629557221c889dd98/library/alloc/src/boxed.rs:2334:9
[INFO] [stdout]   14:     0x5addce731a42 - std[70759c8f55707aa4]::panicking::panic_with_hook
[INFO] [stdout]                                at /rustc/dfb0accb7f508ae8be965d8629557221c889dd98/library/std/src/panicking.rs:823:13
[INFO] [stdout]   15:     0x5addce7135a2 - std[70759c8f55707aa4]::panicking::panic_handler::{closure#0}
[INFO] [stdout]                                at /rustc/dfb0accb7f508ae8be965d8629557221c889dd98/library/std/src/panicking.rs:688:13
[INFO] [stdout]   16:     0x5addce70bed9 - std[70759c8f55707aa4]::sys::backtrace::__rust_end_short_backtrace::<std[70759c8f55707aa4]::panicking::panic_handler::{closure#0}, !>
[INFO] [stdout]                                at /rustc/dfb0accb7f508ae8be965d8629557221c889dd98/library/std/src/sys/backtrace.rs:182:18
[INFO] [stdout]   17:     0x5addce71437d - __rustc[8fa7c3cbc660c2b3]::rust_begin_unwind
[INFO] [stdout]                                at /rustc/dfb0accb7f508ae8be965d8629557221c889dd98/library/std/src/panicking.rs:679:5
[INFO] [stdout]   18:     0x5addce752c4c - core[df12db4294e9bfd3]::panicking::panic_fmt
[INFO] [stdout]                                at /rustc/dfb0accb7f508ae8be965d8629557221c889dd98/library/core/src/panicking.rs:80:14
[INFO] [stdout]   19:     0x5addce7529a2 - core[df12db4294e9bfd3]::result::unwrap_failed
[INFO] [stdout]                                at /rustc/dfb0accb7f508ae8be965d8629557221c889dd98/library/core/src/result.rs:1871:5
[INFO] [stdout]   20:     0x5addcde58148 - <core[df12db4294e9bfd3]::result::Result<std[70759c8f55707aa4]::fs::ReadDir, core[df12db4294e9bfd3]::io::error::Error>>::expect
[INFO] [stdout]                                at /rustc/dfb0accb7f508ae8be965d8629557221c889dd98/library/core/src/result.rs:1184:23
[INFO] [stdout]   21:     0x5addcde34cbb - headless_runtime[19939d7ea5737fb]::fake_lsp_server_bin
[INFO] [stdout]                                at /opt/rustwide/workdir/tests/headless_runtime.rs:28:10
[INFO] [stdout]   22:     0x5addcde28e27 - headless_runtime[19939d7ea5737fb]::root_lsp_effect_and_response_lifecycle_updates_language_views::{closure#0}
[INFO] [stdout]                                at /opt/rustwide/workdir/tests/headless_runtime.rs:512:56
[INFO] [stdout]   23:     0x5addcde63ec2 - <core[df12db4294e9bfd3]::pin::Pin<&mut dyn core[df12db4294e9bfd3]::future::future::Future<Output = ()>> as core[df12db4294e9bfd3]::future::future::Future>::poll
[INFO] [stdout]                                at /rustc/dfb0accb7f508ae8be965d8629557221c889dd98/library/core/src/future/future.rs:133:9
[INFO] [stdout]   24:     0x5addcde63f3d - <core[df12db4294e9bfd3]::pin::Pin<&mut core[df12db4294e9bfd3]::pin::Pin<&mut dyn core[df12db4294e9bfd3]::future::future::Future<Output = ()>>> as core[df12db4294e9bfd3]::future::future::Future>::poll
[INFO] [stdout]                                at /rustc/dfb0accb7f508ae8be965d8629557221c889dd98/library/core/src/future/future.rs:133:9
[INFO] [stdout]   25:     0x5addcde4a31d - <tokio[10044d7e6e00f4a1]::runtime::scheduler::current_thread::CoreGuard>::block_on::<core[df12db4294e9bfd3]::pin::Pin<&mut core[df12db4294e9bfd3]::pin::Pin<&mut dyn core[df12db4294e9bfd3]::future::future::Future<Output = ()>>>>::{closure#0}::{closure#0}::{closure#0}
[INFO] [stdout]                                at /opt/rustwide/cargo-home/registry/src/index.crates.io-1949cf8c6b5b557f/tokio-1.53.1/src/runtime/scheduler/current_thread/mod.rs:830:70
[INFO] [stdout]   26:     0x5addcde4a255 - tokio[10044d7e6e00f4a1]::task::coop::with_budget::<core[df12db4294e9bfd3]::task::poll::Poll<()>, <tokio[10044d7e6e00f4a1]::runtime::scheduler::current_thread::CoreGuard>::block_on<core[df12db4294e9bfd3]::pin::Pin<&mut core[df12db4294e9bfd3]::pin::Pin<&mut dyn core[df12db4294e9bfd3]::future::future::Future<Output = ()>>>>::{closure#0}::{closure#0}::{closure#0}>
[INFO] [stdout]                                at /opt/rustwide/cargo-home/registry/src/index.crates.io-1949cf8c6b5b557f/tokio-1.53.1/src/task/coop/mod.rs:167:5
[INFO] [stdout]   27:     0x5addcde4a255 - tokio[10044d7e6e00f4a1]::task::coop::budget::<core[df12db4294e9bfd3]::task::poll::Poll<()>, <tokio[10044d7e6e00f4a1]::runtime::scheduler::current_thread::CoreGuard>::block_on<core[df12db4294e9bfd3]::pin::Pin<&mut core[df12db4294e9bfd3]::pin::Pin<&mut dyn core[df12db4294e9bfd3]::future::future::Future<Output = ()>>>>::{closure#0}::{closure#0}::{closure#0}>
[INFO] [stdout]                                at /opt/rustwide/cargo-home/registry/src/index.crates.io-1949cf8c6b5b557f/tokio-1.53.1/src/task/coop/mod.rs:133:5
[INFO] [stdout]   28:     0x5addcde4a255 - <tokio[10044d7e6e00f4a1]::runtime::scheduler::current_thread::CoreGuard>::block_on::<core[df12db4294e9bfd3]::pin::Pin<&mut core[df12db4294e9bfd3]::pin::Pin<&mut dyn core[df12db4294e9bfd3]::future::future::Future<Output = ()>>>>::{closure#0}::{closure#0}
[INFO] [stdout]                                at /opt/rustwide/cargo-home/registry/src/index.crates.io-1949cf8c6b5b557f/tokio-1.53.1/src/runtime/scheduler/current_thread/mod.rs:830:25
[INFO] [stdout]   29:     0x5addcde45632 - <tokio[10044d7e6e00f4a1]::runtime::scheduler::current_thread::Context>::enter::<core[df12db4294e9bfd3]::task::poll::Poll<()>, <tokio[10044d7e6e00f4a1]::runtime::scheduler::current_thread::CoreGuard>::block_on<core[df12db4294e9bfd3]::pin::Pin<&mut core[df12db4294e9bfd3]::pin::Pin<&mut dyn core[df12db4294e9bfd3]::future::future::Future<Output = ()>>>>::{closure#0}::{closure#0}>
[INFO] [stdout]                                at /opt/rustwide/cargo-home/registry/src/index.crates.io-1949cf8c6b5b557f/tokio-1.53.1/src/runtime/scheduler/current_thread/mod.rs:488:19
[INFO] [stdout]   30:     0x5addcde4970d - <tokio[10044d7e6e00f4a1]::runtime::scheduler::current_thread::CoreGuard>::block_on::<core[df12db4294e9bfd3]::pin::Pin<&mut core[df12db4294e9bfd3]::pin::Pin<&mut dyn core[df12db4294e9bfd3]::future::future::Future<Output = ()>>>>::{closure#0}
[INFO] [stdout]                                at /opt/rustwide/cargo-home/registry/src/index.crates.io-1949cf8c6b5b557f/tokio-1.53.1/src/runtime/scheduler/current_thread/mod.rs:829:44
[INFO] [stdout]   31:     0x5addcde489a4 - <tokio[10044d7e6e00f4a1]::runtime::scheduler::current_thread::CoreGuard>::enter::<<tokio[10044d7e6e00f4a1]::runtime::scheduler::current_thread::CoreGuard>::block_on<core[df12db4294e9bfd3]::pin::Pin<&mut core[df12db4294e9bfd3]::pin::Pin<&mut dyn core[df12db4294e9bfd3]::future::future::Future<Output = ()>>>>::{closure#0}, core[df12db4294e9bfd3]::option::Option<()>>::{closure#0}
[INFO] [stdout]                                at /opt/rustwide/cargo-home/registry/src/index.crates.io-1949cf8c6b5b557f/tokio-1.53.1/src/runtime/scheduler/current_thread/mod.rs:906:68
[INFO] [stdout]   32:     0x5addcde53a9b - <tokio[10044d7e6e00f4a1]::runtime::context::scoped::Scoped<tokio[10044d7e6e00f4a1]::runtime::scheduler::Context>>::set::<<tokio[10044d7e6e00f4a1]::runtime::scheduler::current_thread::CoreGuard>::enter<<tokio[10044d7e6e00f4a1]::runtime::scheduler::current_thread::CoreGuard>::block_on<core[df12db4294e9bfd3]::pin::Pin<&mut core[df12db4294e9bfd3]::pin::Pin<&mut dyn core[df12db4294e9bfd3]::future::future::Future<Output = ()>>>>::{closure#0}, core[df12db4294e9bfd3]::option::Option<()>>::{closure#0}, (alloc[2182bb758b4b3781]::boxed::Box<tokio[10044d7e6e00f4a1]::runtime::scheduler::current_thread::Core>, core[df12db4294e9bfd3]::option::Option<()>)>
[INFO] [stdout]                                at /opt/rustwide/cargo-home/registry/src/index.crates.io-1949cf8c6b5b557f/tokio-1.53.1/src/runtime/context/scoped.rs:40:9
[INFO] [stdout]   33:     0x5addcde68c19 - tokio[10044d7e6e00f4a1]::runtime::context::set_scheduler::<(alloc[2182bb758b4b3781]::boxed::Box<tokio[10044d7e6e00f4a1]::runtime::scheduler::current_thread::Core>, core[df12db4294e9bfd3]::option::Option<()>), <tokio[10044d7e6e00f4a1]::runtime::scheduler::current_thread::CoreGuard>::enter<<tokio[10044d7e6e00f4a1]::runtime::scheduler::current_thread::CoreGuard>::block_on<core[df12db4294e9bfd3]::pin::Pin<&mut core[df12db4294e9bfd3]::pin::Pin<&mut dyn core[df12db4294e9bfd3]::future::future::Future<Output = ()>>>>::{closure#0}, core[df12db4294e9bfd3]::option::Option<()>>::{closure#0}>::{closure#0}
[INFO] [stdout]                                at /opt/rustwide/cargo-home/registry/src/index.crates.io-1949cf8c6b5b557f/tokio-1.53.1/src/runtime/context.rs:187:38
[INFO] [stdout]   34:     0x5addcde5e0ef - <std[70759c8f55707aa4]::thread::local::LocalKey<tokio[10044d7e6e00f4a1]::runtime::context::Context>>::try_with::<tokio[10044d7e6e00f4a1]::runtime::context::set_scheduler<(alloc[2182bb758b4b3781]::boxed::Box<tokio[10044d7e6e00f4a1]::runtime::scheduler::current_thread::Core>, core[df12db4294e9bfd3]::option::Option<()>), <tokio[10044d7e6e00f4a1]::runtime::scheduler::current_thread::CoreGuard>::enter<<tokio[10044d7e6e00f4a1]::runtime::scheduler::current_thread::CoreGuard>::block_on<core[df12db4294e9bfd3]::pin::Pin<&mut core[df12db4294e9bfd3]::pin::Pin<&mut dyn core[df12db4294e9bfd3]::future::future::Future<Output = ()>>>>::{closure#0}, core[df12db4294e9bfd3]::option::Option<()>>::{closure#0}>::{closure#0}, (alloc[2182bb758b4b3781]::boxed::Box<tokio[10044d7e6e00f4a1]::runtime::scheduler::current_thread::Core>, core[df12db4294e9bfd3]::option::Option<()>)>
[INFO] [stdout]                                at /rustc/dfb0accb7f508ae8be965d8629557221c889dd98/library/std/src/thread/local.rs:463:12
[INFO] [stdout]   35:     0x5addcde5dc9e - <std[70759c8f55707aa4]::thread::local::LocalKey<tokio[10044d7e6e00f4a1]::runtime::context::Context>>::with::<tokio[10044d7e6e00f4a1]::runtime::context::set_scheduler<(alloc[2182bb758b4b3781]::boxed::Box<tokio[10044d7e6e00f4a1]::runtime::scheduler::current_thread::Core>, core[df12db4294e9bfd3]::option::Option<()>), <tokio[10044d7e6e00f4a1]::runtime::scheduler::current_thread::CoreGuard>::enter<<tokio[10044d7e6e00f4a1]::runtime::scheduler::current_thread::CoreGuard>::block_on<core[df12db4294e9bfd3]::pin::Pin<&mut core[df12db4294e9bfd3]::pin::Pin<&mut dyn core[df12db4294e9bfd3]::future::future::Future<Output = ()>>>>::{closure#0}, core[df12db4294e9bfd3]::option::Option<()>>::{closure#0}>::{closure#0}, (alloc[2182bb758b4b3781]::boxed::Box<tokio[10044d7e6e00f4a1]::runtime::scheduler::current_thread::Core>, core[df12db4294e9bfd3]::option::Option<()>)>
[INFO] [stdout]                                at /rustc/dfb0accb7f508ae8be965d8629557221c889dd98/library/std/src/thread/local.rs:427:20
[INFO] [stdout]   36:     0x5addcde6785d - tokio[10044d7e6e00f4a1]::runtime::context::set_scheduler::<(alloc[2182bb758b4b3781]::boxed::Box<tokio[10044d7e6e00f4a1]::runtime::scheduler::current_thread::Core>, core[df12db4294e9bfd3]::option::Option<()>), <tokio[10044d7e6e00f4a1]::runtime::scheduler::current_thread::CoreGuard>::enter<<tokio[10044d7e6e00f4a1]::runtime::scheduler::current_thread::CoreGuard>::block_on<core[df12db4294e9bfd3]::pin::Pin<&mut core[df12db4294e9bfd3]::pin::Pin<&mut dyn core[df12db4294e9bfd3]::future::future::Future<Output = ()>>>>::{closure#0}, core[df12db4294e9bfd3]::option::Option<()>>::{closure#0}>
[INFO] [stdout]                                at /opt/rustwide/cargo-home/registry/src/index.crates.io-1949cf8c6b5b557f/tokio-1.53.1/src/runtime/context.rs:187:17
[INFO] [stdout]   37:     0x5addcde45e80 - <tokio[10044d7e6e00f4a1]::runtime::scheduler::current_thread::CoreGuard>::enter::<<tokio[10044d7e6e00f4a1]::runtime::scheduler::current_thread::CoreGuard>::block_on<core[df12db4294e9bfd3]::pin::Pin<&mut core[df12db4294e9bfd3]::pin::Pin<&mut dyn core[df12db4294e9bfd3]::future::future::Future<Output = ()>>>>::{closure#0}, core[df12db4294e9bfd3]::option::Option<()>>
[INFO] [stdout]                                at /opt/rustwide/cargo-home/registry/src/index.crates.io-1949cf8c6b5b557f/tokio-1.53.1/src/runtime/scheduler/current_thread/mod.rs:906:27
[INFO] [stdout]   38:     0x5addcde46176 - <tokio[10044d7e6e00f4a1]::runtime::scheduler::current_thread::CoreGuard>::block_on::<core[df12db4294e9bfd3]::pin::Pin<&mut core[df12db4294e9bfd3]::pin::Pin<&mut dyn core[df12db4294e9bfd3]::future::future::Future<Output = ()>>>>
[INFO] [stdout]                                at /opt/rustwide/cargo-home/registry/src/index.crates.io-1949cf8c6b5b557f/tokio-1.53.1/src/runtime/scheduler/current_thread/mod.rs:817:24
[INFO] [stdout]   39:     0x5addcde48850 - <tokio[10044d7e6e00f4a1]::runtime::scheduler::current_thread::CurrentThread>::block_on::<core[df12db4294e9bfd3]::pin::Pin<&mut dyn core[df12db4294e9bfd3]::future::future::Future<Output = ()>>>::{closure#0}
[INFO] [stdout]                                at /opt/rustwide/cargo-home/registry/src/index.crates.io-1949cf8c6b5b557f/tokio-1.53.1/src/runtime/scheduler/current_thread/mod.rs:218:33
[INFO] [stdout]   40:     0x5addcde5f508 - tokio[10044d7e6e00f4a1]::runtime::context::runtime::enter_runtime::<<tokio[10044d7e6e00f4a1]::runtime::scheduler::current_thread::CurrentThread>::block_on<core[df12db4294e9bfd3]::pin::Pin<&mut dyn core[df12db4294e9bfd3]::future::future::Future<Output = ()>>>::{closure#0}, ()>
[INFO] [stdout]                                at /opt/rustwide/cargo-home/registry/src/index.crates.io-1949cf8c6b5b557f/tokio-1.53.1/src/runtime/context/runtime.rs:65:16
[INFO] [stdout]   41:     0x5addcde451f4 - <tokio[10044d7e6e00f4a1]::runtime::scheduler::current_thread::CurrentThread>::block_on::<core[df12db4294e9bfd3]::pin::Pin<&mut dyn core[df12db4294e9bfd3]::future::future::Future<Output = ()>>>
[INFO] [stdout]                                at /opt/rustwide/cargo-home/registry/src/index.crates.io-1949cf8c6b5b557f/tokio-1.53.1/src/runtime/scheduler/current_thread/mod.rs:206:9
[INFO] [stdout]   42:     0x5addcde536af - <tokio[10044d7e6e00f4a1]::runtime::runtime::Runtime>::block_on_inner::<core[df12db4294e9bfd3]::pin::Pin<&mut dyn core[df12db4294e9bfd3]::future::future::Future<Output = ()>>>
[INFO] [stdout]                                at /opt/rustwide/cargo-home/registry/src/index.crates.io-1949cf8c6b5b557f/tokio-1.53.1/src/runtime/runtime.rs:374:52
[INFO] [stdout]   43:     0x5addcde537fb - <tokio[10044d7e6e00f4a1]::runtime::runtime::Runtime>::block_on::<core[df12db4294e9bfd3]::pin::Pin<&mut dyn core[df12db4294e9bfd3]::future::future::Future<Output = ()>>>
[INFO] [stdout]                                at /opt/rustwide/cargo-home/registry/src/index.crates.io-1949cf8c6b5b557f/tokio-1.53.1/src/runtime/runtime.rs:343:18
[INFO] [stdout]   44:     0x5addcde3e0ee - headless_runtime[19939d7ea5737fb]::root_lsp_effect_and_response_lifecycle_updates_language_views
[INFO] [stdout]                                at /opt/rustwide/workdir/tests/headless_runtime.rs:707:64
[INFO] [stdout]   45:     0x5addcde27f07 - headless_runtime[19939d7ea5737fb]::root_lsp_effect_and_response_lifecycle_updates_language_views::{closure#0}
[INFO] [stdout]                                at /opt/rustwide/workdir/tests/headless_runtime.rs:503:73
[INFO] [stdout]   46:     0x5addcde530e6 - <headless_runtime[19939d7ea5737fb]::root_lsp_effect_and_response_lifecycle_updates_language_views::{closure#0} as core[df12db4294e9bfd3]::ops::function::FnOnce<()>>::call_once
[INFO] [stdout]                                at /rustc/dfb0accb7f508ae8be965d8629557221c889dd98/library/core/src/ops/function.rs:250:5
[INFO] [stdout]   47:     0x5addcde6d10b - <fn() -> core[df12db4294e9bfd3]::result::Result<(), alloc[2182bb758b4b3781]::string::String> as core[df12db4294e9bfd3]::ops::function::FnOnce<()>>::call_once
[INFO] [stdout]                                at /rustc/dfb0accb7f508ae8be965d8629557221c889dd98/library/core/src/ops/function.rs:250:5
[INFO] [stdout]   48:     0x5addcde6d10b - test[9d35eded1c95d3be]::__rust_begin_short_backtrace::<core[df12db4294e9bfd3]::result::Result<(), alloc[2182bb758b4b3781]::string::String>, fn() -> core[df12db4294e9bfd3]::result::Result<(), alloc[2182bb758b4b3781]::string::String>>
[INFO] [stdout]                                at /rustc/dfb0accb7f508ae8be965d8629557221c889dd98/library/test/src/lib.rs:733:18
[INFO] [stdout]   49:     0x5addcde7a775 - test[9d35eded1c95d3be]::run_test_in_process::{closure#0}
[INFO] [stdout]                                at /rustc/dfb0accb7f508ae8be965d8629557221c889dd98/library/test/src/lib.rs:756:74
[INFO] [stdout]   50:     0x5addcde7a775 - <core[df12db4294e9bfd3]::panic::unwind_safe::AssertUnwindSafe<test[9d35eded1c95d3be]::run_test_in_process::{closure#0}> as core[df12db4294e9bfd3]::ops::function::FnOnce<()>>::call_once
[INFO] [stdout]                                at /rustc/dfb0accb7f508ae8be965d8629557221c889dd98/library/core/src/panic/unwind_safe.rs:275:9
[INFO] [stdout]   51:     0x5addcde7a775 - std[70759c8f55707aa4]::panicking::catch_unwind::do_call::<core[df12db4294e9bfd3]::panic::unwind_safe::AssertUnwindSafe<test[9d35eded1c95d3be]::run_test_in_process::{closure#0}>, core[df12db4294e9bfd3]::result::Result<(), alloc[2182bb758b4b3781]::string::String>>
[INFO] [stdout]                                at /rustc/dfb0accb7f508ae8be965d8629557221c889dd98/library/std/src/panicking.rs:576:43
[INFO] [stdout]   52:     0x5addcde7a775 - std[70759c8f55707aa4]::panicking::catch_unwind::<core[df12db4294e9bfd3]::result::Result<(), alloc[2182bb758b4b3781]::string::String>, core[df12db4294e9bfd3]::panic::unwind_safe::AssertUnwindSafe<test[9d35eded1c95d3be]::run_test_in_process::{closure#0}>>
[INFO] [stdout]                                at /rustc/dfb0accb7f508ae8be965d8629557221c889dd98/library/std/src/panicking.rs:544:19
[INFO] [stdout]   53:     0x5addcde7a775 - std[70759c8f55707aa4]::panic::catch_unwind::<core[df12db4294e9bfd3]::panic::unwind_safe::AssertUnwindSafe<test[9d35eded1c95d3be]::run_test_in_process::{closure#0}>, core[df12db4294e9bfd3]::result::Result<(), alloc[2182bb758b4b3781]::string::String>>
[INFO] [stdout]                                at /rustc/dfb0accb7f508ae8be965d8629557221c889dd98/library/std/src/panic.rs:359:14
[INFO] [stdout]   54:     0x5addcde7a775 - test[9d35eded1c95d3be]::run_test_in_process
[INFO] [stdout]                                at /rustc/dfb0accb7f508ae8be965d8629557221c889dd98/library/test/src/lib.rs:756:27
[INFO] [stdout]   55:     0x5addcde7a775 - test[9d35eded1c95d3be]::run_test::{closure#0}
[INFO] [stdout]                                at /rustc/dfb0accb7f508ae8be965d8629557221c889dd98/library/test/src/lib.rs:677:43
[INFO] [stdout]   56:     0x5addcde74034 - test[9d35eded1c95d3be]::run_test::{closure#1}
[INFO] [stdout]                                at /rustc/dfb0accb7f508ae8be965d8629557221c889dd98/library/test/src/lib.rs:707:41
[INFO] [stdout]   57:     0x5addcde74034 - std[70759c8f55707aa4]::sys::backtrace::__rust_begin_short_backtrace::<test[9d35eded1c95d3be]::run_test::{closure#1}, ()>
[INFO] [stdout]                                at /rustc/dfb0accb7f508ae8be965d8629557221c889dd98/library/std/src/sys/backtrace.rs:166:18
[INFO] [stdout]   58:     0x5addcde7d8d2 - std[70759c8f55707aa4]::thread::lifecycle::spawn_unchecked::<test[9d35eded1c95d3be]::run_test::{closure#1}, ()>::{closure#1}::{closure#0}
[INFO] [stdout]                                at /rustc/dfb0accb7f508ae8be965d8629557221c889dd98/library/std/src/thread/lifecycle.rs:70:13
[INFO] [stdout]   59:     0x5addcde7d8d2 - <core[df12db4294e9bfd3]::panic::unwind_safe::AssertUnwindSafe<std[70759c8f55707aa4]::thread::lifecycle::spawn_unchecked<test[9d35eded1c95d3be]::run_test::{closure#1}, ()>::{closure#1}::{closure#0}> as core[df12db4294e9bfd3]::ops::function::FnOnce<()>>::call_once
[INFO] [stdout]                                at /rustc/dfb0accb7f508ae8be965d8629557221c889dd98/library/core/src/panic/unwind_safe.rs:275:9
[INFO] [stdout]   60:     0x5addcde7d8d2 - std[70759c8f55707aa4]::panicking::catch_unwind::do_call::<core[df12db4294e9bfd3]::panic::unwind_safe::AssertUnwindSafe<std[70759c8f55707aa4]::thread::lifecycle::spawn_unchecked<test[9d35eded1c95d3be]::run_test::{closure#1}, ()>::{closure#1}::{closure#0}>, ()>
[INFO] [stdout]                                at /rustc/dfb0accb7f508ae8be965d8629557221c889dd98/library/std/src/panicking.rs:576:43
[INFO] [stdout]   61:     0x5addcde7d8d2 - std[70759c8f55707aa4]::panicking::catch_unwind::<(), core[df12db4294e9bfd3]::panic::unwind_safe::AssertUnwindSafe<std[70759c8f55707aa4]::thread::lifecycle::spawn_unchecked<test[9d35eded1c95d3be]::run_test::{closure#1}, ()>::{closure#1}::{closure#0}>>
[INFO] [stdout]                                at /rustc/dfb0accb7f508ae8be965d8629557221c889dd98/library/std/src/panicking.rs:544:19
[INFO] [stdout]   62:     0x5addcde7d8d2 - std[70759c8f55707aa4]::panic::catch_unwind::<core[df12db4294e9bfd3]::panic::unwind_safe::AssertUnwindSafe<std[70759c8f55707aa4]::thread::lifecycle::spawn_unchecked<test[9d35eded1c95d3be]::run_test::{closure#1}, ()>::{closure#1}::{closure#0}>, ()>
[INFO] [stdout]                                at /rustc/dfb0accb7f508ae8be965d8629557221c889dd98/library/std/src/panic.rs:359:14
[INFO] [stdout]   63:     0x5addcde7d8d2 - std[70759c8f55707aa4]::thread::lifecycle::spawn_unchecked::<test[9d35eded1c95d3be]::run_test::{closure#1}, ()>::{closure#1}
[INFO] [stdout]                                at /rustc/dfb0accb7f508ae8be965d8629557221c889dd98/library/std/src/thread/lifecycle.rs:68:26
[INFO] [stdout]   64:     0x5addcde7d8d2 - <std[70759c8f55707aa4]::thread::lifecycle::spawn_unchecked<test[9d35eded1c95d3be]::run_test::{closure#1}, ()>::{closure#1} as core[df12db4294e9bfd3]::ops::function::FnOnce<()>>::call_once::{shim:vtable#0}
[INFO] [stdout]                                at /rustc/dfb0accb7f508ae8be965d8629557221c889dd98/library/core/src/ops/function.rs:250:5
[INFO] [stdout]   65:     0x5addce7399a9 - <alloc[2182bb758b4b3781]::boxed::Box<dyn core[df12db4294e9bfd3]::ops::function::FnOnce<(), Output = ()> + core[df12db4294e9bfd3]::marker::Send> as core[df12db4294e9bfd3]::ops::function::FnOnce<()>>::call_once
[INFO] [stdout]                                at /rustc/dfb0accb7f508ae8be965d8629557221c889dd98/library/alloc/src/boxed.rs:2320:9
[INFO] [stdout]   66:     0x5addce7399a9 - <std[70759c8f55707aa4]::sys::thread::unix::Thread>::new::thread_start
[INFO] [stdout]                                at /rustc/dfb0accb7f508ae8be965d8629557221c889dd98/library/std/src/sys/thread/unix.rs:123:17
[INFO] [stdout]   67:     0x743b8ed87dfa - <unknown>
[INFO] [stdout]   68:     0x743b8ee1b3d4 - clone
[INFO] [stdout]   69:                0x0 - <unknown>
[INFO] [stdout] 
[INFO] [stdout] 
[INFO] [stdout] failures:
[INFO] [stdout]     root_fake_server_cancellation_and_crash_restart_are_observable
[INFO] [stdout]     root_lsp_effect_and_response_lifecycle_updates_language_views
[INFO] [stdout] 
[INFO] [stdout] test result: FAILED. 32 passed; 2 failed; 0 ignored; 0 measured; 0 filtered out; finished in 0.77s
[INFO] [stdout] 
[INFO] [stderr] error: test failed, to rerun pass `--test headless_runtime`
[INFO] running `Command { std: "docker" "inspect" "85092a2c2e0eeff4431e5d76a4b69387ff1d42bb63eb8fd2f6f99e1ef7f061fb", kill_on_drop: false }`
[INFO] running `Command { std: "docker" "rm" "-f" "85092a2c2e0eeff4431e5d76a4b69387ff1d42bb63eb8fd2f6f99e1ef7f061fb", kill_on_drop: false }`
[INFO] [stdout] 85092a2c2e0eeff4431e5d76a4b69387ff1d42bb63eb8fd2f6f99e1ef7f061fb
