[INFO] cloning repository https://github.com/LoganBarnett/rust-template
[INFO] running `Command { std: "git" "-c" "credential.helper=" "-c" "credential.helper=/workspace/cargo-home/bin/git-credential-null" "clone" "--bare" "https://github.com/LoganBarnett/rust-template" "/workspace/cache/git-repos/https%3A%2F%2Fgithub.com%2FLoganBarnett%2Frust-template", kill_on_drop: false }`
[INFO] [stderr] Cloning into bare repository '/workspace/cache/git-repos/https%3A%2F%2Fgithub.com%2FLoganBarnett%2Frust-template'...
[INFO] running `Command { std: "git" "rev-parse" "HEAD", kill_on_drop: false }`
[INFO] [stdout] 25aed9a0e9559e9a4d2bb96473c8ec3e386f86ee
[INFO] testing LoganBarnett/rust-template against 1.99.0-beta.8 for beta-1.100-2
[INFO] running `Command { std: "git" "clone" "/workspace/cache/git-repos/https%3A%2F%2Fgithub.com%2FLoganBarnett%2Frust-template" "/workspace/builds/worker-3-tc1/source", kill_on_drop: false }`
[INFO] [stderr] Cloning into '/workspace/builds/worker-3-tc1/source'...
[INFO] [stderr] done.
[INFO] started tweaking git repo https://github.com/LoganBarnett/rust-template
[INFO] finished tweaking git repo https://github.com/LoganBarnett/rust-template
[INFO] tweaked toml for git repo https://github.com/LoganBarnett/rust-template written to /workspace/builds/worker-3-tc1/source/Cargo.toml
[INFO] validating manifest of git repo https://github.com/LoganBarnett/rust-template on toolchain 1.99.0-beta.8
[INFO] running `Command { std: CARGO_HOME="/workspace/cargo-home" RUSTUP_HOME="/workspace/rustup-home" "/workspace/cargo-home/bin/cargo" "+1.99.0-beta.8" "metadata" "--manifest-path" "Cargo.toml" "--no-deps", kill_on_drop: false }`
[INFO] crate git repo https://github.com/LoganBarnett/rust-template already has a lockfile, it will not be regenerated
[INFO] running `Command { std: CARGO_HOME="/workspace/cargo-home" RUSTUP_HOME="/workspace/rustup-home" "/workspace/cargo-home/bin/cargo" "+1.99.0-beta.8" "fetch" "--manifest-path" "Cargo.toml", kill_on_drop: false }`
[INFO] [stderr]     Updating crates.io index
[INFO] [stderr]     Updating git repository `https://github.com/LoganBarnett/orgize.git`
[INFO] [stderr]     Updating git repository `https://github.com/LoganBarnett/org-fmt.git`
[INFO] [stderr]  Downloading crates ...
[INFO] [stderr]   Downloaded tower-sessions-memory-store v0.15.0
[INFO] [stderr]   Downloaded tracing-journald v0.3.2
[INFO] [stderr]   Downloaded tower-sessions-core v0.15.0
[INFO] [stderr]   Downloaded tower-sessions v0.15.0
[INFO] [stderr]   Downloaded tokio-listener v0.5.2
[INFO] [stderr]   Downloaded sd-notify v0.5.0
[INFO] [stderr]   Downloaded tower-cookies v0.11.0
[INFO] [stderr]   Downloaded cc v1.5.0
[INFO] [stderr]   Downloaded zerocopy v0.8.58
[INFO] [stderr]   Downloaded zerocopy-derive v0.8.58
[INFO] [stderr]   Downloaded schemars_derive v0.9.0
[INFO] [stderr]   Downloaded axum-jwt-auth v0.7.0
[INFO] [stderr]   Downloaded aide-macros v0.15.0
[INFO] [stderr]   Downloaded axum-extra v0.12.6
[INFO] [stderr]   Downloaded headers v0.4.2
[INFO] [stderr]   Downloaded serde_qs v0.14.0
[INFO] [stderr]   Downloaded faster-hex v0.10.1
[INFO] [stderr]   Downloaded gix-worktree v0.56.0
[INFO] [stderr]   Downloaded gix-ignore v0.22.1
[INFO] [stderr]   Downloaded gix-submodule v0.34.0
[INFO] [stderr]   Downloaded gix-pathspec v0.20.0
[INFO] [stderr]   Downloaded gix-status v0.34.1
[INFO] [stderr]   Downloaded gix-dir v0.29.1
[INFO] [stderr]   Downloaded gix-imara-diff v0.2.5
[INFO] [stderr]   Downloaded owo-colors v4.4.0
[INFO] [stderr]   Downloaded rowan v0.15.19
[INFO] [stderr]   Downloaded yaml-rust2 v0.12.0
[INFO] [stderr]   Downloaded aide v0.15.1
[INFO] [stderr]   Downloaded rnix v0.11.0
[INFO] running `Command { std: "docker" "create" "-v" "/var/lib/crater-agent-workspace/builds/worker-3-tc1/source:/opt/rustwide/workdir:ro,Z" "-v" "/var/lib/crater-agent-workspace/builds/worker-3-tc1/target:/opt/rustwide/target:rw,Z" "-v" "/var/lib/crater-agent-workspace/cargo-home:/opt/rustwide/cargo-home:ro,Z" "-v" "/var/lib/crater-agent-workspace/rustup-home:/opt/rustwide/rustup-home:ro,Z" "-m" "1610612736" "--network" "none" "ghcr.io/rust-lang/crates-build-env/linux@sha256:3111399a4047eeb3a02b7a90e478d715f38a8c6669b5c4b49d30a17385265909" "sleep" "infinity", kill_on_drop: false }`
[INFO] [stdout] 1dc6c37e011b577913ce2a0c45de39721dcce9172fde8a307bd5db6e18e4d874
[INFO] running `Command { std: "docker" "start" "1dc6c37e011b577913ce2a0c45de39721dcce9172fde8a307bd5db6e18e4d874", kill_on_drop: false }`
[INFO] running `Command { std: "docker" "inspect" "1dc6c37e011b577913ce2a0c45de39721dcce9172fde8a307bd5db6e18e4d874", kill_on_drop: false }`
[INFO] running `Command { std: "docker" "exec" "-e" "SOURCE_DIR=/opt/rustwide/workdir" "-e" "CARGO_HOME=/opt/rustwide/cargo-home" "-e" "RUSTUP_HOME=/opt/rustwide/rustup-home" "-e" "CARGO_TARGET_DIR=/opt/rustwide/target" "-w" "/opt/rustwide/workdir" "--user" "0:0" "1dc6c37e011b577913ce2a0c45de39721dcce9172fde8a307bd5db6e18e4d874" "/opt/rustwide/cargo-home/bin/cargo" "+1.99.0-beta.8" "metadata" "--no-deps" "--format-version=1", kill_on_drop: false }`
[INFO] running `Command { std: "docker" "inspect" "1dc6c37e011b577913ce2a0c45de39721dcce9172fde8a307bd5db6e18e4d874", kill_on_drop: false }`
[INFO] running `Command { std: "docker" "exec" "-e" "SOURCE_DIR=/opt/rustwide/workdir" "-e" "CARGO_HOME=/opt/rustwide/cargo-home" "-e" "RUSTUP_HOME=/opt/rustwide/rustup-home" "-e" "CARGO_TARGET_DIR=/opt/rustwide/target" "-e" "CARGO_INCREMENTAL=0" "-e" "RUST_BACKTRACE=full" "-e" "RUSTFLAGS=--cap-lints=warn" "-e" "RUSTDOCFLAGS=--cap-lints=warn" "-w" "/opt/rustwide/workdir" "--user" "0:0" "1dc6c37e011b577913ce2a0c45de39721dcce9172fde8a307bd5db6e18e4d874" "/opt/rustwide/cargo-home/bin/cargo" "+1.99.0-beta.8" "build" "--frozen" "--message-format=json", kill_on_drop: false }`
[INFO] [stderr]    Compiling proc-macro2 v1.0.107
[INFO] [stderr]    Compiling unicode-ident v1.0.26
[INFO] [stderr]    Compiling quote v1.0.47
[INFO] [stderr]    Compiling cfg-if v1.0.5
[INFO] [stderr]    Compiling memchr v2.8.3
[INFO] [stderr]    Compiling libc v0.2.189
[INFO] [stderr]    Compiling thiserror v2.0.21
[INFO] [stderr]    Compiling smallvec v1.16.2
[INFO] [stderr]    Compiling getrandom v0.4.3
[INFO] [stderr]    Compiling crossbeam-utils v0.8.23
[INFO] [stderr]    Compiling fastrand v2.5.0
[INFO] [stderr]    Compiling tinyvec v1.13.3
[INFO] [stderr]    Compiling regex-automata v0.4.18
[INFO] [stderr]    Compiling gix-trace v0.1.21
[INFO] [stderr]    Compiling crc32fast v1.5.2
[INFO] [stderr]    Compiling bitflags v2.13.2
[INFO] [stderr]    Compiling generic-array v0.14.9
[INFO] [stderr]    Compiling heapless v0.8.0
[INFO] [stderr]    Compiling hash32 v0.3.1
[INFO] [stderr]    Compiling faster-hex v0.10.1
[INFO] [stderr]    Compiling hashbrown v0.14.5
[INFO] [stderr]    Compiling foldhash v0.2.0
[INFO] [stderr]    Compiling rustix v1.1.5
[INFO] [stderr]    Compiling linux-raw-sys v0.12.1
[INFO] [stderr]    Compiling jiff-core v0.1.1
[INFO] [stderr]    Compiling serde_core v1.0.229
[INFO] [stderr]    Compiling unicode-normalization v0.1.25
[INFO] [stderr]    Compiling hashbrown v0.17.1
[INFO] [stderr]    Compiling rustversion v1.0.23
[INFO] [stderr]    Compiling nonempty v0.12.0
[INFO] [stderr]    Compiling unicode-bom v2.0.3
[INFO] [stderr]    Compiling serde v1.0.229
[INFO] [stderr]    Compiling zmij v1.0.23
[INFO] [stderr]    Compiling crossbeam-channel v0.5.17
[INFO] [stderr]    Compiling anstyle-parse v1.0.0
[INFO] [stderr]    Compiling is_terminal_polyfill v1.70.2
[INFO] [stderr]    Compiling core_detect v1.0.0
[INFO] [stderr]    Compiling colorchoice v1.0.5
[INFO] [stderr]    Compiling anstyle v1.0.14
[INFO] [stderr]    Compiling multiversion_no_op v1.0.0
[INFO] [stderr]    Compiling simdutf8 v0.1.5
[INFO] [stderr]    Compiling anstyle-query v1.1.5
[INFO] [stderr]    Compiling serde_json v1.0.151
[INFO] [stderr]    Compiling log v0.4.34
[INFO] [stderr]    Compiling anstream v1.0.0
[INFO] [stderr]    Compiling winnow v1.0.4
[INFO] [stderr]    Compiling syn v3.0.6
[INFO] [stderr]    Compiling crypto-common v0.1.6
[INFO] [stderr]    Compiling block-buffer v0.10.4
[INFO] [stderr]    Compiling syn v2.0.119
[INFO] [stderr]    Compiling clap_lex v1.1.1
[INFO] [stderr]    Compiling tracing-log v0.2.0
[INFO] [stderr]    Compiling encoding_rs v0.8.42
[INFO] [stderr]    Compiling thread_local v1.1.10
[INFO] [stderr]    Compiling digest v0.10.7
[INFO] [stderr]    Compiling clap_builder v4.6.7
[INFO] [stderr]    Compiling crossbeam-epoch v0.9.21
[INFO] [stderr]    Compiling toml_writer v1.1.2+spec-1.1.0
[INFO] [stderr]    Compiling memoffset v0.9.1
[INFO] [stderr]    Compiling sha1 v0.10.7
[INFO] [stderr]    Compiling crossbeam-deque v0.8.8
[INFO] [stderr]    Compiling parking_lot_core v0.9.12
[INFO] [stderr]    Compiling memmap2 v0.9.11
[INFO] [stderr]    Compiling gix-sec v0.14.2
[INFO] [stderr]    Compiling filetime v0.2.29
[INFO] [stderr]    Compiling toml_parser v1.1.3+spec-1.1.0
[INFO] [stderr]    Compiling sha1-checked v0.10.0
[INFO] [stderr]    Compiling jiff v0.2.37
[INFO] [stderr]    Compiling parking_lot v0.12.5
[INFO] [stderr]    Compiling dashmap v6.2.1
[INFO] [stderr]    Compiling hashbrown v0.16.1
[INFO] [stderr]    Compiling zlib-rs v0.6.8
[INFO] [stderr]    Compiling rustc-hash v1.1.0
[INFO] [stderr]    Compiling prodash v31.0.0
[INFO] [stderr]    Compiling countme v3.0.1
[INFO] [stderr]    Compiling jetscii v0.5.3
[INFO] [stderr]    Compiling is_ci v1.2.0
[INFO] [stderr]    Compiling text-size v1.1.1
[INFO] [stderr]    Compiling is-terminal v0.4.17
[INFO] [stderr]    Compiling arc-swap v1.9.2
[INFO] [stderr]    Compiling bstr v1.13.1
[INFO] [stderr]    Compiling matchers v0.2.0
[INFO] [stderr]    Compiling rowan v0.15.19
[INFO] [stderr]    Compiling nom v7.1.3
[INFO] [stderr]    Compiling clru v0.6.3
[INFO] [stderr]    Compiling supports-color v2.1.0
[INFO] [stderr]    Compiling supports-color v3.0.2
[INFO] [stderr]    Compiling hashlink v0.12.2
[INFO] [stderr]    Compiling arraydeque v0.5.1
[INFO] [stderr]    Compiling bytecount v0.6.9
[INFO] [stderr]    Compiling tempfile v3.27.0
[INFO] [stderr]    Compiling owo-colors v4.4.0
[INFO] [stderr]    Compiling gix-validate v0.11.4
[INFO] [stderr]    Compiling gix-utils v0.3.6
[INFO] [stderr]    Compiling gix-error v0.3.2
[INFO] [stderr]    Compiling gix-imara-diff v0.2.5
[INFO] [stderr]    Compiling rnix v0.11.0
[INFO] [stderr]    Compiling yaml-rust2 v0.12.0
[INFO] [stderr]    Compiling gix-quote v0.8.0
[INFO] [stderr]    Compiling gix-chunk v0.8.0
[INFO] [stderr]    Compiling toml_datetime v1.1.1+spec-1.1.0
[INFO] [stderr]    Compiling serde_spanned v1.1.1
[INFO] [stderr]    Compiling gix-bitmap v0.4.0
[INFO] [stderr]    Compiling rust-template-cross-fixture v0.137.0 (/opt/rustwide/workdir/crates/cross-fixture)
[INFO] [stderr]    Compiling toml v1.1.6+spec-1.1.0
[INFO] [stderr]    Compiling orgize v0.10.0-alpha.10 (https://github.com/LoganBarnett/orgize.git?branch=fix-multiline-bracket-link#164ec5f9)
[INFO] [stderr]    Compiling gix-date v0.16.0
[INFO] [stderr]    Compiling thiserror-impl v2.0.21
[INFO] [stderr]    Compiling serde_derive v1.0.229
[INFO] [stderr]    Compiling clap_derive v4.6.7
[INFO] [stderr]    Compiling gix-actor v0.42.0
[INFO] [stderr]    Compiling tracing-attributes v0.1.31
[INFO] [stderr]    Compiling rust-template-foundation-derive v0.137.0 (/opt/rustwide/workdir/crates/foundation-derive)
[INFO] [stderr]    Compiling gix-macros v0.1.6
[INFO] [stderr]    Compiling gix-path v0.12.6
[INFO] [stderr]    Compiling gix-packetline v0.22.2
[INFO] [stderr]    Compiling clap v4.6.7
[INFO] [stderr]    Compiling gix-zlib v0.1.0
[INFO] [stderr]    Compiling gix-features v0.49.1
[INFO] [stderr]    Compiling gix-command v0.10.1
[INFO] [stderr]    Compiling gix-config-value v0.19.1
[INFO] [stderr]    Compiling gix-url v0.38.0
[INFO] [stderr]    Compiling tracing v0.1.44
[INFO] [stderr]    Compiling gix-hash v0.26.2
[INFO] [stderr]    Compiling gix-fs v0.22.1
[INFO] [stderr]    Compiling gix-glob v0.27.1
[INFO] [stderr]    Compiling gix-transport v0.59.2
[INFO] [stderr]    Compiling gix-tempfile v24.0.0
[INFO] [stderr]    Compiling gix-attributes v0.35.0
[INFO] [stderr]    Compiling gix-ignore v0.22.1
[INFO] [stderr]    Compiling gix-hashtable v0.16.0
[INFO] [stderr]    Compiling gix-commitgraph v0.39.0
[INFO] [stderr]    Compiling gix-refspec v0.45.1
[INFO] [stderr]    Compiling gix-object v0.64.1
[INFO] [stderr]    Compiling gix-lock v24.0.0
[INFO] [stderr]    Compiling gix-shallow v0.13.0
[INFO] [stderr]    Compiling gix-pathspec v0.20.0
[INFO] [stderr]    Compiling tracing-serde v0.2.0
[INFO] [stderr]    Compiling org-fmt-lib v0.1.0 (https://github.com/LoganBarnett/org-fmt.git?rev=92a603feea4ae8c9046e4e2ad0dfbf5950d4af4c#92a603fe)
[INFO] [stderr]    Compiling tracing-subscriber v0.3.23
[INFO] [stderr]    Compiling gix-revwalk v0.35.0
[INFO] [stderr]    Compiling gix-ref v0.67.1
[INFO] [stderr]    Compiling gix-filter v0.34.0
[INFO] [stderr]    Compiling gix-pack v0.74.2
[INFO] [stderr]    Compiling gix-traverse v0.61.0
[INFO] [stderr]    Compiling gix-revision v0.49.1
[INFO] [stderr]    Compiling gix-index v0.55.0
[INFO] [stderr]    Compiling gix-discover v0.55.0
[INFO] [stderr]    Compiling gix-config v0.60.0
[INFO] [stderr]    Compiling gix-protocol v0.65.1
[INFO] [stderr]    Compiling gix-odb v0.84.0
[INFO] [stderr]    Compiling rust-template-foundation v0.137.0 (/opt/rustwide/workdir/crates/foundation)
[INFO] [stderr]    Compiling gix-worktree v0.56.0
[INFO] [stderr]    Compiling rust-template-compliance-lib v0.137.0 (/opt/rustwide/workdir/crates/compliance-lib)
[INFO] [stderr]    Compiling rust-template-dependency-bump-lib v0.137.0 (/opt/rustwide/workdir/crates/dependency-bump-lib)
[INFO] [stderr]    Compiling gix-diff v0.67.1
[INFO] [stderr]    Compiling gix-dir v0.29.1
[INFO] [stderr]    Compiling gix-submodule v0.34.0
[INFO] [stderr]    Compiling rust-template-dependency-bump-cli v0.137.0 (/opt/rustwide/workdir/crates/dependency-bump-cli)
[INFO] [stderr]    Compiling gix-status v0.34.1
[INFO] [stderr]    Compiling rust-template-compliance-cli v0.137.0 (/opt/rustwide/workdir/crates/compliance-cli)
[INFO] [stderr]    Compiling gix v0.87.1
[INFO] [stderr]    Compiling rust-template-review-lib v0.137.0 (/opt/rustwide/workdir/crates/review-lib)
[INFO] [stderr]    Compiling rust-template-review-cli v0.137.0 (/opt/rustwide/workdir/crates/review-cli)
[INFO] [stderr]     Finished `dev` profile [unoptimized + debuginfo] target(s) in 1m 25s
[INFO] running `Command { std: "docker" "inspect" "1dc6c37e011b577913ce2a0c45de39721dcce9172fde8a307bd5db6e18e4d874", kill_on_drop: false }`
[INFO] running `Command { std: "docker" "exec" "-e" "SOURCE_DIR=/opt/rustwide/workdir" "-e" "CARGO_HOME=/opt/rustwide/cargo-home" "-e" "RUSTUP_HOME=/opt/rustwide/rustup-home" "-e" "CARGO_TARGET_DIR=/opt/rustwide/target" "-e" "CARGO_INCREMENTAL=0" "-e" "RUST_BACKTRACE=full" "-e" "RUSTFLAGS=--cap-lints=warn" "-e" "RUSTDOCFLAGS=--cap-lints=warn" "-w" "/opt/rustwide/workdir" "--user" "0:0" "1dc6c37e011b577913ce2a0c45de39721dcce9172fde8a307bd5db6e18e4d874" "/opt/rustwide/cargo-home/bin/cargo" "+1.99.0-beta.8" "test" "--frozen" "--no-run" "--message-format=json", kill_on_drop: false }`
[INFO] [stderr]    Compiling smallvec v1.16.2
[INFO] [stderr]    Compiling generic-array v0.14.9
[INFO] [stderr]    Compiling serde_core v1.0.229
[INFO] [stderr]    Compiling syn v3.0.6
[INFO] [stderr]    Compiling syn v2.0.119
[INFO] [stderr]    Compiling getrandom v0.2.17
[INFO] [stderr]    Compiling serde_json v1.0.151
[INFO] [stderr]    Compiling spin v0.9.9
[INFO] [stderr]    Compiling bytes v1.12.1
[INFO] [stderr]    Compiling futures-core v0.3.34
[INFO] [stderr]    Compiling base64ct v1.8.3
[INFO] [stderr]    Compiling libm v0.2.16
[INFO] [stderr]    Compiling errno v0.3.14
[INFO] [stderr]    Compiling num-traits v0.2.19
[INFO] [stderr]    Compiling socket2 v0.6.5
[INFO] [stderr]    Compiling mio v1.2.3
[INFO] [stderr]    Compiling lazy_static v1.5.0
[INFO] [stderr]    Compiling find-msvc-tools v0.1.14
[INFO] [stderr]    Compiling sharded-slab v0.1.7
[INFO] [stderr]    Compiling signal-hook-registry v1.4.8
[INFO] [stderr]    Compiling writeable v0.6.4
[INFO] [stderr]    Compiling parking_lot_core v0.9.12
[INFO] [stderr]    Compiling rand_core v0.6.4
[INFO] [stderr]    Compiling pem-rfc7468 v0.7.0
[INFO] [stderr]    Compiling cc v1.5.0
[INFO] [stderr]    Compiling litemap v0.8.3
[INFO] [stderr]    Compiling futures-io v0.3.34
[INFO] [stderr]    Compiling icu_properties_data v2.3.0
[INFO] [stderr]    Compiling parking_lot v0.12.5
[INFO] [stderr]    Compiling dashmap v6.2.1
[INFO] [stderr]    Compiling zerocopy v0.8.58
[INFO] [stderr]    Compiling icu_normalizer_data v2.3.0
[INFO] [stderr]    Compiling futures-task v0.3.34
[INFO] [stderr]    Compiling slab v0.4.12
[INFO] [stderr]    Compiling futures-channel v0.3.34
[INFO] [stderr]    Compiling prodash v31.0.0
[INFO] [stderr]    Compiling futures-util v0.3.34
[INFO] [stderr]    Compiling http v0.2.12
[INFO] [stderr]    Compiling ff v0.13.1
[INFO] [stderr]    Compiling futures-sink v0.3.34
[INFO] [stderr]    Compiling rustls v0.21.12
[INFO] [stderr]    Compiling http v1.5.0
[INFO] [stderr]    Compiling indexmap v2.14.2
[INFO] [stderr]    Compiling semver v1.0.28
[INFO] [stderr]    Compiling group v0.13.0
[INFO] [stderr]    Compiling socket2 v0.5.10
[INFO] [stderr]    Compiling time-core v0.1.9
[INFO] [stderr]    Compiling num-conv v0.2.2
[INFO] [stderr]    Compiling rustc_version v0.4.1
[INFO] [stderr]    Compiling num-bigint-dig v0.8.6
[INFO] [stderr]    Compiling time-macros v0.2.32
[INFO] [stderr]    Compiling iana-time-zone v0.1.65
[INFO] [stderr]    Compiling deranged v0.5.8
[INFO] [stderr]    Compiling http-body v1.1.0
[INFO] [stderr]    Compiling curve25519-dalek v4.1.3
[INFO] [stderr]    Compiling ipnet v2.12.2
[INFO] [stderr]    Compiling http-body-util v0.1.5
[INFO] [stderr]    Compiling either v1.18.0
[INFO] [stderr]    Compiling pem v3.0.6
[INFO] [stderr]    Compiling http-body v0.4.6
[INFO] [stderr]    Compiling dyn-clone v1.0.20
[INFO] [stderr]    Compiling itertools v0.10.5
[INFO] [stderr]    Compiling rust-template-cross-fixture v0.137.0 (/opt/rustwide/workdir/crates/cross-fixture)
[INFO] [stderr]    Compiling ring v0.17.14
[INFO] [stderr]    Compiling num-integer v0.1.47
[INFO] [stderr]    Compiling ordered-float v2.10.1
[INFO] [stderr]    Compiling num-iter v0.1.46
[INFO] [stderr]    Compiling num-bigint v0.4.8
[INFO] [stderr]    Compiling time v0.3.55
[INFO] [stderr]    Compiling serde_spanned v1.1.1
[INFO] [stderr]    Compiling toml_datetime v1.1.1+spec-1.1.0
[INFO] [stderr]    Compiling serde_path_to_error v0.1.20
[INFO] [stderr]    Compiling toml v1.1.6+spec-1.1.0
[INFO] [stderr]    Compiling synstructure v0.14.0
[INFO] [stderr]    Compiling darling_core v0.24.1
[INFO] [stderr]    Compiling thiserror-impl v2.0.21
[INFO] [stderr]    Compiling serde_derive v1.0.229
[INFO] [stderr]    Compiling clap_derive v4.6.7
[INFO] [stderr]    Compiling zerovec-derive v0.11.6
[INFO] [stderr]    Compiling displaydoc v0.2.7
[INFO] [stderr]    Compiling tokio-macros v2.7.2
[INFO] [stderr]    Compiling zerofrom-derive v0.1.8
[INFO] [stderr]    Compiling yoke-derive v0.8.3
[INFO] [stderr]    Compiling tokio v1.53.1
[INFO] [stderr]    Compiling zerofrom v0.1.8
[INFO] [stderr]    Compiling ppv-lite86 v0.2.21
[INFO] [stderr]    Compiling yoke v0.8.3
[INFO] [stderr]    Compiling zeroize_derive v1.5.0
[INFO] [stderr]    Compiling tracing-attributes v0.1.31
[INFO] [stderr]    Compiling rust-template-foundation-derive v0.137.0 (/opt/rustwide/workdir/crates/foundation-derive)
[INFO] [stderr]    Compiling curve25519-dalek-derive v0.1.1
[INFO] [stderr]    Compiling thiserror-impl v1.0.69
[INFO] [stderr]    Compiling gix-macros v0.1.6
[INFO] [stderr]    Compiling zerovec v0.11.8
[INFO] [stderr]    Compiling zerotrie v0.2.5
[INFO] [stderr]    Compiling thiserror v2.0.21
[INFO] [stderr]    Compiling gix-path v0.12.6
[INFO] [stderr]    Compiling gix-packetline v0.22.2
[INFO] [stderr]    Compiling rand_chacha v0.3.1
[INFO] [stderr]    Compiling gix-features v0.49.1
[INFO] [stderr]    Compiling zeroize v1.9.0
[INFO] [stderr]    Compiling gix-command v0.10.1
[INFO] [stderr]    Compiling gix-fs v0.22.1
[INFO] [stderr]    Compiling tinystr v0.8.4
[INFO] [stderr]    Compiling potential_utf v0.1.6
[INFO] [stderr]    Compiling der v0.7.10
[INFO] [stderr]    Compiling gix-glob v0.27.1
[INFO] [stderr]    Compiling gix-config-value v0.19.1
[INFO] [stderr]    Compiling icu_collections v2.3.0
[INFO] [stderr]    Compiling icu_locale_core v2.3.0
[INFO] [stderr]    Compiling gix-attributes v0.35.0
[INFO] [stderr]    Compiling gix-tempfile v24.0.0
[INFO] [stderr]    Compiling sct v0.7.1
[INFO] [stderr]    Compiling rustls-webpki v0.101.7
[INFO] [stderr]    Compiling gix-lock v24.0.0
[INFO] [stderr]    Compiling tracing v0.1.44
[INFO] [stderr]    Compiling rand v0.8.8
[INFO] [stderr]    Compiling gix-ignore v0.22.1
[INFO] [stderr]    Compiling gix-url v0.38.0
[INFO] [stderr]    Compiling thiserror v1.0.69
[INFO] [stderr]    Compiling simple_asn1 v0.6.4
[INFO] [stderr]    Compiling axum-core v0.5.6
[INFO] [stderr]    Compiling clap v4.6.7
[INFO] [stderr]    Compiling gix-pathspec v0.20.0
[INFO] [stderr]    Compiling gix-zlib v0.1.0
[INFO] [stderr]    Compiling crypto-common v0.1.6
[INFO] [stderr]    Compiling block-buffer v0.10.4
[INFO] [stderr]    Compiling crypto-bigint v0.5.5
[INFO] [stderr]    Compiling digest v0.10.7
[INFO] [stderr]    Compiling serde v1.0.229
[INFO] [stderr]    Compiling sha1 v0.10.7
[INFO] [stderr]    Compiling hmac v0.12.1
[INFO] [stderr]    Compiling signature v2.2.0
[INFO] [stderr]    Compiling hkdf v0.12.4
[INFO] [stderr]    Compiling sha2 v0.10.9
[INFO] [stderr]    Compiling rfc6979 v0.4.0
[INFO] [stderr]    Compiling sha1-checked v0.10.0
[INFO] [stderr]    Compiling icu_provider v2.3.1
[INFO] [stderr]    Compiling gix-transport v0.59.2
[INFO] [stderr]    Compiling tracing-serde v0.2.0
[INFO] [stderr]    Compiling darling_macro v0.24.1
[INFO] [stderr]    Compiling gix-hash v0.26.2
[INFO] [stderr]    Compiling spki v0.7.3
[INFO] [stderr]    Compiling tracing-subscriber v0.3.23
[INFO] [stderr]    Compiling icu_properties v2.3.0
[INFO] [stderr]    Compiling icu_normalizer v2.3.0
[INFO] [stderr]    Compiling serde_urlencoded v0.7.1
[INFO] [stderr]    Compiling chrono v0.4.45
[INFO] [stderr]    Compiling pkcs8 v0.10.2
[INFO] [stderr]    Compiling darling v0.24.1
[INFO] [stderr]    Compiling serde-value v0.7.0
[INFO] [stderr]    Compiling serde_with_macros v3.23.0
[INFO] [stderr]    Compiling gix-hashtable v0.16.0
[INFO] [stderr]    Compiling gix-commitgraph v0.39.0
[INFO] [stderr]    Compiling sec1 v0.7.3
[INFO] [stderr]    Compiling gix-object v0.64.1
[INFO] [stderr]    Compiling ed25519 v2.2.3
[INFO] [stderr]    Compiling pkcs1 v0.7.5
[INFO] [stderr]    Compiling serde_plain v1.0.2
[INFO] [stderr]    Compiling ed25519-dalek v2.2.0
[INFO] [stderr]    Compiling rsa v0.9.10
[INFO] [stderr]    Compiling jsonwebtoken v10.4.0
[INFO] [stderr]    Compiling gix-refspec v0.45.1
[INFO] [stderr]    Compiling elliptic-curve v0.13.8
[INFO] [stderr]    Compiling serde_with v3.23.0
[INFO] [stderr]    Compiling gix-shallow v0.13.0
[INFO] [stderr]    Compiling org-fmt-lib v0.1.0 (https://github.com/LoganBarnett/org-fmt.git?rev=92a603feea4ae8c9046e4e2ad0dfbf5950d4af4c#92a603fe)
[INFO] [stderr]    Compiling idna_adapter v1.2.2
[INFO] [stderr]    Compiling ecdsa v0.16.9
[INFO] [stderr]    Compiling primeorder v0.13.6
[INFO] [stderr]    Compiling idna v1.1.0
[INFO] [stderr]    Compiling gix-revwalk v0.35.0
[INFO] [stderr]    Compiling gix-ref v0.67.1
[INFO] [stderr]    Compiling gix-filter v0.34.0
[INFO] [stderr]    Compiling gix-pack v0.74.2
[INFO] [stderr]    Compiling url v2.5.8
[INFO] [stderr]    Compiling gix-traverse v0.61.0
[INFO] [stderr]    Compiling gix-revision v0.49.1
[INFO] [stderr]    Compiling rust-template-foundation v0.137.0 (/opt/rustwide/workdir/crates/foundation)
[INFO] [stderr]    Compiling p256 v0.13.2
[INFO] [stderr]    Compiling p384 v0.13.1
[INFO] [stderr]    Compiling gix-index v0.55.0
[INFO] [stderr]    Compiling rust-template-compliance-lib v0.137.0 (/opt/rustwide/workdir/crates/compliance-lib)
[INFO] [stderr]    Compiling rust-template-dependency-bump-lib v0.137.0 (/opt/rustwide/workdir/crates/dependency-bump-lib)
[INFO] [stderr]    Compiling tokio-util v0.7.19
[INFO] [stderr]    Compiling tokio-rustls v0.24.1
[INFO] [stderr]    Compiling hyper v1.11.1
[INFO] [stderr]    Compiling tower v0.5.3
[INFO] [stderr]    Compiling gix-discover v0.55.0
[INFO] [stderr]    Compiling gix-config v0.60.0
[INFO] [stderr]    Compiling gix-odb v0.84.0
[INFO] [stderr]    Compiling h2 v0.3.27
[INFO] [stderr]    Compiling gix-protocol v0.65.1
[INFO] [stderr]    Compiling gix-worktree v0.56.0
[INFO] [stderr]    Compiling hyper-util v0.1.21
[INFO] [stderr]    Compiling gix-dir v0.29.1
[INFO] [stderr]    Compiling gix-diff v0.67.1
[INFO] [stderr]    Compiling rust-template-dependency-bump-cli v0.137.0 (/opt/rustwide/workdir/crates/dependency-bump-cli)
[INFO] [stderr]    Compiling axum v0.8.9
[INFO] [stderr]    Compiling gix-submodule v0.34.0
[INFO] [stderr]    Compiling rust-template-compliance-cli v0.137.0 (/opt/rustwide/workdir/crates/compliance-cli)
[INFO] [stderr]    Compiling gix-status v0.34.1
[INFO] [stderr]    Compiling gix v0.87.1
[INFO] [stderr]    Compiling hyper v0.14.32
[INFO] [stderr]    Compiling rust-template-review-lib v0.137.0 (/opt/rustwide/workdir/crates/review-lib)
[INFO] [stderr]    Compiling hyper-rustls v0.24.2
[INFO] [stderr]    Compiling reqwest v0.11.27
[INFO] [stderr]    Compiling oauth2 v4.4.2
[INFO] [stderr]    Compiling rust-template-review-cli v0.137.0 (/opt/rustwide/workdir/crates/review-cli)
[INFO] [stderr]    Compiling openidconnect v3.5.0
[INFO] [stderr]     Finished `test` profile [unoptimized + debuginfo] target(s) in 2m 05s
[INFO] running `Command { std: "docker" "inspect" "1dc6c37e011b577913ce2a0c45de39721dcce9172fde8a307bd5db6e18e4d874", kill_on_drop: false }`
[INFO] running `Command { std: "docker" "exec" "-e" "SOURCE_DIR=/opt/rustwide/workdir" "-e" "CARGO_HOME=/opt/rustwide/cargo-home" "-e" "RUSTUP_HOME=/opt/rustwide/rustup-home" "-e" "CARGO_TARGET_DIR=/opt/rustwide/target" "-e" "CARGO_INCREMENTAL=0" "-e" "RUST_BACKTRACE=full" "-e" "RUSTFLAGS=--cap-lints=warn" "-e" "RUSTDOCFLAGS=--cap-lints=warn" "-w" "/opt/rustwide/workdir" "--user" "0:0" "1dc6c37e011b577913ce2a0c45de39721dcce9172fde8a307bd5db6e18e4d874" "/opt/rustwide/cargo-home/bin/cargo" "+1.99.0-beta.8" "test" "--frozen", kill_on_drop: false }`
[INFO] [stderr]     Finished `test` profile [unoptimized + debuginfo] target(s) in 2.06s
[INFO] [stderr]      Running unittests src/main.rs (/opt/rustwide/target/debug/deps/rust_template_compliance_cli-1ce5334e159027b2)
[INFO] [stdout] 
[INFO] [stdout] running 0 tests
[INFO] [stdout] 
[INFO] [stdout] test result: ok. 0 passed; 0 failed; 0 ignored; 0 measured; 0 filtered out; finished in 0.00s
[INFO] [stdout] 
[INFO] [stderr]      Running tests/integration_test.rs (/opt/rustwide/target/debug/deps/integration_test-f8faee10f6d358d4)
[INFO] [stdout] 
[INFO] [stdout] running 3 tests
[INFO] [stdout] test help_succeeds ... ok
[INFO] [stdout] test run_with_no_applicable_checks_exits_zero ... ok
[INFO] [stderr]      Running unittests src/lib.rs (/opt/rustwide/target/debug/deps/rust_template_compliance_lib-186583e8150c0ce7)
[INFO] [stdout] test failing_spawn_exits_nonzero_and_names_check_ids ... ok
[INFO] [stdout] 
[INFO] [stdout] test result: ok. 3 passed; 0 failed; 0 ignored; 0 measured; 0 filtered out; finished in 0.12s
[INFO] [stdout] 
[INFO] [stdout] 
[INFO] [stdout] running 60 tests
[INFO] [stdout] test check::tests::helper_verdict_maps_each_helper_outcome ... ok
[INFO] [stdout] test check::nix_call::tests::nix_call_present_fails_an_absent_target ... ok
[INFO] [stdout] test check::nix_call::tests::nix_calls_sees_a_select_callee ... ok
[INFO] [stdout] test check::nix_call::tests::nix_calls_sees_through_parens_and_currying ... ok
[INFO] [stdout] test check::nix_call::tests::nix_calls_ignores_comments_strings_and_uncalled_attrs ... ok
[INFO] [stdout] test check::tests::line_present_matches_a_whole_line_and_nothing_looser ... ok
[INFO] [stdout] test check::nix_call::tests::nix_calls_sees_a_bare_identifier_callee ... ok
[INFO] [stdout] test check::tests::justfile_recipe_queries_just_not_the_text ... ok
[INFO] [stdout] test check::tests::glob_matches_per_segment_wildcards ... ok
[INFO] [stdout] test check::nix_call::tests::nix_call_present_ignores_the_build_tree ... ok
[INFO] [stdout] test check::tests::symlink_points_to_judges_the_resolved_file ... ok
[INFO] [stdout] test check::nix_call::tests::nix_call_present_fails_an_unparseable_file_by_name ... ok
[INFO] [stdout] test check::nix_call::tests::nix_call_present_finds_a_call_anywhere_in_source ... ok
[INFO] [stdout] test check::nix_call::tests::nix_call_present_ignores_a_result_symlink ... ok
[INFO] [stdout] test check::tests::stale_literals_skips_the_review_record_by_name ... ok
[INFO] [stdout] test check::tests::navigate_descends_objects_and_arrays ... ok
[INFO] [stdout] test check::tests::rust_ast_predicates ... ok
[INFO] [stdout] test check::tests::not_contains_forbids_only_the_present_needle ... ok
[INFO] [stdout] test check::tests::yaml_navigate_descends_and_resolves ... ok
[INFO] [stdout] test check::tests::nix_diagnosis_keeps_a_messageless_transcript_minus_fetch_chatter ... ok
[INFO] [stdout] test check::tests::nix_diagnosis_starts_at_the_last_error_message ... ok
[INFO] [stdout] test check::tests::parse_toml_normalises_inline_tables ... ok
[INFO] [stdout] test check::tests::toml_array_resolves_to_a_sequence ... ok
[INFO] [stdout] test manifest::tests::empty_section_path_is_an_error ... ok
[INFO] [stdout] test manifest::tests::missing_required_param_is_an_error ... ok
[INFO] [stdout] test manifest::tests::unknown_kind_is_an_error ... ok
[INFO] [stdout] test manifest::tests::validates_a_nix_call_present_check ... ok
[INFO] [stdout] test manifest::tests::validates_a_flake_output_present_name_check ... ok
[INFO] [stdout] test manifest::tests::validates_the_module_evaluation_checks ... ok
[INFO] [stdout] test manifest::tests::validates_a_dev_shell_package_absent_check ... ok
[INFO] [stdout] test manifest::tests::flake_output_present_needs_exactly_one_selector ... ok
[INFO] [stdout] test manifest::tests::when_foundation_feature_defaults_to_none ... ok
[INFO] [stdout] test manifest::tests::validates_a_dev_shell_env_check ... ok
[INFO] [stdout] test manifest::tests::carries_when_foundation_feature ... ok
[INFO] [stdout] test manifest::tests::nix_call_present_rejects_a_dotted_function ... ok
[INFO] [stdout] test manifest::tests::dev_shell_env_shell_defaults_to_none ... ok
[INFO] [stdout] test manifest::tests::validates_a_flake_output_present_suffix_check ... ok
[INFO] [stdout] test manifest::tests::template_suite_passes_requires_both_parameters ... ok
[INFO] [stdout] test manifest::tests::validates_a_section_check ... ok
[INFO] [stdout] test manifest::tests::validates_a_template_suite_passes_check ... ok
[INFO] [stdout] test org::tests::a_mention_inside_prose_is_not_a_paragraph_of_its_own ... ok
[INFO] [stdout] test org::tests::mention_missing_section_is_an_error ... ok
[INFO] [stdout] test org::tests::adjacent_lines_form_one_paragraph_and_satisfy_neither_entry ... ok
[INFO] [stdout] test org::tests::mention_scoped_to_section_includes_subsections_excludes_siblings ... ok
[INFO] [stdout] test org::tests::other_paragraphs_around_the_entries_are_allowed ... ok
[INFO] [stdout] test org::tests::mention_matches_across_a_line_wrap ... ok
[INFO] [stdout] test org::tests::indentation_is_not_this_kinds_concern ... ok
[INFO] [stdout] test org::tests::finds_real_headings ... ok
[INFO] [stdout] test org::tests::mention_finds_text_inside_a_link_target ... ok
[INFO] [stdout] test org::tests::mention_spans_a_markup_boundary ... ok
[INFO] [stdout] test org::tests::paragraphs_found_in_order_pass ... ok
[INFO] [stdout] test org::tests::paragraphs_in_a_sibling_section_do_not_count ... ok
[INFO] [stdout] test pins::tests::extracts_flake_rev ... ok
[INFO] [stdout] test pins::tests::missing_flake_foundation_input_is_none ... ok
[INFO] [stdout] test org::tests::paragraphs_out_of_order_fail_naming_the_entry ... ok
[INFO] [stdout] test pins::tests::cargo_path_dependency_has_no_rev ... ok
[INFO] [stdout] test org::tests::nested_path_descends_and_rejects_siblings ... ok
[INFO] [stdout] test org::tests::paragraphs_missing_section_is_distinct_from_missing_paragraphs ... ok
[INFO] [stdout] test pins::tests::extracts_cargo_git_rev ... ok
[INFO] [stdout] test check::tests::template_suite_passes_judges_the_target_by_behaviour ... ok
[INFO] [stderr]      Running tests/engine_test.rs (/opt/rustwide/target/debug/deps/engine_test-1f40b80cee554135)
[INFO] [stdout] 
[INFO] [stdout] test result: ok. 60 passed; 0 failed; 0 ignored; 0 measured; 0 filtered out; finished in 0.05s
[INFO] [stdout] 
[INFO] [stdout] 
[INFO] [stdout] running 3 tests
[INFO] [stdout] test archived_and_missing_spawns_are_skipped ... ok
[INFO] [stdout] test drifted_spawn_reports_specific_failures ... ok
[INFO] [stdout] test minimal_spawn_yields_expected_outcomes_without_engine_errors ... FAILED
[INFO] [stdout] 
[INFO] [stdout] failures:
[INFO] [stdout] 
[INFO] [stdout] ---- minimal_spawn_yields_expected_outcomes_without_engine_errors stdout ----
[INFO] [stdout] 
[INFO] [stdout] thread 'minimal_spawn_yields_expected_outcomes_without_engine_errors' (6154) panicked at crates/compliance-lib/tests/engine_test.rs:164:3:
[INFO] [stdout] unexpected engine errors: [
[INFO] [stdout]     CheckResult {
[INFO] [stdout]         id: "flake-darwin-cross-wired",
[INFO] [stdout]         description: "The flake exposes an aarch64 macOS cross-compiled package output that resolves, proving the mkDarwinCrossPackages wiring is present.",
[INFO] [stdout]         outcome: Error {
[INFO] [stdout]             detail: "could not run nix eval for packages.x86_64-linux: No such file or directory (os error 2)",
[INFO] [stdout]         },
[INFO] [stdout]     },
[INFO] [stdout]     CheckResult {
[INFO] [stdout]         id: "flake-windows-x86-package",
[INFO] [stdout]         description: "The flake exposes an x86_64 native-Windows (gnullvm) package output that resolves.",
[INFO] [stdout]         outcome: Error {
[INFO] [stdout]             detail: "could not run nix eval for packages.x86_64-linux: No such file or directory (os error 2)",
[INFO] [stdout]         },
[INFO] [stdout]     },
[INFO] [stdout]     CheckResult {
[INFO] [stdout]         id: "flake-windows-aarch64-package",
[INFO] [stdout]         description: "The flake exposes an aarch64 native-Windows (gnullvm) package output that resolves.",
[INFO] [stdout]         outcome: Error {
[INFO] [stdout]             detail: "could not run nix eval for packages.x86_64-linux: No such file or directory (os error 2)",
[INFO] [stdout]         },
[INFO] [stdout]     },
[INFO] [stdout]     CheckResult {
[INFO] [stdout]         id: "flake-windows-smoke-check",
[INFO] [stdout]         description: "The flake exposes the windowsSmoke check on x86_64-linux so the x86_64 Windows binary is run under wine, not merely linked.",
[INFO] [stdout]         outcome: Error {
[INFO] [stdout]             detail: "could not run nix eval for checks.x86_64-linux: No such file or directory (os error 2)",
[INFO] [stdout]         },
[INFO] [stdout]     },
[INFO] [stdout]     CheckResult {
[INFO] [stdout]         id: "flake-release-outputs-check",
[INFO] [stdout]         description: "The flake exposes the releaseOutputs check on x86_64-linux so every release package is proven to ship a native executable, not a wrapper script.",
[INFO] [stdout]         outcome: Error {
[INFO] [stdout]             detail: "could not run nix eval for checks.x86_64-linux: No such file or directory (os error 2)",
[INFO] [stdout]         },
[INFO] [stdout]     },
[INFO] [stdout]     CheckResult {
[INFO] [stdout]         id: "flake-darwin-service-eval-check",
[INFO] [stdout]         description: "The flake exposes the darwinServiceEvaluates check, so the spawn's own CI evaluates its darwin module inside a full nix-darwin configuration.",
[INFO] [stdout]         outcome: Error {
[INFO] [stdout]             detail: "could not run nix eval for checks.x86_64-linux: No such file or directory (os error 2)",
[INFO] [stdout]         },
[INFO] [stdout]     },
[INFO] [stdout]     CheckResult {
[INFO] [stdout]         id: "flake-nixos-service-eval-check",
[INFO] [stdout]         description: "The flake exposes the nixosServiceEvaluates check, so the spawn's own CI evaluates its NixOS module inside a full NixOS configuration.",
[INFO] [stdout]         outcome: Error {
[INFO] [stdout]             detail: "could not run nix eval for checks.x86_64-linux: No such file or directory (os error 2)",
[INFO] [stdout]         },
[INFO] [stdout]     },
[INFO] [stdout]     CheckResult {
[INFO] [stdout]         id: "flake-workspace-tests-check",
[INFO] [stdout]         description: "The flake exposes the workspace-tests check, so `nix flake check` in CI runs every member's unit tests under Nix.",
[INFO] [stdout]         outcome: Error {
[INFO] [stdout]             detail: "could not run nix eval for checks.x86_64-linux: No such file or directory (os error 2)",
[INFO] [stdout]         },
[INFO] [stdout]     },
[INFO] [stdout]     CheckResult {
[INFO] [stdout]         id: "dependabot-combine-flake-includes-package",
[INFO] [stdout]         description: "The spawn's flake must pull the combiner package from the foundation flake into its dev shell.",
[INFO] [stdout]         outcome: Error {
[INFO] [stdout]             detail: "could not run nix eval for devShells.x86_64-linux.default: No such file or directory (os error 2)",
[INFO] [stdout]         },
[INFO] [stdout]     },
[INFO] [stdout]     CheckResult {
[INFO] [stdout]         id: "dependency-bump-flake-includes-package",
[INFO] [stdout]         description: "The spawn's flake must pull the bump tool package from the foundation flake into its dev shell.",
[INFO] [stdout]         outcome: Error {
[INFO] [stdout]             detail: "could not run nix eval for devShells.x86_64-linux.default: No such file or directory (os error 2)",
[INFO] [stdout]         },
[INFO] [stdout]     },
[INFO] [stderr] error: test failed, to rerun pass `-p rust-template-compliance-lib --test engine_test`
[INFO] [stdout]     CheckResult {
[INFO] [stdout]         id: "review-flake-includes-package",
[INFO] [stdout]         description: "The spawn's flake must pull the review package from the foundation flake into its dev shell.",
[INFO] [stdout]         outcome: Error {
[INFO] [stdout]             detail: "could not run nix eval for devShells.x86_64-linux.default: No such file or directory (os error 2)",
[INFO] [stdout]         },
[INFO] [stdout]     },
[INFO] [stdout]     CheckResult {
[INFO] [stdout]         id: "dev-shell-provides-just",
[INFO] [stdout]         description: "The default devShell provides just, the runner every recipe (including CI's) invokes.",
[INFO] [stdout]         outcome: Error {
[INFO] [stdout]             detail: "could not run nix eval for devShells.x86_64-linux.default: No such file or directory (os error 2)",
[INFO] [stdout]         },
[INFO] [stdout]     },
[INFO] [stdout]     CheckResult {
[INFO] [stdout]         id: "dev-shell-provides-changelog-roller",
[INFO] [stdout]         description: "The default devShell provides changelog-roller, which the changelog and abi CI jobs invoke.",
[INFO] [stdout]         outcome: Error {
[INFO] [stdout]             detail: "could not run nix eval for devShells.x86_64-linux.default: No such file or directory (os error 2)",
[INFO] [stdout]         },
[INFO] [stdout]     },
[INFO] [stdout]     CheckResult {
[INFO] [stdout]         id: "dev-shell-provides-cargo-semver-checks",
[INFO] [stdout]         description: "The default devShell provides cargo-semver-checks, which the abi check invokes to detect public-API breaks.",
[INFO] [stdout]         outcome: Error {
[INFO] [stdout]             detail: "could not run nix eval for devShells.x86_64-linux.default: No such file or directory (os error 2)",
[INFO] [stdout]         },
[INFO] [stdout]     },
[INFO] [stdout]     CheckResult {
[INFO] [stdout]         id: "review-stop-package-retired",
[INFO] [stdout]         description: "The spawn's dev shell no longer pulls the retired review-stop gate binary; the foundation flake has dropped it, so a shell that still does breaks on the next foundation bump.",
[INFO] [stdout]         outcome: Error {
[INFO] [stdout]             detail: "could not run nix eval for devShells.x86_64-linux.default: No such file or directory (os error 2)",
[INFO] [stdout]         },
[INFO] [stdout]     },
[INFO] [stdout] ]
[INFO] [stdout] stack backtrace:
[INFO] [stdout]    0:     0x58e08a0208d1 - std[70759c8f55707aa4]::backtrace_rs::backtrace::libunwind::trace
[INFO] [stdout]                                at /rustc/dfb0accb7f508ae8be965d8629557221c889dd98/library/std/src/../../backtrace/src/backtrace/libunwind.rs:117:9
[INFO] [stdout]    1:     0x58e08a0208d1 - std[70759c8f55707aa4]::backtrace_rs::backtrace::trace_unsynchronized::<std[70759c8f55707aa4]::sys::backtrace::_print_fmt::{closure#1}>
[INFO] [stdout]                                at /rustc/dfb0accb7f508ae8be965d8629557221c889dd98/library/std/src/../../backtrace/src/backtrace/mod.rs:66:14
[INFO] [stdout]    2:     0x58e08a0208d1 - std[70759c8f55707aa4]::sys::backtrace::_print_fmt
[INFO] [stdout]                                at /rustc/dfb0accb7f508ae8be965d8629557221c889dd98/library/std/src/sys/backtrace.rs:74:9
[INFO] [stdout]    3:     0x58e08a0208d1 - <<std[70759c8f55707aa4]::sys::backtrace::BacktraceLock>::print::DisplayBacktrace as core[df12db4294e9bfd3]::fmt::Display>::fmt
[INFO] [stdout]                                at /rustc/dfb0accb7f508ae8be965d8629557221c889dd98/library/std/src/sys/backtrace.rs:44:26
[INFO] [stdout]    4:     0x58e08a03749a - <core[df12db4294e9bfd3]::fmt::rt::Argument>::fmt
[INFO] [stdout]                                at /rustc/dfb0accb7f508ae8be965d8629557221c889dd98/library/core/src/fmt/rt.rs:152:76
[INFO] [stdout]    5:     0x58e08a03749a - core[df12db4294e9bfd3]::fmt::write
[INFO] [stdout]    6:     0x58e08a0250ac - core[df12db4294e9bfd3]::io::write::default_write_fmt::<alloc[2182bb758b4b3781]::vec::Vec<u8>>
[INFO] [stdout]                                at /rustc/dfb0accb7f508ae8be965d8629557221c889dd98/library/core/src/io/write.rs:402:11
[INFO] [stdout]    7:     0x58e08a0250ac - <alloc[2182bb758b4b3781]::vec::Vec<u8> as core[df12db4294e9bfd3]::io::write::Write>::write_fmt
[INFO] [stdout]                                at /rustc/dfb0accb7f508ae8be965d8629557221c889dd98/library/core/src/io/write.rs:335:13
[INFO] [stdout]    8:     0x58e089ffa306 - <std[70759c8f55707aa4]::sys::backtrace::BacktraceLock>::print
[INFO] [stdout]                                at /rustc/dfb0accb7f508ae8be965d8629557221c889dd98/library/std/src/sys/backtrace.rs:47:9
[INFO] [stdout]    9:     0x58e089ffa306 - std[70759c8f55707aa4]::panicking::default_hook::{closure#0}
[INFO] [stdout]                                at /rustc/dfb0accb7f508ae8be965d8629557221c889dd98/library/std/src/panicking.rs:292:27
[INFO] [stdout]   10:     0x58e08a017b49 - std[70759c8f55707aa4]::panicking::default_hook
[INFO] [stdout]                                at /rustc/dfb0accb7f508ae8be965d8629557221c889dd98/library/std/src/panicking.rs:316:9
[INFO] [stdout]   11:     0x58e089bac6f0 - <alloc[2182bb758b4b3781]::boxed::Box<dyn for<'a, 'b> core[df12db4294e9bfd3]::ops::function::Fn<(&'a std[70759c8f55707aa4]::panic::PanicHookInfo<'b>,), Output = ()> + core[df12db4294e9bfd3]::marker::Send + core[df12db4294e9bfd3]::marker::Sync> as core[df12db4294e9bfd3]::ops::function::Fn<(&std[70759c8f55707aa4]::panic::PanicHookInfo,)>>::call
[INFO] [stdout]                                at /rustc/dfb0accb7f508ae8be965d8629557221c889dd98/library/alloc/src/boxed.rs:2334:9
[INFO] [stdout]   12:     0x58e089bac6f0 - test[9d35eded1c95d3be]::test_main_inner::<test[9d35eded1c95d3be]::test_main_static::{closure#0}>::{closure#0}
[INFO] [stdout]                                at /rustc/dfb0accb7f508ae8be965d8629557221c889dd98/library/test/src/lib.rs:155:21
[INFO] [stdout]   13:     0x58e08a017e72 - <alloc[2182bb758b4b3781]::boxed::Box<dyn for<'a, 'b> core[df12db4294e9bfd3]::ops::function::Fn<(&'a std[70759c8f55707aa4]::panic::PanicHookInfo<'b>,), Output = ()> + core[df12db4294e9bfd3]::marker::Send + core[df12db4294e9bfd3]::marker::Sync> as core[df12db4294e9bfd3]::ops::function::Fn<(&std[70759c8f55707aa4]::panic::PanicHookInfo,)>>::call
[INFO] [stdout]                                at /rustc/dfb0accb7f508ae8be965d8629557221c889dd98/library/alloc/src/boxed.rs:2334:9
[INFO] [stdout]   14:     0x58e08a017e72 - std[70759c8f55707aa4]::panicking::panic_with_hook
[INFO] [stdout]                                at /rustc/dfb0accb7f508ae8be965d8629557221c889dd98/library/std/src/panicking.rs:823:13
[INFO] [stdout]   15:     0x58e089ffa3b2 - std[70759c8f55707aa4]::panicking::panic_handler::{closure#0}
[INFO] [stdout]                                at /rustc/dfb0accb7f508ae8be965d8629557221c889dd98/library/std/src/panicking.rs:688:13
[INFO] [stdout]   16:     0x58e089ff2de9 - std[70759c8f55707aa4]::sys::backtrace::__rust_end_short_backtrace::<std[70759c8f55707aa4]::panicking::panic_handler::{closure#0}, !>
[INFO] [stdout]                                at /rustc/dfb0accb7f508ae8be965d8629557221c889dd98/library/std/src/sys/backtrace.rs:182:18
[INFO] [stdout]   17:     0x58e089ffafad - __rustc[8fa7c3cbc660c2b3]::rust_begin_unwind
[INFO] [stdout]                                at /rustc/dfb0accb7f508ae8be965d8629557221c889dd98/library/std/src/panicking.rs:679:5
[INFO] [stdout]   18:     0x58e08a037cec - core[df12db4294e9bfd3]::panicking::panic_fmt
[INFO] [stdout]                                at /rustc/dfb0accb7f508ae8be965d8629557221c889dd98/library/core/src/panicking.rs:80:14
[INFO] [stdout]   19:     0x58e089b93e79 - engine_test[f2760307bfc0875]::minimal_spawn_yields_expected_outcomes_without_engine_errors
[INFO] [stdout]                                at /opt/rustwide/workdir/crates/compliance-lib/tests/engine_test.rs:164:3
[INFO] [stdout]   20:     0x58e089b91607 - engine_test[f2760307bfc0875]::minimal_spawn_yields_expected_outcomes_without_engine_errors::{closure#0}
[INFO] [stdout]                                at /opt/rustwide/workdir/crates/compliance-lib/tests/engine_test.rs:145:66
[INFO] [stdout]   21:     0x58e089b959c6 - <engine_test[f2760307bfc0875]::minimal_spawn_yields_expected_outcomes_without_engine_errors::{closure#0} as core[df12db4294e9bfd3]::ops::function::FnOnce<()>>::call_once
[INFO] [stdout]                                at /rustc/dfb0accb7f508ae8be965d8629557221c889dd98/library/core/src/ops/function.rs:250:5
[INFO] [stdout]   22:     0x58e089b9f9db - <fn() -> core[df12db4294e9bfd3]::result::Result<(), alloc[2182bb758b4b3781]::string::String> as core[df12db4294e9bfd3]::ops::function::FnOnce<()>>::call_once
[INFO] [stdout]                                at /rustc/dfb0accb7f508ae8be965d8629557221c889dd98/library/core/src/ops/function.rs:250:5
[INFO] [stdout]   23:     0x58e089b9f9db - test[9d35eded1c95d3be]::__rust_begin_short_backtrace::<core[df12db4294e9bfd3]::result::Result<(), alloc[2182bb758b4b3781]::string::String>, fn() -> core[df12db4294e9bfd3]::result::Result<(), alloc[2182bb758b4b3781]::string::String>>
[INFO] [stdout]                                at /rustc/dfb0accb7f508ae8be965d8629557221c889dd98/library/test/src/lib.rs:733:18
[INFO] [stdout]   24:     0x58e089bad045 - test[9d35eded1c95d3be]::run_test_in_process::{closure#0}
[INFO] [stdout]                                at /rustc/dfb0accb7f508ae8be965d8629557221c889dd98/library/test/src/lib.rs:756:74
[INFO] [stdout]   25:     0x58e089bad045 - <core[df12db4294e9bfd3]::panic::unwind_safe::AssertUnwindSafe<test[9d35eded1c95d3be]::run_test_in_process::{closure#0}> as core[df12db4294e9bfd3]::ops::function::FnOnce<()>>::call_once
[INFO] [stdout]                                at /rustc/dfb0accb7f508ae8be965d8629557221c889dd98/library/core/src/panic/unwind_safe.rs:275:9
[INFO] [stdout]   26:     0x58e089bad045 - std[70759c8f55707aa4]::panicking::catch_unwind::do_call::<core[df12db4294e9bfd3]::panic::unwind_safe::AssertUnwindSafe<test[9d35eded1c95d3be]::run_test_in_process::{closure#0}>, core[df12db4294e9bfd3]::result::Result<(), alloc[2182bb758b4b3781]::string::String>>
[INFO] [stdout]                                at /rustc/dfb0accb7f508ae8be965d8629557221c889dd98/library/std/src/panicking.rs:576:43
[INFO] [stdout]   27:     0x58e089bad045 - std[70759c8f55707aa4]::panicking::catch_unwind::<core[df12db4294e9bfd3]::result::Result<(), alloc[2182bb758b4b3781]::string::String>, core[df12db4294e9bfd3]::panic::unwind_safe::AssertUnwindSafe<test[9d35eded1c95d3be]::run_test_in_process::{closure#0}>>
[INFO] [stdout]                                at /rustc/dfb0accb7f508ae8be965d8629557221c889dd98/library/std/src/panicking.rs:544:19
[INFO] [stdout]   28:     0x58e089bad045 - std[70759c8f55707aa4]::panic::catch_unwind::<core[df12db4294e9bfd3]::panic::unwind_safe::AssertUnwindSafe<test[9d35eded1c95d3be]::run_test_in_process::{closure#0}>, core[df12db4294e9bfd3]::result::Result<(), alloc[2182bb758b4b3781]::string::String>>
[INFO] [stdout]                                at /rustc/dfb0accb7f508ae8be965d8629557221c889dd98/library/std/src/panic.rs:359:14
[INFO] [stdout]   29:     0x58e089bad045 - test[9d35eded1c95d3be]::run_test_in_process
[INFO] [stdout]                                at /rustc/dfb0accb7f508ae8be965d8629557221c889dd98/library/test/src/lib.rs:756:27
[INFO] [stdout]   30:     0x58e089bad045 - test[9d35eded1c95d3be]::run_test::{closure#0}
[INFO] [stdout]                                at /rustc/dfb0accb7f508ae8be965d8629557221c889dd98/library/test/src/lib.rs:677:43
[INFO] [stdout]   31:     0x58e089ba6904 - test[9d35eded1c95d3be]::run_test::{closure#1}
[INFO] [stdout]                                at /rustc/dfb0accb7f508ae8be965d8629557221c889dd98/library/test/src/lib.rs:707:41
[INFO] [stdout]   32:     0x58e089ba6904 - std[70759c8f55707aa4]::sys::backtrace::__rust_begin_short_backtrace::<test[9d35eded1c95d3be]::run_test::{closure#1}, ()>
[INFO] [stdout]                                at /rustc/dfb0accb7f508ae8be965d8629557221c889dd98/library/std/src/sys/backtrace.rs:166:18
[INFO] [stdout]   33:     0x58e089bb01a2 - std[70759c8f55707aa4]::thread::lifecycle::spawn_unchecked::<test[9d35eded1c95d3be]::run_test::{closure#1}, ()>::{closure#1}::{closure#0}
[INFO] [stdout]                                at /rustc/dfb0accb7f508ae8be965d8629557221c889dd98/library/std/src/thread/lifecycle.rs:70:13
[INFO] [stdout]   34:     0x58e089bb01a2 - <core[df12db4294e9bfd3]::panic::unwind_safe::AssertUnwindSafe<std[70759c8f55707aa4]::thread::lifecycle::spawn_unchecked<test[9d35eded1c95d3be]::run_test::{closure#1}, ()>::{closure#1}::{closure#0}> as core[df12db4294e9bfd3]::ops::function::FnOnce<()>>::call_once
[INFO] [stdout]                                at /rustc/dfb0accb7f508ae8be965d8629557221c889dd98/library/core/src/panic/unwind_safe.rs:275:9
[INFO] [stdout]   35:     0x58e089bb01a2 - std[70759c8f55707aa4]::panicking::catch_unwind::do_call::<core[df12db4294e9bfd3]::panic::unwind_safe::AssertUnwindSafe<std[70759c8f55707aa4]::thread::lifecycle::spawn_unchecked<test[9d35eded1c95d3be]::run_test::{closure#1}, ()>::{closure#1}::{closure#0}>, ()>
[INFO] [stdout]                                at /rustc/dfb0accb7f508ae8be965d8629557221c889dd98/library/std/src/panicking.rs:576:43
[INFO] [stdout]   36:     0x58e089bb01a2 - std[70759c8f55707aa4]::panicking::catch_unwind::<(), core[df12db4294e9bfd3]::panic::unwind_safe::AssertUnwindSafe<std[70759c8f55707aa4]::thread::lifecycle::spawn_unchecked<test[9d35eded1c95d3be]::run_test::{closure#1}, ()>::{closure#1}::{closure#0}>>
[INFO] [stdout]                                at /rustc/dfb0accb7f508ae8be965d8629557221c889dd98/library/std/src/panicking.rs:544:19
[INFO] [stdout]   37:     0x58e089bb01a2 - std[70759c8f55707aa4]::panic::catch_unwind::<core[df12db4294e9bfd3]::panic::unwind_safe::AssertUnwindSafe<std[70759c8f55707aa4]::thread::lifecycle::spawn_unchecked<test[9d35eded1c95d3be]::run_test::{closure#1}, ()>::{closure#1}::{closure#0}>, ()>
[INFO] [stdout]                                at /rustc/dfb0accb7f508ae8be965d8629557221c889dd98/library/std/src/panic.rs:359:14
[INFO] [stdout]   38:     0x58e089bb01a2 - std[70759c8f55707aa4]::thread::lifecycle::spawn_unchecked::<test[9d35eded1c95d3be]::run_test::{closure#1}, ()>::{closure#1}
[INFO] [stdout]                                at /rustc/dfb0accb7f508ae8be965d8629557221c889dd98/library/std/src/thread/lifecycle.rs:68:26
[INFO] [stdout]   39:     0x58e089bb01a2 - <std[70759c8f55707aa4]::thread::lifecycle::spawn_unchecked<test[9d35eded1c95d3be]::run_test::{closure#1}, ()>::{closure#1} as core[df12db4294e9bfd3]::ops::function::FnOnce<()>>::call_once::{shim:vtable#0}
[INFO] [stdout]                                at /rustc/dfb0accb7f508ae8be965d8629557221c889dd98/library/core/src/ops/function.rs:250:5
[INFO] [stdout]   40:     0x58e08a01fc09 - <alloc[2182bb758b4b3781]::boxed::Box<dyn core[df12db4294e9bfd3]::ops::function::FnOnce<(), Output = ()> + core[df12db4294e9bfd3]::marker::Send> as core[df12db4294e9bfd3]::ops::function::FnOnce<()>>::call_once
[INFO] [stdout]                                at /rustc/dfb0accb7f508ae8be965d8629557221c889dd98/library/alloc/src/boxed.rs:2320:9
[INFO] [stdout]   41:     0x58e08a01fc09 - <std[70759c8f55707aa4]::sys::thread::unix::Thread>::new::thread_start
[INFO] [stdout]                                at /rustc/dfb0accb7f508ae8be965d8629557221c889dd98/library/std/src/sys/thread/unix.rs:123:17
[INFO] [stdout]   42:     0x730b87665dfa - <unknown>
[INFO] [stdout]   43:     0x730b876f93d4 - clone
[INFO] [stdout]   44:                0x0 - <unknown>
[INFO] [stdout] 
[INFO] [stdout] 
[INFO] [stdout] failures:
[INFO] [stdout]     minimal_spawn_yields_expected_outcomes_without_engine_errors
[INFO] [stdout] 
[INFO] [stdout] test result: FAILED. 2 passed; 1 failed; 0 ignored; 0 measured; 0 filtered out; finished in 0.31s
[INFO] [stdout] 
[INFO] running `Command { std: "docker" "inspect" "1dc6c37e011b577913ce2a0c45de39721dcce9172fde8a307bd5db6e18e4d874", kill_on_drop: false }`
[INFO] running `Command { std: "docker" "rm" "-f" "1dc6c37e011b577913ce2a0c45de39721dcce9172fde8a307bd5db6e18e4d874", kill_on_drop: false }`
[INFO] [stdout] 1dc6c37e011b577913ce2a0c45de39721dcce9172fde8a307bd5db6e18e4d874
