[INFO] cloning repository https://github.com/JasonBates/agentdeck-rs
[INFO] running `Command { std: "git" "-c" "credential.helper=" "-c" "credential.helper=/workspace/cargo-home/bin/git-credential-null" "clone" "--bare" "https://github.com/JasonBates/agentdeck-rs" "/workspace/cache/git-repos/https%3A%2F%2Fgithub.com%2FJasonBates%2Fagentdeck-rs", kill_on_drop: false }`
[INFO] [stderr] Cloning into bare repository '/workspace/cache/git-repos/https%3A%2F%2Fgithub.com%2FJasonBates%2Fagentdeck-rs'...
[INFO] running `Command { std: "git" "rev-parse" "HEAD", kill_on_drop: false }`
[INFO] [stdout] 4c7fc8cd5ea22a69e25acf4ac2f472909892b5f3
[INFO] testing JasonBates/agentdeck-rs against 1.99.0-beta.8 for beta-1.100-2
[INFO] running `Command { std: "git" "clone" "/workspace/cache/git-repos/https%3A%2F%2Fgithub.com%2FJasonBates%2Fagentdeck-rs" "/workspace/builds/worker-5-tc1/source", kill_on_drop: false }`
[INFO] [stderr] Cloning into '/workspace/builds/worker-5-tc1/source'...
[INFO] [stderr] done.
[INFO] started tweaking git repo https://github.com/JasonBates/agentdeck-rs
[INFO] finished tweaking git repo https://github.com/JasonBates/agentdeck-rs
[INFO] tweaked toml for git repo https://github.com/JasonBates/agentdeck-rs written to /workspace/builds/worker-5-tc1/source/Cargo.toml
[INFO] validating manifest of git repo https://github.com/JasonBates/agentdeck-rs on toolchain 1.99.0-beta.8
[INFO] running `Command { std: CARGO_HOME="/workspace/cargo-home" RUSTUP_HOME="/workspace/rustup-home" "/workspace/cargo-home/bin/cargo" "+1.99.0-beta.8" "metadata" "--manifest-path" "Cargo.toml" "--no-deps", kill_on_drop: false }`
[INFO] crate git repo https://github.com/JasonBates/agentdeck-rs already has a lockfile, it will not be regenerated
[INFO] running `Command { std: CARGO_HOME="/workspace/cargo-home" RUSTUP_HOME="/workspace/rustup-home" "/workspace/cargo-home/bin/cargo" "+1.99.0-beta.8" "fetch" "--manifest-path" "Cargo.toml", kill_on_drop: false }`
[INFO] [stderr]  Downloading crates ...
[INFO] [stderr]   Downloaded doctest-file v1.1.1
[INFO] [stderr]   Downloaded cap-std v4.0.3
[INFO] [stderr]   Downloaded cap-fs-ext v4.0.3
[INFO] [stderr]   Downloaded interprocess v2.4.3
[INFO] [stderr]   Downloaded jsonschema v0.37.4
[INFO] [stderr]   Downloaded referencing v0.37.4
[INFO] [stderr]   Downloaded fancy-regex v0.16.2
[INFO] running `Command { std: "docker" "create" "-v" "/var/lib/crater-agent-workspace/builds/worker-5-tc1/source:/opt/rustwide/workdir:ro,Z" "-v" "/var/lib/crater-agent-workspace/builds/worker-5-tc1/target:/opt/rustwide/target:rw,Z" "-v" "/var/lib/crater-agent-workspace/cargo-home:/opt/rustwide/cargo-home:ro,Z" "-v" "/var/lib/crater-agent-workspace/rustup-home:/opt/rustwide/rustup-home:ro,Z" "-m" "1610612736" "--network" "none" "ghcr.io/rust-lang/crates-build-env/linux@sha256:3111399a4047eeb3a02b7a90e478d715f38a8c6669b5c4b49d30a17385265909" "sleep" "infinity", kill_on_drop: false }`
[INFO] [stdout] 67895f0cc5a3dfc9369895f8be5e731d8d38e1ba1e01cb07648df2531d85415b
[INFO] running `Command { std: "docker" "start" "67895f0cc5a3dfc9369895f8be5e731d8d38e1ba1e01cb07648df2531d85415b", kill_on_drop: false }`
[INFO] running `Command { std: "docker" "inspect" "67895f0cc5a3dfc9369895f8be5e731d8d38e1ba1e01cb07648df2531d85415b", kill_on_drop: false }`
[INFO] running `Command { std: "docker" "exec" "-e" "SOURCE_DIR=/opt/rustwide/workdir" "-e" "CARGO_HOME=/opt/rustwide/cargo-home" "-e" "RUSTUP_HOME=/opt/rustwide/rustup-home" "-e" "CARGO_TARGET_DIR=/opt/rustwide/target" "-w" "/opt/rustwide/workdir" "--user" "0:0" "67895f0cc5a3dfc9369895f8be5e731d8d38e1ba1e01cb07648df2531d85415b" "/opt/rustwide/cargo-home/bin/cargo" "+1.99.0-beta.8" "metadata" "--no-deps" "--format-version=1", kill_on_drop: false }`
[INFO] running `Command { std: "docker" "inspect" "67895f0cc5a3dfc9369895f8be5e731d8d38e1ba1e01cb07648df2531d85415b", kill_on_drop: false }`
[INFO] running `Command { std: "docker" "exec" "-e" "SOURCE_DIR=/opt/rustwide/workdir" "-e" "CARGO_HOME=/opt/rustwide/cargo-home" "-e" "RUSTUP_HOME=/opt/rustwide/rustup-home" "-e" "CARGO_TARGET_DIR=/opt/rustwide/target" "-e" "CARGO_INCREMENTAL=0" "-e" "RUST_BACKTRACE=full" "-e" "RUSTFLAGS=--cap-lints=warn" "-e" "RUSTDOCFLAGS=--cap-lints=warn" "-w" "/opt/rustwide/workdir" "--user" "0:0" "67895f0cc5a3dfc9369895f8be5e731d8d38e1ba1e01cb07648df2531d85415b" "/opt/rustwide/cargo-home/bin/cargo" "+1.99.0-beta.8" "build" "--frozen" "--message-format=json", kill_on_drop: false }`
[INFO] [stderr]    Compiling proc-macro2 v1.0.107
[INFO] [stderr]    Compiling quote v1.0.47
[INFO] [stderr]    Compiling unicode-ident v1.0.24
[INFO] [stderr]    Compiling libc v0.2.189
[INFO] [stderr]    Compiling pin-project-lite v0.2.17
[INFO] [stderr]    Compiling futures-core v0.3.34
[INFO] [stderr]    Compiling bytes v1.12.1
[INFO] [stderr]    Compiling serde_core v1.0.229
[INFO] [stderr]    Compiling smallvec v1.15.2
[INFO] [stderr]    Compiling find-msvc-tools v0.1.11
[INFO] [stderr]    Compiling bitflags v2.13.1
[INFO] [stderr]    Compiling writeable v0.6.4
[INFO] [stderr]    Compiling litemap v0.8.3
[INFO] [stderr]    Compiling memchr v2.8.3
[INFO] [stderr]    Compiling percent-encoding v2.3.2
[INFO] [stderr]    Compiling slab v0.4.12
[INFO] [stderr]    Compiling icu_normalizer_data v2.1.1
[INFO] [stderr]    Compiling rustix v1.1.4
[INFO] [stderr]    Compiling icu_properties_data v2.1.2
[INFO] [stderr]    Compiling futures-task v0.3.34
[INFO] [stderr]    Compiling ipnet v2.12.1
[INFO] [stderr]    Compiling httparse v1.10.1
[INFO] [stderr]    Compiling tower-service v0.3.3
[INFO] [stderr]    Compiling cc v1.4.4
[INFO] [stderr]    Compiling linux-raw-sys v0.12.1
[INFO] [stderr]    Compiling crossbeam-utils v0.8.22
[INFO] [stderr]    Compiling rustls-pki-types v1.15.1
[INFO] [stderr]    Compiling io-lifetimes v3.0.1
[INFO] [stderr]    Compiling crossbeam-epoch v0.9.20
[INFO] [stderr]    Compiling zmij v1.0.23
[INFO] [stderr]    Compiling io-lifetimes v2.0.4
[INFO] [stderr]    Compiling try-lock v0.2.5
[INFO] [stderr]    Compiling futures-channel v0.3.34
[INFO] [stderr]    Compiling want v0.3.1
[INFO] [stderr]    Compiling http v1.5.0
[INFO] [stderr]    Compiling sync_wrapper v1.0.2
[INFO] [stderr]    Compiling tracing-core v0.1.36
[INFO] [stderr]    Compiling serde_json v1.0.151
[INFO] [stderr]    Compiling crossbeam-deque v0.8.7
[INFO] [stderr]    Compiling serde v1.0.229
[INFO] [stderr]    Compiling tower-layer v0.3.3
[INFO] [stderr]    Compiling httpdate v1.0.3
[INFO] [stderr]    Compiling zerocopy v0.8.56
[INFO] [stderr]    Compiling getrandom v0.3.4
[INFO] [stderr]    Compiling atomic-waker v1.1.2
[INFO] [stderr]    Compiling io-extras v0.19.0
[INFO] [stderr]    Compiling rustls v0.23.43
[INFO] [stderr]    Compiling form_urlencoded v1.2.2
[INFO] [stderr]    Compiling tinyvec_macros v0.1.1
[INFO] [stderr]    Compiling rayon-core v1.13.0
[INFO] [stderr]    Compiling cap-primitives v4.0.3
[INFO] [stderr]    Compiling subtle v2.6.1
[INFO] [stderr]    Compiling utf8parse v0.2.2
[INFO] [stderr]    Compiling anstyle-parse v1.0.0
[INFO] [stderr]    Compiling tinyvec v1.12.0
[INFO] [stderr]    Compiling http-body v1.1.0
[INFO] [stderr]    Compiling syn v3.0.3
[INFO] [stderr]    Compiling syn v2.0.119
[INFO] [stderr]    Compiling http-body-util v0.1.5
[INFO] [stderr]    Compiling aho-corasick v1.1.5
[INFO] [stderr]    Compiling anstyle-query v1.1.5
[INFO] [stderr]    Compiling cap-std v4.0.3
[INFO] [stderr]    Compiling ambient-authority v0.0.2
[INFO] [stderr]    Compiling getrandom v0.4.3
[INFO] [stderr]    Compiling is_terminal_polyfill v1.70.2
[INFO] [stderr]    Compiling maybe-owned v0.3.4
[INFO] [stderr]    Compiling colorchoice v1.0.5
[INFO] [stderr]    Compiling anstyle v1.0.14
[INFO] [stderr]    Compiling webpki-roots v1.0.9
[INFO] [stderr]    Compiling unicode-normalization v0.1.25
[INFO] [stderr]    Compiling futures-sink v0.3.34
[INFO] [stderr]    Compiling strsim v0.11.1
[INFO] [stderr]    Compiling either v1.18.0
[INFO] [stderr]    Compiling cap-fs-ext v4.0.3
[INFO] [stderr]    Compiling option-ext v0.2.0
[INFO] [stderr]    Compiling anyhow v1.0.104
[INFO] [stderr]    Compiling winnow v1.0.4
[INFO] [stderr]    Compiling anstream v1.0.0
[INFO] [stderr]    Compiling clap_lex v1.1.0
[INFO] [stderr]    Compiling thiserror v2.0.20
[INFO] [stderr]    Compiling heck v0.5.0
[INFO] [stderr]    Compiling mime v0.3.17
[INFO] [stderr]    Compiling clap_builder v4.6.6
[INFO] [stderr]    Compiling unicode-segmentation v1.12.0
[INFO] [stderr]    Compiling toml_parser v1.1.3+spec-1.1.0
[INFO] [stderr]    Compiling caseless v0.2.2
[INFO] [stderr]    Compiling axum-core v0.5.6
[INFO] [stderr]    Compiling doctest-file v1.1.1
[INFO] [stderr]    Compiling ring v0.17.14
[INFO] [stderr]    Compiling rayon v1.12.0
[INFO] [stderr]    Compiling log v0.4.34
[INFO] [stderr]    Compiling errno v0.3.14
[INFO] [stderr]    Compiling socket2 v0.6.5
[INFO] [stderr]    Compiling signal-hook-registry v1.4.8
[INFO] [stderr]    Compiling mio v1.2.2
[INFO] [stderr]    Compiling getrandom v0.2.17
[INFO] [stderr]    Compiling regex-automata v0.4.18
[INFO] [stderr]    Compiling rand_core v0.9.5
[INFO] [stderr]    Compiling dirs-sys v0.5.0
[INFO] [stderr]    Compiling toml_writer v1.1.2+spec-1.1.0
[INFO] [stderr]    Compiling fastrand v2.5.0
[INFO] [stderr]    Compiling matchit v0.8.4
[INFO] [stderr]    Compiling winnow v0.7.15
[INFO] [stderr]    Compiling directories v6.0.0
[INFO] [stderr]    Compiling fs2 v0.4.3
[INFO] [stderr]    Compiling humantime v2.4.0
[INFO] [stderr]    Compiling serde_spanned v1.1.1
[INFO] [stderr]    Compiling serde_path_to_error v0.1.20
[INFO] [stderr]    Compiling toml_datetime v0.7.5+spec-1.1.0
[INFO] [stderr]    Compiling sysinfo v0.33.1
[INFO] [stderr]    Compiling synstructure v0.13.2
[INFO] [stderr]    Compiling fs-set-times v0.20.3
[INFO] [stderr]    Compiling rustix-linux-procfs v0.1.1
[INFO] [stderr]    Compiling toml v0.9.12+spec-1.1.0
[INFO] [stderr]    Compiling tempfile v3.27.0
[INFO] [stderr]    Compiling regex v1.13.1
[INFO] [stderr]    Compiling ppv-lite86 v0.2.21
[INFO] [stderr]    Compiling zerofrom-derive v0.1.7
[INFO] [stderr]    Compiling yoke-derive v0.8.2
[INFO] [stderr]    Compiling tracing-attributes v0.1.31
[INFO] [stderr]    Compiling async-stream-impl v0.3.6
[INFO] [stderr]    Compiling rand_chacha v0.9.0
[INFO] [stderr]    Compiling async-stream v0.3.6
[INFO] [stderr]    Compiling rand v0.9.5
[INFO] [stderr]    Compiling zerofrom v0.1.8
[INFO] [stderr]    Compiling yoke v0.8.3
[INFO] [stderr]    Compiling tracing v0.1.44
[INFO] [stderr]    Compiling zerovec-derive v0.11.6
[INFO] [stderr]    Compiling displaydoc v0.2.7
[INFO] [stderr]    Compiling tokio-macros v2.7.2
[INFO] [stderr]    Compiling futures-macro v0.3.34
[INFO] [stderr]    Compiling serde_derive v1.0.229
[INFO] [stderr]    Compiling clap_derive v4.6.4
[INFO] [stderr]    Compiling thiserror-impl v2.0.20
[INFO] [stderr]    Compiling async-trait v0.1.92
[INFO] [stderr]    Compiling rustls-webpki v0.103.15
[INFO] [stderr]    Compiling zerotrie v0.2.5
[INFO] [stderr]    Compiling tokio v1.53.1
[INFO] [stderr]    Compiling futures-util v0.3.34
[INFO] [stderr]    Compiling zerovec v0.11.8
[INFO] [stderr]    Compiling tinystr v0.8.4
[INFO] [stderr]    Compiling potential_utf v0.1.6
[INFO] [stderr]    Compiling icu_collections v2.1.1
[INFO] [stderr]    Compiling clap v4.6.6
[INFO] [stderr]    Compiling icu_locale_core v2.1.1
[INFO] [stderr]    Compiling serde_urlencoded v0.7.1
[INFO] [stderr]    Compiling agentdeck-core v0.1.0 (/opt/rustwide/workdir/crates/agentdeck-core)
[INFO] [stderr]    Compiling icu_provider v2.1.1
[INFO] [stderr]    Compiling icu_properties v2.1.2
[INFO] [stderr]    Compiling icu_normalizer v2.1.1
[INFO] [stderr]    Compiling idna_adapter v1.2.1
[INFO] [stderr]    Compiling idna v1.1.0
[INFO] [stderr]    Compiling url v2.5.8
[INFO] [stderr]    Compiling hyper v1.11.0
[INFO] [stderr]    Compiling tower v0.5.3
[INFO] [stderr]    Compiling tokio-rustls v0.26.4
[INFO] [stderr]    Compiling tokio-util v0.7.19
[INFO] [stderr]    Compiling interprocess v2.4.3
[INFO] [stderr]    Compiling tower-http v0.6.11
[INFO] [stderr]    Compiling hyper-util v0.1.20
[INFO] [stderr]    Compiling hyper-rustls v0.27.9
[INFO] [stderr]    Compiling axum v0.8.9
[INFO] [stderr]    Compiling reqwest v0.12.28
[INFO] [stderr]    Compiling agentdeck v0.1.0 (/opt/rustwide/workdir/crates/agentdeck)
[INFO] [stderr]     Finished `dev` profile [unoptimized + debuginfo] target(s) in 1m 35s
[INFO] running `Command { std: "docker" "inspect" "67895f0cc5a3dfc9369895f8be5e731d8d38e1ba1e01cb07648df2531d85415b", kill_on_drop: false }`
[INFO] running `Command { std: "docker" "exec" "-e" "SOURCE_DIR=/opt/rustwide/workdir" "-e" "CARGO_HOME=/opt/rustwide/cargo-home" "-e" "RUSTUP_HOME=/opt/rustwide/rustup-home" "-e" "CARGO_TARGET_DIR=/opt/rustwide/target" "-e" "CARGO_INCREMENTAL=0" "-e" "RUST_BACKTRACE=full" "-e" "RUSTFLAGS=--cap-lints=warn" "-e" "RUSTDOCFLAGS=--cap-lints=warn" "-w" "/opt/rustwide/workdir" "--user" "0:0" "67895f0cc5a3dfc9369895f8be5e731d8d38e1ba1e01cb07648df2531d85415b" "/opt/rustwide/cargo-home/bin/cargo" "+1.99.0-beta.8" "test" "--frozen" "--no-run" "--message-format=json", kill_on_drop: false }`
[INFO] [stderr]    Compiling serde v1.0.229
[INFO] [stderr]    Compiling regex-automata v0.4.18
[INFO] [stderr]    Compiling autocfg v1.5.1
[INFO] [stderr]    Compiling tokio v1.53.1
[INFO] [stderr]    Compiling idna v1.1.0
[INFO] [stderr]    Compiling parking_lot_core v0.9.12
[INFO] [stderr]    Compiling ref-cast v1.0.27
[INFO] [stderr]    Compiling ahash v0.8.12
[INFO] [stderr]    Compiling ref-cast-impl v1.0.27
[INFO] [stderr]    Compiling scopeguard v1.2.0
[INFO] [stderr]    Compiling allocator-api2 v0.2.21
[INFO] [stderr]    Compiling borrow-or-share v0.2.4
[INFO] [stderr]    Compiling foldhash v0.2.0
[INFO] [stderr]    Compiling unicode-general-category v1.1.0
[INFO] [stderr]    Compiling bit-vec v0.8.0
[INFO] [stderr]    Compiling lazy_static v1.5.0
[INFO] [stderr]    Compiling lock_api v0.4.14
[INFO] [stderr]    Compiling vsimd v0.8.0
[INFO] [stderr]    Compiling outref v0.5.2
[INFO] [stderr]    Compiling bytecount v0.6.9
[INFO] [stderr]    Compiling num-cmp v0.1.0
[INFO] [stderr]    Compiling data-encoding v2.11.1
[INFO] [stderr]    Compiling url v2.5.8
[INFO] [stderr]    Compiling hashbrown v0.16.1
[INFO] [stderr]    Compiling num-traits v0.2.19
[INFO] [stderr]    Compiling bit-set v0.8.0
[INFO] [stderr]    Compiling parking_lot v0.12.5
[INFO] [stderr]    Compiling serde_urlencoded v0.7.1
[INFO] [stderr]    Compiling fluent-uri v0.4.1
[INFO] [stderr]    Compiling email_address v0.2.9
[INFO] [stderr]    Compiling uuid-simd v0.8.0
[INFO] [stderr]    Compiling referencing v0.37.4
[INFO] [stderr]    Compiling num-integer v0.1.47
[INFO] [stderr]    Compiling num-complex v0.4.6
[INFO] [stderr]    Compiling num-bigint v0.4.8
[INFO] [stderr]    Compiling num-iter v0.1.46
[INFO] [stderr]    Compiling num-rational v0.4.2
[INFO] [stderr]    Compiling num v0.4.3
[INFO] [stderr]    Compiling regex v1.13.1
[INFO] [stderr]    Compiling fancy-regex v0.16.2
[INFO] [stderr]    Compiling fraction v0.15.4
[INFO] [stderr]    Compiling agentdeck-core v0.1.0 (/opt/rustwide/workdir/crates/agentdeck-core)
[INFO] [stderr]    Compiling jsonschema v0.37.4
[INFO] [stderr]    Compiling hyper v1.11.0
[INFO] [stderr]    Compiling tower v0.5.3
[INFO] [stderr]    Compiling tokio-rustls v0.26.4
[INFO] [stderr]    Compiling tokio-util v0.7.19
[INFO] [stderr]    Compiling interprocess v2.4.3
[INFO] [stderr]    Compiling tower-http v0.6.11
[INFO] [stderr]    Compiling hyper-util v0.1.20
[INFO] [stderr]    Compiling hyper-rustls v0.27.9
[INFO] [stderr]    Compiling axum v0.8.9
[INFO] [stderr]    Compiling reqwest v0.12.28
[INFO] [stderr]    Compiling agentdeck v0.1.0 (/opt/rustwide/workdir/crates/agentdeck)
[INFO] [stderr]     Finished `test` profile [unoptimized + debuginfo] target(s) in 1m 18s
[INFO] running `Command { std: "docker" "inspect" "67895f0cc5a3dfc9369895f8be5e731d8d38e1ba1e01cb07648df2531d85415b", kill_on_drop: false }`
[INFO] running `Command { std: "docker" "exec" "-e" "SOURCE_DIR=/opt/rustwide/workdir" "-e" "CARGO_HOME=/opt/rustwide/cargo-home" "-e" "RUSTUP_HOME=/opt/rustwide/rustup-home" "-e" "CARGO_TARGET_DIR=/opt/rustwide/target" "-e" "CARGO_INCREMENTAL=0" "-e" "RUST_BACKTRACE=full" "-e" "RUSTFLAGS=--cap-lints=warn" "-e" "RUSTDOCFLAGS=--cap-lints=warn" "-w" "/opt/rustwide/workdir" "--user" "0:0" "67895f0cc5a3dfc9369895f8be5e731d8d38e1ba1e01cb07648df2531d85415b" "/opt/rustwide/cargo-home/bin/cargo" "+1.99.0-beta.8" "test" "--frozen", kill_on_drop: false }`
[INFO] [stderr]     Finished `test` profile [unoptimized + debuginfo] target(s) in 0.62s
[INFO] [stderr]      Running unittests src/lib.rs (/opt/rustwide/target/debug/deps/agentdeck-b501316efdc5aaae)
[INFO] [stdout] 
[INFO] [stdout] running 219 tests
[INFO] [stdout] test adapters::herdr::events::tests::acknowledgement_requires_matching_id_and_result_type ... ok
[INFO] [stdout] test adapters::headings::tests::unconfigured_auto_is_honest_and_setup_hints_are_ui_safe ... ok
[INFO] [stdout] test adapters::herdr::events::tests::backoff_is_immediate_then_one_two_four_eight_with_uniform_jitter_and_reset ... ok
[INFO] [stdout] test adapters::headings::tests::acquisition_timeout_uses_injected_limits_without_wall_clock_sleep ... ok
[INFO] [stdout] test adapters::herdr::events::tests::cancellation_interrupts_blocked_read ... ok
[INFO] [stdout] test adapters::herdr::events::tests::acknowledgement_deadline_is_five_seconds ... ok
[INFO] [stdout] test adapters::headings::tests::discovery_missing_provider_is_typed ... ok
[INFO] [stdout] test adapters::headings::tests::none_provider_performs_zero_network_calls ... ok
[INFO] [stdout] test adapters::herdr::client::tests::version_parser_requires_the_exact_cli_shape ... ok
[INFO] [stdout] test adapters::herdr::events::tests::error_malformed_json_and_invalid_utf8_force_connection_failure ... ok
[INFO] [stdout] test adapters::herdr::events::tests::config_directory_matches_herdr_xdg_home_and_temp_fallbacks ... ok
[INFO] [stdout] test adapters::headings::tests::discovery_checks_only_installed_configured_arbitrary_tags ... ok
[INFO] [stdout] test adapters::herdr::events::tests::eof_before_ack_is_a_failed_connection ... ok
[INFO] [stdout] test adapters::headings::tests::chat_uses_the_exact_ollama_url_and_body ... ok
[INFO] [stdout] test adapters::herdr::events::tests::decoder_accepts_split_coalesced_crlf_and_blank_frames ... ok
[INFO] [stdout] test adapters::herdr::events::tests::endpoint_preserves_marker_spelling ... ok
[INFO] [stdout] test adapters::herdr::events::tests::every_dotted_subscription_accepts_its_underscored_wire_frame ... ok
[INFO] [stdout] test adapters::herdr::events::tests::malformed_json_diagnostics_are_limited_without_hiding_other_failures ... ok
[INFO] [stdout] test adapters::herdr::events::tests::only_matching_subscription_error_frames_force_reconnect ... ok
[INFO] [stdout] test adapters::herdr::events::tests::routing_is_explicit_then_inherited_then_default ... ok
[INFO] [stdout] test adapters::herdr::process::tests::exit_one_api_json_is_typed ... ok
[INFO] [stdout] test adapters::herdr::events::tests::split_ack_and_coalesced_events_emit_bounded_invalidations_then_eof ... ok
[INFO] [stdout] test adapters::herdr::events::tests::subscribe_request_is_exact_and_contains_only_all_23_global_types ... ok
[INFO] [stdout] test adapters::herdr::events::tests::unrelated_error_ids_are_ignored_before_and_after_acknowledgement ... ok
[INFO] [stdout] test adapters::herdr::protocol::tests::protocol_policy_distinguishes_baseline_current_future_and_too_old ... ok
[INFO] [stdout] test adapters::herdr::routing::tests::explicit_session_prefixes_even_default_and_removes_inherited_routing ... ok
[INFO] [stdout] test adapters::herdr::events::tests::malformed_frame_reconnects_and_valid_ack_resets_to_immediate_retry ... ok
[INFO] [stdout] test adapters::herdr::routing::tests::automatic_target_preserves_inherited_routing ... ok
[INFO] [stdout] test adapters::herdr::routing::tests::session_validation_reuses_the_config_grammar ... ok
[INFO] [stdout] test adapters::herdr::process::tests::syntax_and_transport_errors_remain_distinct ... ok
[INFO] [stdout] test adapters::herdr::routing::tests::socket_validation_reuses_the_config_grammar ... ok
[INFO] [stdout] test adapters::headings::tests::discovery_missing_model_is_typed_and_never_pulls ... ok
[INFO] [stdout] test adapters::herdr::routing::tests::explicit_socket_sets_socket_and_removes_only_session ... ok
[INFO] [stdout] test adapters::headings::tests::generation_enforces_body_and_message_content_limits ... ok
[INFO] [stdout] test adapters::telemetry::capacity::tests::cache_rejects_corruption_and_version_mismatch ... ok
[INFO] [stdout] test adapters::herdr::events::tests::thousand_event_burst_collapses_into_one_bounded_invalidation ... ok
[INFO] [stdout] test adapters::telemetry::capacity::tests::parser_rejects_implausible_window_percent_and_reset_values ... ok
[INFO] [stdout] test adapters::telemetry::capacity::tests::capped_reader_rejects_excess_output_without_retaining_it ... ok
[INFO] [stdout] test adapters::telemetry::capacity::tests::off_and_missing_never_run_a_command_and_hint_is_exact ... ok
[INFO] [stdout] test adapters::telemetry::capacity::tests::parser_rejects_malformed_or_truncated_json ... ok
[INFO] [stdout] test adapters::telemetry::capacity::tests::parser_accepts_both_one_noisy_and_only_safe_providers ... ok
[INFO] [stdout] test adapters::herdr::events::tests::unix_filesystem_socket_uses_interprocess_mapping_end_to_end ... ok
[INFO] [stdout] test adapters::headings::tests::connection_refused_and_timeout_are_distinct ... ok
[INFO] [stdout] test adapters::telemetry::capacity::tests::runner_enforces_output_cap_without_returning_output ... ok
[INFO] [stdout] test adapters::telemetry::host::tests::matches_known_agent_executables_without_path_substring_false_positives ... ok
[INFO] [stdout] test adapters::telemetry::host::tests::matching_is_exact_but_accepts_known_wrappers_and_copilot ... ok
[INFO] [stdout] test adapters::telemetry::capacity::tests::cache_replace_is_readable_and_restrictive_after_sync ... ok
[INFO] [stdout] test adapters::herdr::events::tests::cancellation_interrupts_disconnected_backoff ... ok
[INFO] [stdout] test adapters::telemetry::capacity::tests::nonzero_valid_json_is_accepted_and_cache_becomes_stale_on_failure ... ok
[INFO] [stdout] test adapters::telemetry::host::tests::only_the_first_cpu_sample_is_a_warmup ... ok
[INFO] [stdout] test adapters::telemetry::host::tests::zero_bytes_are_distinguished_from_unsupported_totals ... ok
[INFO] [stdout] test adapters::telemetry::ollama::tests::busy_has_priority_then_offline_ready_and_unloaded_are_honest ... ok
[INFO] [stdout] test adapters::telemetry::capacity::tests::cancelled_refresh_releases_admission_for_a_retry ... ok
[INFO] [stdout] test adapters::telemetry::host::tests::off_and_detailed_never_fabricate_a_system_snapshot ... ok
[INFO] [stdout] test adapters::telemetry::ollama::tests::calls_are_clocked_ordered_and_bounded_to_exactly_128 ... ok
[INFO] [stdout] test adapters::telemetry::ollama::tests::configured_model_matches_name_or_model_case_insensitively_and_rounds_decimal_gb ... ok
[INFO] [stdout] test adapters::telemetry::capacity::tests::unsupported_has_no_hint_and_refresh_schedule_is_bounded ... ok
[INFO] [stdout] test adapters::telemetry::ollama::tests::bounded_ps_probe_classifies_http_status_and_oversized_bodies ... ok
[INFO] [stdout] test adapters::telemetry::ollama::tests::enabled_monitor_does_not_fabricate_a_reading_before_first_sample ... ok
[INFO] [stdout] test adapters::telemetry::ollama::tests::selection_only_enables_ollama_headings_and_auto_or_on ... ok
[INFO] [stdout] test adapters::transcripts::filesystem::tests::copilot_session_symlink_cannot_escape_configured_state_root ... ok
[INFO] [stdout] test adapters::transcripts::filesystem::tests::copilot_id_uses_only_session_state_events_with_mtime_and_missing_softness ... ok
[INFO] [stdout] test adapters::transcripts::filesystem::tests::final_and_ancestor_replacement_cannot_escape_an_open_root_capability ... ok
[INFO] [stdout] test adapters::transcripts::filesystem::tests::fingerprint_uses_size_second_nanosecond_path_and_bounded_content ... ok
[INFO] [stdout] test adapters::headings::tests::generation_distinguishes_http_and_response_failures ... ok
[INFO] [stdout] test adapters::headings::tests::one_generation_at_a_time_holds_the_permit_through_the_response ... ok
[INFO] [stdout] test adapters::telemetry::ollama::tests::malformed_payload_is_not_treated_as_an_empty_model_list ... ok
[INFO] [stdout] test adapters::transcripts::filesystem::tests::timestamp_supports_pre_epoch_values_without_panicking ... ok
[INFO] [stdout] test adapters::telemetry::capacity::tests::tokio_runner_uses_exact_argv_against_a_fake_executable ... ok
[INFO] [stdout] test adapters::transcripts::filesystem::tests::parse_cache_is_lru_bounded_and_separates_agent_kinds ... ok
[INFO] [stdout] test assets::tests::existing_browser_is_embedded ... ok
[INFO] [stdout] test assets::tests::setup_document_is_embedded ... ok
[INFO] [stdout] test adapters::transcripts::filesystem::tests::window_constructor_rejects_oversized_inconsistent_or_false_accounting ... ok
[INFO] [stdout] test coalescer::tests::in_flight_arrivals_make_exactly_one_non_overlapping_follow_up ... ok
[INFO] [stdout] test coalescer::tests::poll_event_race_cannot_miss_the_final_generation ... ok
[INFO] [stdout] test coalescer::tests::window_is_anchored_to_first_arrival_without_trailing_drift ... ok
[INFO] [stdout] test config::tests::allowed_origins_are_exact_canonical_http_or_https_origins ... ok
[INFO] [stdout] test config::tests::base_path_requires_a_safe_normalized_absolute_path ... ok
[INFO] [stdout] test coalescer::tests::cancellation_drops_an_in_flight_reconciliation_cleanly ... ok
[INFO] [stdout] test config::tests::config_parse_errors_never_include_source_or_tokens ... ok
[INFO] [stdout] test adapters::telemetry::capacity::tests::runner_waits_for_exit_after_both_streams_close ... ok
[INFO] [stdout] test config::tests::every_reconcile_interval_is_validated ... ok
[INFO] [stdout] test coalescer::tests::sustained_producer_cannot_starve_completed_work ... ok
[INFO] [stdout] test config::tests::defaults_match_the_migration_contract ... ok
[INFO] [stdout] test config::tests::heading_endpoint_must_be_a_canonical_origin_without_credentials ... ok
[INFO] [stdout] test config::tests::loopback_only_configuration_does_not_require_a_token ... ok
[INFO] [stdout] test config::tests::model_off_disables_headings_without_a_probe ... ok
[INFO] [stdout] test adapters::transcripts::filesystem::tests::fifo_replacement_is_nonblocking_and_rejected_as_non_regular ... ok
[INFO] [stdout] test config::tests::non_utf8_config_errors_never_include_valid_prefixes_or_tokens ... ok
[INFO] [stdout] test config::tests::ollama_requires_a_nonblank_model ... ok
[INFO] [stdout] test config::tests::precedence_is_cli_then_environment_then_file ... ok
[INFO] [stdout] test config::tests::public_host_is_a_literal_canonical_dns_name ... ok
[INFO] [stdout] test config::tests::remote_bind_requires_a_strong_trimmed_token ... ok
[INFO] [stdout] test config::tests::semantic_url_validation_never_echoes_rejected_values_or_secrets ... ok
[INFO] [stdout] test config::tests::transcript_file_access_can_be_disabled_explicitly ... ok
[INFO] [stdout] test config::tests::unknown_toml_fields_and_enum_spellings_are_rejected_recursively ... ok
[INFO] [stdout] test coalescer::tests::sustained_producer_cannot_starve_the_fixed_deadline ... ok
[INFO] [stdout] test config::tests::herdr_session_and_socket_are_validated ... ok
[INFO] [stdout] test doctor::tests::bind_check_identifies_an_occupied_address_without_connecting ... ok
[INFO] [stdout] test config::tests::debug_and_printable_toml_redact_the_token ... ok
[INFO] [stdout] test doctor::tests::human_renderer_uses_structured_statuses ... ok
[INFO] [stdout] test config_init::tests::created_config_and_parent_are_private ... ok
[INFO] [stdout] test doctor::tests::path_redaction_removes_the_home_directory ... ok
[INFO] [stdout] test config_init::tests::stdout_is_side_effect_free_and_parses_to_a_safe_config ... ok
[INFO] [stdout] test doctor::tests::check_serialization_omits_absent_detail ... ok
[INFO] [stdout] test adapters::transcripts::filesystem::tests::parser_entry_points_do_not_panic_on_deterministic_arbitrary_bytes ... ok
[INFO] [stdout] test coalescer::tests::sustained_producer_cannot_starve_cancellation ... ok
[INFO] [stdout] test http::tests::arbitrary_state_ports_cannot_inject_sse_frames ... ok
[INFO] [stdout] test adapters::telemetry::capacity::tests::cancelling_runner_kills_and_reaps_its_fake_process ... ok
[INFO] [stdout] test http::tests::direct_http_options_cannot_bypass_build_time_safety ... ok
[INFO] [stdout] test http::tests::one_dropped_sse_client_does_not_affect_another ... ok
[INFO] [stdout] test http::tests::every_http_error_class_keeps_security_and_no_store_headers ... ok
[INFO] [stdout] test http::tests::known_authorities_defeat_dns_rebinding_and_allow_declared_proxy_origins ... ok
[INFO] [stdout] test http::tests::embedded_routes_base_paths_methods_and_headers ... ok
[INFO] [stdout] test http::tests::options_and_health_never_expose_free_form_secrets ... ok
[INFO] [stdout] test config::tests::headings_support_opaque_model_tags_and_per_job_choices ... ok
[INFO] [stdout] test http::tests::snapshot_and_health_are_json_no_store_and_redacted_by_type ... ok
[INFO] [stdout] test http::tests::mutations_validate_json_content_type_shape_ids_and_body_limit ... ok
[INFO] [stdout] test http::tests::sse_is_exact_latest_only_changed_and_liveness_republished ... ok
[INFO] [stdout] test http::tests::publisher_closure_ends_only_its_sse_stream_after_the_immediate_frame ... ok
[INFO] [stdout] test http::tests::sse_initial_frame_is_derived_from_subscription_without_current_subscribe_race ... ok
[INFO] [stdout] test paths::tests::unix_cache_paths_honor_xdg_cache ... ok
[INFO] [stdout] test http::tests::every_declared_route_distinguishes_supported_wrong_and_unknown_methods ... ok
[INFO] [stdout] test paths::tests::unix_ignores_relative_or_missing_xdg_config_home ... ok
[INFO] [stdout] test paths::tests::unix_state_paths_honor_xdg_state ... ok
[INFO] [stdout] test paths::tests::unix_transcript_roots_follow_home ... ok
[INFO] [stdout] test paths::tests::windows_cache_paths_use_local_appdata ... ok
[INFO] [stdout] test paths::tests::windows_honors_appdata_then_falls_back_to_platform_directory ... ok
[INFO] [stdout] test paths::tests::windows_state_paths_use_local_appdata ... ok
[INFO] [stdout] test paths::tests::windows_transcript_roots_follow_profile ... ok
[INFO] [stdout] test paths::tests::unix_transcript_roots_honor_only_absolute_copilot_home ... ok
[INFO] [stdout] test paths::tests::unix_honors_absolute_xdg_config_home ... ok
[INFO] [stdout] test persistence::heading_log::tests::hardlinked_log_and_lock_are_refused ... ok
[INFO] [stdout] test persistence::heading_log::tests::post_snapshot_growth_is_capped_and_replaced ... ok
[INFO] [stdout] test persistence::heading_log::tests::corrupt_or_oversize_is_replaced_and_held_lock_skips ... ok
[INFO] [stdout] test http::tests::remote_auth_origin_and_preflight_policy ... ok
[INFO] [stdout] test persistence::tab_titles::tests::bounds_and_unsafe_files_are_rejected ... ok
[INFO] [stdout] test persistence::heading_log::tests::symlink_ancestor_and_parent_swap_cannot_escape ... ok
[INFO] [stdout] test persistence::heading_log::tests::closed_schema_permissions_and_privacy ... ok
[INFO] [stdout] test persistence::tab_titles::tests::failed_write_keeps_dirty_state ... ok
[INFO] [stdout] test persistence::tab_titles::tests::concurrent_saves_leave_a_complete_private_state ... ok
[INFO] [stdout] test persistence::tab_titles::tests::hardlinked_public_and_nonregular_state_or_lock_fail_closed ... ok
[INFO] [stdout] test persistence::tab_titles::tests::pruning_is_durably_saved_as_the_complete_ownership_set ... ok
[INFO] [stdout] test runtime::tests::byte_identical_reconciliation_is_not_republished ... ok
[INFO] [stdout] test persistence::tab_titles::tests::round_trip_replaces_last_good_and_clears_dirty_only_after_success ... ok
[INFO] [stdout] test persistence::tab_titles::tests::retained_directory_cannot_be_redirected_by_a_parent_swap ... ok
[INFO] [stdout] test runtime::tests::cancelling_reconciliation_drops_every_runtime_enrichment_future ... ok
[INFO] [stdout] test runtime::tests::cancelling_heading_worker_drops_in_flight_generation_and_releases_lane ... ok
[INFO] [stdout] test runtime::tests::copilot_identity_loss_and_pane_reuse_clear_prior_read_state ... ok
[INFO] [stdout] test runtime::tests::disabled_and_missing_capabilities_never_generate ... ok
[INFO] [stdout] test http::tests::production_listener_enforces_request_head_byte_and_field_caps ... ok
[INFO] [stdout] test runtime::tests::disabled_transcripts_construct_no_filesystem_source ... ok
[INFO] [stdout] test persistence::tab_titles::tests::missing_corrupt_future_and_unknown_fields_are_distinct ... ok
[INFO] [stdout] test runtime::tests::cached_screen_enrichment_does_not_republish_identical_payload_bytes ... ok
[INFO] [stdout] test runtime::tests::every_heading_discovery_outcome_maps_to_closed_payload_and_health_codes ... ok
[INFO] [stdout] test runtime::tests::future_protocol_warnings_are_rate_limited_by_monotonic_time ... ok
[INFO] [stdout] test runtime::tests::configured_heading_worker_generates_from_a_validated_copilot_digest ... ok
[INFO] [stdout] test runtime::tests::heading_failure_retains_last_good_then_success_restores_available ... ok
[INFO] [stdout] test runtime::tests::heading_store_cadence_is_used_and_accepted_values_overlay_cards ... ok
[INFO] [stdout] test runtime::tests::heading_tab_title_batch_rejects_duplicate_tabs_and_never_invents_a_model_title ... ok
[INFO] [stdout] test runtime::tests::event_and_poll_race_cannot_miss_final_state_across_restart ... ok
[INFO] [stdout] test adapters::telemetry::host::tests::basic_reuses_one_sampler_and_bounds_history ... ok
[INFO] [stdout] test runtime::tests::invalid_foreign_path_and_unknown_sessions_never_request_transcripts ... ok
[INFO] [stdout] test runtime::tests::disconnected_events_do_not_stop_polling_and_herdr_recovers ... ok
[INFO] [stdout] test runtime::tests::missing_and_malformed_copilot_transcripts_do_not_fabricate_enrichment ... ok
[INFO] [stdout] test runtime::tests::immediate_reconcile_publishes_authoritative_model_off_state ... ok
[INFO] [stdout] test runtime::tests::normal_runtime_always_reports_ui_safe_optional_capabilities ... ok
[INFO] [stdout] test runtime::tests::optional_health_only_degrades_for_error_and_recovers_with_last_success ... ok
[INFO] [stdout] test runtime::tests::pane_identity_change_and_death_prune_accepted_headings_without_migration ... ok
[INFO] [stdout] test runtime::tests::production_basic_host_starts_with_an_honest_delta_warmup ... ok
[INFO] [stdout] test runtime::tests::matching_future_protocol_is_usable_after_required_subset_decodes ... ok
[INFO] [stdout] test runtime::tests::production_none_and_auto_without_model_make_zero_provider_connections ... ok
[INFO] [stdout] test runtime::tests::provider_failures_expose_only_closed_codes_not_private_inputs_or_errors ... ok
[INFO] [stdout] test runtime::tests::raw_herdr_errors_are_classified_without_entering_health ... ok
[INFO] [stdout] test runtime::tests::obsolete_slow_heading_attempt_preserves_progress_and_stops_retry_storm ... ok
[INFO] [stdout] test runtime::tests::protocol_failure_degrades_then_recovers_and_shutdown_releases_listener ... ok
[INFO] [stdout] test runtime::tests::screen_phase_background_cadence_failure_cache_identity_and_prune_are_bounded ... ok
[INFO] [stdout] test runtime::tests::screen_reads_have_eight_way_concurrency_exact_agent_cap_and_parse_bound ... ok
[INFO] [stdout] test runtime::tests::shutdown_cancels_in_flight_snapshot_and_joins_the_owner ... ok
[INFO] [stdout] test runtime::tests::stalled_local_sample_does_not_block_other_schedules_and_cancels_cleanly ... ok
[INFO] [stdout] test runtime::tests::schema_snapshot_or_client_version_mismatch_degrades_health_safely ... ok
[INFO] [stdout] test runtime::tests::slow_worker_coalesces_to_latest_without_stalling_reconcile_or_actions ... ok
[INFO] [stdout] test runtime::tests::startup_is_degraded_when_herdr_is_absent_and_health_uses_closed_codes ... ok
[INFO] [stdout] test http::tests::sse_limit_disconnect_unpolled_drop_shutdown_and_reconnect_cleanup ... ok
[INFO] [stdout] test runtime::tests::tab_title_already_superseded_batch_cannot_release_prune_or_recover_ownership ... ok
[INFO] [stdout] test runtime::tests::tab_title_binding_does_not_load_or_create_state_until_the_worker_runs ... ok
[INFO] [stdout] test runtime::tests::tab_title_fresh_mismatch_or_manual_label_never_renames_and_releases_ownership ... ok
[INFO] [stdout] test runtime::tests::successful_actions_invalidate_and_failures_map_to_503 ... ok
[INFO] [stdout] test runtime::tests::tab_title_rename_uses_a_fresh_matching_snapshot_and_persists_only_after_success ... ok
[INFO] [stdout] test runtime::tests::tab_title_selection_is_fail_closed_without_path_work_when_disabled_or_unsupported ... ok
[INFO] [stdout] test adapters::herdr::events::tests::eof_invalid_utf8_and_oversize_each_force_reconnect ... ok
[INFO] [stdout] test runtime::tests::tab_title_worker_cancels_a_slow_rename_without_holding_reconciliation_resources ... ok
[INFO] [stdout] test http::tests::development_assets_are_confined_to_the_canonical_root ... FAILED
[INFO] [stdout] test config_init::tests::create_refuses_overwrite_unless_forced ... ok
[INFO] [stdout] test runtime::tests::tab_title_newer_batch_during_fresh_snapshot_makes_the_old_intent_obsolete ... ok
[INFO] [stdout] test runtime::tests::telemetry_publishes_only_latest_changes_and_local_errors_recover ... ok
[INFO] [stdout] test runtime::tests::telemetry_schedules_capacity_at_one_second_and_host_local_every_five ... ok
[INFO] [stdout] test runtime::tests::transcript_agent_cap_is_exact_when_reads_complete ... ok
[INFO] [stdout] test runtime::tests::tab_title_worker_retries_only_after_a_later_observation_and_recovers_capability ... ok
[INFO] [stdout] test runtime::tests::transcript_reads_have_five_way_concurrency_agent_cap_and_total_deadline ... ok
[INFO] [stdout] test runtime::tests::transcript_ready_missing_malformed_and_unsupported_agents_are_mapped_without_content ... ok
[INFO] [stdout] test runtime::tests::typed_telemetry_feeds_and_all_capabilities_are_merged_without_fabrication ... ok
[INFO] [stdout] test runtime::tests::transcript_reply_changes_drive_unread_and_identity_changes_reset_it ... ok
[INFO] [stdout] test runtime::tests::validated_copilot_enters_heading_inputs_while_unknown_stays_excluded ... ok
[INFO] [stdout] test runtime::tests::validated_copilot_transcript_maps_context_reply_age_and_unread ... ok
[INFO] [stdout] test runtime::tests::heading_call_lease_tracks_busy_ring_and_cancellation_without_content ... ok
[INFO] [stdout] test runtime::tests::heading_worker_normal_exit_is_supervised_as_an_early_failure ... ok
[INFO] [stdout] test runtime::tests::supervisor_aborts_and_joins_a_task_that_misses_the_shared_deadline ... ok
[INFO] [stdout] test adapters::transcripts::filesystem::tests::descriptor_windows_obey_every_head_digest_context_and_probe_boundary ... ok
[INFO] [stdout] test runtime::tests::tab_title_worker_normal_exit_is_supervised_as_an_early_failure ... ok
[INFO] [stdout] test runtime::tests::supervisor_collects_simultaneous_cancel_failure_and_panic_safely ... ok
[INFO] [stdout] test runtime::tests::telemetry_panic_is_supervised_without_exposing_panic_content ... ok
[INFO] [stdout] test runtime::tests::telemetry_normal_exit_is_supervised_and_every_peer_is_reaped ... ok
[INFO] [stdout] test runtime::tests::event_only_panic_triggers_shutdown_and_reaps_every_other_task ... ok
[INFO] [stdout] test persistence::heading_log::tests::concurrent_writers_stay_bounded_and_valid ... ok
[INFO] [stdout] test adapters::herdr::events::tests::decoder_rejects_cap_plus_one_with_lf_crlf_split_and_same_read ... ok
[INFO] [stdout] test adapters::herdr::events::tests::decoder_accepts_exact_cap_with_lf_crlf_split_and_same_read ... ok
[INFO] [stdout] test adapters::telemetry::ollama::tests::bounded_ps_probe_times_out ... ok
[INFO] [stdout] test adapters::telemetry::capacity::tests::runner_timeout_kills_and_reaps_its_fake_process ... ok
[INFO] [stdout] 
[INFO] [stdout] failures:
[INFO] [stdout] 
[INFO] [stdout] ---- http::tests::development_assets_are_confined_to_the_canonical_root stdout ----
[INFO] [stdout] 
[INFO] [stdout] thread 'http::tests::development_assets_are_confined_to_the_canonical_root' (4270) panicked at crates/agentdeck/src/http/tests.rs:980:33:
[INFO] [stdout] temp dir: Read-only file system (os error 30) at path "/opt/rustwide/workdir/crates/agentdeck/./.agentdeck-http-iaY0Q6"
[INFO] [stdout] stack backtrace:
[INFO] [stdout]    0:     0x638bd9e63be1 - std[70759c8f55707aa4]::backtrace_rs::backtrace::libunwind::trace
[INFO] [stdout]                                at /rustc/dfb0accb7f508ae8be965d8629557221c889dd98/library/std/src/../../backtrace/src/backtrace/libunwind.rs:117:9
[INFO] [stdout]    1:     0x638bd9e63be1 - std[70759c8f55707aa4]::backtrace_rs::backtrace::trace_unsynchronized::<std[70759c8f55707aa4]::sys::backtrace::_print_fmt::{closure#1}>
[INFO] [stdout]                                at /rustc/dfb0accb7f508ae8be965d8629557221c889dd98/library/std/src/../../backtrace/src/backtrace/mod.rs:66:14
[INFO] [stdout]    2:     0x638bd9e63be1 - std[70759c8f55707aa4]::sys::backtrace::_print_fmt
[INFO] [stdout]                                at /rustc/dfb0accb7f508ae8be965d8629557221c889dd98/library/std/src/sys/backtrace.rs:74:9
[INFO] [stdout]    3:     0x638bd9e63be1 - <<std[70759c8f55707aa4]::sys::backtrace::BacktraceLock>::print::DisplayBacktrace as core[df12db4294e9bfd3]::fmt::Display>::fmt
[INFO] [stdout]                                at /rustc/dfb0accb7f508ae8be965d8629557221c889dd98/library/std/src/sys/backtrace.rs:44:26
[INFO] [stdout]    4:     0x638bd9e7d26a - <core[df12db4294e9bfd3]::fmt::rt::Argument>::fmt
[INFO] [stdout]                                at /rustc/dfb0accb7f508ae8be965d8629557221c889dd98/library/core/src/fmt/rt.rs:152:76
[INFO] [stdout]    5:     0x638bd9e7d26a - core[df12db4294e9bfd3]::fmt::write
[INFO] [stdout]    6:     0x638bd9e694ec - core[df12db4294e9bfd3]::io::write::default_write_fmt::<alloc[2182bb758b4b3781]::vec::Vec<u8>>
[INFO] [stdout]                                at /rustc/dfb0accb7f508ae8be965d8629557221c889dd98/library/core/src/io/write.rs:402:11
[INFO] [stdout]    7:     0x638bd9e694ec - <alloc[2182bb758b4b3781]::vec::Vec<u8> as core[df12db4294e9bfd3]::io::write::Write>::write_fmt
[INFO] [stdout]                                at /rustc/dfb0accb7f508ae8be965d8629557221c889dd98/library/core/src/io/write.rs:335:13
[INFO] [stdout]    8:     0x638bd9e3a936 - <std[70759c8f55707aa4]::sys::backtrace::BacktraceLock>::print
[INFO] [stdout]                                at /rustc/dfb0accb7f508ae8be965d8629557221c889dd98/library/std/src/sys/backtrace.rs:47:9
[INFO] [stdout]    9:     0x638bd9e3a936 - std[70759c8f55707aa4]::panicking::default_hook::{closure#0}
[INFO] [stdout]                                at /rustc/dfb0accb7f508ae8be965d8629557221c889dd98/library/std/src/panicking.rs:292:27
[INFO] [stdout]   10:     0x638bd9e59e19 - std[70759c8f55707aa4]::panicking::default_hook
[INFO] [stdout]                                at /rustc/dfb0accb7f508ae8be965d8629557221c889dd98/library/std/src/panicking.rs:316:9
[INFO] [stdout]   11:     0x638bd94ac8d0 - <alloc[2182bb758b4b3781]::boxed::Box<dyn for<'a, 'b> core[df12db4294e9bfd3]::ops::function::Fn<(&'a std[70759c8f55707aa4]::panic::PanicHookInfo<'b>,), Output = ()> + core[df12db4294e9bfd3]::marker::Send + core[df12db4294e9bfd3]::marker::Sync> as core[df12db4294e9bfd3]::ops::function::Fn<(&std[70759c8f55707aa4]::panic::PanicHookInfo,)>>::call
[INFO] [stdout]                                at /rustc/dfb0accb7f508ae8be965d8629557221c889dd98/library/alloc/src/boxed.rs:2334:9
[INFO] [stdout]   12:     0x638bd94ac8d0 - test[9d35eded1c95d3be]::test_main_inner::<test[9d35eded1c95d3be]::test_main_static::{closure#0}>::{closure#0}
[INFO] [stdout]                                at /rustc/dfb0accb7f508ae8be965d8629557221c889dd98/library/test/src/lib.rs:155:21
[INFO] [stdout]   13:     0x638bd9e5a142 - <alloc[2182bb758b4b3781]::boxed::Box<dyn for<'a, 'b> core[df12db4294e9bfd3]::ops::function::Fn<(&'a std[70759c8f55707aa4]::panic::PanicHookInfo<'b>,), Output = ()> + core[df12db4294e9bfd3]::marker::Send + core[df12db4294e9bfd3]::marker::Sync> as core[df12db4294e9bfd3]::ops::function::Fn<(&std[70759c8f55707aa4]::panic::PanicHookInfo,)>>::call
[INFO] [stdout]                                at /rustc/dfb0accb7f508ae8be965d8629557221c889dd98/library/alloc/src/boxed.rs:2334:9
[INFO] [stdout]   14:     0x638bd9e5a142 - std[70759c8f55707aa4]::panicking::panic_with_hook
[INFO] [stdout]                                at /rustc/dfb0accb7f508ae8be965d8629557221c889dd98/library/std/src/panicking.rs:823:13
[INFO] [stdout]   15:     0x638bd9e3a9e2 - std[70759c8f55707aa4]::panicking::panic_handler::{closure#0}
[INFO] [stdout]                                at /rustc/dfb0accb7f508ae8be965d8629557221c889dd98/library/std/src/panicking.rs:688:13
[INFO] [stdout]   16:     0x638bd9e32c79 - std[70759c8f55707aa4]::sys::backtrace::__rust_end_short_backtrace::<std[70759c8f55707aa4]::panicking::panic_handler::{closure#0}, !>
[INFO] [stdout]                                at /rustc/dfb0accb7f508ae8be965d8629557221c889dd98/library/std/src/sys/backtrace.rs:182:18
[INFO] [stdout]   17:     0x638bd9e3bc6d - __rustc[8fa7c3cbc660c2b3]::rust_begin_unwind
[INFO] [stdout]                                at /rustc/dfb0accb7f508ae8be965d8629557221c889dd98/library/std/src/panicking.rs:679:5
[INFO] [stdout]   18:     0x638bd9e7db0c - core[df12db4294e9bfd3]::panicking::panic_fmt
[INFO] [stdout]                                at /rustc/dfb0accb7f508ae8be965d8629557221c889dd98/library/core/src/panicking.rs:80:14
[INFO] [stdout]   19:     0x638bd90ec018 - agentdeck[294fdcdc45282a75]::http::tests::development_assets_are_confined_to_the_canonical_root::{closure#0}::{closure#0}
[INFO] [stdout]                                at /opt/rustwide/workdir/crates/agentdeck/src/http/tests.rs:980:33
[INFO] [stdout]   20:     0x638bd92b28cf - <core[df12db4294e9bfd3]::result::Result<tempfile[6c1e88bd9f528c29]::dir::TempDir, core[df12db4294e9bfd3]::io::error::Error>>::unwrap_or_else::<agentdeck[294fdcdc45282a75]::http::tests::development_assets_are_confined_to_the_canonical_root::{closure#0}::{closure#0}>
[INFO] [stdout]                                at /rustc/dfb0accb7f508ae8be965d8629557221c889dd98/library/core/src/result.rs:1621:23
[INFO] [stdout]   21:     0x638bd90fc678 - agentdeck[294fdcdc45282a75]::http::tests::development_assets_are_confined_to_the_canonical_root::{closure#0}
[INFO] [stdout]                                at /opt/rustwide/workdir/crates/agentdeck/src/http/tests.rs:980:10
[INFO] [stdout]   22:     0x638bd92fc1c2 - <core[df12db4294e9bfd3]::pin::Pin<&mut dyn core[df12db4294e9bfd3]::future::future::Future<Output = ()>> as core[df12db4294e9bfd3]::future::future::Future>::poll
[INFO] [stdout]                                at /rustc/dfb0accb7f508ae8be965d8629557221c889dd98/library/core/src/future/future.rs:133:9
[INFO] [stdout]   23:     0x638bd92fc23d - <core[df12db4294e9bfd3]::pin::Pin<&mut core[df12db4294e9bfd3]::pin::Pin<&mut dyn core[df12db4294e9bfd3]::future::future::Future<Output = ()>>> as core[df12db4294e9bfd3]::future::future::Future>::poll
[INFO] [stdout]                                at /rustc/dfb0accb7f508ae8be965d8629557221c889dd98/library/core/src/future/future.rs:133:9
[INFO] [stdout]   24:     0x638bd8e21f2d - <tokio[6234aa07545f0b2d]::runtime::scheduler::current_thread::CoreGuard>::block_on::<core[df12db4294e9bfd3]::pin::Pin<&mut core[df12db4294e9bfd3]::pin::Pin<&mut dyn core[df12db4294e9bfd3]::future::future::Future<Output = ()>>>>::{closure#0}::{closure#0}::{closure#0}
[INFO] [stdout]                                at /opt/rustwide/cargo-home/registry/src/index.crates.io-1949cf8c6b5b557f/tokio-1.53.1/src/runtime/scheduler/current_thread/mod.rs:830:70
[INFO] [stdout]   25:     0x638bd8e21e65 - tokio[6234aa07545f0b2d]::task::coop::with_budget::<core[df12db4294e9bfd3]::task::poll::Poll<()>, <tokio[6234aa07545f0b2d]::runtime::scheduler::current_thread::CoreGuard>::block_on<core[df12db4294e9bfd3]::pin::Pin<&mut core[df12db4294e9bfd3]::pin::Pin<&mut dyn core[df12db4294e9bfd3]::future::future::Future<Output = ()>>>>::{closure#0}::{closure#0}::{closure#0}>
[INFO] [stdout]                                at /opt/rustwide/cargo-home/registry/src/index.crates.io-1949cf8c6b5b557f/tokio-1.53.1/src/task/coop/mod.rs:167:5
[INFO] [stdout]   26:     0x638bd8e21e65 - tokio[6234aa07545f0b2d]::task::coop::budget::<core[df12db4294e9bfd3]::task::poll::Poll<()>, <tokio[6234aa07545f0b2d]::runtime::scheduler::current_thread::CoreGuard>::block_on<core[df12db4294e9bfd3]::pin::Pin<&mut core[df12db4294e9bfd3]::pin::Pin<&mut dyn core[df12db4294e9bfd3]::future::future::Future<Output = ()>>>>::{closure#0}::{closure#0}::{closure#0}>
[INFO] [stdout]                                at /opt/rustwide/cargo-home/registry/src/index.crates.io-1949cf8c6b5b557f/tokio-1.53.1/src/task/coop/mod.rs:133:5
[INFO] [stdout]   27:     0x638bd8e21e65 - <tokio[6234aa07545f0b2d]::runtime::scheduler::current_thread::CoreGuard>::block_on::<core[df12db4294e9bfd3]::pin::Pin<&mut core[df12db4294e9bfd3]::pin::Pin<&mut dyn core[df12db4294e9bfd3]::future::future::Future<Output = ()>>>>::{closure#0}::{closure#0}
[INFO] [stdout]                                at /opt/rustwide/cargo-home/registry/src/index.crates.io-1949cf8c6b5b557f/tokio-1.53.1/src/runtime/scheduler/current_thread/mod.rs:830:25
[INFO] [stdout]   28:     0x638bd8de6de2 - <tokio[6234aa07545f0b2d]::runtime::scheduler::current_thread::Context>::enter::<core[df12db4294e9bfd3]::task::poll::Poll<()>, <tokio[6234aa07545f0b2d]::runtime::scheduler::current_thread::CoreGuard>::block_on<core[df12db4294e9bfd3]::pin::Pin<&mut core[df12db4294e9bfd3]::pin::Pin<&mut dyn core[df12db4294e9bfd3]::future::future::Future<Output = ()>>>>::{closure#0}::{closure#0}>
[INFO] [stdout]                                at /opt/rustwide/cargo-home/registry/src/index.crates.io-1949cf8c6b5b557f/tokio-1.53.1/src/runtime/scheduler/current_thread/mod.rs:488:19
[INFO] [stdout]   29:     0x638bd8e208dd - <tokio[6234aa07545f0b2d]::runtime::scheduler::current_thread::CoreGuard>::block_on::<core[df12db4294e9bfd3]::pin::Pin<&mut core[df12db4294e9bfd3]::pin::Pin<&mut dyn core[df12db4294e9bfd3]::future::future::Future<Output = ()>>>>::{closure#0}
[INFO] [stdout]                                at /opt/rustwide/cargo-home/registry/src/index.crates.io-1949cf8c6b5b557f/tokio-1.53.1/src/runtime/scheduler/current_thread/mod.rs:829:44
[INFO] [stdout]   30:     0x638bd8e1fb74 - <tokio[6234aa07545f0b2d]::runtime::scheduler::current_thread::CoreGuard>::enter::<<tokio[6234aa07545f0b2d]::runtime::scheduler::current_thread::CoreGuard>::block_on<core[df12db4294e9bfd3]::pin::Pin<&mut core[df12db4294e9bfd3]::pin::Pin<&mut dyn core[df12db4294e9bfd3]::future::future::Future<Output = ()>>>>::{closure#0}, core[df12db4294e9bfd3]::option::Option<()>>::{closure#0}
[INFO] [stdout]                                at /opt/rustwide/cargo-home/registry/src/index.crates.io-1949cf8c6b5b557f/tokio-1.53.1/src/runtime/scheduler/current_thread/mod.rs:906:68
[INFO] [stdout]   31:     0x638bd9157c9b - <tokio[6234aa07545f0b2d]::runtime::context::scoped::Scoped<tokio[6234aa07545f0b2d]::runtime::scheduler::Context>>::set::<<tokio[6234aa07545f0b2d]::runtime::scheduler::current_thread::CoreGuard>::enter<<tokio[6234aa07545f0b2d]::runtime::scheduler::current_thread::CoreGuard>::block_on<core[df12db4294e9bfd3]::pin::Pin<&mut core[df12db4294e9bfd3]::pin::Pin<&mut dyn core[df12db4294e9bfd3]::future::future::Future<Output = ()>>>>::{closure#0}, core[df12db4294e9bfd3]::option::Option<()>>::{closure#0}, (alloc[2182bb758b4b3781]::boxed::Box<tokio[6234aa07545f0b2d]::runtime::scheduler::current_thread::Core>, core[df12db4294e9bfd3]::option::Option<()>)>
[INFO] [stdout]                                at /opt/rustwide/cargo-home/registry/src/index.crates.io-1949cf8c6b5b557f/tokio-1.53.1/src/runtime/context/scoped.rs:40:9
[INFO] [stdout]   32:     0x638bd90e79f9 - tokio[6234aa07545f0b2d]::runtime::context::set_scheduler::<(alloc[2182bb758b4b3781]::boxed::Box<tokio[6234aa07545f0b2d]::runtime::scheduler::current_thread::Core>, core[df12db4294e9bfd3]::option::Option<()>), <tokio[6234aa07545f0b2d]::runtime::scheduler::current_thread::CoreGuard>::enter<<tokio[6234aa07545f0b2d]::runtime::scheduler::current_thread::CoreGuard>::block_on<core[df12db4294e9bfd3]::pin::Pin<&mut core[df12db4294e9bfd3]::pin::Pin<&mut dyn core[df12db4294e9bfd3]::future::future::Future<Output = ()>>>>::{closure#0}, core[df12db4294e9bfd3]::option::Option<()>>::{closure#0}>::{closure#0}
[INFO] [stdout]                                at /opt/rustwide/cargo-home/registry/src/index.crates.io-1949cf8c6b5b557f/tokio-1.53.1/src/runtime/context.rs:187:38
[INFO] [stdout]   33:     0x638bd915967f - <std[70759c8f55707aa4]::thread::local::LocalKey<tokio[6234aa07545f0b2d]::runtime::context::Context>>::try_with::<tokio[6234aa07545f0b2d]::runtime::context::set_scheduler<(alloc[2182bb758b4b3781]::boxed::Box<tokio[6234aa07545f0b2d]::runtime::scheduler::current_thread::Core>, core[df12db4294e9bfd3]::option::Option<()>), <tokio[6234aa07545f0b2d]::runtime::scheduler::current_thread::CoreGuard>::enter<<tokio[6234aa07545f0b2d]::runtime::scheduler::current_thread::CoreGuard>::block_on<core[df12db4294e9bfd3]::pin::Pin<&mut core[df12db4294e9bfd3]::pin::Pin<&mut dyn core[df12db4294e9bfd3]::future::future::Future<Output = ()>>>>::{closure#0}, core[df12db4294e9bfd3]::option::Option<()>>::{closure#0}>::{closure#0}, (alloc[2182bb758b4b3781]::boxed::Box<tokio[6234aa07545f0b2d]::runtime::scheduler::current_thread::Core>, core[df12db4294e9bfd3]::option::Option<()>)>
[INFO] [stdout]                                at /rustc/dfb0accb7f508ae8be965d8629557221c889dd98/library/std/src/thread/local.rs:463:12
[INFO] [stdout]   34:     0x638bd915922e - <std[70759c8f55707aa4]::thread::local::LocalKey<tokio[6234aa07545f0b2d]::runtime::context::Context>>::with::<tokio[6234aa07545f0b2d]::runtime::context::set_scheduler<(alloc[2182bb758b4b3781]::boxed::Box<tokio[6234aa07545f0b2d]::runtime::scheduler::current_thread::Core>, core[df12db4294e9bfd3]::option::Option<()>), <tokio[6234aa07545f0b2d]::runtime::scheduler::current_thread::CoreGuard>::enter<<tokio[6234aa07545f0b2d]::runtime::scheduler::current_thread::CoreGuard>::block_on<core[df12db4294e9bfd3]::pin::Pin<&mut core[df12db4294e9bfd3]::pin::Pin<&mut dyn core[df12db4294e9bfd3]::future::future::Future<Output = ()>>>>::{closure#0}, core[df12db4294e9bfd3]::option::Option<()>>::{closure#0}>::{closure#0}, (alloc[2182bb758b4b3781]::boxed::Box<tokio[6234aa07545f0b2d]::runtime::scheduler::current_thread::Core>, core[df12db4294e9bfd3]::option::Option<()>)>
[INFO] [stdout]                                at /rustc/dfb0accb7f508ae8be965d8629557221c889dd98/library/std/src/thread/local.rs:427:20
[INFO] [stdout]   35:     0x638bd90cab9d - tokio[6234aa07545f0b2d]::runtime::context::set_scheduler::<(alloc[2182bb758b4b3781]::boxed::Box<tokio[6234aa07545f0b2d]::runtime::scheduler::current_thread::Core>, core[df12db4294e9bfd3]::option::Option<()>), <tokio[6234aa07545f0b2d]::runtime::scheduler::current_thread::CoreGuard>::enter<<tokio[6234aa07545f0b2d]::runtime::scheduler::current_thread::CoreGuard>::block_on<core[df12db4294e9bfd3]::pin::Pin<&mut core[df12db4294e9bfd3]::pin::Pin<&mut dyn core[df12db4294e9bfd3]::future::future::Future<Output = ()>>>>::{closure#0}, core[df12db4294e9bfd3]::option::Option<()>>::{closure#0}>
[INFO] [stdout]                                at /opt/rustwide/cargo-home/registry/src/index.crates.io-1949cf8c6b5b557f/tokio-1.53.1/src/runtime/context.rs:187:17
[INFO] [stdout]   36:     0x638bd8e0d580 - <tokio[6234aa07545f0b2d]::runtime::scheduler::current_thread::CoreGuard>::enter::<<tokio[6234aa07545f0b2d]::runtime::scheduler::current_thread::CoreGuard>::block_on<core[df12db4294e9bfd3]::pin::Pin<&mut core[df12db4294e9bfd3]::pin::Pin<&mut dyn core[df12db4294e9bfd3]::future::future::Future<Output = ()>>>>::{closure#0}, core[df12db4294e9bfd3]::option::Option<()>>
[INFO] [stdout]                                at /opt/rustwide/cargo-home/registry/src/index.crates.io-1949cf8c6b5b557f/tokio-1.53.1/src/runtime/scheduler/current_thread/mod.rs:906:27
[INFO] [stdout]   37:     0x638bd8e0d876 - <tokio[6234aa07545f0b2d]::runtime::scheduler::current_thread::CoreGuard>::block_on::<core[df12db4294e9bfd3]::pin::Pin<&mut core[df12db4294e9bfd3]::pin::Pin<&mut dyn core[df12db4294e9bfd3]::future::future::Future<Output = ()>>>>
[INFO] [stdout]                                at /opt/rustwide/cargo-home/registry/src/index.crates.io-1949cf8c6b5b557f/tokio-1.53.1/src/runtime/scheduler/current_thread/mod.rs:817:24
[INFO] [stdout]   38:     0x638bd8e1f600 - <tokio[6234aa07545f0b2d]::runtime::scheduler::current_thread::CurrentThread>::block_on::<core[df12db4294e9bfd3]::pin::Pin<&mut dyn core[df12db4294e9bfd3]::future::future::Future<Output = ()>>>::{closure#0}
[INFO] [stdout]                                at /opt/rustwide/cargo-home/registry/src/index.crates.io-1949cf8c6b5b557f/tokio-1.53.1/src/runtime/scheduler/current_thread/mod.rs:218:33
[INFO] [stdout]   39:     0x638bd92e61d8 - tokio[6234aa07545f0b2d]::runtime::context::runtime::enter_runtime::<<tokio[6234aa07545f0b2d]::runtime::scheduler::current_thread::CurrentThread>::block_on<core[df12db4294e9bfd3]::pin::Pin<&mut dyn core[df12db4294e9bfd3]::future::future::Future<Output = ()>>>::{closure#0}, ()>
[INFO] [stdout]                                at /opt/rustwide/cargo-home/registry/src/index.crates.io-1949cf8c6b5b557f/tokio-1.53.1/src/runtime/context/runtime.rs:65:16
[INFO] [stdout]   40:     0x638bd8de2794 - <tokio[6234aa07545f0b2d]::runtime::scheduler::current_thread::CurrentThread>::block_on::<core[df12db4294e9bfd3]::pin::Pin<&mut dyn core[df12db4294e9bfd3]::future::future::Future<Output = ()>>>
[INFO] [stdout]                                at /opt/rustwide/cargo-home/registry/src/index.crates.io-1949cf8c6b5b557f/tokio-1.53.1/src/runtime/scheduler/current_thread/mod.rs:206:9
[INFO] [stdout]   41:     0x638bd8e882bf - <tokio[6234aa07545f0b2d]::runtime::runtime::Runtime>::block_on_inner::<core[df12db4294e9bfd3]::pin::Pin<&mut dyn core[df12db4294e9bfd3]::future::future::Future<Output = ()>>>
[INFO] [stdout]                                at /opt/rustwide/cargo-home/registry/src/index.crates.io-1949cf8c6b5b557f/tokio-1.53.1/src/runtime/runtime.rs:374:52
[INFO] [stdout]   42:     0x638bd8e8840b - <tokio[6234aa07545f0b2d]::runtime::runtime::Runtime>::block_on::<core[df12db4294e9bfd3]::pin::Pin<&mut dyn core[df12db4294e9bfd3]::future::future::Future<Output = ()>>>
[INFO] [stdout]                                at /opt/rustwide/cargo-home/registry/src/index.crates.io-1949cf8c6b5b557f/tokio-1.53.1/src/runtime/runtime.rs:343:18
[INFO] [stdout]   43:     0x638bd91277b5 - agentdeck[294fdcdc45282a75]::http::tests::development_assets_are_confined_to_the_canonical_root
[INFO] [stdout]                                at /opt/rustwide/workdir/crates/agentdeck/src/http/tests.rs:1103:6
[INFO] [stdout]   44:     0x638bd90f1807 - agentdeck[294fdcdc45282a75]::http::tests::development_assets_are_confined_to_the_canonical_root::{closure#0}
[INFO] [stdout]                                at /opt/rustwide/workdir/crates/agentdeck/src/http/tests.rs:976:65
[INFO] [stdout]   45:     0x638bd8d90316 - <agentdeck[294fdcdc45282a75]::http::tests::development_assets_are_confined_to_the_canonical_root::{closure#0} as core[df12db4294e9bfd3]::ops::function::FnOnce<()>>::call_once
[INFO] [stdout]                                at /rustc/dfb0accb7f508ae8be965d8629557221c889dd98/library/core/src/ops/function.rs:250:5
[INFO] [stdout]   46:     0x638bd949fbbb - <fn() -> core[df12db4294e9bfd3]::result::Result<(), alloc[2182bb758b4b3781]::string::String> as core[df12db4294e9bfd3]::ops::function::FnOnce<()>>::call_once
[INFO] [stdout]                                at /rustc/dfb0accb7f508ae8be965d8629557221c889dd98/library/core/src/ops/function.rs:250:5
[INFO] [stdout]   47:     0x638bd949fbbb - test[9d35eded1c95d3be]::__rust_begin_short_backtrace::<core[df12db4294e9bfd3]::result::Result<(), alloc[2182bb758b4b3781]::string::String>, fn() -> core[df12db4294e9bfd3]::result::Result<(), alloc[2182bb758b4b3781]::string::String>>
[INFO] [stdout]                                at /rustc/dfb0accb7f508ae8be965d8629557221c889dd98/library/test/src/lib.rs:733:18
[INFO] [stdout]   48:     0x638bd94ad225 - test[9d35eded1c95d3be]::run_test_in_process::{closure#0}
[INFO] [stdout]                                at /rustc/dfb0accb7f508ae8be965d8629557221c889dd98/library/test/src/lib.rs:756:74
[INFO] [stdout]   49:     0x638bd94ad225 - <core[df12db4294e9bfd3]::panic::unwind_safe::AssertUnwindSafe<test[9d35eded1c95d3be]::run_test_in_process::{closure#0}> as core[df12db4294e9bfd3]::ops::function::FnOnce<()>>::call_once
[INFO] [stdout]                                at /rustc/dfb0accb7f508ae8be965d8629557221c889dd98/library/core/src/panic/unwind_safe.rs:275:9
[INFO] [stdout]   50:     0x638bd94ad225 - std[70759c8f55707aa4]::panicking::catch_unwind::do_call::<core[df12db4294e9bfd3]::panic::unwind_safe::AssertUnwindSafe<test[9d35eded1c95d3be]::run_test_in_process::{closure#0}>, core[df12db4294e9bfd3]::result::Result<(), alloc[2182bb758b4b3781]::string::String>>
[INFO] [stdout]                                at /rustc/dfb0accb7f508ae8be965d8629557221c889dd98/library/std/src/panicking.rs:576:43
[INFO] [stdout]   51:     0x638bd94ad225 - std[70759c8f55707aa4]::panicking::catch_unwind::<core[df12db4294e9bfd3]::result::Result<(), alloc[2182bb758b4b3781]::string::String>, core[df12db4294e9bfd3]::panic::unwind_safe::AssertUnwindSafe<test[9d35eded1c95d3be]::run_test_in_process::{closure#0}>>
[INFO] [stdout]                                at /rustc/dfb0accb7f508ae8be965d8629557221c889dd98/library/std/src/panicking.rs:544:19
[INFO] [stdout]   52:     0x638bd94ad225 - std[70759c8f55707aa4]::panic::catch_unwind::<core[df12db4294e9bfd3]::panic::unwind_safe::AssertUnwindSafe<test[9d35eded1c95d3be]::run_test_in_process::{closure#0}>, core[df12db4294e9bfd3]::result::Result<(), alloc[2182bb758b4b3781]::string::String>>
[INFO] [stdout]                                at /rustc/dfb0accb7f508ae8be965d8629557221c889dd98/library/std/src/panic.rs:359:14
[INFO] [stdout]   53:     0x638bd94ad225 - test[9d35eded1c95d3be]::run_test_in_process
[INFO] [stdout]                                at /rustc/dfb0accb7f508ae8be965d8629557221c889dd98/library/test/src/lib.rs:756:27
[INFO] [stdout]   54:     0x638bd94ad225 - test[9d35eded1c95d3be]::run_test::{closure#0}
[INFO] [stdout]                                at /rustc/dfb0accb7f508ae8be965d8629557221c889dd98/library/test/src/lib.rs:677:43
[INFO] [stdout]   55:     0x638bd94a6ae4 - test[9d35eded1c95d3be]::run_test::{closure#1}
[INFO] [stdout]                                at /rustc/dfb0accb7f508ae8be965d8629557221c889dd98/library/test/src/lib.rs:707:41
[INFO] [stdout]   56:     0x638bd94a6ae4 - std[70759c8f55707aa4]::sys::backtrace::__rust_begin_short_backtrace::<test[9d35eded1c95d3be]::run_test::{closure#1}, ()>
[INFO] [stdout]                                at /rustc/dfb0accb7f508ae8be965d8629557221c889dd98/library/std/src/sys/backtrace.rs:166:18
[INFO] [stdout]   57:     0x638bd94b0382 - std[70759c8f55707aa4]::thread::lifecycle::spawn_unchecked::<test[9d35eded1c95d3be]::run_test::{closure#1}, ()>::{closure#1}::{closure#0}
[INFO] [stdout]                                at /rustc/dfb0accb7f508ae8be965d8629557221c889dd98/library/std/src/thread/lifecycle.rs:70:13
[INFO] [stdout]   58:     0x638bd94b0382 - <core[df12db4294e9bfd3]::panic::unwind_safe::AssertUnwindSafe<std[70759c8f55707aa4]::thread::lifecycle::spawn_unchecked<test[9d35eded1c95d3be]::run_test::{closure#1}, ()>::{closure#1}::{closure#0}> as core[df12db4294e9bfd3]::ops::function::FnOnce<()>>::call_once
[INFO] [stdout]                                at /rustc/dfb0accb7f508ae8be965d8629557221c889dd98/library/core/src/panic/unwind_safe.rs:275:9
[INFO] [stdout]   59:     0x638bd94b0382 - std[70759c8f55707aa4]::panicking::catch_unwind::do_call::<core[df12db4294e9bfd3]::panic::unwind_safe::AssertUnwindSafe<std[70759c8f55707aa4]::thread::lifecycle::spawn_unchecked<test[9d35eded1c95d3be]::run_test::{closure#1}, ()>::{closure#1}::{closure#0}>, ()>
[INFO] [stdout]                                at /rustc/dfb0accb7f508ae8be965d8629557221c889dd98/library/std/src/panicking.rs:576:43
[INFO] [stdout]   60:     0x638bd94b0382 - std[70759c8f55707aa4]::panicking::catch_unwind::<(), core[df12db4294e9bfd3]::panic::unwind_safe::AssertUnwindSafe<std[70759c8f55707aa4]::thread::lifecycle::spawn_unchecked<test[9d35eded1c95d3be]::run_test::{closure#1}, ()>::{closure#1}::{closure#0}>>
[INFO] [stdout]                                at /rustc/dfb0accb7f508ae8be965d8629557221c889dd98/library/std/src/panicking.rs:544:19
[INFO] [stdout]   61:     0x638bd94b0382 - std[70759c8f55707aa4]::panic::catch_unwind::<core[df12db4294e9bfd3]::panic::unwind_safe::AssertUnwindSafe<std[70759c8f55707aa4]::thread::lifecycle::spawn_unchecked<test[9d35eded1c95d3be]::run_test::{closure#1}, ()>::{closure#1}::{closure#0}>, ()>
[INFO] [stdout]                                at /rustc/dfb0accb7f508ae8be965d8629557221c889dd98/library/std/src/panic.rs:359:14
[INFO] [stdout]   62:     0x638bd94b0382 - std[70759c8f55707aa4]::thread::lifecycle::spawn_unchecked::<test[9d35eded1c95d3be]::run_test::{closure#1}, ()>::{closure#1}
[INFO] [stdout]                                at /rustc/dfb0accb7f508ae8be965d8629557221c889dd98/library/std/src/thread/lifecycle.rs:68:26
[INFO] [stdout]   63:     0x638bd94b0382 - <std[70759c8f55707aa4]::thread::lifecycle::spawn_unchecked<test[9d35eded1c95d3be]::run_test::{closure#1}, ()>::{closure#1} as core[df12db4294e9bfd3]::ops::function::FnOnce<()>>::call_once::{shim:vtable#0}
[INFO] [stdout]                                at /rustc/dfb0accb7f508ae8be965d8629557221c889dd98/library/core/src/ops/function.rs:250:5
[INFO] [stdout]   64:     0x638bd9e62639 - <alloc[2182bb758b4b3781]::boxed::Box<dyn core[df12db4294e9bfd3]::ops::function::FnOnce<(), Output = ()> + core[df12db4294e9bfd3]::marker::Send> as core[df12db4294e9bfd3]::ops::function::FnOnce<()>>::call_once
[INFO] [stdout]                                at /rustc/dfb0accb7f508ae8be965d8629557221c889dd98/library/alloc/src/boxed.rs:2320:9
[INFO] [stdout]   65:     0x638bd9e62639 - <std[70759c8f55707aa4]::sys::thread::unix::Thread>::new::thread_start
[INFO] [stdout]                                at /rustc/dfb0accb7f508ae8be965d8629557221c889dd98/library/std/src/sys/thread/unix.rs:123:17
[INFO] [stdout]   66:     0x775d32573dfa - <unknown>
[INFO] [stdout]   67:     0x775d326073d4 - clone
[INFO] [stdout]   68:                0x0 - <unknown>
[INFO] [stdout] 
[INFO] [stdout] 
[INFO] [stdout] failures:
[INFO] [stdout]     http::tests::development_assets_are_confined_to_the_canonical_root
[INFO] [stdout] 
[INFO] [stdout] test result: FAILED. 218 passed; 1 failed; 0 ignored; 0 measured; 0 filtered out; finished in 5.04s
[INFO] [stdout] 
[INFO] [stderr] error: test failed, to rerun pass `-p agentdeck --lib`
[INFO] running `Command { std: "docker" "inspect" "67895f0cc5a3dfc9369895f8be5e731d8d38e1ba1e01cb07648df2531d85415b", kill_on_drop: false }`
[INFO] running `Command { std: "docker" "rm" "-f" "67895f0cc5a3dfc9369895f8be5e731d8d38e1ba1e01cb07648df2531d85415b", kill_on_drop: false }`
[INFO] [stdout] 67895f0cc5a3dfc9369895f8be5e731d8d38e1ba1e01cb07648df2531d85415b
