[INFO] cloning repository https://github.com/InfinityBowman/tailwind-lite
[INFO] running `Command { std: "git" "-c" "credential.helper=" "-c" "credential.helper=/workspace/cargo-home/bin/git-credential-null" "clone" "--bare" "https://github.com/InfinityBowman/tailwind-lite" "/workspace/cache/git-repos/https%3A%2F%2Fgithub.com%2FInfinityBowman%2Ftailwind-lite", kill_on_drop: false }`
[INFO] [stderr] Cloning into bare repository '/workspace/cache/git-repos/https%3A%2F%2Fgithub.com%2FInfinityBowman%2Ftailwind-lite'...
[INFO] running `Command { std: "git" "rev-parse" "HEAD", kill_on_drop: false }`
[INFO] [stdout] 4477f1a984d738084d78f3eae776d3285beef730
[INFO] testing InfinityBowman/tailwind-lite against 1.99.0-beta.8 for beta-1.100-2
[INFO] running `Command { std: "git" "clone" "/workspace/cache/git-repos/https%3A%2F%2Fgithub.com%2FInfinityBowman%2Ftailwind-lite" "/workspace/builds/worker-2-tc1/source", kill_on_drop: false }`
[INFO] [stderr] Cloning into '/workspace/builds/worker-2-tc1/source'...
[INFO] [stderr] done.
[INFO] started tweaking git repo https://github.com/InfinityBowman/tailwind-lite
[INFO] finished tweaking git repo https://github.com/InfinityBowman/tailwind-lite
[INFO] tweaked toml for git repo https://github.com/InfinityBowman/tailwind-lite written to /workspace/builds/worker-2-tc1/source/Cargo.toml
[INFO] validating manifest of git repo https://github.com/InfinityBowman/tailwind-lite on toolchain 1.99.0-beta.8
[INFO] running `Command { std: CARGO_HOME="/workspace/cargo-home" RUSTUP_HOME="/workspace/rustup-home" "/workspace/cargo-home/bin/cargo" "+1.99.0-beta.8" "metadata" "--manifest-path" "Cargo.toml" "--no-deps", kill_on_drop: false }`
[INFO] crate git repo https://github.com/InfinityBowman/tailwind-lite already has a lockfile, it will not be regenerated
[INFO] running `Command { std: CARGO_HOME="/workspace/cargo-home" RUSTUP_HOME="/workspace/rustup-home" "/workspace/cargo-home/bin/cargo" "+1.99.0-beta.8" "fetch" "--manifest-path" "Cargo.toml", kill_on_drop: false }`
[INFO] [stderr]     Blocking waiting for file lock on package cache
[INFO] [stderr]     Updating git repository `https://github.com/tailwindlabs/tailwindcss.git`
[INFO] [stderr]     Updating crates.io index
[INFO] [stderr]     Blocking waiting for file lock on package cache
[INFO] [stderr]  Downloading crates ...
[INFO] [stderr]   Downloaded nom-language v0.1.0
[INFO] [stderr]   Downloaded bexpand v1.3.0
[INFO] [stderr]   Downloaded fast-glob v0.4.5
[INFO] [stderr]   Downloaded lightningcss v1.0.0-alpha.71
[INFO] running `Command { std: "docker" "create" "-v" "/var/lib/crater-agent-workspace/builds/worker-2-tc1/source:/opt/rustwide/workdir:ro,Z" "-v" "/var/lib/crater-agent-workspace/builds/worker-2-tc1/target:/opt/rustwide/target:rw,Z" "-v" "/var/lib/crater-agent-workspace/cargo-home:/opt/rustwide/cargo-home:ro,Z" "-v" "/var/lib/crater-agent-workspace/rustup-home:/opt/rustwide/rustup-home:ro,Z" "-m" "1610612736" "--network" "none" "ghcr.io/rust-lang/crates-build-env/linux@sha256:3111399a4047eeb3a02b7a90e478d715f38a8c6669b5c4b49d30a17385265909" "sleep" "infinity", kill_on_drop: false }`
[INFO] [stdout] a7e3fd95c545bda16e1696a2f9e1e0291f4f9f8a4e421d772b19607f65181311
[INFO] running `Command { std: "docker" "start" "a7e3fd95c545bda16e1696a2f9e1e0291f4f9f8a4e421d772b19607f65181311", kill_on_drop: false }`
[INFO] running `Command { std: "docker" "inspect" "a7e3fd95c545bda16e1696a2f9e1e0291f4f9f8a4e421d772b19607f65181311", kill_on_drop: false }`
[INFO] running `Command { std: "docker" "exec" "-e" "SOURCE_DIR=/opt/rustwide/workdir" "-e" "CARGO_HOME=/opt/rustwide/cargo-home" "-e" "RUSTUP_HOME=/opt/rustwide/rustup-home" "-e" "CARGO_TARGET_DIR=/opt/rustwide/target" "-w" "/opt/rustwide/workdir" "--user" "0:0" "a7e3fd95c545bda16e1696a2f9e1e0291f4f9f8a4e421d772b19607f65181311" "/opt/rustwide/cargo-home/bin/cargo" "+1.99.0-beta.8" "metadata" "--no-deps" "--format-version=1", kill_on_drop: false }`
[INFO] running `Command { std: "docker" "inspect" "a7e3fd95c545bda16e1696a2f9e1e0291f4f9f8a4e421d772b19607f65181311", kill_on_drop: false }`
[INFO] running `Command { std: "docker" "exec" "-e" "SOURCE_DIR=/opt/rustwide/workdir" "-e" "CARGO_HOME=/opt/rustwide/cargo-home" "-e" "RUSTUP_HOME=/opt/rustwide/rustup-home" "-e" "CARGO_TARGET_DIR=/opt/rustwide/target" "-e" "CARGO_INCREMENTAL=0" "-e" "RUST_BACKTRACE=full" "-e" "RUSTFLAGS=--cap-lints=warn" "-e" "RUSTDOCFLAGS=--cap-lints=warn" "-w" "/opt/rustwide/workdir" "--user" "0:0" "a7e3fd95c545bda16e1696a2f9e1e0291f4f9f8a4e421d772b19607f65181311" "/opt/rustwide/cargo-home/bin/cargo" "+1.99.0-beta.8" "build" "--frozen" "--message-format=json", kill_on_drop: false }`
[INFO] [stderr]    Compiling proc-macro2 v1.0.106
[INFO] [stderr]    Compiling unicode-ident v1.0.24
[INFO] [stderr]    Compiling quote v1.0.45
[INFO] [stderr]    Compiling memchr v2.8.0
[INFO] [stderr]    Compiling cfg-if v1.0.4
[INFO] [stderr]    Compiling once_cell v1.21.4
[INFO] [stderr]    Compiling libc v0.2.186
[INFO] [stderr]    Compiling siphasher v1.0.3
[INFO] [stderr]    Compiling crossbeam-utils v0.8.21
[INFO] [stderr]    Compiling syn v1.0.109
[INFO] [stderr]    Compiling rand_core v0.6.4
[INFO] [stderr]    Compiling version_check v0.9.5
[INFO] [stderr]    Compiling regex-syntax v0.8.10
[INFO] [stderr]    Compiling log v0.4.29
[INFO] [stderr]    Compiling smallvec v1.15.1
[INFO] [stderr]    Compiling serde_core v1.0.228
[INFO] [stderr]    Compiling itoa v1.0.18
[INFO] [stderr]    Compiling either v1.15.0
[INFO] [stderr]    Compiling serde v1.0.228
[INFO] [stderr]    Compiling phf_shared v0.11.3
[INFO] [stderr]    Compiling rand v0.8.6
[INFO] [stderr]    Compiling zmij v1.0.21
[INFO] [stderr]    Compiling dtoa v1.0.11
[INFO] [stderr]    Compiling rayon-core v1.13.0
[INFO] [stderr]    Compiling same-file v1.0.6
[INFO] [stderr]    Compiling tracing-core v0.1.36
[INFO] [stderr]    Compiling walkdir v2.5.0
[INFO] [stderr]    Compiling parking_lot_core v0.9.12
[INFO] [stderr]    Compiling utf8parse v0.2.2
[INFO] [stderr]    Compiling ahash v0.7.8
[INFO] [stderr]    Compiling dtoa-short v0.3.5
[INFO] [stderr]    Compiling rkyv v0.7.46
[INFO] [stderr]    Compiling outref v0.1.0
[INFO] [stderr]    Compiling bitflags v2.11.1
[INFO] [stderr]    Compiling lazy_static v1.5.0
[INFO] [stderr]    Compiling zerocopy v0.8.48
[INFO] [stderr]    Compiling serde_json v1.0.149
[INFO] [stderr]    Compiling getrandom v0.3.4
[INFO] [stderr]    Compiling simd-abstraction v0.7.1
[INFO] [stderr]    Compiling anstyle-parse v1.0.0
[INFO] [stderr]    Compiling ahash v0.8.12
[INFO] [stderr]    Compiling aho-corasick v1.1.4
[INFO] [stderr]    Compiling nom v8.0.0
[INFO] [stderr]    Compiling is_terminal_polyfill v1.70.2
[INFO] [stderr]    Compiling anstyle-query v1.1.5
[INFO] [stderr]    Compiling scopeguard v1.2.0
[INFO] [stderr]    Compiling phf_generator v0.11.3
[INFO] [stderr]    Compiling pin-project-lite v0.2.17
[INFO] [stderr]    Compiling crossbeam-epoch v0.9.18
[INFO] [stderr]    Compiling seahash v4.1.0
[INFO] [stderr]    Compiling colorchoice v1.0.5
[INFO] [stderr]    Compiling anstyle v1.0.14
[INFO] [stderr]    Compiling unicode-segmentation v1.13.2
[INFO] [stderr]    Compiling matches v0.1.10
[INFO] [stderr]    Compiling syn v2.0.117
[INFO] [stderr]    Compiling crossbeam-deque v0.8.6
[INFO] [stderr]    Compiling phf_codegen v0.11.3
[INFO] [stderr]    Compiling rustc-hash v2.1.2
[INFO] [stderr]    Compiling data-url v0.1.1
[INFO] [stderr]    Compiling parcel_selectors v0.28.2
[INFO] [stderr]    Compiling lock_api v0.4.14
[INFO] [stderr]    Compiling base64-simd v0.7.0
[INFO] [stderr]    Compiling tracing-log v0.2.0
[INFO] [stderr]    Compiling anstream v1.0.0
[INFO] [stderr]    Compiling sharded-slab v0.1.7
[INFO] [stderr]    Compiling itertools v0.14.0
[INFO] [stderr]    Compiling convert_case v0.6.0
[INFO] [stderr]    Compiling thread_local v1.1.9
[INFO] [stderr]    Compiling arrayvec v0.7.6
[INFO] [stderr]    Compiling getrandom v0.2.17
[INFO] [stderr]    Compiling hashbrown v0.14.5
[INFO] [stderr]    Compiling strsim v0.11.1
[INFO] [stderr]    Compiling clap_lex v1.1.0
[INFO] [stderr]    Compiling heck v0.5.0
[INFO] [stderr]    Compiling precomputed-hash v0.1.1
[INFO] [stderr]    Compiling hashbrown v0.12.3
[INFO] [stderr]    Compiling vlq v0.5.1
[INFO] [stderr]    Compiling rayon v1.12.0
[INFO] [stderr]    Compiling hashbrown v0.17.1
[INFO] [stderr]    Compiling dunce v1.0.5
[INFO] [stderr]    Compiling nu-ansi-term v0.50.3
[INFO] [stderr]    Compiling equivalent v1.0.2
[INFO] [stderr]    Compiling clap_builder v4.6.0
[INFO] [stderr]    Compiling fast-glob v0.4.5
[INFO] [stderr]    Compiling itertools v0.10.5
[INFO] [stderr]    Compiling data-encoding v2.11.0
[INFO] [stderr]    Compiling dashmap v5.5.3
[INFO] [stderr]    Compiling pathdiff v0.2.3
[INFO] [stderr]    Compiling pastey v0.1.1
[INFO] [stderr]    Compiling regex-automata v0.4.14
[INFO] [stderr]    Compiling indexmap v2.14.0
[INFO] [stderr]    Compiling nom-language v0.1.0
[INFO] [stderr]    Compiling bexpand v1.3.0
[INFO] [stderr]    Compiling ptr_meta_derive v0.1.4
[INFO] [stderr]    Compiling rkyv_derive v0.7.46
[INFO] [stderr]    Compiling const-str-proc-macro v0.3.2
[INFO] [stderr]    Compiling lightningcss-derive v1.0.0-alpha.43
[INFO] [stderr]    Compiling ptr_meta v0.1.4
[INFO] [stderr]    Compiling const-str v0.3.2
[INFO] [stderr]    Compiling phf_macros v0.11.3
[INFO] [stderr]    Compiling cssparser-macros v0.6.1
[INFO] [stderr]    Compiling serde_derive v1.0.228
[INFO] [stderr]    Compiling tracing-attributes v0.1.31
[INFO] [stderr]    Compiling classification-macros v0.1.0 (https://github.com/tailwindlabs/tailwindcss.git?rev=36417cbd12e99ce77676bd1d4589e8f07f1853c1#36417cbd)
[INFO] [stderr]    Compiling clap_derive v4.6.1
[INFO] [stderr]    Compiling phf v0.11.3
[INFO] [stderr]    Compiling cssparser v0.33.0
[INFO] [stderr]    Compiling tracing v0.1.44
[INFO] [stderr]    Compiling bstr v1.12.1
[INFO] [stderr]    Compiling matchers v0.2.0
[INFO] [stderr]    Compiling regex v1.12.3
[INFO] [stderr]    Compiling tracing-subscriber v0.3.23
[INFO] [stderr]    Compiling cssparser-color v0.1.0
[INFO] [stderr]    Compiling globset v0.4.18
[INFO] [stderr]    Compiling clap v4.6.1
[INFO] [stderr]    Compiling ignore v0.4.25
[INFO] [stderr]    Compiling ignore v0.4.24 (https://github.com/tailwindlabs/tailwindcss.git?rev=36417cbd12e99ce77676bd1d4589e8f07f1853c1#36417cbd)
[INFO] [stderr]    Compiling globwalk v0.9.1
[INFO] [stderr]    Compiling tailwindcss-oxide v0.1.0 (https://github.com/tailwindlabs/tailwindcss.git?rev=36417cbd12e99ce77676bd1d4589e8f07f1853c1#36417cbd)
[INFO] [stderr]    Compiling serde-content v0.1.2
[INFO] [stderr]    Compiling parcel_sourcemap v2.1.1
[INFO] [stderr]    Compiling lightningcss v1.0.0-alpha.71
[INFO] [stderr]    Compiling tailwind-lite v0.1.0 (/opt/rustwide/workdir)
[INFO] [stdout] warning: unused import: `Candidate`
[INFO] [stdout]  --> src/apply.rs:4:41
[INFO] [stdout]   |
[INFO] [stdout] 4 | use crate::candidate::{parse_candidate, Candidate};
[INFO] [stdout]   |                                         ^^^^^^^^^
[INFO] [stdout]   |
[INFO] [stdout]   = note: `#[warn(unused_imports)]` (part of `#[warn(unused)]`) on by default
[INFO] [stdout] 
[INFO] [stdout] 
[INFO] [stdout] warning: unused macro definition: `sp`
[INFO] [stdout]    --> src/utilities.rs:471:18
[INFO] [stdout]     |
[INFO] [stdout] 471 |     macro_rules! sp {
[INFO] [stdout]     |                  ^^
[INFO] [stdout]     |
[INFO] [stdout]     = note: `#[warn(unused_macros)]` (part of `#[warn(unused)]`) on by default
[INFO] [stdout] 
[INFO] [stdout] 
[INFO] [stdout] warning: variable does not need to be mutable
[INFO] [stdout]    --> src/compiler.rs:110:13
[INFO] [stdout]     |
[INFO] [stdout] 110 |         let mut selector = format!(".{}", escaped);
[INFO] [stdout]     |             ----^^^^^^^^
[INFO] [stdout]     |             |
[INFO] [stdout]     |             help: remove this `mut`
[INFO] [stdout]     |
[INFO] [stdout]     = note: `#[warn(unused_mut)]` (part of `#[warn(unused)]`) on by default
[INFO] [stdout] 
[INFO] [stdout] 
[INFO] [stdout] warning: variable does not need to be mutable
[INFO] [stdout]    --> src/compiler.rs:111:13
[INFO] [stdout]     |
[INFO] [stdout] 111 |         let mut at_rules = Vec::new();
[INFO] [stdout]     |             ----^^^^^^^^
[INFO] [stdout]     |             |
[INFO] [stdout]     |             help: remove this `mut`
[INFO] [stdout] 
[INFO] [stdout] 
[INFO] [stdout] warning: variable `depth` is assigned to, but never used
[INFO] [stdout]    --> src/compiler.rs:636:9
[INFO] [stdout]     |
[INFO] [stdout] 636 |     let mut depth = 0;
[INFO] [stdout]     |         ^^^^^^^^^
[INFO] [stdout]     |
[INFO] [stdout]     = note: consider using `_depth` instead
[INFO] [stdout]     = note: `#[warn(unused_variables)]` (part of `#[warn(unused)]`) on by default
[INFO] [stdout] 
[INFO] [stdout] 
[INFO] [stdout] warning: value assigned to `depth` is never read
[INFO] [stdout]    --> src/compiler.rs:641:24
[INFO] [stdout]     |
[INFO] [stdout] 641 |                 '{' => depth += 1,
[INFO] [stdout]     |                        ^^^^^^^^^^ this value is reassigned later and never used
[INFO] [stdout] 642 |                 '}' => depth -= 1,
[INFO] [stdout]     |                        ---------- `depth` is overwritten here before the previous value is read
[INFO] [stdout]     |
[INFO] [stdout]     = note: `#[warn(unused_assignments)]` (part of `#[warn(unused)]`) on by default
[INFO] [stdout] 
[INFO] [stdout] 
[INFO] [stdout] warning: value assigned to `depth` is never read
[INFO] [stdout]    --> src/compiler.rs:642:24
[INFO] [stdout]     |
[INFO] [stdout] 642 |                 '}' => depth -= 1,
[INFO] [stdout]     |                        ^^^^^^^^^^
[INFO] [stdout]     |
[INFO] [stdout]     = help: maybe it is overwritten before being read?
[INFO] [stdout] 
[INFO] [stdout] 
[INFO] [stdout] warning: field `at_rules` is never read
[INFO] [stdout]   --> src/compiler.rs:11:9
[INFO] [stdout]    |
[INFO] [stdout]  8 | pub struct CompiledRule {
[INFO] [stdout]    |            ------------ field in this struct
[INFO] [stdout] ...
[INFO] [stdout] 11 |     pub at_rules: Vec<String>,
[INFO] [stdout]    |         ^^^^^^^^
[INFO] [stdout]    |
[INFO] [stdout]    = note: `#[warn(dead_code)]` (part of `#[warn(unused)]`) on by default
[INFO] [stdout] 
[INFO] [stdout] 
[INFO] [stdout] warning: function `get_property_sort_with_hint` is never used
[INFO] [stdout]    --> src/compiler.rs:424:4
[INFO] [stdout]     |
[INFO] [stdout] 424 | fn get_property_sort_with_hint(hint: &str) -> (Vec<usize>, usize) {
[INFO] [stdout]     |    ^^^^^^^^^^^^^^^^^^^^^^^^^^^
[INFO] [stdout] 
[INFO] [stdout] 
[INFO] [stdout] warning: methods `resolve`, `substitute_inline_vars`, `is_inline`, and `generate_css_variables` are never used
[INFO] [stdout]    --> src/theme.rs:102:12
[INFO] [stdout]     |
[INFO] [stdout]  16 | impl Theme {
[INFO] [stdout]     | ---------- methods in this implementation
[INFO] [stdout] ...
[INFO] [stdout] 102 |     pub fn resolve(&self, value: &str, namespace_prefixes: &[&str]) -> Option<String> {
[INFO] [stdout]     |            ^^^^^^^
[INFO] [stdout] ...
[INFO] [stdout] 153 |     pub fn substitute_inline_vars(&self, css: &str) -> String {
[INFO] [stdout]     |            ^^^^^^^^^^^^^^^^^^^^^^
[INFO] [stdout] ...
[INFO] [stdout] 175 |     pub fn is_inline(&self, key: &str) -> bool {
[INFO] [stdout]     |            ^^^^^^^^^
[INFO] [stdout] ...
[INFO] [stdout] 226 |     pub fn generate_css_variables(&self) -> String {
[INFO] [stdout]     |            ^^^^^^^^^^^^^^^^^^^^^^
[INFO] [stdout] 
[INFO] [stdout] 
[INFO] [stdout] warning: function `add_whitespace_around_math_operators` is never used
[INFO] [stdout]     --> src/utilities.rs:3266:4
[INFO] [stdout]      |
[INFO] [stdout] 3266 | fn add_whitespace_around_math_operators(input: &str) -> String {
[INFO] [stdout]      |    ^^^^^^^^^^^^^^^^^^^^^^^^^^^^^^^^^^^^
[INFO] [stdout] 
[INFO] [stdout] 
[INFO] [stderr]     Finished `dev` profile [unoptimized + debuginfo] target(s) in 1m 43s
[INFO] running `Command { std: "docker" "inspect" "a7e3fd95c545bda16e1696a2f9e1e0291f4f9f8a4e421d772b19607f65181311", kill_on_drop: false }`
[INFO] running `Command { std: "docker" "exec" "-e" "SOURCE_DIR=/opt/rustwide/workdir" "-e" "CARGO_HOME=/opt/rustwide/cargo-home" "-e" "RUSTUP_HOME=/opt/rustwide/rustup-home" "-e" "CARGO_TARGET_DIR=/opt/rustwide/target" "-e" "CARGO_INCREMENTAL=0" "-e" "RUST_BACKTRACE=full" "-e" "RUSTFLAGS=--cap-lints=warn" "-e" "RUSTDOCFLAGS=--cap-lints=warn" "-w" "/opt/rustwide/workdir" "--user" "0:0" "a7e3fd95c545bda16e1696a2f9e1e0291f4f9f8a4e421d772b19607f65181311" "/opt/rustwide/cargo-home/bin/cargo" "+1.99.0-beta.8" "test" "--frozen" "--no-run" "--message-format=json", kill_on_drop: false }`
[INFO] [stderr]    Compiling tailwind-lite v0.1.0 (/opt/rustwide/workdir)
[INFO] [stdout] warning: unused import: `Candidate`
[INFO] [stdout]  --> src/apply.rs:4:41
[INFO] [stdout]   |
[INFO] [stdout] 4 | use crate::candidate::{parse_candidate, Candidate};
[INFO] [stdout]   |                                         ^^^^^^^^^
[INFO] [stdout]   |
[INFO] [stdout]   = note: `#[warn(unused_imports)]` (part of `#[warn(unused)]`) on by default
[INFO] [stdout] 
[INFO] [stdout] 
[INFO] [stdout] warning: unused macro definition: `sp`
[INFO] [stdout]    --> src/utilities.rs:471:18
[INFO] [stdout]     |
[INFO] [stdout] 471 |     macro_rules! sp {
[INFO] [stdout]     |                  ^^
[INFO] [stdout]     |
[INFO] [stdout]     = note: `#[warn(unused_macros)]` (part of `#[warn(unused)]`) on by default
[INFO] [stdout] 
[INFO] [stdout] 
[INFO] [stdout] warning: variable does not need to be mutable
[INFO] [stdout]    --> src/compiler.rs:110:13
[INFO] [stdout]     |
[INFO] [stdout] 110 |         let mut selector = format!(".{}", escaped);
[INFO] [stdout]     |             ----^^^^^^^^
[INFO] [stdout]     |             |
[INFO] [stdout]     |             help: remove this `mut`
[INFO] [stdout]     |
[INFO] [stdout]     = note: `#[warn(unused_mut)]` (part of `#[warn(unused)]`) on by default
[INFO] [stdout] 
[INFO] [stdout] 
[INFO] [stdout] warning: variable does not need to be mutable
[INFO] [stdout]    --> src/compiler.rs:111:13
[INFO] [stdout]     |
[INFO] [stdout] 111 |         let mut at_rules = Vec::new();
[INFO] [stdout]     |             ----^^^^^^^^
[INFO] [stdout]     |             |
[INFO] [stdout]     |             help: remove this `mut`
[INFO] [stdout] 
[INFO] [stdout] 
[INFO] [stdout] warning: variable `depth` is assigned to, but never used
[INFO] [stdout]    --> src/compiler.rs:636:9
[INFO] [stdout]     |
[INFO] [stdout] 636 |     let mut depth = 0;
[INFO] [stdout]     |         ^^^^^^^^^
[INFO] [stdout]     |
[INFO] [stdout]     = note: consider using `_depth` instead
[INFO] [stdout]     = note: `#[warn(unused_variables)]` (part of `#[warn(unused)]`) on by default
[INFO] [stdout] 
[INFO] [stdout] 
[INFO] [stdout] warning: value assigned to `depth` is never read
[INFO] [stdout]    --> src/compiler.rs:641:24
[INFO] [stdout]     |
[INFO] [stdout] 641 |                 '{' => depth += 1,
[INFO] [stdout]     |                        ^^^^^^^^^^ this value is reassigned later and never used
[INFO] [stdout] 642 |                 '}' => depth -= 1,
[INFO] [stdout]     |                        ---------- `depth` is overwritten here before the previous value is read
[INFO] [stdout]     |
[INFO] [stdout]     = note: `#[warn(unused_assignments)]` (part of `#[warn(unused)]`) on by default
[INFO] [stdout] 
[INFO] [stdout] 
[INFO] [stdout] warning: value assigned to `depth` is never read
[INFO] [stdout]    --> src/compiler.rs:642:24
[INFO] [stdout]     |
[INFO] [stdout] 642 |                 '}' => depth -= 1,
[INFO] [stdout]     |                        ^^^^^^^^^^
[INFO] [stdout]     |
[INFO] [stdout]     = help: maybe it is overwritten before being read?
[INFO] [stdout] 
[INFO] [stdout] 
[INFO] [stdout] warning: field `at_rules` is never read
[INFO] [stdout]   --> src/compiler.rs:11:9
[INFO] [stdout]    |
[INFO] [stdout]  8 | pub struct CompiledRule {
[INFO] [stdout]    |            ------------ field in this struct
[INFO] [stdout] ...
[INFO] [stdout] 11 |     pub at_rules: Vec<String>,
[INFO] [stdout]    |         ^^^^^^^^
[INFO] [stdout]    |
[INFO] [stdout]    = note: `#[warn(dead_code)]` (part of `#[warn(unused)]`) on by default
[INFO] [stdout] 
[INFO] [stdout] 
[INFO] [stdout] warning: function `get_property_sort_with_hint` is never used
[INFO] [stdout]    --> src/compiler.rs:424:4
[INFO] [stdout]     |
[INFO] [stdout] 424 | fn get_property_sort_with_hint(hint: &str) -> (Vec<usize>, usize) {
[INFO] [stdout]     |    ^^^^^^^^^^^^^^^^^^^^^^^^^^^
[INFO] [stdout] 
[INFO] [stdout] 
[INFO] [stdout] warning: methods `resolve`, `substitute_inline_vars`, `is_inline`, and `generate_css_variables` are never used
[INFO] [stdout]    --> src/theme.rs:102:12
[INFO] [stdout]     |
[INFO] [stdout]  16 | impl Theme {
[INFO] [stdout]     | ---------- methods in this implementation
[INFO] [stdout] ...
[INFO] [stdout] 102 |     pub fn resolve(&self, value: &str, namespace_prefixes: &[&str]) -> Option<String> {
[INFO] [stdout]     |            ^^^^^^^
[INFO] [stdout] ...
[INFO] [stdout] 153 |     pub fn substitute_inline_vars(&self, css: &str) -> String {
[INFO] [stdout]     |            ^^^^^^^^^^^^^^^^^^^^^^
[INFO] [stdout] ...
[INFO] [stdout] 175 |     pub fn is_inline(&self, key: &str) -> bool {
[INFO] [stdout]     |            ^^^^^^^^^
[INFO] [stdout] ...
[INFO] [stdout] 226 |     pub fn generate_css_variables(&self) -> String {
[INFO] [stdout]     |            ^^^^^^^^^^^^^^^^^^^^^^
[INFO] [stdout] 
[INFO] [stdout] 
[INFO] [stdout] warning: function `add_whitespace_around_math_operators` is never used
[INFO] [stdout]     --> src/utilities.rs:3266:4
[INFO] [stdout]      |
[INFO] [stdout] 3266 | fn add_whitespace_around_math_operators(input: &str) -> String {
[INFO] [stdout]      |    ^^^^^^^^^^^^^^^^^^^^^^^^^^^^^^^^^^^^
[INFO] [stdout] 
[INFO] [stdout] 
[INFO] [stderr]     Finished `test` profile [unoptimized + debuginfo] target(s) in 3.88s
[INFO] running `Command { std: "docker" "inspect" "a7e3fd95c545bda16e1696a2f9e1e0291f4f9f8a4e421d772b19607f65181311", kill_on_drop: false }`
[INFO] running `Command { std: "docker" "exec" "-e" "SOURCE_DIR=/opt/rustwide/workdir" "-e" "CARGO_HOME=/opt/rustwide/cargo-home" "-e" "RUSTUP_HOME=/opt/rustwide/rustup-home" "-e" "CARGO_TARGET_DIR=/opt/rustwide/target" "-e" "CARGO_INCREMENTAL=0" "-e" "RUST_BACKTRACE=full" "-e" "RUSTFLAGS=--cap-lints=warn" "-e" "RUSTDOCFLAGS=--cap-lints=warn" "-w" "/opt/rustwide/workdir" "--user" "0:0" "a7e3fd95c545bda16e1696a2f9e1e0291f4f9f8a4e421d772b19607f65181311" "/opt/rustwide/cargo-home/bin/cargo" "+1.99.0-beta.8" "test" "--frozen", kill_on_drop: false }`
[INFO] [stderr] warning: unused import: `Candidate`
[INFO] [stderr]  --> src/apply.rs:4:41
[INFO] [stderr]   |
[INFO] [stderr] 4 | use crate::candidate::{parse_candidate, Candidate};
[INFO] [stderr]   |                                         ^^^^^^^^^
[INFO] [stderr]   |
[INFO] [stderr]   = note: `#[warn(unused_imports)]` (part of `#[warn(unused)]`) on by default
[INFO] [stderr] 
[INFO] [stderr] warning: unused macro definition: `sp`
[INFO] [stderr]    --> src/utilities.rs:471:18
[INFO] [stderr]     |
[INFO] [stderr] 471 |     macro_rules! sp {
[INFO] [stderr]     |                  ^^
[INFO] [stderr]     |
[INFO] [stderr]     = note: `#[warn(unused_macros)]` (part of `#[warn(unused)]`) on by default
[INFO] [stderr] 
[INFO] [stderr] warning: variable does not need to be mutable
[INFO] [stderr]    --> src/compiler.rs:110:13
[INFO] [stderr]     |
[INFO] [stderr] 110 |         let mut selector = format!(".{}", escaped);
[INFO] [stderr]     |             ----^^^^^^^^
[INFO] [stderr]     |             |
[INFO] [stderr]     |             help: remove this `mut`
[INFO] [stderr]     |
[INFO] [stderr]     = note: `#[warn(unused_mut)]` (part of `#[warn(unused)]`) on by default
[INFO] [stderr] 
[INFO] [stderr] warning: variable does not need to be mutable
[INFO] [stderr]    --> src/compiler.rs:111:13
[INFO] [stderr]     |
[INFO] [stderr] 111 |         let mut at_rules = Vec::new();
[INFO] [stderr]     |             ----^^^^^^^^
[INFO] [stderr]     |             |
[INFO] [stderr]     |             help: remove this `mut`
[INFO] [stderr] 
[INFO] [stderr] warning: variable `depth` is assigned to, but never used
[INFO] [stderr]    --> src/compiler.rs:636:9
[INFO] [stderr]     |
[INFO] [stderr] 636 |     let mut depth = 0;
[INFO] [stderr]     |         ^^^^^^^^^
[INFO] [stderr]     |
[INFO] [stderr]     = note: consider using `_depth` instead
[INFO] [stderr]     = note: `#[warn(unused_variables)]` (part of `#[warn(unused)]`) on by default
[INFO] [stderr] 
[INFO] [stderr] warning: value assigned to `depth` is never read
[INFO] [stderr]    --> src/compiler.rs:641:24
[INFO] [stderr]     |
[INFO] [stderr] 641 |                 '{' => depth += 1,
[INFO] [stderr]     |                        ^^^^^^^^^^ this value is reassigned later and never used
[INFO] [stderr] 642 |                 '}' => depth -= 1,
[INFO] [stderr]     |                        ---------- `depth` is overwritten here before the previous value is read
[INFO] [stderr]     |
[INFO] [stderr]     = note: `#[warn(unused_assignments)]` (part of `#[warn(unused)]`) on by default
[INFO] [stderr] 
[INFO] [stderr] warning: value assigned to `depth` is never read
[INFO] [stderr]    --> src/compiler.rs:642:24
[INFO] [stderr]     |
[INFO] [stderr] 642 |                 '}' => depth -= 1,
[INFO] [stderr]     |                        ^^^^^^^^^^
[INFO] [stderr]     |
[INFO] [stderr]     = help: maybe it is overwritten before being read?
[INFO] [stderr] 
[INFO] [stderr] warning: field `at_rules` is never read
[INFO] [stderr]   --> src/compiler.rs:11:9
[INFO] [stderr]    |
[INFO] [stderr]  8 | pub struct CompiledRule {
[INFO] [stderr]    |            ------------ field in this struct
[INFO] [stderr] ...
[INFO] [stderr] 11 |     pub at_rules: Vec<String>,
[INFO] [stderr]    |         ^^^^^^^^
[INFO] [stderr]    |
[INFO] [stderr]    = note: `#[warn(dead_code)]` (part of `#[warn(unused)]`) on by default
[INFO] [stderr] 
[INFO] [stderr] warning: function `get_property_sort_with_hint` is never used
[INFO] [stderr]    --> src/compiler.rs:424:4
[INFO] [stderr]     |
[INFO] [stderr] 424 | fn get_property_sort_with_hint(hint: &str) -> (Vec<usize>, usize) {
[INFO] [stderr]     |    ^^^^^^^^^^^^^^^^^^^^^^^^^^^
[INFO] [stderr] 
[INFO] [stderr] warning: methods `resolve`, `substitute_inline_vars`, `is_inline`, and `generate_css_variables` are never used
[INFO] [stderr]    --> src/theme.rs:102:12
[INFO] [stderr]     |
[INFO] [stderr]  16 | impl Theme {
[INFO] [stderr]     | ---------- methods in this implementation
[INFO] [stderr] ...
[INFO] [stderr] 102 |     pub fn resolve(&self, value: &str, namespace_prefixes: &[&str]) -> Option<String> {
[INFO] [stderr]     |            ^^^^^^^
[INFO] [stderr] ...
[INFO] [stderr] 153 |     pub fn substitute_inline_vars(&self, css: &str) -> String {
[INFO] [stderr]     |            ^^^^^^^^^^^^^^^^^^^^^^
[INFO] [stderr] ...
[INFO] [stderr] 175 |     pub fn is_inline(&self, key: &str) -> bool {
[INFO] [stderr]     |            ^^^^^^^^^
[INFO] [stderr] ...
[INFO] [stderr] 226 |     pub fn generate_css_variables(&self) -> String {
[INFO] [stderr]     |            ^^^^^^^^^^^^^^^^^^^^^^
[INFO] [stderr] 
[INFO] [stderr] warning: function `add_whitespace_around_math_operators` is never used
[INFO] [stderr]     --> src/utilities.rs:3266:4
[INFO] [stderr]      |
[INFO] [stderr] 3266 | fn add_whitespace_around_math_operators(input: &str) -> String {
[INFO] [stderr]      |    ^^^^^^^^^^^^^^^^^^^^^^^^^^^^^^^^^^^^
[INFO] [stderr] 
[INFO] [stderr] warning: `tailwind-lite` (bin "tailwind-lite" test) generated 11 warnings (run `cargo fix --bin "tailwind-lite" -p tailwind-lite --tests` to apply 3 suggestions)
[INFO] [stderr]     Finished `test` profile [unoptimized + debuginfo] target(s) in 0.19s
[INFO] [stderr]      Running unittests src/main.rs (/opt/rustwide/target/debug/deps/tailwind_lite-4698ab298256020a)
[INFO] [stdout] 
[INFO] [stdout] running 5 tests
[INFO] [stdout] test css_functions::tests::test_spacing_fractional ... ok
[INFO] [stdout] test css_functions::tests::test_spacing_simple ... ok
[INFO] [stdout] test css_functions::tests::test_no_spacing ... ok
[INFO] [stdout] test css_functions::tests::test_spacing_with_var ... FAILED
[INFO] [stdout] test css_functions::tests::test_spacing_arithmetic ... FAILED
[INFO] [stdout] 
[INFO] [stdout] failures:
[INFO] [stdout] 
[INFO] [stdout] ---- css_functions::tests::test_spacing_with_var stdout ----
[INFO] [stdout] 
[INFO] [stdout] thread 'css_functions::tests::test_spacing_with_var' (2034) panicked at src/css_functions.rs:162:9:
[INFO] [stdout] assertion `left == right` failed
[INFO] [stdout]   left: "min(calc(calc(0.25rem * 72)-calc(0.25rem * 9)),calc(var(--available-height)-calc(0.25rem * 9)))"
[INFO] [stdout]  right: "min(calc(calc(0.25rem * 72)--calc(0.25rem * 9)),calc(var(--available-height)--calc(0.25rem * 9)))"
[INFO] [stdout] stack backtrace:
[INFO] [stdout]    0:     0x566fb5c56461 - std[70759c8f55707aa4]::backtrace_rs::backtrace::libunwind::trace
[INFO] [stdout]                                at /rustc/dfb0accb7f508ae8be965d8629557221c889dd98/library/std/src/../../backtrace/src/backtrace/libunwind.rs:117:9
[INFO] [stdout]    1:     0x566fb5c56461 - std[70759c8f55707aa4]::backtrace_rs::backtrace::trace_unsynchronized::<std[70759c8f55707aa4]::sys::backtrace::_print_fmt::{closure#1}>
[INFO] [stdout]                                at /rustc/dfb0accb7f508ae8be965d8629557221c889dd98/library/std/src/../../backtrace/src/backtrace/mod.rs:66:14
[INFO] [stdout]    2:     0x566fb5c56461 - std[70759c8f55707aa4]::sys::backtrace::_print_fmt
[INFO] [stdout]                                at /rustc/dfb0accb7f508ae8be965d8629557221c889dd98/library/std/src/sys/backtrace.rs:74:9
[INFO] [stdout]    3:     0x566fb5c56461 - <<std[70759c8f55707aa4]::sys::backtrace::BacktraceLock>::print::DisplayBacktrace as core[df12db4294e9bfd3]::fmt::Display>::fmt
[INFO] [stdout]                                at /rustc/dfb0accb7f508ae8be965d8629557221c889dd98/library/std/src/sys/backtrace.rs:44:26
[INFO] [stdout]    4:     0x566fb5c6a67a - <core[df12db4294e9bfd3]::fmt::rt::Argument>::fmt
[INFO] [stdout]                                at /rustc/dfb0accb7f508ae8be965d8629557221c889dd98/library/core/src/fmt/rt.rs:152:76
[INFO] [stdout]    5:     0x566fb5c6a67a - core[df12db4294e9bfd3]::fmt::write
[INFO] [stdout]    6:     0x566fb5c5a8fc - core[df12db4294e9bfd3]::io::write::default_write_fmt::<alloc[2182bb758b4b3781]::vec::Vec<u8>>
[INFO] [stdout]                                at /rustc/dfb0accb7f508ae8be965d8629557221c889dd98/library/core/src/io/write.rs:402:11
[INFO] [stdout]    7:     0x566fb5c5a8fc - <alloc[2182bb758b4b3781]::vec::Vec<u8> as core[df12db4294e9bfd3]::io::write::Write>::write_fmt
[INFO] [stdout]                                at /rustc/dfb0accb7f508ae8be965d8629557221c889dd98/library/core/src/io/write.rs:335:13
[INFO] [stdout]    8:     0x566fb5c32a56 - <std[70759c8f55707aa4]::sys::backtrace::BacktraceLock>::print
[INFO] [stdout]                                at /rustc/dfb0accb7f508ae8be965d8629557221c889dd98/library/std/src/sys/backtrace.rs:47:9
[INFO] [stdout]    9:     0x566fb5c32a56 - std[70759c8f55707aa4]::panicking::default_hook::{closure#0}
[INFO] [stdout]                                at /rustc/dfb0accb7f508ae8be965d8629557221c889dd98/library/std/src/panicking.rs:292:27
[INFO] [stdout]   10:     0x566fb5c4ebc9 - std[70759c8f55707aa4]::panicking::default_hook
[INFO] [stdout]                                at /rustc/dfb0accb7f508ae8be965d8629557221c889dd98/library/std/src/panicking.rs:316:9
[INFO] [stdout]   11:     0x566fb5be6bf0 - <alloc[2182bb758b4b3781]::boxed::Box<dyn for<'a, 'b> core[df12db4294e9bfd3]::ops::function::Fn<(&'a std[70759c8f55707aa4]::panic::PanicHookInfo<'b>,), Output = ()> + core[df12db4294e9bfd3]::marker::Send + core[df12db4294e9bfd3]::marker::Sync> as core[df12db4294e9bfd3]::ops::function::Fn<(&std[70759c8f55707aa4]::panic::PanicHookInfo,)>>::call
[INFO] [stdout]                                at /rustc/dfb0accb7f508ae8be965d8629557221c889dd98/library/alloc/src/boxed.rs:2334:9
[INFO] [stdout]   12:     0x566fb5be6bf0 - test[9d35eded1c95d3be]::test_main_inner::<test[9d35eded1c95d3be]::test_main_static::{closure#0}>::{closure#0}
[INFO] [stdout]                                at /rustc/dfb0accb7f508ae8be965d8629557221c889dd98/library/test/src/lib.rs:155:21
[INFO] [stdout]   13:     0x566fb5c4ed82 - <alloc[2182bb758b4b3781]::boxed::Box<dyn for<'a, 'b> core[df12db4294e9bfd3]::ops::function::Fn<(&'a std[70759c8f55707aa4]::panic::PanicHookInfo<'b>,), Output = ()> + core[df12db4294e9bfd3]::marker::Send + core[df12db4294e9bfd3]::marker::Sync> as core[df12db4294e9bfd3]::ops::function::Fn<(&std[70759c8f55707aa4]::panic::PanicHookInfo,)>>::call
[INFO] [stdout]                                at /rustc/dfb0accb7f508ae8be965d8629557221c889dd98/library/alloc/src/boxed.rs:2334:9
[INFO] [stdout]   14:     0x566fb5c4ed82 - std[70759c8f55707aa4]::panicking::panic_with_hook
[INFO] [stdout]                                at /rustc/dfb0accb7f508ae8be965d8629557221c889dd98/library/std/src/panicking.rs:823:13
[INFO] [stdout]   15:     0x566fb5c32b02 - std[70759c8f55707aa4]::panicking::panic_handler::{closure#0}
[INFO] [stdout]                                at /rustc/dfb0accb7f508ae8be965d8629557221c889dd98/library/std/src/panicking.rs:688:13
[INFO] [stdout]   16:     0x566fb5c2b889 - std[70759c8f55707aa4]::sys::backtrace::__rust_end_short_backtrace::<std[70759c8f55707aa4]::panicking::panic_handler::{closure#0}, !>
[INFO] [stdout]                                at /rustc/dfb0accb7f508ae8be965d8629557221c889dd98/library/std/src/sys/backtrace.rs:182:18
[INFO] [stdout]   17:     0x566fb5c336fd - __rustc[8fa7c3cbc660c2b3]::rust_begin_unwind
[INFO] [stdout]                                at /rustc/dfb0accb7f508ae8be965d8629557221c889dd98/library/std/src/panicking.rs:679:5
[INFO] [stdout]   18:     0x566fb5c6adac - core[df12db4294e9bfd3]::panicking::panic_fmt
[INFO] [stdout]                                at /rustc/dfb0accb7f508ae8be965d8629557221c889dd98/library/core/src/panicking.rs:80:14
[INFO] [stdout]   19:     0x566fb5c6acc3 - core[df12db4294e9bfd3]::panicking::assert_failed_inner
[INFO] [stdout]                                at /rustc/dfb0accb7f508ae8be965d8629557221c889dd98/library/core/src/panicking.rs:452:17
[INFO] [stdout]   20:     0x566fb5bd8b6d - core[df12db4294e9bfd3]::panicking::assert_failed::<alloc[2182bb758b4b3781]::string::String, &str>
[INFO] [stdout]                                at /rustc/dfb0accb7f508ae8be965d8629557221c889dd98/library/core/src/panicking.rs:407:5
[INFO] [stdout]   21:     0x566fb5bd9a08 - tailwind_lite[d1adb8826b058413]::css_functions::tests::test_spacing_with_var
[INFO] [stdout]                                at /opt/rustwide/workdir/src/css_functions.rs:162:9
[INFO] [stdout]   22:     0x566fb5bd8c37 - tailwind_lite[d1adb8826b058413]::css_functions::tests::test_spacing_with_var::{closure#0}
[INFO] [stdout]                                at /opt/rustwide/workdir/src/css_functions.rs:161:31
[INFO] [stdout]   23:     0x566fb5bd9e46 - <tailwind_lite[d1adb8826b058413]::css_functions::tests::test_spacing_with_var::{closure#0} as core[df12db4294e9bfd3]::ops::function::FnOnce<()>>::call_once
[INFO] [stdout]                                at /rustc/dfb0accb7f508ae8be965d8629557221c889dd98/library/core/src/ops/function.rs:250:5
[INFO] [stdout]   24:     0x566fb5bd9edb - <fn() -> core[df12db4294e9bfd3]::result::Result<(), alloc[2182bb758b4b3781]::string::String> as core[df12db4294e9bfd3]::ops::function::FnOnce<()>>::call_once
[INFO] [stdout]                                at /rustc/dfb0accb7f508ae8be965d8629557221c889dd98/library/core/src/ops/function.rs:250:5
[INFO] [stdout]   25:     0x566fb5bd9edb - test[9d35eded1c95d3be]::__rust_begin_short_backtrace::<core[df12db4294e9bfd3]::result::Result<(), alloc[2182bb758b4b3781]::string::String>, fn() -> core[df12db4294e9bfd3]::result::Result<(), alloc[2182bb758b4b3781]::string::String>>
[INFO] [stdout]                                at /rustc/dfb0accb7f508ae8be965d8629557221c889dd98/library/test/src/lib.rs:733:18
[INFO] [stdout]   26:     0x566fb5be7545 - test[9d35eded1c95d3be]::run_test_in_process::{closure#0}
[INFO] [stdout]                                at /rustc/dfb0accb7f508ae8be965d8629557221c889dd98/library/test/src/lib.rs:756:74
[INFO] [stdout]   27:     0x566fb5be7545 - <core[df12db4294e9bfd3]::panic::unwind_safe::AssertUnwindSafe<test[9d35eded1c95d3be]::run_test_in_process::{closure#0}> as core[df12db4294e9bfd3]::ops::function::FnOnce<()>>::call_once
[INFO] [stdout]                                at /rustc/dfb0accb7f508ae8be965d8629557221c889dd98/library/core/src/panic/unwind_safe.rs:275:9
[INFO] [stdout]   28:     0x566fb5be7545 - std[70759c8f55707aa4]::panicking::catch_unwind::do_call::<core[df12db4294e9bfd3]::panic::unwind_safe::AssertUnwindSafe<test[9d35eded1c95d3be]::run_test_in_process::{closure#0}>, core[df12db4294e9bfd3]::result::Result<(), alloc[2182bb758b4b3781]::string::String>>
[INFO] [stdout]                                at /rustc/dfb0accb7f508ae8be965d8629557221c889dd98/library/std/src/panicking.rs:576:43
[INFO] [stdout]   29:     0x566fb5be7545 - std[70759c8f55707aa4]::panicking::catch_unwind::<core[df12db4294e9bfd3]::result::Result<(), alloc[2182bb758b4b3781]::string::String>, core[df12db4294e9bfd3]::panic::unwind_safe::AssertUnwindSafe<test[9d35eded1c95d3be]::run_test_in_process::{closure#0}>>
[INFO] [stdout]                                at /rustc/dfb0accb7f508ae8be965d8629557221c889dd98/library/std/src/panicking.rs:544:19
[INFO] [stdout]   30:     0x566fb5be7545 - std[70759c8f55707aa4]::panic::catch_unwind::<core[df12db4294e9bfd3]::panic::unwind_safe::AssertUnwindSafe<test[9d35eded1c95d3be]::run_test_in_process::{closure#0}>, core[df12db4294e9bfd3]::result::Result<(), alloc[2182bb758b4b3781]::string::String>>
[INFO] [stdout]                                at /rustc/dfb0accb7f508ae8be965d8629557221c889dd98/library/std/src/panic.rs:359:14
[INFO] [stdout]   31:     0x566fb5be7545 - test[9d35eded1c95d3be]::run_test_in_process
[INFO] [stdout]                                at /rustc/dfb0accb7f508ae8be965d8629557221c889dd98/library/test/src/lib.rs:756:27
[INFO] [stdout]   32:     0x566fb5be7545 - test[9d35eded1c95d3be]::run_test::{closure#0}
[INFO] [stdout]                                at /rustc/dfb0accb7f508ae8be965d8629557221c889dd98/library/test/src/lib.rs:677:43
[INFO] [stdout]   33:     0x566fb5be0e04 - test[9d35eded1c95d3be]::run_test::{closure#1}
[INFO] [stdout]                                at /rustc/dfb0accb7f508ae8be965d8629557221c889dd98/library/test/src/lib.rs:707:41
[INFO] [stdout]   34:     0x566fb5be0e04 - std[70759c8f55707aa4]::sys::backtrace::__rust_begin_short_backtrace::<test[9d35eded1c95d3be]::run_test::{closure#1}, ()>
[INFO] [stdout]                                at /rustc/dfb0accb7f508ae8be965d8629557221c889dd98/library/std/src/sys/backtrace.rs:166:18
[INFO] [stdout]   35:     0x566fb5bea6a2 - std[70759c8f55707aa4]::thread::lifecycle::spawn_unchecked::<test[9d35eded1c95d3be]::run_test::{closure#1}, ()>::{closure#1}::{closure#0}
[INFO] [stdout]                                at /rustc/dfb0accb7f508ae8be965d8629557221c889dd98/library/std/src/thread/lifecycle.rs:70:13
[INFO] [stdout]   36:     0x566fb5bea6a2 - <core[df12db4294e9bfd3]::panic::unwind_safe::AssertUnwindSafe<std[70759c8f55707aa4]::thread::lifecycle::spawn_unchecked<test[9d35eded1c95d3be]::run_test::{closure#1}, ()>::{closure#1}::{closure#0}> as core[df12db4294e9bfd3]::ops::function::FnOnce<()>>::call_once
[INFO] [stdout]                                at /rustc/dfb0accb7f508ae8be965d8629557221c889dd98/library/core/src/panic/unwind_safe.rs:275:9
[INFO] [stdout]   37:     0x566fb5bea6a2 - std[70759c8f55707aa4]::panicking::catch_unwind::do_call::<core[df12db4294e9bfd3]::panic::unwind_safe::AssertUnwindSafe<std[70759c8f55707aa4]::thread::lifecycle::spawn_unchecked<test[9d35eded1c95d3be]::run_test::{closure#1}, ()>::{closure#1}::{closure#0}>, ()>
[INFO] [stdout]                                at /rustc/dfb0accb7f508ae8be965d8629557221c889dd98/library/std/src/panicking.rs:576:43
[INFO] [stdout]   38:     0x566fb5bea6a2 - std[70759c8f55707aa4]::panicking::catch_unwind::<(), core[df12db4294e9bfd3]::panic::unwind_safe::AssertUnwindSafe<std[70759c8f55707aa4]::thread::lifecycle::spawn_unchecked<test[9d35eded1c95d3be]::run_test::{closure#1}, ()>::{closure#1}::{closure#0}>>
[INFO] [stdout]                                at /rustc/dfb0accb7f508ae8be965d8629557221c889dd98/library/std/src/panicking.rs:544:19
[INFO] [stdout]   39:     0x566fb5bea6a2 - std[70759c8f55707aa4]::panic::catch_unwind::<core[df12db4294e9bfd3]::panic::unwind_safe::AssertUnwindSafe<std[70759c8f55707aa4]::thread::lifecycle::spawn_unchecked<test[9d35eded1c95d3be]::run_test::{closure#1}, ()>::{closure#1}::{closure#0}>, ()>
[INFO] [stdout]                                at /rustc/dfb0accb7f508ae8be965d8629557221c889dd98/library/std/src/panic.rs:359:14
[INFO] [stdout]   40:     0x566fb5bea6a2 - std[70759c8f55707aa4]::thread::lifecycle::spawn_unchecked::<test[9d35eded1c95d3be]::run_test::{closure#1}, ()>::{closure#1}
[INFO] [stdout]                                at /rustc/dfb0accb7f508ae8be965d8629557221c889dd98/library/std/src/thread/lifecycle.rs:68:26
[INFO] [stdout]   41:     0x566fb5bea6a2 - <std[70759c8f55707aa4]::thread::lifecycle::spawn_unchecked<test[9d35eded1c95d3be]::run_test::{closure#1}, ()>::{closure#1} as core[df12db4294e9bfd3]::ops::function::FnOnce<()>>::call_once::{shim:vtable#0}
[INFO] [stdout]                                at /rustc/dfb0accb7f508ae8be965d8629557221c889dd98/library/core/src/ops/function.rs:250:5
[INFO] [stdout]   42:     0x566fb5c55d39 - <alloc[2182bb758b4b3781]::boxed::Box<dyn core[df12db4294e9bfd3]::ops::function::FnOnce<(), Output = ()> + core[df12db4294e9bfd3]::marker::Send> as core[df12db4294e9bfd3]::ops::function::FnOnce<()>>::call_once
[INFO] [stdout]                                at /rustc/dfb0accb7f508ae8be965d8629557221c889dd98/library/alloc/src/boxed.rs:2320:9
[INFO] [stdout]   43:     0x566fb5c55d39 - <std[70759c8f55707aa4]::sys::thread::unix::Thread>::new::thread_start
[INFO] [stdout]                                at /rustc/dfb0accb7f508ae8be965d8629557221c889dd98/library/std/src/sys/thread/unix.rs:123:17
[INFO] [stdout]   44:     0x769edf4c6dfa - <unknown>
[INFO] [stdout]   45:     0x769edf55a3d4 - clone
[INFO] [stdout]   46:                0x0 - <unknown>
[INFO] [stdout] 
[INFO] [stdout] ---- css_functions::tests::test_spacing_arithmetic stdout ----
[INFO] [stdout] 
[INFO] [stdout] thread 'css_functions::tests::test_spacing_arithmetic' (2031) panicked at src/css_functions.rs:154:9:
[INFO] [stdout] assertion `left == right` failed
[INFO] [stdout]   left: "calc(calc(0.25rem * 72)-calc(0.25rem * 9))"
[INFO] [stdout]  right: "calc(calc(0.25rem * 72)--calc(0.25rem * 9))"
[INFO] [stdout] stack backtrace:
[INFO] [stdout]    0:     0x566fb5c56461 - std[70759c8f55707aa4]::backtrace_rs::backtrace::libunwind::trace
[INFO] [stdout]                                at /rustc/dfb0accb7f508ae8be965d8629557221c889dd98/library/std/src/../../backtrace/src/backtrace/libunwind.rs:117:9
[INFO] [stdout]    1:     0x566fb5c56461 - std[70759c8f55707aa4]::backtrace_rs::backtrace::trace_unsynchronized::<std[70759c8f55707aa4]::sys::backtrace::_print_fmt::{closure#1}>
[INFO] [stdout]                                at /rustc/dfb0accb7f508ae8be965d8629557221c889dd98/library/std/src/../../backtrace/src/backtrace/mod.rs:66:14
[INFO] [stdout]    2:     0x566fb5c56461 - std[70759c8f55707aa4]::sys::backtrace::_print_fmt
[INFO] [stdout]                                at /rustc/dfb0accb7f508ae8be965d8629557221c889dd98/library/std/src/sys/backtrace.rs:74:9
[INFO] [stdout]    3:     0x566fb5c56461 - <<std[70759c8f55707aa4]::sys::backtrace::BacktraceLock>::print::DisplayBacktrace as core[df12db4294e9bfd3]::fmt::Display>::fmt
[INFO] [stdout]                                at /rustc/dfb0accb7f508ae8be965d8629557221c889dd98/library/std/src/sys/backtrace.rs:44:26
[INFO] [stdout]    4:     0x566fb5c6a67a - <core[df12db4294e9bfd3]::fmt::rt::Argument>::fmt
[INFO] [stdout]                                at /rustc/dfb0accb7f508ae8be965d8629557221c889dd98/library/core/src/fmt/rt.rs:152:76
[INFO] [stdout]    5:     0x566fb5c6a67a - core[df12db4294e9bfd3]::fmt::write
[INFO] [stdout]    6:     0x566fb5c5a8fc - core[df12db4294e9bfd3]::io::write::default_write_fmt::<alloc[2182bb758b4b3781]::vec::Vec<u8>>
[INFO] [stdout]                                at /rustc/dfb0accb7f508ae8be965d8629557221c889dd98/library/core/src/io/write.rs:402:11
[INFO] [stdout]    7:     0x566fb5c5a8fc - <alloc[2182bb758b4b3781]::vec::Vec<u8> as core[df12db4294e9bfd3]::io::write::Write>::write_fmt
[INFO] [stdout]                                at /rustc/dfb0accb7f508ae8be965d8629557221c889dd98/library/core/src/io/write.rs:335:13
[INFO] [stdout]    8:     0x566fb5c32a56 - <std[70759c8f55707aa4]::sys::backtrace::BacktraceLock>::print
[INFO] [stdout]                                at /rustc/dfb0accb7f508ae8be965d8629557221c889dd98/library/std/src/sys/backtrace.rs:47:9
[INFO] [stdout]    9:     0x566fb5c32a56 - std[70759c8f55707aa4]::panicking::default_hook::{closure#0}
[INFO] [stdout]                                at /rustc/dfb0accb7f508ae8be965d8629557221c889dd98/library/std/src/panicking.rs:292:27
[INFO] [stdout]   10:     0x566fb5c4ebc9 - std[70759c8f55707aa4]::panicking::default_hook
[INFO] [stdout]                                at /rustc/dfb0accb7f508ae8be965d8629557221c889dd98/library/std/src/panicking.rs:316:9
[INFO] [stdout]   11:     0x566fb5be6bf0 - <alloc[2182bb758b4b3781]::boxed::Box<dyn for<'a, 'b> core[df12db4294e9bfd3]::ops::function::Fn<(&'a std[70759c8f55707aa4]::panic::PanicHookInfo<'b>,), Output = ()> + core[df12db4294e9bfd3]::marker::Send + core[df12db4294e9bfd3]::marker::Sync> as core[df12db4294e9bfd3]::ops::function::Fn<(&std[70759c8f55707aa4]::panic::PanicHookInfo,)>>::call
[INFO] [stdout]                                at /rustc/dfb0accb7f508ae8be965d8629557221c889dd98/library/alloc/src/boxed.rs:2334:9
[INFO] [stdout]   12:     0x566fb5be6bf0 - test[9d35eded1c95d3be]::test_main_inner::<test[9d35eded1c95d3be]::test_main_static::{closure#0}>::{closure#0}
[INFO] [stdout]                                at /rustc/dfb0accb7f508ae8be965d8629557221c889dd98/library/test/src/lib.rs:155:21
[INFO] [stdout]   13:     0x566fb5c4ed82 - <alloc[2182bb758b4b3781]::boxed::Box<dyn for<'a, 'b> core[df12db4294e9bfd3]::ops::function::Fn<(&'a std[70759c8f55707aa4]::panic::PanicHookInfo<'b>,), Output = ()> + core[df12db4294e9bfd3]::marker::Send + core[df12db4294e9bfd3]::marker::Sync> as core[df12db4294e9bfd3]::ops::function::Fn<(&std[70759c8f55707aa4]::panic::PanicHookInfo,)>>::call
[INFO] [stdout]                                at /rustc/dfb0accb7f508ae8be965d8629557221c889dd98/library/alloc/src/boxed.rs:2334:9
[INFO] [stdout]   14:     0x566fb5c4ed82 - std[70759c8f55707aa4]::panicking::panic_with_hook
[INFO] [stdout]                                at /rustc/dfb0accb7f508ae8be965d8629557221c889dd98/library/std/src/panicking.rs:823:13
[INFO] [stdout]   15:     0x566fb5c32b02 - std[70759c8f55707aa4]::panicking::panic_handler::{closure#0}
[INFO] [stdout]                                at /rustc/dfb0accb7f508ae8be965d8629557221c889dd98/library/std/src/panicking.rs:688:13
[INFO] [stdout]   16:     0x566fb5c2b889 - std[70759c8f55707aa4]::sys::backtrace::__rust_end_short_backtrace::<std[70759c8f55707aa4]::panicking::panic_handler::{closure#0}, !>
[INFO] [stdout]                                at /rustc/dfb0accb7f508ae8be965d8629557221c889dd98/library/std/src/sys/backtrace.rs:182:18
[INFO] [stdout]   17:     0x566fb5c336fd - __rustc[8fa7c3cbc660c2b3]::rust_begin_unwind
[INFO] [stdout]                                at /rustc/dfb0accb7f508ae8be965d8629557221c889dd98/library/std/src/panicking.rs:679:5
[INFO] [stdout]   18:     0x566fb5c6adac - core[df12db4294e9bfd3]::panicking::panic_fmt
[INFO] [stdout]                                at /rustc/dfb0accb7f508ae8be965d8629557221c889dd98/library/core/src/panicking.rs:80:14
[INFO] [stdout]   19:     0x566fb5c6acc3 - core[df12db4294e9bfd3]::panicking::assert_failed_inner
[INFO] [stdout]                                at /rustc/dfb0accb7f508ae8be965d8629557221c889dd98/library/core/src/panicking.rs:452:17
[INFO] [stdout]   20:     0x566fb5bd8b6d - core[df12db4294e9bfd3]::panicking::assert_failed::<alloc[2182bb758b4b3781]::string::String, &str>
[INFO] [stdout]                                at /rustc/dfb0accb7f508ae8be965d8629557221c889dd98/library/core/src/panicking.rs:407:5
[INFO] [stdout]   21:     0x566fb5bd9ac8 - tailwind_lite[d1adb8826b058413]::css_functions::tests::test_spacing_arithmetic
[INFO] [stdout]                                at /opt/rustwide/workdir/src/css_functions.rs:154:9
[INFO] [stdout]   22:     0x566fb5bd8c67 - tailwind_lite[d1adb8826b058413]::css_functions::tests::test_spacing_arithmetic::{closure#0}
[INFO] [stdout]                                at /opt/rustwide/workdir/src/css_functions.rs:153:33
[INFO] [stdout]   23:     0x566fb5bd9e66 - <tailwind_lite[d1adb8826b058413]::css_functions::tests::test_spacing_arithmetic::{closure#0} as core[df12db4294e9bfd3]::ops::function::FnOnce<()>>::call_once
[INFO] [stdout]                                at /rustc/dfb0accb7f508ae8be965d8629557221c889dd98/library/core/src/ops/function.rs:250:5
[INFO] [stdout]   24:     0x566fb5bd9edb - <fn() -> core[df12db4294e9bfd3]::result::Result<(), alloc[2182bb758b4b3781]::string::String> as core[df12db4294e9bfd3]::ops::function::FnOnce<()>>::call_once
[INFO] [stdout]                                at /rustc/dfb0accb7f508ae8be965d8629557221c889dd98/library/core/src/ops/function.rs:250:5
[INFO] [stdout]   25:     0x566fb5bd9edb - test[9d35eded1c95d3be]::__rust_begin_short_backtrace::<core[df12db4294e9bfd3]::result::Result<(), alloc[2182bb758b4b3781]::string::String>, fn() -> core[df12db4294e9bfd3]::result::Result<(), alloc[2182bb758b4b3781]::string::String>>
[INFO] [stdout]                                at /rustc/dfb0accb7f508ae8be965d8629557221c889dd98/library/test/src/lib.rs:733:18
[INFO] [stdout]   26:     0x566fb5be7545 - test[9d35eded1c95d3be]::run_test_in_process::{closure#0}
[INFO] [stdout]                                at /rustc/dfb0accb7f508ae8be965d8629557221c889dd98/library/test/src/lib.rs:756:74
[INFO] [stdout]   27:     0x566fb5be7545 - <core[df12db4294e9bfd3]::panic::unwind_safe::AssertUnwindSafe<test[9d35eded1c95d3be]::run_test_in_process::{closure#0}> as core[df12db4294e9bfd3]::ops::function::FnOnce<()>>::call_once
[INFO] [stdout]                                at /rustc/dfb0accb7f508ae8be965d8629557221c889dd98/library/core/src/panic/unwind_safe.rs:275:9
[INFO] [stdout]   28:     0x566fb5be7545 - std[70759c8f55707aa4]::panicking::catch_unwind::do_call::<core[df12db4294e9bfd3]::panic::unwind_safe::AssertUnwindSafe<test[9d35eded1c95d3be]::run_test_in_process::{closure#0}>, core[df12db4294e9bfd3]::result::Result<(), alloc[2182bb758b4b3781]::string::String>>
[INFO] [stdout]                                at /rustc/dfb0accb7f508ae8be965d8629557221c889dd98/library/std/src/panicking.rs:576:43
[INFO] [stdout]   29:     0x566fb5be7545 - std[70759c8f55707aa4]::panicking::catch_unwind::<core[df12db4294e9bfd3]::result::Result<(), alloc[2182bb758b4b3781]::string::String>, core[df12db4294e9bfd3]::panic::unwind_safe::AssertUnwindSafe<test[9d35eded1c95d3be]::run_test_in_process::{closure#0}>>
[INFO] [stdout]                                at /rustc/dfb0accb7f508ae8be965d8629557221c889dd98/library/std/src/panicking.rs:544:19
[INFO] [stdout]   30:     0x566fb5be7545 - std[70759c8f55707aa4]::panic::catch_unwind::<core[df12db4294e9bfd3]::panic::unwind_safe::AssertUnwindSafe<test[9d35eded1c95d3be]::run_test_in_process::{closure#0}>, core[df12db4294e9bfd3]::result::Result<(), alloc[2182bb758b4b3781]::string::String>>
[INFO] [stdout]                                at /rustc/dfb0accb7f508ae8be965d8629557221c889dd98/library/std/src/panic.rs:359:14
[INFO] [stdout]   31:     0x566fb5be7545 - test[9d35eded1c95d3be]::run_test_in_process
[INFO] [stdout]                                at /rustc/dfb0accb7f508ae8be965d8629557221c889dd98/library/test/src/lib.rs:756:27
[INFO] [stdout]   32:     0x566fb5be7545 - test[9d35eded1c95d3be]::run_test::{closure#0}
[INFO] [stdout]                                at /rustc/dfb0accb7f508ae8be965d8629557221c889dd98/library/test/src/lib.rs:677:43
[INFO] [stdout]   33:     0x566fb5be0e04 - test[9d35eded1c95d3be]::run_test::{closure#1}
[INFO] [stdout]                                at /rustc/dfb0accb7f508ae8be965d8629557221c889dd98/library/test/src/lib.rs:707:41
[INFO] [stdout]   34:     0x566fb5be0e04 - std[70759c8f55707aa4]::sys::backtrace::__rust_begin_short_backtrace::<test[9d35eded1c95d3be]::run_test::{closure#1}, ()>
[INFO] [stdout]                                at /rustc/dfb0accb7f508ae8be965d8629557221c889dd98/library/std/src/sys/backtrace.rs:166:18
[INFO] [stdout]   35:     0x566fb5bea6a2 - std[70759c8f55707aa4]::thread::lifecycle::spawn_unchecked::<test[9d35eded1c95d3be]::run_test::{closure#1}, ()>::{closure#1}::{closure#0}
[INFO] [stdout]                                at /rustc/dfb0accb7f508ae8be965d8629557221c889dd98/library/std/src/thread/lifecycle.rs:70:13
[INFO] [stdout]   36:     0x566fb5bea6a2 - <core[df12db4294e9bfd3]::panic::unwind_safe::AssertUnwindSafe<std[70759c8f55707aa4]::thread::lifecycle::spawn_unchecked<test[9d35eded1c95d3be]::run_test::{closure#1}, ()>::{closure#1}::{closure#0}> as core[df12db4294e9bfd3]::ops::function::FnOnce<()>>::call_once
[INFO] [stdout]                                at /rustc/dfb0accb7f508ae8be965d8629557221c889dd98/library/core/src/panic/unwind_safe.rs:275:9
[INFO] [stdout]   37:     0x566fb5bea6a2 - std[70759c8f55707aa4]::panicking::catch_unwind::do_call::<core[df12db4294e9bfd3]::panic::unwind_safe::AssertUnwindSafe<std[70759c8f55707aa4]::thread::lifecycle::spawn_unchecked<test[9d35eded1c95d3be]::run_test::{closure#1}, ()>::{closure#1}::{closure#0}>, ()>
[INFO] [stdout]                                at /rustc/dfb0accb7f508ae8be965d8629557221c889dd98/library/std/src/panicking.rs:576:43
[INFO] [stdout]   38:     0x566fb5bea6a2 - std[70759c8f55707aa4]::panicking::catch_unwind::<(), core[df12db4294e9bfd3]::panic::unwind_safe::AssertUnwindSafe<std[70759c8f55707aa4]::thread::lifecycle::spawn_unchecked<test[9d35eded1c95d3be]::run_test::{closure#1}, ()>::{closure#1}::{closure#0}>>
[INFO] [stdout]                                at /rustc/dfb0accb7f508ae8be965d8629557221c889dd98/library/std/src/panicking.rs:544:19
[INFO] [stdout]   39:     0x566fb5bea6a2 - std[70759c8f55707aa4]::panic::catch_unwind::<core[df12db4294e9bfd3]::panic::unwind_safe::AssertUnwindSafe<std[70759c8f55707aa4]::thread::lifecycle::spawn_unchecked<test[9d35eded1c95d3be]::run_test::{closure#1}, ()>::{closure#1}::{closure#0}>, ()>
[INFO] [stdout]                                at /rustc/dfb0accb7f508ae8be965d8629557221c889dd98/library/std/src/panic.rs:359:14
[INFO] [stdout]   40:     0x566fb5bea6a2 - std[70759c8f55707aa4]::thread::lifecycle::spawn_unchecked::<test[9d35eded1c95d3be]::run_test::{closure#1}, ()>::{closure#1}
[INFO] [stdout]                                at /rustc/dfb0accb7f508ae8be965d8629557221c889dd98/library/std/src/thread/lifecycle.rs:68:26
[INFO] [stdout]   41:     0x566fb5bea6a2 - <std[70759c8f55707aa4]::thread::lifecycle::spawn_unchecked<test[9d35eded1c95d3be]::run_test::{closure#1}, ()>::{closure#1} as core[df12db4294e9bfd3]::ops::function::FnOnce<()>>::call_once::{shim:vtable#0}
[INFO] [stdout]                                at /rustc/dfb0accb7f508ae8be965d8629557221c889dd98/library/core/src/ops/function.rs:250:5
[INFO] [stdout]   42:     0x566fb5c55d39 - <alloc[2182bb758b4b3781]::boxed::Box<dyn core[df12db4294e9bfd3]::ops::function::FnOnce<(), Output = ()> + core[df12db4294e9bfd3]::marker::Send> as core[df12db4294e9bfd3]::ops::function::FnOnce<()>>::call_once
[INFO] [stdout]                                at /rustc/dfb0accb7f508ae8be965d8629557221c889dd98/library/alloc/src/boxed.rs:2320:9
[INFO] [stdout]   43:     0x566fb5c55d39 - <std[70759c8f55707aa4]::sys::thread::unix::Thread>::new::thread_start
[INFO] [stdout]                                at /rustc/dfb0accb7f508ae8be965d8629557221c889dd98/library/std/src/sys/thread/unix.rs:123:17
[INFO] [stdout]   44:     0x769edf4c6dfa - <unknown>
[INFO] [stdout]   45:     0x769edf55a3d4 - clone
[INFO] [stdout]   46:                0x0 - <unknown>
[INFO] [stdout] 
[INFO] [stdout] 
[INFO] [stdout] failures:
[INFO] [stdout]     css_functions::tests::test_spacing_arithmetic
[INFO] [stdout]     css_functions::tests::test_spacing_with_var
[INFO] [stdout] 
[INFO] [stdout] test result: FAILED. 3 passed; 2 failed; 0 ignored; 0 measured; 0 filtered out; finished in 0.17s
[INFO] [stdout] 
[INFO] [stderr] error: test failed, to rerun pass `--bin tailwind-lite`
[INFO] running `Command { std: "docker" "inspect" "a7e3fd95c545bda16e1696a2f9e1e0291f4f9f8a4e421d772b19607f65181311", kill_on_drop: false }`
[INFO] running `Command { std: "docker" "rm" "-f" "a7e3fd95c545bda16e1696a2f9e1e0291f4f9f8a4e421d772b19607f65181311", kill_on_drop: false }`
[INFO] [stdout] a7e3fd95c545bda16e1696a2f9e1e0291f4f9f8a4e421d772b19607f65181311
